[INFO] fetching crate quickjs-jit-core 0.12.6...
[INFO] testing quickjs-jit-core-0.12.6 against 1.99.0-beta.8 for beta-1.100-2
[INFO] extracting crate quickjs-jit-core 0.12.6 into /workspace/builds/worker-4-tc1/source
[INFO] started tweaking crates.io crate quickjs-jit-core 0.12.6
[INFO] finished tweaking crates.io crate quickjs-jit-core 0.12.6
[INFO] tweaked toml for crates.io crate quickjs-jit-core 0.12.6 written to /workspace/builds/worker-4-tc1/source/Cargo.toml
[INFO] validating manifest of crates.io crate quickjs-jit-core 0.12.6 on toolchain 1.99.0-beta.8
[INFO] running `Command { std: CARGO_HOME="/workspace/cargo-home" RUSTUP_HOME="/workspace/rustup-home" "/workspace/cargo-home/bin/cargo" "+1.99.0-beta.8" "metadata" "--manifest-path" "Cargo.toml" "--no-deps", kill_on_drop: false }`
[INFO] crate crates.io crate quickjs-jit-core 0.12.6 already has a lockfile, it will not be regenerated
[INFO] running `Command { std: CARGO_HOME="/workspace/cargo-home" RUSTUP_HOME="/workspace/rustup-home" "/workspace/cargo-home/bin/cargo" "+1.99.0-beta.8" "fetch" "--manifest-path" "Cargo.toml", kill_on_drop: false }`
[INFO] [stderr]     Updating crates.io index
[INFO] [stderr]  Downloading crates ...
[INFO] [stderr]   Downloaded dlopen2_derive v0.5.0
[INFO] [stderr]   Downloaded dlopen2 v0.9.0
[INFO] [stderr]   Downloaded quickjs-jit-sys v0.12.6
[INFO] running `Command { std: "docker" "create" "-v" "/var/lib/crater-agent-workspace/builds/worker-4-tc1/source:/opt/rustwide/workdir:ro,Z" "-v" "/var/lib/crater-agent-workspace/builds/worker-4-tc1/target:/opt/rustwide/target:rw,Z" "-v" "/var/lib/crater-agent-workspace/cargo-home:/opt/rustwide/cargo-home:ro,Z" "-v" "/var/lib/crater-agent-workspace/rustup-home:/opt/rustwide/rustup-home:ro,Z" "-m" "1610612736" "--network" "none" "ghcr.io/rust-lang/crates-build-env/linux@sha256:3111399a4047eeb3a02b7a90e478d715f38a8c6669b5c4b49d30a17385265909" "sleep" "infinity", kill_on_drop: false }`
[INFO] [stdout] dee5b82196c1617d4e51f852c8d1544e1062acd3cf159786c4e89467c85b9d0e
[INFO] running `Command { std: "docker" "start" "dee5b82196c1617d4e51f852c8d1544e1062acd3cf159786c4e89467c85b9d0e", kill_on_drop: false }`
[INFO] running `Command { std: "docker" "inspect" "dee5b82196c1617d4e51f852c8d1544e1062acd3cf159786c4e89467c85b9d0e", kill_on_drop: false }`
[INFO] running `Command { std: "docker" "exec" "-e" "SOURCE_DIR=/opt/rustwide/workdir" "-e" "CARGO_HOME=/opt/rustwide/cargo-home" "-e" "RUSTUP_HOME=/opt/rustwide/rustup-home" "-e" "CARGO_TARGET_DIR=/opt/rustwide/target" "-w" "/opt/rustwide/workdir" "--user" "0:0" "dee5b82196c1617d4e51f852c8d1544e1062acd3cf159786c4e89467c85b9d0e" "/opt/rustwide/cargo-home/bin/cargo" "+1.99.0-beta.8" "metadata" "--no-deps" "--format-version=1", kill_on_drop: false }`
[INFO] running `Command { std: "docker" "inspect" "dee5b82196c1617d4e51f852c8d1544e1062acd3cf159786c4e89467c85b9d0e", kill_on_drop: false }`
[INFO] running `Command { std: "docker" "exec" "-e" "SOURCE_DIR=/opt/rustwide/workdir" "-e" "CARGO_HOME=/opt/rustwide/cargo-home" "-e" "RUSTUP_HOME=/opt/rustwide/rustup-home" "-e" "CARGO_TARGET_DIR=/opt/rustwide/target" "-e" "CARGO_INCREMENTAL=0" "-e" "RUST_BACKTRACE=full" "-e" "RUSTFLAGS=--cap-lints=warn" "-e" "RUSTDOCFLAGS=--cap-lints=warn" "-w" "/opt/rustwide/workdir" "--user" "0:0" "dee5b82196c1617d4e51f852c8d1544e1062acd3cf159786c4e89467c85b9d0e" "/opt/rustwide/cargo-home/bin/cargo" "+1.99.0-beta.8" "build" "--frozen" "--message-format=json", kill_on_drop: false }`
[INFO] [stderr]    Compiling find-msvc-tools v0.1.11
[INFO] [stderr]    Compiling hashbrown v0.17.1
[INFO] [stderr]    Compiling cc v1.4.4
[INFO] [stderr]    Compiling quickjs-jit-sys v0.12.6
[INFO] [stderr]    Compiling quickjs-jit-core v0.12.6 (/opt/rustwide/workdir)
[INFO] [stderr]     Finished `dev` profile [unoptimized + debuginfo] target(s) in 12.77s
[INFO] running `Command { std: "docker" "inspect" "dee5b82196c1617d4e51f852c8d1544e1062acd3cf159786c4e89467c85b9d0e", kill_on_drop: false }`
[INFO] running `Command { std: "docker" "exec" "-e" "SOURCE_DIR=/opt/rustwide/workdir" "-e" "CARGO_HOME=/opt/rustwide/cargo-home" "-e" "RUSTUP_HOME=/opt/rustwide/rustup-home" "-e" "CARGO_TARGET_DIR=/opt/rustwide/target" "-e" "CARGO_INCREMENTAL=0" "-e" "RUST_BACKTRACE=full" "-e" "RUSTFLAGS=--cap-lints=warn" "-e" "RUSTDOCFLAGS=--cap-lints=warn" "-w" "/opt/rustwide/workdir" "--user" "0:0" "dee5b82196c1617d4e51f852c8d1544e1062acd3cf159786c4e89467c85b9d0e" "/opt/rustwide/cargo-home/bin/cargo" "+1.99.0-beta.8" "test" "--frozen" "--no-run" "--message-format=json", kill_on_drop: false }`
[INFO] [stderr]    Compiling futures-sink v0.3.34
[INFO] [stderr]    Compiling futures-core v0.3.34
[INFO] [stderr]    Compiling futures-io v0.3.34
[INFO] [stderr]    Compiling winnow v1.0.4
[INFO] [stderr]    Compiling num-traits v0.2.19
[INFO] [stderr]    Compiling serde v1.0.229
[INFO] [stderr]    Compiling target-triple v1.0.1
[INFO] [stderr]    Compiling toml_writer v1.1.2+spec-1.1.0
[INFO] [stderr]    Compiling glob v0.3.4
[INFO] [stderr]    Compiling syn v3.0.4
[INFO] [stderr]    Compiling serde_spanned v1.1.1
[INFO] [stderr]    Compiling toml_datetime v1.1.1+spec-1.1.0
[INFO] [stderr]    Compiling serde_json v1.0.151
[INFO] [stderr]    Compiling futures-channel v0.3.34
[INFO] [stderr]    Compiling toml_parser v1.1.3+spec-1.1.0
[INFO] [stderr]    Compiling toml v1.1.4+spec-1.1.0
[INFO] [stderr]    Compiling approx v0.5.1
[INFO] [stderr]    Compiling futures-macro v0.3.34
[INFO] [stderr]    Compiling tokio-macros v2.7.2
[INFO] [stderr]    Compiling serde_derive v1.0.229
[INFO] [stderr]    Compiling tokio v1.53.1
[INFO] [stderr]    Compiling futures-util v0.3.34
[INFO] [stderr]    Compiling trybuild v1.0.120
[INFO] [stderr]    Compiling futures-executor v0.3.34
[INFO] [stderr]    Compiling futures v0.3.34
[INFO] [stderr]    Compiling quickjs-jit-core v0.12.6 (/opt/rustwide/workdir)
[INFO] [stderr]     Finished `test` profile [unoptimized + debuginfo] target(s) in 9.52s
[INFO] running `Command { std: "docker" "inspect" "dee5b82196c1617d4e51f852c8d1544e1062acd3cf159786c4e89467c85b9d0e", kill_on_drop: false }`
[INFO] running `Command { std: "docker" "exec" "-e" "SOURCE_DIR=/opt/rustwide/workdir" "-e" "CARGO_HOME=/opt/rustwide/cargo-home" "-e" "RUSTUP_HOME=/opt/rustwide/rustup-home" "-e" "CARGO_TARGET_DIR=/opt/rustwide/target" "-e" "CARGO_INCREMENTAL=0" "-e" "RUST_BACKTRACE=full" "-e" "RUSTFLAGS=--cap-lints=warn" "-e" "RUSTDOCFLAGS=--cap-lints=warn" "-w" "/opt/rustwide/workdir" "--user" "0:0" "dee5b82196c1617d4e51f852c8d1544e1062acd3cf159786c4e89467c85b9d0e" "/opt/rustwide/cargo-home/bin/cargo" "+1.99.0-beta.8" "test" "--frozen", kill_on_drop: false }`
[INFO] [stderr]     Finished `test` profile [unoptimized + debuginfo] target(s) in 0.04s
[INFO] [stderr]      Running unittests src/lib.rs (/opt/rustwide/target/debug/deps/rquickjs_core-5e806e4afe32a0c8)
[INFO] [stdout] 
[INFO] [stdout] running 150 tests
[INFO] [stdout] test context::base::test::base ... ok
[INFO] [stdout] test context::base::test::clone_ctx ... ok
[INFO] [stdout] test class::test::generic_types ... ok
[INFO] [stdout] test class::test::get_prototype ... ok
[INFO] [stdout] test class::test::extend_class ... ok
[INFO] [stdout] test class::test::constructor ... ok
[INFO] [stdout] test class::test::trace ... ok
[INFO] [stdout] test context::base::test::basic ... ok
[INFO] [stdout] test context::builder::tests::all_intrinsinces ... ok
[INFO] [stdout] test context::ctx::test::eval ... ok
[INFO] [stdout] test class::test::exotic ... ok
[INFO] [stdout] test context::base::test::minimal ... ok
[INFO] [stdout] test context::ctx::test::eval_minimal_test ... ok
[INFO] [stdout] test context::ctx::test::exports ... ok
[INFO] [stdout] test runtime::base::test::base_runtime ... ok
[INFO] [stdout] test context::ctx::test::eval_with_options_no_strict_sloppy_code ... ok
[INFO] [stdout] test context::ctx::test::json_stringify ... ok
[INFO] [stdout] test context::ctx::test::json_parse ... ok
[INFO] [stdout] test context::base::test::module ... ok
[INFO] [stdout] test context::ctx::test::userdata ... ok
[INFO] [stdout] test persistent::test::persistent_value ... ok
[INFO] [stdout] test value::array::test::collect_js ... ok
[INFO] [stdout] test runtime::raw::test::promise_rejection_handler ... ok
[INFO] [stdout] test value::array::test::from_javascript ... ok
[INFO] [stdout] test runtime::base::test::set_max_stack_size_large_values ... ok
[INFO] [stdout] test persistent::test::different_context ... ok
[INFO] [stdout] test value::array_buffer::test::from_source_error_invokes_drop_fn ... ok
[INFO] [stdout] test persistent::test::persistent_function ... ok
[INFO] [stdout] test value::array_buffer::test::from_source_immutable_arc ... ok
[INFO] [stdout] test value::array_buffer::test::from_javascript_i8 ... ok
[INFO] [stdout] test value::array_buffer::test::from_source_external_buffer ... ok
[INFO] [stdout] test value::array::test::into_iter ... ok
[INFO] [stdout] test value::array_buffer::test::from_source_immutable_arc_slices ... ok
[INFO] [stdout] test value::array_buffer::test::from_source_vec ... ok
[INFO] [stdout] test value::array::test::into_object ... ok
[INFO] [stdout] test value::array::test::iter ... ok
[INFO] [stdout] test value::array_buffer::test::as_bytes ... ok
[INFO] [stdout] test value::bigint::test::to_javascript ... ok
[INFO] [stdout] test value::bigint::test::from_javascript ... ok
[INFO] [stdout] test value::array_buffer::test::into_javascript_f32 ... ok
[INFO] [stdout] test value::convert::from::test::js_to_system_time ... ok
[INFO] [stdout] test value::atom::predefined::test::string_correct ... ok
[INFO] [stdout] test value::array_buffer::test::into_javascript_i8 ... ok
[INFO] [stdout] test value::convert::into::test::char_to_js ... ok
[INFO] [stdout] test value::array_buffer::test::from_javascript_f32 ... ok
[INFO] [stdout] test value::convert::into::test::system_time_to_js ... ok
[INFO] [stdout] test value::function::test::apply_rust_fn_with_this_and_args ... ok
[INFO] [stdout] test value::function::test::bind_rust_fn_with_this_and_call_with_args ... ok
[INFO] [stdout] test value::function::test::call_js_fn_with_1_arg_and_return ... ok
[INFO] [stdout] test value::function::test::call_js_fn_with_no_args_and_no_return ... ok
[INFO] [stdout] test value::function::test::call_js_fn_with_1_arg_deferred ... ok
[INFO] [stdout] test value::function::test::call_js_fn_with_no_args_and_return ... ok
[INFO] [stdout] test value::function::test::call_js_fn_with_rest_args_and_return ... ok
[INFO] [stdout] test value::function::test::call_js_fn_with_no_args_and_throw ... ok
[INFO] [stdout] test value::function::test::call_js_fn_with_2_args_and_return ... ok
[INFO] [stdout] test value::function::test::call_js_fn_with_this_and_1_arg_and_return ... ok
[INFO] [stdout] test value::function::test::call_js_fn_with_this_and_no_args_and_return ... ok
[INFO] [stdout] test value::function::test::call_rust_fn_with_ctx_and_value ... ok
[INFO] [stdout] test value::function::test::call_js_fn_with_var_args_and_return ... ok
[INFO] [stdout] test value::function::test::call_rust_fn_with_this_and_args ... ok
[INFO] [stdout] test value::function::test::call_rust_fn_with_rest_args ... ok
[INFO] [stdout] test value::function::test::constructor_new_prototype_no_leak ... ok
[INFO] [stdout] test value::function::test::js_fn_wrappers ... ok
[INFO] [stdout] test value::function::test::mutable_callback_which_can_fail ... ok
[INFO] [stdout] test value::function::test::mutable_callback ... ok
[INFO] [stdout] test value::function::test::multiple_const_callbacks ... ok
[INFO] [stdout] test value::function::test::mutable_callback_with_ctx_which_reads_globals ... ok
[INFO] [stdout] test value::function::test::call_rust_fn_with_var_args ... ok
[INFO] [stdout] test value::function::test::const_callback ... ok
[INFO] [stdout] test value::iterable::test::from_closure ... ok
[INFO] [stdout] test value::iterable::test::custom_iterator_as_iterable_fn ... ok
[INFO] [stdout] test value::function::test::static_callback ... ok
[INFO] [stdout] test value::iterable::test::custom_iterable_fn ... ok
[INFO] [stdout] test value::iterable::test::from_range ... ok
[INFO] [stdout] test value::iterable::test::for_of ... ok
[INFO] [stdout] test value::iterable::test::from_vec ... ok
[INFO] [stdout] test value::iterable::test::js_iter_from_generator ... ok
[INFO] [stdout] test value::iterable::test::js_iter_raw_values ... ok
[INFO] [stdout] test value::iterable::test::js_iter_from_array ... ok
[INFO] [stdout] test value::iterable::test::js_iter_from_iterable ... ok
[INFO] [stdout] test value::iterable::test::js_iter_map_entries ... ok
[INFO] [stdout] test value::iterable::test::js_iter_roundtrip ... ok
[INFO] [stdout] test value::iterable::test::js_iter_set ... ok
[INFO] [stdout] test value::iterable::test::next_descriptors ... ok
[INFO] [stdout] test value::iterable::test::js_iter_typed ... ok
[INFO] [stdout] test value::iterable::test::symbol_iterator_returns_this ... ok
[INFO] [stdout] test value::module::test::access_before_fully_evaluating_module ... ok
[INFO] [stdout] test value::module::test::from_javascript ... ok
[INFO] [stdout] test value::module::test::eval_crashing_module_inside_module ... ok
[INFO] [stdout] test value::module::test::import ... ok
[INFO] [stdout] test value::iterable::test::prototype_chain ... ok
[INFO] [stdout] test value::module::test::from_rust_def ... ok
[INFO] [stdout] test value::module::test::import_async ... ok
[INFO] [stdout] test value::module::test::import_native ... ok
[INFO] [stdout] test value::object::property::test::property_redefine_make_enumerable ... ok
[INFO] [stdout] test value::module::test::from_rust_def_eval ... ok
[INFO] [stdout] test value::object::property::test::property_with_data_descriptor_configurable ... ok
[INFO] [stdout] test value::object::property::test::property_with_data_descriptor ... ok
[INFO] [stdout] test value::object::property::test::property_with_data_descriptor_enumerable ... ok
[INFO] [stdout] test value::object::property::test::property_redefine_make_writable ... ok
[INFO] [stdout] test value::object::property::test::property_with_data_descriptor_not_enumerable ... ok
[INFO] [stdout] test value::object::property::test::property_with_data_descriptor_writable ... ok
[INFO] [stdout] test value::object::property::test::property_with_getter_and_setter ... ok
[INFO] [stdout] test value::object::property::test::property_with_getter_only ... ok
[INFO] [stdout] test value::object::property::test::property_with_undefined ... ok
[INFO] [stdout] test value::object::property::test::property_with_value ... ok
[INFO] [stdout] test value::object::test::collect_js ... ok
[INFO] [stdout] test value::object::test::from_javascript ... ok
[INFO] [stdout] test value::object::test::into_iter ... ok
[INFO] [stdout] test value::object::test::iter_take ... ok
[INFO] [stdout] test value::object::test::new_proto_console_namespace ... ok
[INFO] [stdout] test value::object::test::new_proto_with_empty_prototype ... ok
[INFO] [stdout] test value::object::test::new_proto_with_null_prototype ... ok
[INFO] [stdout] test value::object::test::own_keys_iter ... ok
[INFO] [stdout] test value::object::test::own_props_iter ... ok
[INFO] [stdout] test value::promise::test::promise_then ... ok
[INFO] [stdout] test value::proxy::test::from_javascript ... ok
[INFO] [stdout] test value::object::test::types ... ok
[INFO] [stdout] test value::proxy::test::class_proxy ... ok
[INFO] [stdout] test value::string::test::from_javascript ... ok
[INFO] [stdout] test value::proxy::test::from_rust ... ok
[INFO] [stdout] test value::string::test::to_javascript ... ok
[INFO] [stdout] test value::string::test::to_javascript_c ... ok
[INFO] [stdout] test value::symbol::test::description ... ok
[INFO] [stdout] test value::string::test::from_javascript_c ... ok
[INFO] [stdout] test value::symbol::test::new_unique ... ok
[INFO] [stdout] test value::symbol::test::new_global ... ok
[INFO] [stdout] test value::symbol::test::new_with_description ... ok
[INFO] [stdout] test value::symbol::test::new_without_description ... ok
[INFO] [stdout] test value::test::big_int ... ok
[INFO] [stdout] test value::test::type_matches ... ok
[INFO] [stdout] test value::test::big_int_oom_is_reported ... ok
[INFO] [stdout] test value::typed_array::test::clamped_array_roundtrip ... ok
[INFO] [stdout] test value::typed_array::test::clamped_array ... ok
[INFO] [stdout] test value::typed_array::test::from_javascript_f32 ... ok
[INFO] [stdout] test value::typed_array::test::as_bytes ... ok
[INFO] [stdout] test value::typed_array::test::from_javascript_i8 ... ok
[INFO] [stdout] test value::typed_array::test::into_javascript_f32 ... ok
[INFO] [stdout] test value::typed_array::test::is_typed_array ... ok
[INFO] [stdout] test value::typed_array::test::into_javascript_i8 ... ok
[INFO] [stdout] test value::string::test::rope_string ... ok
[INFO] [stdout] test context::base::test::exception - should panic ... ok
[INFO] [stdout] test context::ctx::test::eval_with_options_strict_sloppy_code - should panic ... ok
[INFO] [stdout] test context::ctx::test::eval_with_sloppy_code - should panic ... ok
[INFO] [stdout] test persistent::test::different_runtime - should panic ... ok
[INFO] [stdout] test value::function::test::repeatedly_called_once_callback - should panic ... ok
[INFO] [stdout] test value::function::test::recursively_called_mutable_callback - should panic ... ok
[INFO] [stdout] test value::module::test::import_crashing - should panic ... ok
[INFO] [stdout] test value::object::property::test::property_with_data_descriptor_not_configurable - should panic ... ok
[INFO] [stdout] test value::object::property::test::property_with_data_descriptor_readonly - should panic ... ok
[INFO] [stdout] 
[INFO] [stdout] test result: ok. 150 passed; 0 failed; 0 ignored; 0 measured; 0 filtered out; finished in 0.04s
[INFO] [stdout] 
[INFO] [stderr]    Doc-tests rquickjs_core
[INFO] [stdout] 
[INFO] [stdout] running 15 tests
[INFO] [stdout] test src/value/module.rs - value::module::Module<'js,Evaluated>::write (line 452) ... FAILED
[INFO] [stdout] test src/js_lifetime.rs - js_lifetime::JsLifetime (line 41) ... FAILED
[INFO] [stdout] test src/persistent.rs - persistent::Persistent (line 11) ... FAILED
[INFO] [stdout] test src/value/iterable.rs - value::iterable::JsIterator (line 174) ... FAILED
[INFO] [stdout] test src/context/ctx.rs - context::ctx::Ctx<'js>::catch (line 265) ... FAILED
[INFO] [stdout] test src/value/object/property.rs - value::object::property::Object<'js>::prop (line 8) ... FAILED
[INFO] [stdout] test src/result.rs - result::CatchResultExt (line 602) ... FAILED
[INFO] [stdout] test src/value/iterable.rs - value::iterable::Iterable (line 99) ... FAILED
[INFO] [stdout] test src/value/convert.rs - value::convert::Coerced (line 12) ... FAILED
[INFO] [stdout] test src/value/module.rs - value::module::module_init (line 81) ... FAILED
[INFO] [stdout] test src/value/iterable.rs - value::iterable::Iterable (line 81) ... FAILED
[INFO] [stdout] test src/value/exception.rs - value::exception::Exception<'js>::throw_message (line 93) ... FAILED
[INFO] [stdout] test src/js_lifetime.rs - js_lifetime::JsLifetime (line 28) ... FAILED
[INFO] [stdout] test src/js_lifetime.rs - js_lifetime::JsLifetime (line 67) - compile ... FAILED
[INFO] [stdout] test src/js_lifetime.rs - js_lifetime::JsLifetime (line 55) - compile ... FAILED
[INFO] [stdout] 
[INFO] [stdout] failures:
[INFO] [stdout] 
[INFO] [stdout] ---- src/value/module.rs - value::module::Module<'js,Evaluated>::write (line 452) stdout ----
[INFO] [stdout] error[E0432]: unresolved import `rquickjs`
[INFO] [stdout]    --> src/value/module.rs:453:5
[INFO] [stdout]     |
[INFO] [stdout] 453 | use rquickjs::{Context, Module, Result, Runtime, WriteOptions, WriteOptionsEndianness};
[INFO] [stdout]     |     ^^^^^^^^ use of unresolved module or unlinked crate `rquickjs`
[INFO] [stdout]     |
[INFO] [stdout]     = help: if you wanted to use a crate named `rquickjs`, use `cargo add rquickjs` to add it to your `Cargo.toml`
[INFO] [stdout] 
[INFO] [stdout] error: aborting due to 1 previous error
[INFO] [stdout] 
[INFO] [stdout] For more information about this error, try `rustc --explain E0432`.
[INFO] [stdout] Couldn't compile the test.
[INFO] [stdout] ---- src/js_lifetime.rs - js_lifetime::JsLifetime (line 41) stdout ----
[INFO] [stdout] error[E0432]: unresolved import `rquickjs`
[INFO] [stdout]   --> src/js_lifetime.rs:42:5
[INFO] [stdout]    |
[INFO] [stdout] 42 | use rquickjs::JsLifetime;
[INFO] [stdout]    |     ^^^^^^^^ use of unresolved module or unlinked crate `rquickjs`
[INFO] [stdout]    |
[INFO] [stdout]    = help: if you wanted to use a crate named `rquickjs`, use `cargo add rquickjs` to add it to your `Cargo.toml`
[INFO] [stdout] 
[INFO] [stdout] error: aborting due to 1 previous error
[INFO] [stdout] 
[INFO] [stdout] For more information about this error, try `rustc --explain E0432`.
[INFO] [stdout] Couldn't compile the test.
[INFO] [stdout] ---- src/persistent.rs - persistent::Persistent (line 11) stdout ----
[INFO] [stdout] error[E0432]: unresolved import `rquickjs`
[INFO] [stdout]   --> src/persistent.rs:12:5
[INFO] [stdout]    |
[INFO] [stdout] 12 | use rquickjs::{Runtime, Context, Persistent, Function};
[INFO] [stdout]    |     ^^^^^^^^ use of unresolved module or unlinked crate `rquickjs`
[INFO] [stdout]    |
[INFO] [stdout]    = help: if you wanted to use a crate named `rquickjs`, use `cargo add rquickjs` to add it to your `Cargo.toml`
[INFO] [stdout] 
[INFO] [stdout] error: aborting due to 1 previous error
[INFO] [stdout] 
[INFO] [stdout] For more information about this error, try `rustc --explain E0432`.
[INFO] [stdout] Couldn't compile the test.
[INFO] [stdout] ---- src/value/iterable.rs - value::iterable::JsIterator (line 174) stdout ----
[INFO] [stdout] error[E0432]: unresolved import `rquickjs`
[INFO] [stdout]    --> src/value/iterable.rs:175:5
[INFO] [stdout]     |
[INFO] [stdout] 175 | use rquickjs::{Runtime, Context, Result, JsIterator};
[INFO] [stdout]     |     ^^^^^^^^ use of unresolved module or unlinked crate `rquickjs`
[INFO] [stdout]     |
[INFO] [stdout]     = help: if you wanted to use a crate named `rquickjs`, use `cargo add rquickjs` to add it to your `Cargo.toml`
[INFO] [stdout] 
[INFO] [stdout] error: aborting due to 1 previous error
[INFO] [stdout] 
[INFO] [stdout] For more information about this error, try `rustc --explain E0432`.
[INFO] [stdout] Couldn't compile the test.
[INFO] [stdout] ---- src/context/ctx.rs - context::ctx::Ctx<'js>::catch (line 265) stdout ----
[INFO] [stdout] error[E0432]: unresolved import `rquickjs`
[INFO] [stdout]    --> src/context/ctx.rs:266:5
[INFO] [stdout]     |
[INFO] [stdout] 266 | use rquickjs::{Error, Context, Runtime};
[INFO] [stdout]     |     ^^^^^^^^ use of unresolved module or unlinked crate `rquickjs`
[INFO] [stdout]     |
[INFO] [stdout]     = help: if you wanted to use a crate named `rquickjs`, use `cargo add rquickjs` to add it to your `Cargo.toml`
[INFO] [stdout] 
[INFO] [stdout] error: aborting due to 1 previous error
[INFO] [stdout] 
[INFO] [stdout] For more information about this error, try `rustc --explain E0432`.
[INFO] [stdout] Couldn't compile the test.
[INFO] [stdout] ---- src/value/object/property.rs - value::object::property::Object<'js>::prop (line 8) stdout ----
[INFO] [stdout] error[E0433]: cannot find module or crate `rquickjs` in this scope
[INFO] [stdout]  --> src/value/object/property.rs:9:5
[INFO] [stdout]   |
[INFO] [stdout] 9 | use rquickjs::{Runtime, Context, Object, object::{Property, Accessor}};
[INFO] [stdout]   |     ^^^^^^^^ use of unresolved module or unlinked crate `rquickjs`
[INFO] [stdout]   |
[INFO] [stdout]   = help: if you wanted to use a crate named `rquickjs`, use `cargo add rquickjs` to add it to your `Cargo.toml`
[INFO] [stdout] 
[INFO] [stdout] error[E0432]: unresolved import `rquickjs`
[INFO] [stdout]  --> src/value/object/property.rs:9:5
[INFO] [stdout]   |
[INFO] [stdout] 9 | use rquickjs::{Runtime, Context, Object, object::{Property, Accessor}};
[INFO] [stdout]   |     ^^^^^^^^ use of unresolved module or unlinked crate `rquickjs`
[INFO] [stdout]   |
[INFO] [stdout]   = help: if you wanted to use a crate named `rquickjs`, use `cargo add rquickjs` to add it to your `Cargo.toml`
[INFO] [stdout] 
[INFO] [stdout] error: aborting due to 2 previous errors
[INFO] [stdout] 
[INFO] [stdout] Some errors have detailed explanations: E0432, E0433.
[INFO] [stdout] For more information about an error, try `rustc --explain E0432`.
[INFO] [stdout] Couldn't compile the test.
[INFO] [stdout] ---- src/result.rs - result::CatchResultExt (line 602) stdout ----
[INFO] [stdout] error[E0432]: unresolved import `rquickjs`
[INFO] [stdout]    --> src/result.rs:603:5
[INFO] [stdout]     |
[INFO] [stdout] 603 | use rquickjs::{Error, Context, Runtime, CaughtError};
[INFO] [stdout]     |     ^^^^^^^^ use of unresolved module or unlinked crate `rquickjs`
[INFO] [stdout]     |
[INFO] [stdout]     = help: if you wanted to use a crate named `rquickjs`, use `cargo add rquickjs` to add it to your `Cargo.toml`
[INFO] [stdout] 
[INFO] [stdout] error[E0432]: unresolved import `rquickjs`
[INFO] [stdout]    --> src/result.rs:607:5
[INFO] [stdout]     |
[INFO] [stdout] 607 | use rquickjs::CatchResultExt;
[INFO] [stdout]     |     ^^^^^^^^ use of unresolved module or unlinked crate `rquickjs`
[INFO] [stdout]     |
[INFO] [stdout]     = help: if you wanted to use a crate named `rquickjs`, use `cargo add rquickjs` to add it to your `Cargo.toml`
[INFO] [stdout] 
[INFO] [stdout] error: aborting due to 2 previous errors
[INFO] [stdout] 
[INFO] [stdout] For more information about this error, try `rustc --explain E0432`.
[INFO] [stdout] Couldn't compile the test.
[INFO] [stdout] ---- src/value/iterable.rs - value::iterable::Iterable (line 99) stdout ----
[INFO] [stdout] error[E0432]: unresolved import `rquickjs`
[INFO] [stdout]    --> src/value/iterable.rs:100:5
[INFO] [stdout]     |
[INFO] [stdout] 100 | use rquickjs::{Runtime, Context, Result, Iterable};
[INFO] [stdout]     |     ^^^^^^^^ use of unresolved module or unlinked crate `rquickjs`
[INFO] [stdout]     |
[INFO] [stdout]     = help: if you wanted to use a crate named `rquickjs`, use `cargo add rquickjs` to add it to your `Cargo.toml`
[INFO] [stdout] 
[INFO] [stdout] error: aborting due to 1 previous error
[INFO] [stdout] 
[INFO] [stdout] For more information about this error, try `rustc --explain E0432`.
[INFO] [stdout] Couldn't compile the test.
[INFO] [stdout] ---- src/value/convert.rs - value::convert::Coerced (line 12) stdout ----
[INFO] [stdout] error[E0433]: cannot find module or crate `rquickjs` in this scope
[INFO] [stdout]   --> src/value/convert.rs:13:5
[INFO] [stdout]    |
[INFO] [stdout] 13 | use rquickjs::{Runtime, Context, Result, convert::Coerced};
[INFO] [stdout]    |     ^^^^^^^^ use of unresolved module or unlinked crate `rquickjs`
[INFO] [stdout]    |
[INFO] [stdout]    = help: if you wanted to use a crate named `rquickjs`, use `cargo add rquickjs` to add it to your `Cargo.toml`
[INFO] [stdout] 
[INFO] [stdout] error[E0432]: unresolved import `rquickjs`
[INFO] [stdout]   --> src/value/convert.rs:13:5
[INFO] [stdout]    |
[INFO] [stdout] 13 | use rquickjs::{Runtime, Context, Result, convert::Coerced};
[INFO] [stdout]    |     ^^^^^^^^ use of unresolved module or unlinked crate `rquickjs`
[INFO] [stdout]    |
[INFO] [stdout]    = help: if you wanted to use a crate named `rquickjs`, use `cargo add rquickjs` to add it to your `Cargo.toml`
[INFO] [stdout] 
[INFO] [stdout] error: aborting due to 2 previous errors
[INFO] [stdout] 
[INFO] [stdout] Some errors have detailed explanations: E0432, E0433.
[INFO] [stdout] For more information about an error, try `rustc --explain E0432`.
[INFO] [stdout] Couldn't compile the test.
[INFO] [stdout] ---- src/value/module.rs - value::module::module_init (line 81) stdout ----
[INFO] [stdout] error[E0433]: cannot find module or crate `rquickjs` in this scope
[INFO] [stdout]   --> src/value/module.rs:82:5
[INFO] [stdout]    |
[INFO] [stdout] 82 | use rquickjs::{module::ModuleDef, module_init};
[INFO] [stdout]    |     ^^^^^^^^ use of unresolved module or unlinked crate `rquickjs`
[INFO] [stdout]    |
[INFO] [stdout]    = help: if you wanted to use a crate named `rquickjs`, use `cargo add rquickjs` to add it to your `Cargo.toml`
[INFO] [stdout] 
[INFO] [stdout] error[E0432]: unresolved import `rquickjs`
[INFO] [stdout]   --> src/value/module.rs:82:5
[INFO] [stdout]    |
[INFO] [stdout] 82 | use rquickjs::{module::ModuleDef, module_init};
[INFO] [stdout]    |     ^^^^^^^^ use of unresolved module or unlinked crate `rquickjs`
[INFO] [stdout]    |
[INFO] [stdout]    = help: if you wanted to use a crate named `rquickjs`, use `cargo add rquickjs` to add it to your `Cargo.toml`
[INFO] [stdout] 
[INFO] [stdout] error: aborting due to 2 previous errors
[INFO] [stdout] 
[INFO] [stdout] Some errors have detailed explanations: E0432, E0433.
[INFO] [stdout] For more information about an error, try `rustc --explain E0432`.
[INFO] [stdout] Couldn't compile the test.
[INFO] [stdout] ---- src/value/iterable.rs - value::iterable::Iterable (line 81) stdout ----
[INFO] [stdout] error[E0432]: unresolved import `rquickjs`
[INFO] [stdout]   --> src/value/iterable.rs:82:5
[INFO] [stdout]    |
[INFO] [stdout] 82 | use rquickjs::{Runtime, Context, Result, Iterable};
[INFO] [stdout]    |     ^^^^^^^^ use of unresolved module or unlinked crate `rquickjs`
[INFO] [stdout]    |
[INFO] [stdout]    = help: if you wanted to use a crate named `rquickjs`, use `cargo add rquickjs` to add it to your `Cargo.toml`
[INFO] [stdout] 
[INFO] [stdout] error: aborting due to 1 previous error
[INFO] [stdout] 
[INFO] [stdout] For more information about this error, try `rustc --explain E0432`.
[INFO] [stdout] Couldn't compile the test.
[INFO] [stdout] ---- src/value/exception.rs - value::exception::Exception<'js>::throw_message (line 93) stdout ----
[INFO] [stdout] error[E0432]: unresolved import `rquickjs`
[INFO] [stdout]   --> src/value/exception.rs:94:5
[INFO] [stdout]    |
[INFO] [stdout] 94 | use rquickjs::{Runtime,Context,Exception};
[INFO] [stdout]    |     ^^^^^^^^ use of unresolved module or unlinked crate `rquickjs`
[INFO] [stdout]    |
[INFO] [stdout]    = help: if you wanted to use a crate named `rquickjs`, use `cargo add rquickjs` to add it to your `Cargo.toml`
[INFO] [stdout] 
[INFO] [stdout] error: aborting due to 1 previous error
[INFO] [stdout] 
[INFO] [stdout] For more information about this error, try `rustc --explain E0432`.
[INFO] [stdout] Couldn't compile the test.
[INFO] [stdout] ---- src/js_lifetime.rs - js_lifetime::JsLifetime (line 28) stdout ----
[INFO] [stdout] error[E0432]: unresolved import `rquickjs`
[INFO] [stdout]   --> src/js_lifetime.rs:29:5
[INFO] [stdout]    |
[INFO] [stdout] 29 | use rquickjs::JsLifetime;
[INFO] [stdout]    |     ^^^^^^^^ use of unresolved module or unlinked crate `rquickjs`
[INFO] [stdout]    |
[INFO] [stdout]    = help: if you wanted to use a crate named `rquickjs`, use `cargo add rquickjs` to add it to your `Cargo.toml`
[INFO] [stdout] 
[INFO] [stdout] error[E0433]: cannot find module or crate `rquickjs` in this scope
[INFO] [stdout]   --> src/js_lifetime.rs:30:23
[INFO] [stdout]    |
[INFO] [stdout] 30 | struct Container<'js>(rquickjs::Object<'js>);
[INFO] [stdout]    |                       ^^^^^^^^ use of unresolved module or unlinked crate `rquickjs`
[INFO] [stdout]    |
[INFO] [stdout]    = help: if you wanted to use a crate named `rquickjs`, use `cargo add rquickjs` to add it to your `Cargo.toml`
[INFO] [stdout] 
[INFO] [stdout] error: aborting due to 2 previous errors
[INFO] [stdout] 
[INFO] [stdout] Some errors have detailed explanations: E0432, E0433.
[INFO] [stdout] For more information about an error, try `rustc --explain E0432`.
[INFO] [stdout] Couldn't compile the test.
[INFO] [stdout] ---- src/js_lifetime.rs - js_lifetime::JsLifetime (line 67) stdout ----
[INFO] [stdout] error[E0432]: unresolved import `rquickjs`
[INFO] [stdout]   --> src/js_lifetime.rs:68:5
[INFO] [stdout]    |
[INFO] [stdout] 68 | use rquickjs::JsLifetime;
[INFO] [stdout]    |     ^^^^^^^^ use of unresolved module or unlinked crate `rquickjs`
[INFO] [stdout]    |
[INFO] [stdout]    = help: if you wanted to use a crate named `rquickjs`, use `cargo add rquickjs` to add it to your `Cargo.toml`
[INFO] [stdout] 
[INFO] [stdout] error[E0433]: cannot find module or crate `rquickjs` in this scope
[INFO] [stdout]   --> src/js_lifetime.rs:70:30
[INFO] [stdout]    |
[INFO] [stdout] 70 | struct Container<'a,'js>(&'a rquickjs::Object<'js>);
[INFO] [stdout]    |                              ^^^^^^^^ use of unresolved module or unlinked crate `rquickjs`
[INFO] [stdout]    |
[INFO] [stdout]    = help: if you wanted to use a crate named `rquickjs`, use `cargo add rquickjs` to add it to your `Cargo.toml`
[INFO] [stdout] 
[INFO] [stdout] error: aborting due to 2 previous errors
[INFO] [stdout] 
[INFO] [stdout] Some errors have detailed explanations: E0432, E0433.
[INFO] [stdout] For more information about an error, try `rustc --explain E0432`.
[INFO] [stdout] Couldn't compile the test.
[INFO] [stdout] ---- src/js_lifetime.rs - js_lifetime::JsLifetime (line 55) stdout ----
[INFO] [stdout] error[E0432]: unresolved import `rquickjs`
[INFO] [stdout]   --> src/js_lifetime.rs:56:5
[INFO] [stdout]    |
[INFO] [stdout] 56 | use rquickjs::JsLifetime;
[INFO] [stdout]    |     ^^^^^^^^ use of unresolved module or unlinked crate `rquickjs`
[INFO] [stdout]    |
[INFO] [stdout]    = help: if you wanted to use a crate named `rquickjs`, use `cargo add rquickjs` to add it to your `Cargo.toml`
[INFO] [stdout] 
[INFO] [stdout] error[E0433]: cannot find module or crate `rquickjs` in this scope
[INFO] [stdout]   --> src/js_lifetime.rs:57:23
[INFO] [stdout]    |
[INFO] [stdout] 57 | struct Container<'js>(rquickjs::Object<'js>);
[INFO] [stdout]    |                       ^^^^^^^^ use of unresolved module or unlinked crate `rquickjs`
[INFO] [stdout]    |
[INFO] [stdout]    = help: if you wanted to use a crate named `rquickjs`, use `cargo add rquickjs` to add it to your `Cargo.toml`
[INFO] [stdout] 
[INFO] [stdout] error: aborting due to 2 previous errors
[INFO] [stdout] 
[INFO] [stdout] Some errors have detailed explanations: E0432, E0433.
[INFO] [stdout] For more information about an error, try `rustc --explain E0432`.
[INFO] [stdout] Couldn't compile the test.
[INFO] [stdout] 
[INFO] [stdout] failures:
[INFO] [stdout]     src/context/ctx.rs - context::ctx::Ctx<'js>::catch (line 265)
[INFO] [stdout]     src/js_lifetime.rs - js_lifetime::JsLifetime (line 28)
[INFO] [stdout]     src/js_lifetime.rs - js_lifetime::JsLifetime (line 41)
[INFO] [stdout]     src/js_lifetime.rs - js_lifetime::JsLifetime (line 55)
[INFO] [stdout]     src/js_lifetime.rs - js_lifetime::JsLifetime (line 67)
[INFO] [stdout]     src/persistent.rs - persistent::Persistent (line 11)
[INFO] [stdout]     src/result.rs - result::CatchResultExt (line 602)
[INFO] [stdout]     src/value/convert.rs - value::convert::Coerced (line 12)
[INFO] [stdout]     src/value/exception.rs - value::exception::Exception<'js>::throw_message (line 93)
[INFO] [stdout]     src/value/iterable.rs - value::iterable::Iterable (line 81)
[INFO] [stdout]     src/value/iterable.rs - value::iterable::Iterable (line 99)
[INFO] [stdout]     src/value/iterable.rs - value::iterable::JsIterator (line 174)
[INFO] [stdout]     src/value/module.rs - value::module::Module<'js,Evaluated>::write (line 452)
[INFO] [stdout]     src/value/module.rs - value::module::module_init (line 81)
[INFO] [stdout]     src/value/object/property.rs - value::object::property::Object<'js>::prop (line 8)
[INFO] [stdout] 
[INFO] [stdout] test result: FAILED. 0 passed; 15 failed; 0 ignored; 0 measured; 0 filtered out; finished in 0.09s
[INFO] [stdout] 
[INFO] [stderr] error: doctest failed, to rerun pass `--doc`
[INFO] running `Command { std: "docker" "inspect" "dee5b82196c1617d4e51f852c8d1544e1062acd3cf159786c4e89467c85b9d0e", kill_on_drop: false }`
[INFO] running `Command { std: "docker" "rm" "-f" "dee5b82196c1617d4e51f852c8d1544e1062acd3cf159786c4e89467c85b9d0e", kill_on_drop: false }`
[INFO] [stdout] dee5b82196c1617d4e51f852c8d1544e1062acd3cf159786c4e89467c85b9d0e
