[INFO] fetching crate qefro-core 1.3.0...
[INFO] testing qefro-core-1.3.0 against 1.99.0-beta.8 for beta-1.100-2
[INFO] extracting crate qefro-core 1.3.0 into /workspace/builds/worker-1-tc1/source
[INFO] started tweaking crates.io crate qefro-core 1.3.0
[INFO] finished tweaking crates.io crate qefro-core 1.3.0
[INFO] tweaked toml for crates.io crate qefro-core 1.3.0 written to /workspace/builds/worker-1-tc1/source/Cargo.toml
[INFO] validating manifest of crates.io crate qefro-core 1.3.0 on toolchain 1.99.0-beta.8
[INFO] running `Command { std: CARGO_HOME="/workspace/cargo-home" RUSTUP_HOME="/workspace/rustup-home" "/workspace/cargo-home/bin/cargo" "+1.99.0-beta.8" "metadata" "--manifest-path" "Cargo.toml" "--no-deps", kill_on_drop: false }`
[INFO] crate crates.io crate qefro-core 1.3.0 already has a lockfile, it will not be regenerated
[INFO] running `Command { std: CARGO_HOME="/workspace/cargo-home" RUSTUP_HOME="/workspace/rustup-home" "/workspace/cargo-home/bin/cargo" "+1.99.0-beta.8" "fetch" "--manifest-path" "Cargo.toml", kill_on_drop: false }`
[INFO] [stderr]     Updating crates.io index
[INFO] [stderr]  Downloading crates ...
[INFO] [stderr]   Downloaded phf v0.12.1
[INFO] [stderr]   Downloaded phf_shared v0.12.1
[INFO] [stderr]   Downloaded ammonia v4.1.4
[INFO] [stderr]   Downloaded web_atoms v0.2.6
[INFO] [stderr]   Downloaded chrono-tz v0.10.4
[INFO] running `Command { std: "docker" "create" "-v" "/var/lib/crater-agent-workspace/builds/worker-1-tc1/source:/opt/rustwide/workdir:ro,Z" "-v" "/var/lib/crater-agent-workspace/builds/worker-1-tc1/target:/opt/rustwide/target:rw,Z" "-v" "/var/lib/crater-agent-workspace/cargo-home:/opt/rustwide/cargo-home:ro,Z" "-v" "/var/lib/crater-agent-workspace/rustup-home:/opt/rustwide/rustup-home:ro,Z" "-m" "1610612736" "--network" "none" "ghcr.io/rust-lang/crates-build-env/linux@sha256:3111399a4047eeb3a02b7a90e478d715f38a8c6669b5c4b49d30a17385265909" "sleep" "infinity", kill_on_drop: false }`
[INFO] [stdout] bcd3958dd44f21ef8722bcdb4e67f1bffcb17b016c92afb5d99fd80bee2779ad
[INFO] running `Command { std: "docker" "start" "bcd3958dd44f21ef8722bcdb4e67f1bffcb17b016c92afb5d99fd80bee2779ad", kill_on_drop: false }`
[INFO] running `Command { std: "docker" "inspect" "bcd3958dd44f21ef8722bcdb4e67f1bffcb17b016c92afb5d99fd80bee2779ad", kill_on_drop: false }`
[INFO] running `Command { std: "docker" "exec" "-e" "SOURCE_DIR=/opt/rustwide/workdir" "-e" "CARGO_HOME=/opt/rustwide/cargo-home" "-e" "RUSTUP_HOME=/opt/rustwide/rustup-home" "-e" "CARGO_TARGET_DIR=/opt/rustwide/target" "-w" "/opt/rustwide/workdir" "--user" "0:0" "bcd3958dd44f21ef8722bcdb4e67f1bffcb17b016c92afb5d99fd80bee2779ad" "/opt/rustwide/cargo-home/bin/cargo" "+1.99.0-beta.8" "metadata" "--no-deps" "--format-version=1", kill_on_drop: false }`
[INFO] running `Command { std: "docker" "inspect" "bcd3958dd44f21ef8722bcdb4e67f1bffcb17b016c92afb5d99fd80bee2779ad", kill_on_drop: false }`
[INFO] running `Command { std: "docker" "exec" "-e" "SOURCE_DIR=/opt/rustwide/workdir" "-e" "CARGO_HOME=/opt/rustwide/cargo-home" "-e" "RUSTUP_HOME=/opt/rustwide/rustup-home" "-e" "CARGO_TARGET_DIR=/opt/rustwide/target" "-e" "CARGO_INCREMENTAL=0" "-e" "RUST_BACKTRACE=full" "-e" "RUSTFLAGS=--cap-lints=warn" "-e" "RUSTDOCFLAGS=--cap-lints=warn" "-w" "/opt/rustwide/workdir" "--user" "0:0" "bcd3958dd44f21ef8722bcdb4e67f1bffcb17b016c92afb5d99fd80bee2779ad" "/opt/rustwide/cargo-home/bin/cargo" "+1.99.0-beta.8" "build" "--frozen" "--message-format=json", kill_on_drop: false }`
[INFO] [stderr]    Compiling syn v3.0.3
[INFO] [stderr]    Compiling siphasher v1.0.3
[INFO] [stderr]    Compiling smallvec v1.15.2
[INFO] [stderr]    Compiling serde_core v1.0.229
[INFO] [stderr]    Compiling fastrand v2.5.0
[INFO] [stderr]    Compiling serde v1.0.229
[INFO] [stderr]    Compiling generic-array v0.14.7
[INFO] [stderr]    Compiling tendril v0.5.1
[INFO] [stderr]    Compiling simd-adler32 v0.3.10
[INFO] [stderr]    Compiling percent-encoding v2.3.2
[INFO] [stderr]    Compiling getrandom v0.4.3
[INFO] [stderr]    Compiling serde_json v1.0.151
[INFO] [stderr]    Compiling chrono-tz v0.10.4
[INFO] [stderr]    Compiling thiserror v2.0.20
[INFO] [stderr]    Compiling regex-automata v0.4.18
[INFO] [stderr]    Compiling tracing-attributes v0.1.31
[INFO] [stderr]    Compiling form_urlencoded v1.2.2
[INFO] [stderr]    Compiling miniz_oxide v0.8.9
[INFO] [stderr]    Compiling phf_shared v0.13.1
[INFO] [stderr]    Compiling phf_shared v0.12.1
[INFO] [stderr]    Compiling unsafe-libyaml v0.2.11
[INFO] [stderr]    Compiling parking_lot_core v0.9.12
[INFO] [stderr]    Compiling cssparser v0.37.0
[INFO] [stderr]    Compiling maplit v1.0.2
[INFO] [stderr]    Compiling semver v1.0.28
[INFO] [stderr]    Compiling parking_lot v0.12.5
[INFO] [stderr]    Compiling phf_generator v0.13.1
[INFO] [stderr]    Compiling phf v0.13.1
[INFO] [stderr]    Compiling phf v0.12.1
[INFO] [stderr]    Compiling string_cache v0.9.0
[INFO] [stderr]    Compiling string_cache_codegen v0.6.1
[INFO] [stderr]    Compiling phf_codegen v0.13.1
[INFO] [stderr]    Compiling block-buffer v0.10.4
[INFO] [stderr]    Compiling crypto-common v0.1.7
[INFO] [stderr]    Compiling digest v0.10.7
[INFO] [stderr]    Compiling sha2 v0.10.9
[INFO] [stderr]    Compiling hmac v0.12.1
[INFO] [stderr]    Compiling web_atoms v0.2.6
[INFO] [stderr]    Compiling flate2 v1.1.9
[INFO] [stderr]    Compiling tracing v0.1.44
[INFO] [stderr]    Compiling zip v0.6.6
[INFO] [stderr]    Compiling markup5ever v0.39.0
[INFO] [stderr]    Compiling html5ever v0.39.0
[INFO] [stderr]    Compiling uuid v1.24.1
[INFO] [stderr]    Compiling regex v1.13.1
[INFO] [stderr]    Compiling zerovec-derive v0.11.4
[INFO] [stderr]    Compiling displaydoc v0.2.7
[INFO] [stderr]    Compiling serde_derive v1.0.229
[INFO] [stderr]    Compiling thiserror-impl v2.0.20
[INFO] [stderr]    Compiling async-trait v0.1.92
[INFO] [stderr]    Compiling zerotrie v0.2.5
[INFO] [stderr]    Compiling zerovec v0.11.7
[INFO] [stderr]    Compiling tinystr v0.8.4
[INFO] [stderr]    Compiling potential_utf v0.1.6
[INFO] [stderr]    Compiling icu_collections v2.3.0
[INFO] [stderr]    Compiling icu_locale_core v2.3.0
[INFO] [stderr]    Compiling icu_provider v2.3.0
[INFO] [stderr]    Compiling icu_normalizer v2.3.0
[INFO] [stderr]    Compiling icu_properties v2.3.0
[INFO] [stderr]    Compiling toml_datetime v0.6.11
[INFO] [stderr]    Compiling serde_spanned v0.6.9
[INFO] [stderr]    Compiling chrono v0.4.45
[INFO] [stderr]    Compiling serde_yaml v0.9.34+deprecated
[INFO] [stderr]    Compiling toml_edit v0.22.27
[INFO] [stderr]    Compiling idna_adapter v1.2.2
[INFO] [stderr]    Compiling idna v1.1.0
[INFO] [stderr]    Compiling url v2.5.8
[INFO] [stderr]    Compiling ammonia v4.1.4
[INFO] [stderr]    Compiling toml v0.8.23
[INFO] [stderr]    Compiling qefro-core v1.3.0 (/opt/rustwide/workdir)
[INFO] [stderr]     Finished `dev` profile [unoptimized + debuginfo] target(s) in 51.85s
[INFO] running `Command { std: "docker" "inspect" "bcd3958dd44f21ef8722bcdb4e67f1bffcb17b016c92afb5d99fd80bee2779ad", kill_on_drop: false }`
[INFO] running `Command { std: "docker" "exec" "-e" "SOURCE_DIR=/opt/rustwide/workdir" "-e" "CARGO_HOME=/opt/rustwide/cargo-home" "-e" "RUSTUP_HOME=/opt/rustwide/rustup-home" "-e" "CARGO_TARGET_DIR=/opt/rustwide/target" "-e" "CARGO_INCREMENTAL=0" "-e" "RUST_BACKTRACE=full" "-e" "RUSTFLAGS=--cap-lints=warn" "-e" "RUSTDOCFLAGS=--cap-lints=warn" "-w" "/opt/rustwide/workdir" "--user" "0:0" "bcd3958dd44f21ef8722bcdb4e67f1bffcb17b016c92afb5d99fd80bee2779ad" "/opt/rustwide/cargo-home/bin/cargo" "+1.99.0-beta.8" "test" "--frozen" "--no-run" "--message-format=json", kill_on_drop: false }`
[INFO] [stderr]    Compiling qefro-core v1.3.0 (/opt/rustwide/workdir)
[INFO] [stderr]     Finished `test` profile [unoptimized + debuginfo] target(s) in 13.59s
[INFO] running `Command { std: "docker" "inspect" "bcd3958dd44f21ef8722bcdb4e67f1bffcb17b016c92afb5d99fd80bee2779ad", kill_on_drop: false }`
[INFO] running `Command { std: "docker" "exec" "-e" "SOURCE_DIR=/opt/rustwide/workdir" "-e" "CARGO_HOME=/opt/rustwide/cargo-home" "-e" "RUSTUP_HOME=/opt/rustwide/rustup-home" "-e" "CARGO_TARGET_DIR=/opt/rustwide/target" "-e" "CARGO_INCREMENTAL=0" "-e" "RUST_BACKTRACE=full" "-e" "RUSTFLAGS=--cap-lints=warn" "-e" "RUSTDOCFLAGS=--cap-lints=warn" "-w" "/opt/rustwide/workdir" "--user" "0:0" "bcd3958dd44f21ef8722bcdb4e67f1bffcb17b016c92afb5d99fd80bee2779ad" "/opt/rustwide/cargo-home/bin/cargo" "+1.99.0-beta.8" "test" "--frozen", kill_on_drop: false }`
[INFO] [stderr]     Finished `test` profile [unoptimized + debuginfo] target(s) in 0.26s
[INFO] [stderr]      Running unittests src/lib.rs (/opt/rustwide/target/debug/deps/qefro_core-a8b223f004b2bf05)
[INFO] [stdout] 
[INFO] [stdout] running 104 tests
[INFO] [stdout] test catalog::tests::parses_branding_table ... ok
[INFO] [stdout] test catalog::tests::parses_app_toml ... ok
[INFO] [stdout] test catalog::tests::parses_dependencies_table ... ok
[INFO] [stdout] test context::tests::worker_is_not_admin ... ok
[INFO] [stdout] test context::tests::activity_actor_labels_agents_without_reasoning ... ok
[INFO] [stdout] test condition::tests::and_or_and_operators ... ok
[INFO] [stdout] test context::tests::admin_detection ... ok
[INFO] [stdout] test automation::tests::yaml_round_trip_order_ready ... ok
[INFO] [stdout] test entity::tests::archive_lifecycle_adds_archived_at ... ok
[INFO] [stdout] test context::tests::app_and_feature_gates ... ok
[INFO] [stdout] test entity::tests::assignment_capability_follows_assigned_to ... ok
[INFO] [stdout] test entitlement::tests::starter_cannot_enable_restaurant ... ok
[INFO] [stdout] test entity::tests::child_table_and_computed_ui ... ok
[INFO] [stdout] test app::tests::hidden_slugs_are_standalone_entities_not_in_nav ... ok
[INFO] [stdout] test app::tests::no_navigation_hides_nothing ... ok
[INFO] [stdout] test condition::tests::empty_and_in ... ok
[INFO] [stdout] test entity::tests::ui_meta_hides_system_fields ... ok
[INFO] [stdout] test entity::tests::form_layout_rejects_invalid_width_and_conditions ... ok
[INFO] [stdout] test field::tests::time_sql_type ... ok
[INFO] [stdout] test entity::tests::form_layout_rejects_unknown_and_duplicate_fields ... ok
[INFO] [stdout] test entity::tests::searchable_fields_skip_secrets_and_rank_by_weight ... ok
[INFO] [stdout] test field::tests::field_builder_and_serde ... ok
[INFO] [stdout] test entity::tests::with_party_then_name_uses_name_as_display_field ... ok
[INFO] [stdout] test entity::tests::ui_meta_exposes_relations ... ok
[INFO] [stdout] test field::tests::json_type_datetime_deserializes ... ok
[INFO] [stdout] test error::tests::database_errors_are_not_leaked_to_clients ... ok
[INFO] [stdout] test field::tests::on_delete_and_one_to_one ... ok
[INFO] [stdout] test field::tests::relation_alias_matches_docs ... ok
[INFO] [stdout] test field::tests::computed_fields_are_nullable_and_readonly ... ok
[INFO] [stdout] test field::tests::data_type_is_independent_of_widget ... ok
[INFO] [stdout] test entity::tests::yaml_file_shape ... ok
[INFO] [stdout] test entity::tests::yaml_roundtrip ... ok
[INFO] [stdout] test formula::tests::arithmetic_and_precedence ... ok
[INFO] [stdout] test formula::tests::round_and_modulo ... ok
[INFO] [stdout] test formula::tests::detects_cycles ... ok
[INFO] [stdout] test formula::tests::string_concat_and_null ... ok
[INFO] [stdout] test ident::tests::rejects_unsafe_idents ... ok
[INFO] [stdout] test ident::tests::did_you_mean ... ok
[INFO] [stdout] test formula::tests::string_type_error_and_cycles ... ok
[INFO] [stdout] test formula::tests::client_override_is_ignored_by_apply ... ok
[INFO] [stdout] test ident::tests::slug_helpers ... ok
[INFO] [stdout] test identity::tests::party_fields_and_validation ... ok
[INFO] [stdout] test formula::tests::apply_string_computed ... ok
[INFO] [stdout] test identity::tests::organization_is_tenant_owned_and_has_no_login ... ok
[INFO] [stdout] test identity::tests::organization_backrefs_follow_organization_id_convention ... ok
[INFO] [stdout] test identity::tests::person_backrefs_follow_person_id_convention ... ok
[INFO] [stdout] test identity::tests::person_is_tenant_owned_and_has_optional_user ... ok
[INFO] [stdout] test identity::tests::ui_schema_stays_at_one ... ok
[INFO] [stdout] test formula::tests::field_refs_and_child_sum ... ok
[INFO] [stdout] test package::tests::rejects_zip_with_parent_entry ... ok
[INFO] [stdout] test package::tests::rejects_unexpected_package_path ... ok
[INFO] [stdout] test rate_limit::tests::in_memory_limit ... ok
[INFO] [stdout] test identity::tests::user_skips_ddl_and_hides_secrets ... ok
[INFO] [stdout] test formula::tests::rejects_unknown_function_and_sql ... ok
[INFO] [stdout] test metering::tests::metering_event_carries_tenant ... ok
[INFO] [stdout] test migration::tests::flags_drop_column ... ok
[INFO] [stdout] test registry::tests::register_and_lookup ... ok
[INFO] [stdout] test platform::tests::public_form_allowlist ... ok
[INFO] [stdout] test operation::tests::names_permission_and_tool ... ok
[INFO] [stdout] test platform::tests::signature_is_stable ... ok
[INFO] [stdout] test schedule::tests::rejects_junk ... ok
[INFO] [stdout] test studio::tests::type_change_is_destructive ... ok
[INFO] [stdout] test seed::tests::parses_single_batch ... ok
[INFO] [stdout] test sanitize::tests::strips_script_and_keeps_formatting ... ok
[INFO] [stdout] test schedule::tests::daily_nine ... ok
[INFO] [stdout] test studio::tests::staff_has_no_studio ... ok
[INFO] [stdout] test storage::tests::isolates_tenants_and_rejects_path_escape ... ok
[INFO] [stdout] test timezone::tests::rfc3339_is_already_canonical ... ok
[INFO] [stdout] test task::tests::task_is_a_normal_tenant_document ... ok
[INFO] [stdout] test ui::tests::branding_overlay_prefers_stored_then_app_then_tenant_name ... ok
[INFO] [stdout] test timezone::tests::kolkata_offset_is_explicit ... ok
[INFO] [stdout] test timezone::tests::naive_local_converts_to_utc ... ok
[INFO] [stdout] test ui::tests::card_view_is_omitted_when_unset_and_schema_stays_one ... ok
[INFO] [stdout] test ui::tests::read_only_when_alias_round_trips ... ok
[INFO] [stdout] test registry::tests::unknown_relation_suggests ... ok
[INFO] [stdout] test ui::tests::visible_when_is_presentation_only ... ok
[INFO] [stdout] test task::tests::platform_entities_include_identity_and_task ... ok
[INFO] [stdout] test task::tests::with_tasks_adds_generic_related_link ... ok
[INFO] [stdout] test timezone::tests::naive_uses_tenant_zone_not_server_local ... ok
[INFO] [stdout] test studio::tests::label_change_is_safe ... ok
[INFO] [stdout] test registry::tests::wire_identity_inverses_adds_person_backrefs ... ok
[INFO] [stdout] test package::tests::roundtrip_package ... ok
[INFO] [stdout] test validate::tests::removed_field_is_reported_not_silently_dropped ... ok
[INFO] [stdout] test validate::tests::valid_minimal_app ... ok
[INFO] [stdout] test validate::tests::missing_dependency_fails ... ok
[INFO] [stdout] test validate::tests::satisfied_dependency_ok ... ok
[INFO] [stdout] test validate::tests::workflow_missing_entity_fails ... ok
[INFO] [stdout] test validation::tests::cross_field_compare ... ok
[INFO] [stdout] test validation::tests::enum_and_range ... ok
[INFO] [stdout] test validate::tests::yaml_and_rust_customer_share_ui_shape ... ok
[INFO] [stdout] test validation::tests::conditional_require ... ok
[INFO] [stdout] test studio::tests::admin_in_dev_can_publish ... ok
[INFO] [stdout] test ui::tests::widget_is_a_string_so_apps_can_register_custom_names ... ok
[INFO] [stdout] test studio::tests::admin_in_production_cannot_publish ... ok
[INFO] [stdout] test version::tests::framework_matches_caret_and_range ... ok
[INFO] [stdout] test validate::tests::incompatible_dependency_version_fails ... ok
[INFO] [stdout] test ui::tests::view_section_columns_are_additive ... ok
[INFO] [stdout] test validation::tests::greater_than_is_exclusive ... ok
[INFO] [stdout] test validation::tests::partial_skips_missing_required ... ok
[INFO] [stdout] test studio::tests::add_field_is_additive ... ok
[INFO] [stdout] test studio::tests::formula_preview_multiplies ... ok
[INFO] [stdout] test version::tests::rejects_garbage_version ... ok
[INFO] [stdout] test validation::tests::required_and_email ... ok
[INFO] [stdout] test bundle::tests::v1_benchmark_apps_load ... FAILED
[INFO] [stdout] 
[INFO] [stdout] failures:
[INFO] [stdout] 
[INFO] [stdout] ---- bundle::tests::v1_benchmark_apps_load stdout ----
[INFO] [stdout] 
[INFO] [stdout] thread 'bundle::tests::v1_benchmark_apps_load' (1155) panicked at src/bundle.rs:226:68:
[INFO] [stdout] inventory: cannot read /opt/rustwide/workdir/../../apps/inventory/app.toml: No such file or directory (os error 2)
[INFO] [stdout] stack backtrace:
[INFO] [stdout]    0:     0x57d3acb8ca91 - std[70759c8f55707aa4]::backtrace_rs::backtrace::libunwind::trace
[INFO] [stdout]                                at /rustc/dfb0accb7f508ae8be965d8629557221c889dd98/library/std/src/../../backtrace/src/backtrace/libunwind.rs:117:9
[INFO] [stdout]    1:     0x57d3acb8ca91 - std[70759c8f55707aa4]::backtrace_rs::backtrace::trace_unsynchronized::<std[70759c8f55707aa4]::sys::backtrace::_print_fmt::{closure#1}>
[INFO] [stdout]                                at /rustc/dfb0accb7f508ae8be965d8629557221c889dd98/library/std/src/../../backtrace/src/backtrace/mod.rs:66:14
[INFO] [stdout]    2:     0x57d3acb8ca91 - std[70759c8f55707aa4]::sys::backtrace::_print_fmt
[INFO] [stdout]                                at /rustc/dfb0accb7f508ae8be965d8629557221c889dd98/library/std/src/sys/backtrace.rs:74:9
[INFO] [stdout]    3:     0x57d3acb8ca91 - <<std[70759c8f55707aa4]::sys::backtrace::BacktraceLock>::print::DisplayBacktrace as core[df12db4294e9bfd3]::fmt::Display>::fmt
[INFO] [stdout]                                at /rustc/dfb0accb7f508ae8be965d8629557221c889dd98/library/std/src/sys/backtrace.rs:44:26
[INFO] [stdout]    4:     0x57d3acba50ea - <core[df12db4294e9bfd3]::fmt::rt::Argument>::fmt
[INFO] [stdout]                                at /rustc/dfb0accb7f508ae8be965d8629557221c889dd98/library/core/src/fmt/rt.rs:152:76
[INFO] [stdout]    5:     0x57d3acba50ea - core[df12db4294e9bfd3]::fmt::write
[INFO] [stdout]    6:     0x57d3acb9132c - core[df12db4294e9bfd3]::io::write::default_write_fmt::<alloc[2182bb758b4b3781]::vec::Vec<u8>>
[INFO] [stdout]                                at /rustc/dfb0accb7f508ae8be965d8629557221c889dd98/library/core/src/io/write.rs:402:11
[INFO] [stdout]    7:     0x57d3acb9132c - <alloc[2182bb758b4b3781]::vec::Vec<u8> as core[df12db4294e9bfd3]::io::write::Write>::write_fmt
[INFO] [stdout]                                at /rustc/dfb0accb7f508ae8be965d8629557221c889dd98/library/core/src/io/write.rs:335:13
[INFO] [stdout]    8:     0x57d3acb668a6 - <std[70759c8f55707aa4]::sys::backtrace::BacktraceLock>::print
[INFO] [stdout]                                at /rustc/dfb0accb7f508ae8be965d8629557221c889dd98/library/std/src/sys/backtrace.rs:47:9
[INFO] [stdout]    9:     0x57d3acb668a6 - std[70759c8f55707aa4]::panicking::default_hook::{closure#0}
[INFO] [stdout]                                at /rustc/dfb0accb7f508ae8be965d8629557221c889dd98/library/std/src/panicking.rs:292:27
[INFO] [stdout]   10:     0x57d3acb83e79 - std[70759c8f55707aa4]::panicking::default_hook
[INFO] [stdout]                                at /rustc/dfb0accb7f508ae8be965d8629557221c889dd98/library/std/src/panicking.rs:316:9
[INFO] [stdout]   11:     0x57d3ac7faa70 - <alloc[2182bb758b4b3781]::boxed::Box<dyn for<'a, 'b> core[df12db4294e9bfd3]::ops::function::Fn<(&'a std[70759c8f55707aa4]::panic::PanicHookInfo<'b>,), Output = ()> + core[df12db4294e9bfd3]::marker::Send + core[df12db4294e9bfd3]::marker::Sync> as core[df12db4294e9bfd3]::ops::function::Fn<(&std[70759c8f55707aa4]::panic::PanicHookInfo,)>>::call
[INFO] [stdout]                                at /rustc/dfb0accb7f508ae8be965d8629557221c889dd98/library/alloc/src/boxed.rs:2334:9
[INFO] [stdout]   12:     0x57d3ac7faa70 - test[9d35eded1c95d3be]::test_main_inner::<test[9d35eded1c95d3be]::test_main_static::{closure#0}>::{closure#0}
[INFO] [stdout]                                at /rustc/dfb0accb7f508ae8be965d8629557221c889dd98/library/test/src/lib.rs:155:21
[INFO] [stdout]   13:     0x57d3acb84032 - <alloc[2182bb758b4b3781]::boxed::Box<dyn for<'a, 'b> core[df12db4294e9bfd3]::ops::function::Fn<(&'a std[70759c8f55707aa4]::panic::PanicHookInfo<'b>,), Output = ()> + core[df12db4294e9bfd3]::marker::Send + core[df12db4294e9bfd3]::marker::Sync> as core[df12db4294e9bfd3]::ops::function::Fn<(&std[70759c8f55707aa4]::panic::PanicHookInfo,)>>::call
[INFO] [stdout]                                at /rustc/dfb0accb7f508ae8be965d8629557221c889dd98/library/alloc/src/boxed.rs:2334:9
[INFO] [stdout]   14:     0x57d3acb84032 - std[70759c8f55707aa4]::panicking::panic_with_hook
[INFO] [stdout]                                at /rustc/dfb0accb7f508ae8be965d8629557221c889dd98/library/std/src/panicking.rs:823:13
[INFO] [stdout]   15:     0x57d3acb66952 - std[70759c8f55707aa4]::panicking::panic_handler::{closure#0}
[INFO] [stdout]                                at /rustc/dfb0accb7f508ae8be965d8629557221c889dd98/library/std/src/panicking.rs:688:13
[INFO] [stdout]   16:     0x57d3acb5f389 - std[70759c8f55707aa4]::sys::backtrace::__rust_end_short_backtrace::<std[70759c8f55707aa4]::panicking::panic_handler::{closure#0}, !>
[INFO] [stdout]                                at /rustc/dfb0accb7f508ae8be965d8629557221c889dd98/library/std/src/sys/backtrace.rs:182:18
[INFO] [stdout]   17:     0x57d3acb6754d - __rustc[8fa7c3cbc660c2b3]::rust_begin_unwind
[INFO] [stdout]                                at /rustc/dfb0accb7f508ae8be965d8629557221c889dd98/library/std/src/panicking.rs:679:5
[INFO] [stdout]   18:     0x57d3acba598c - core[df12db4294e9bfd3]::panicking::panic_fmt
[INFO] [stdout]                                at /rustc/dfb0accb7f508ae8be965d8629557221c889dd98/library/core/src/panicking.rs:80:14
[INFO] [stdout]   19:     0x57d3ac52bb4a - qefro_core[5f8e79752d99c9bf]::bundle::tests::v1_benchmark_apps_load::{closure#0}
[INFO] [stdout]                                at /opt/rustwide/workdir/src/bundle.rs:226:68
[INFO] [stdout]   20:     0x57d3ac2e56e8 - <core[df12db4294e9bfd3]::result::Result<qefro_core[5f8e79752d99c9bf]::bundle::AppBundle, qefro_core[5f8e79752d99c9bf]::error::QefroError>>::unwrap_or_else::<qefro_core[5f8e79752d99c9bf]::bundle::tests::v1_benchmark_apps_load::{closure#0}>
[INFO] [stdout]                                at /rustc/dfb0accb7f508ae8be965d8629557221c889dd98/library/core/src/result.rs:1621:23
[INFO] [stdout]   21:     0x57d3ac53e8ba - qefro_core[5f8e79752d99c9bf]::bundle::tests::v1_benchmark_apps_load
[INFO] [stdout]                                at /opt/rustwide/workdir/src/bundle.rs:226:49
[INFO] [stdout]   22:     0x57d3ac52ba87 - qefro_core[5f8e79752d99c9bf]::bundle::tests::v1_benchmark_apps_load::{closure#0}
[INFO] [stdout]                                at /opt/rustwide/workdir/src/bundle.rs:222:32
[INFO] [stdout]   23:     0x57d3ac4bd496 - <qefro_core[5f8e79752d99c9bf]::bundle::tests::v1_benchmark_apps_load::{closure#0} as core[df12db4294e9bfd3]::ops::function::FnOnce<()>>::call_once
[INFO] [stdout]                                at /rustc/dfb0accb7f508ae8be965d8629557221c889dd98/library/core/src/ops/function.rs:250:5
[INFO] [stdout]   24:     0x57d3ac7edd5b - <fn() -> core[df12db4294e9bfd3]::result::Result<(), alloc[2182bb758b4b3781]::string::String> as core[df12db4294e9bfd3]::ops::function::FnOnce<()>>::call_once
[INFO] [stdout]                                at /rustc/dfb0accb7f508ae8be965d8629557221c889dd98/library/core/src/ops/function.rs:250:5
[INFO] [stdout]   25:     0x57d3ac7edd5b - test[9d35eded1c95d3be]::__rust_begin_short_backtrace::<core[df12db4294e9bfd3]::result::Result<(), alloc[2182bb758b4b3781]::string::String>, fn() -> core[df12db4294e9bfd3]::result::Result<(), alloc[2182bb758b4b3781]::string::String>>
[INFO] [stdout]                                at /rustc/dfb0accb7f508ae8be965d8629557221c889dd98/library/test/src/lib.rs:733:18
[INFO] [stdout]   26:     0x57d3ac7fb3c5 - test[9d35eded1c95d3be]::run_test_in_process::{closure#0}
[INFO] [stdout]                                at /rustc/dfb0accb7f508ae8be965d8629557221c889dd98/library/test/src/lib.rs:756:74
[INFO] [stdout]   27:     0x57d3ac7fb3c5 - <core[df12db4294e9bfd3]::panic::unwind_safe::AssertUnwindSafe<test[9d35eded1c95d3be]::run_test_in_process::{closure#0}> as core[df12db4294e9bfd3]::ops::function::FnOnce<()>>::call_once
[INFO] [stdout]                                at /rustc/dfb0accb7f508ae8be965d8629557221c889dd98/library/core/src/panic/unwind_safe.rs:275:9
[INFO] [stdout]   28:     0x57d3ac7fb3c5 - std[70759c8f55707aa4]::panicking::catch_unwind::do_call::<core[df12db4294e9bfd3]::panic::unwind_safe::AssertUnwindSafe<test[9d35eded1c95d3be]::run_test_in_process::{closure#0}>, core[df12db4294e9bfd3]::result::Result<(), alloc[2182bb758b4b3781]::string::String>>
[INFO] [stdout]                                at /rustc/dfb0accb7f508ae8be965d8629557221c889dd98/library/std/src/panicking.rs:576:43
[INFO] [stdout]   29:     0x57d3ac7fb3c5 - std[70759c8f55707aa4]::panicking::catch_unwind::<core[df12db4294e9bfd3]::result::Result<(), alloc[2182bb758b4b3781]::string::String>, core[df12db4294e9bfd3]::panic::unwind_safe::AssertUnwindSafe<test[9d35eded1c95d3be]::run_test_in_process::{closure#0}>>
[INFO] [stdout]                                at /rustc/dfb0accb7f508ae8be965d8629557221c889dd98/library/std/src/panicking.rs:544:19
[INFO] [stdout]   30:     0x57d3ac7fb3c5 - std[70759c8f55707aa4]::panic::catch_unwind::<core[df12db4294e9bfd3]::panic::unwind_safe::AssertUnwindSafe<test[9d35eded1c95d3be]::run_test_in_process::{closure#0}>, core[df12db4294e9bfd3]::result::Result<(), alloc[2182bb758b4b3781]::string::String>>
[INFO] [stdout]                                at /rustc/dfb0accb7f508ae8be965d8629557221c889dd98/library/std/src/panic.rs:359:14
[INFO] [stdout]   31:     0x57d3ac7fb3c5 - test[9d35eded1c95d3be]::run_test_in_process
[INFO] [stdout]                                at /rustc/dfb0accb7f508ae8be965d8629557221c889dd98/library/test/src/lib.rs:756:27
[INFO] [stdout]   32:     0x57d3ac7fb3c5 - test[9d35eded1c95d3be]::run_test::{closure#0}
[INFO] [stdout]                                at /rustc/dfb0accb7f508ae8be965d8629557221c889dd98/library/test/src/lib.rs:677:43
[INFO] [stdout]   33:     0x57d3ac7f4c84 - test[9d35eded1c95d3be]::run_test::{closure#1}
[INFO] [stdout]                                at /rustc/dfb0accb7f508ae8be965d8629557221c889dd98/library/test/src/lib.rs:707:41
[INFO] [stdout]   34:     0x57d3ac7f4c84 - std[70759c8f55707aa4]::sys::backtrace::__rust_begin_short_backtrace::<test[9d35eded1c95d3be]::run_test::{closure#1}, ()>
[INFO] [stdout]                                at /rustc/dfb0accb7f508ae8be965d8629557221c889dd98/library/std/src/sys/backtrace.rs:166:18
[INFO] [stdout]   35:     0x57d3ac7fe522 - std[70759c8f55707aa4]::thread::lifecycle::spawn_unchecked::<test[9d35eded1c95d3be]::run_test::{closure#1}, ()>::{closure#1}::{closure#0}
[INFO] [stdout]                                at /rustc/dfb0accb7f508ae8be965d8629557221c889dd98/library/std/src/thread/lifecycle.rs:70:13
[INFO] [stdout]   36:     0x57d3ac7fe522 - <core[df12db4294e9bfd3]::panic::unwind_safe::AssertUnwindSafe<std[70759c8f55707aa4]::thread::lifecycle::spawn_unchecked<test[9d35eded1c95d3be]::run_test::{closure#1}, ()>::{closure#1}::{closure#0}> as core[df12db4294e9bfd3]::ops::function::FnOnce<()>>::call_once
[INFO] [stdout]                                at /rustc/dfb0accb7f508ae8be965d8629557221c889dd98/library/core/src/panic/unwind_safe.rs:275:9
[INFO] [stdout]   37:     0x57d3ac7fe522 - std[70759c8f55707aa4]::panicking::catch_unwind::do_call::<core[df12db4294e9bfd3]::panic::unwind_safe::AssertUnwindSafe<std[70759c8f55707aa4]::thread::lifecycle::spawn_unchecked<test[9d35eded1c95d3be]::run_test::{closure#1}, ()>::{closure#1}::{closure#0}>, ()>
[INFO] [stdout]                                at /rustc/dfb0accb7f508ae8be965d8629557221c889dd98/library/std/src/panicking.rs:576:43
[INFO] [stdout]   38:     0x57d3ac7fe522 - std[70759c8f55707aa4]::panicking::catch_unwind::<(), core[df12db4294e9bfd3]::panic::unwind_safe::AssertUnwindSafe<std[70759c8f55707aa4]::thread::lifecycle::spawn_unchecked<test[9d35eded1c95d3be]::run_test::{closure#1}, ()>::{closure#1}::{closure#0}>>
[INFO] [stdout]                                at /rustc/dfb0accb7f508ae8be965d8629557221c889dd98/library/std/src/panicking.rs:544:19
[INFO] [stdout]   39:     0x57d3ac7fe522 - std[70759c8f55707aa4]::panic::catch_unwind::<core[df12db4294e9bfd3]::panic::unwind_safe::AssertUnwindSafe<std[70759c8f55707aa4]::thread::lifecycle::spawn_unchecked<test[9d35eded1c95d3be]::run_test::{closure#1}, ()>::{closure#1}::{closure#0}>, ()>
[INFO] [stdout]                                at /rustc/dfb0accb7f508ae8be965d8629557221c889dd98/library/std/src/panic.rs:359:14
[INFO] [stdout]   40:     0x57d3ac7fe522 - std[70759c8f55707aa4]::thread::lifecycle::spawn_unchecked::<test[9d35eded1c95d3be]::run_test::{closure#1}, ()>::{closure#1}
[INFO] [stdout]                                at /rustc/dfb0accb7f508ae8be965d8629557221c889dd98/library/std/src/thread/lifecycle.rs:68:26
[INFO] [stdout]   41:     0x57d3ac7fe522 - <std[70759c8f55707aa4]::thread::lifecycle::spawn_unchecked<test[9d35eded1c95d3be]::run_test::{closure#1}, ()>::{closure#1} as core[df12db4294e9bfd3]::ops::function::FnOnce<()>>::call_once::{shim:vtable#0}
[INFO] [stdout]                                at /rustc/dfb0accb7f508ae8be965d8629557221c889dd98/library/core/src/ops/function.rs:250:5
[INFO] [stdout]   42:     0x57d3acb8bab9 - <alloc[2182bb758b4b3781]::boxed::Box<dyn core[df12db4294e9bfd3]::ops::function::FnOnce<(), Output = ()> + core[df12db4294e9bfd3]::marker::Send> as core[df12db4294e9bfd3]::ops::function::FnOnce<()>>::call_once
[INFO] [stdout]                                at /rustc/dfb0accb7f508ae8be965d8629557221c889dd98/library/alloc/src/boxed.rs:2320:9
[INFO] [stdout]   43:     0x57d3acb8bab9 - <std[70759c8f55707aa4]::sys::thread::unix::Thread>::new::thread_start
[INFO] [stdout]                                at /rustc/dfb0accb7f508ae8be965d8629557221c889dd98/library/std/src/sys/thread/unix.rs:123:17
[INFO] [stdout]   44:     0x734b63ff4dfa - <unknown>
[INFO] [stdout]   45:     0x734b640883d4 - clone
[INFO] [stdout]   46:                0x0 - <unknown>
[INFO] [stdout] 
[INFO] [stdout] 
[INFO] [stdout] failures:
[INFO] [stdout]     bundle::tests::v1_benchmark_apps_load
[INFO] [stdout] 
[INFO] [stdout] test result: FAILED. 103 passed; 1 failed; 0 ignored; 0 measured; 0 filtered out; finished in 0.09s
[INFO] [stdout] 
[INFO] [stderr] error: test failed, to rerun pass `--lib`
[INFO] running `Command { std: "docker" "inspect" "bcd3958dd44f21ef8722bcdb4e67f1bffcb17b016c92afb5d99fd80bee2779ad", kill_on_drop: false }`
[INFO] running `Command { std: "docker" "rm" "-f" "bcd3958dd44f21ef8722bcdb4e67f1bffcb17b016c92afb5d99fd80bee2779ad", kill_on_drop: false }`
[INFO] [stdout] bcd3958dd44f21ef8722bcdb4e67f1bffcb17b016c92afb5d99fd80bee2779ad
