[INFO] fetching crate pybevy_macros 0.3.0-rc.1...
[INFO] testing pybevy_macros-0.3.0-rc.1 against 1.99.0-beta.8 for beta-1.100-2
[INFO] extracting crate pybevy_macros 0.3.0-rc.1 into /workspace/builds/worker-3-tc1/source
[INFO] started tweaking crates.io crate pybevy_macros 0.3.0-rc.1
[INFO] finished tweaking crates.io crate pybevy_macros 0.3.0-rc.1
[INFO] tweaked toml for crates.io crate pybevy_macros 0.3.0-rc.1 written to /workspace/builds/worker-3-tc1/source/Cargo.toml
[INFO] validating manifest of crates.io crate pybevy_macros 0.3.0-rc.1 on toolchain 1.99.0-beta.8
[INFO] running `Command { std: CARGO_HOME="/workspace/cargo-home" RUSTUP_HOME="/workspace/rustup-home" "/workspace/cargo-home/bin/cargo" "+1.99.0-beta.8" "metadata" "--manifest-path" "Cargo.toml" "--no-deps", kill_on_drop: false }`
[INFO] crate crates.io crate pybevy_macros 0.3.0-rc.1 already has a lockfile, it will not be regenerated
[INFO] running `Command { std: CARGO_HOME="/workspace/cargo-home" RUSTUP_HOME="/workspace/rustup-home" "/workspace/cargo-home/bin/cargo" "+1.99.0-beta.8" "fetch" "--manifest-path" "Cargo.toml", kill_on_drop: false }`
[INFO] [stderr]     Blocking waiting for file lock on package cache
[INFO] [stderr]     Blocking waiting for file lock on package cache
[INFO] running `Command { std: "docker" "create" "-v" "/var/lib/crater-agent-workspace/builds/worker-3-tc1/source:/opt/rustwide/workdir:ro,Z" "-v" "/var/lib/crater-agent-workspace/builds/worker-3-tc1/target:/opt/rustwide/target:rw,Z" "-v" "/var/lib/crater-agent-workspace/cargo-home:/opt/rustwide/cargo-home:ro,Z" "-v" "/var/lib/crater-agent-workspace/rustup-home:/opt/rustwide/rustup-home:ro,Z" "-m" "1610612736" "--network" "none" "ghcr.io/rust-lang/crates-build-env/linux@sha256:3111399a4047eeb3a02b7a90e478d715f38a8c6669b5c4b49d30a17385265909" "sleep" "infinity", kill_on_drop: false }`
[INFO] [stdout] 182ddf424755c88f48d66decb3518182c6c8349edd6850e518477a3f4be192bf
[INFO] running `Command { std: "docker" "start" "182ddf424755c88f48d66decb3518182c6c8349edd6850e518477a3f4be192bf", kill_on_drop: false }`
[INFO] running `Command { std: "docker" "inspect" "182ddf424755c88f48d66decb3518182c6c8349edd6850e518477a3f4be192bf", kill_on_drop: false }`
[INFO] running `Command { std: "docker" "exec" "-e" "SOURCE_DIR=/opt/rustwide/workdir" "-e" "CARGO_HOME=/opt/rustwide/cargo-home" "-e" "RUSTUP_HOME=/opt/rustwide/rustup-home" "-e" "CARGO_TARGET_DIR=/opt/rustwide/target" "-w" "/opt/rustwide/workdir" "--user" "0:0" "182ddf424755c88f48d66decb3518182c6c8349edd6850e518477a3f4be192bf" "/opt/rustwide/cargo-home/bin/cargo" "+1.99.0-beta.8" "metadata" "--no-deps" "--format-version=1", kill_on_drop: false }`
[INFO] running `Command { std: "docker" "inspect" "182ddf424755c88f48d66decb3518182c6c8349edd6850e518477a3f4be192bf", kill_on_drop: false }`
[INFO] running `Command { std: "docker" "exec" "-e" "SOURCE_DIR=/opt/rustwide/workdir" "-e" "CARGO_HOME=/opt/rustwide/cargo-home" "-e" "RUSTUP_HOME=/opt/rustwide/rustup-home" "-e" "CARGO_TARGET_DIR=/opt/rustwide/target" "-e" "CARGO_INCREMENTAL=0" "-e" "RUST_BACKTRACE=full" "-e" "RUSTFLAGS=--cap-lints=warn" "-e" "RUSTDOCFLAGS=--cap-lints=warn" "-w" "/opt/rustwide/workdir" "--user" "0:0" "182ddf424755c88f48d66decb3518182c6c8349edd6850e518477a3f4be192bf" "/opt/rustwide/cargo-home/bin/cargo" "+1.99.0-beta.8" "build" "--frozen" "--message-format=json", kill_on_drop: false }`
[INFO] [stderr]    Compiling proc-macro2 v1.0.103
[INFO] [stderr]    Compiling winnow v1.0.3
[INFO] [stderr]    Compiling unicode-ident v1.0.22
[INFO] [stderr]    Compiling hashbrown v0.16.1
[INFO] [stderr]    Compiling equivalent v1.0.2
[INFO] [stderr]    Compiling winnow v0.7.13
[INFO] [stderr]    Compiling toml_datetime v0.7.3
[INFO] [stderr]    Compiling toml_parser v1.1.2+spec-1.1.0
[INFO] [stderr]    Compiling quote v1.0.45
[INFO] [stderr]    Compiling indexmap v2.12.0
[INFO] [stderr]    Compiling syn v2.0.110
[INFO] [stderr]    Compiling toml_edit v0.23.7
[INFO] [stderr]    Compiling proc-macro-crate v3.4.0
[INFO] [stderr]    Compiling pybevy_macros v0.3.0-rc.1 (/opt/rustwide/workdir)
[INFO] [stderr]     Finished `dev` profile [unoptimized + debuginfo] target(s) in 13.46s
[INFO] running `Command { std: "docker" "inspect" "182ddf424755c88f48d66decb3518182c6c8349edd6850e518477a3f4be192bf", kill_on_drop: false }`
[INFO] running `Command { std: "docker" "exec" "-e" "SOURCE_DIR=/opt/rustwide/workdir" "-e" "CARGO_HOME=/opt/rustwide/cargo-home" "-e" "RUSTUP_HOME=/opt/rustwide/rustup-home" "-e" "CARGO_TARGET_DIR=/opt/rustwide/target" "-e" "CARGO_INCREMENTAL=0" "-e" "RUST_BACKTRACE=full" "-e" "RUSTFLAGS=--cap-lints=warn" "-e" "RUSTDOCFLAGS=--cap-lints=warn" "-w" "/opt/rustwide/workdir" "--user" "0:0" "182ddf424755c88f48d66decb3518182c6c8349edd6850e518477a3f4be192bf" "/opt/rustwide/cargo-home/bin/cargo" "+1.99.0-beta.8" "test" "--frozen" "--no-run" "--message-format=json", kill_on_drop: false }`
[INFO] [stderr]    Compiling pybevy_macros v0.3.0-rc.1 (/opt/rustwide/workdir)
[INFO] [stderr]     Finished `test` profile [unoptimized + debuginfo] target(s) in 6.11s
[INFO] running `Command { std: "docker" "inspect" "182ddf424755c88f48d66decb3518182c6c8349edd6850e518477a3f4be192bf", kill_on_drop: false }`
[INFO] running `Command { std: "docker" "exec" "-e" "SOURCE_DIR=/opt/rustwide/workdir" "-e" "CARGO_HOME=/opt/rustwide/cargo-home" "-e" "RUSTUP_HOME=/opt/rustwide/rustup-home" "-e" "CARGO_TARGET_DIR=/opt/rustwide/target" "-e" "CARGO_INCREMENTAL=0" "-e" "RUST_BACKTRACE=full" "-e" "RUSTFLAGS=--cap-lints=warn" "-e" "RUSTDOCFLAGS=--cap-lints=warn" "-w" "/opt/rustwide/workdir" "--user" "0:0" "182ddf424755c88f48d66decb3518182c6c8349edd6850e518477a3f4be192bf" "/opt/rustwide/cargo-home/bin/cargo" "+1.99.0-beta.8" "test" "--frozen", kill_on_drop: false }`
[INFO] [stderr]     Finished `test` profile [unoptimized + debuginfo] target(s) in 0.03s
[INFO] [stderr]      Running unittests src/lib.rs (/opt/rustwide/target/debug/deps/pybevy_macros-2e4a242063730b44)
[INFO] [stdout] 
[INFO] [stdout] running 0 tests
[INFO] [stdout] 
[INFO] [stdout] test result: ok. 0 passed; 0 failed; 0 ignored; 0 measured; 0 filtered out; finished in 0.00s
[INFO] [stdout] 
[INFO] [stderr]    Doc-tests pybevy_macros
[INFO] [stdout] 
[INFO] [stdout] running 17 tests
[INFO] [stdout] test src/app.rs - app::pybevy_app (line 9) ... ignored
[INFO] [stdout] test src/asset.rs - asset::pyasset (line 22) ... ignored
[INFO] [stdout] test src/asset.rs - asset::pyasset (line 32) ... ignored
[INFO] [stdout] test src/asset.rs - asset::pyhandle (line 1000) ... ignored
[INFO] [stdout] test src/asset.rs - asset::pyhandle (line 993) ... ignored
[INFO] [stdout] test src/component.rs - component::extra_field_defaults (line 210) ... ignored
[INFO] [stdout] test src/component.rs - component::extra_field_defaults (line 224) ... ignored
[INFO] [stdout] test src/derive.rs - derive::derive_py_component (line 22) ... ignored
[INFO] [stdout] test src/enums.rs - enums::VariantKind (line 190) ... ignored
[INFO] [stdout] test src/field.rs - field::pyfield (line 19) ... ignored
[INFO] [stdout] test src/field.rs - field::pyfield (line 29) ... ignored
[INFO] [stdout] test src/message.rs - message::pymessage (line 15) ... ignored
[INFO] [stdout] test src/message.rs - message::pymessage (line 24) ... ignored
[INFO] [stdout] test src/newtype.rs - newtype::pywrap (line 22) ... ignored
[INFO] [stdout] test src/plugin.rs - plugin::pyplugin (line 46) ... ignored
[INFO] [stdout] test src/resource.rs - resource::pyresource (line 21) ... ignored
[INFO] [stdout] test src/value.rs - value::pyvalue (line 30) ... ignored
[INFO] [stdout] 
[INFO] [stdout] test result: ok. 0 passed; 0 failed; 17 ignored; 0 measured; 0 filtered out; finished in 0.00s
[INFO] [stdout] 
[INFO] [stdout] 
[INFO] [stdout] running 4 tests
[INFO] [stdout] test src/value.rs - value::pyvalue (line 41) ... ignored
[INFO] [stdout] test src/asset.rs - asset::pyasset (line 42) ... FAILED
[INFO] [stdout] test src/resource.rs - resource::pyresource (line 31) ... FAILED
[INFO] [stdout] test src/newtype.rs - newtype::pywrap (line 31) ... FAILED
[INFO] [stdout] 
[INFO] [stdout] failures:
[INFO] [stdout] 
[INFO] [stdout] ---- src/asset.rs - asset::pyasset (line 42) stdout ----
[INFO] [stdout] error: expected item after attributes
[INFO] [stdout]   --> src/asset.rs:44:1
[INFO] [stdout]    |
[INFO] [stdout] 43 | #[pyasset(Mesh, bridge)]
[INFO] [stdout]    | ------------------------ other attributes here
[INFO] [stdout] 44 | #[pyasset(TextureAtlasLayout, bridge, not_loadable)]
[INFO] [stdout]    | ^^^^^^^^^^^^^^^^^^^^^^^^^^^^^^^^^^^^^^^^^^^^^^^^^^^^ expected an item after this
[INFO] [stdout] 
[INFO] [stdout] error: aborting due to 1 previous error
[INFO] [stdout] 
[INFO] [stdout] Couldn't compile the test.
[INFO] [stdout] ---- src/resource.rs - resource::pyresource (line 31) stdout ----
[INFO] [stdout] error: expected item after attributes
[INFO] [stdout]   --> src/resource.rs:34:1
[INFO] [stdout]    |
[INFO] [stdout] 32 | / #[pyresource(ClearColor, bridge)]
[INFO] [stdout] 33 | | #[pyresource(Time, bridge, no_mut)]
[INFO] [stdout]    | |___________________________________- other attributes here
[INFO] [stdout] 34 |   #[pyresource(FontAtlasSet, bridge, no_mut, no_insert)]
[INFO] [stdout]    |   ^^^^^^^^^^^^^^^^^^^^^^^^^^^^^^^^^^^^^^^^^^^^^^^^^^^^^^ expected an item after this
[INFO] [stdout] 
[INFO] [stdout] error: aborting due to 1 previous error
[INFO] [stdout] 
[INFO] [stdout] Couldn't compile the test.
[INFO] [stdout] ---- src/newtype.rs - newtype::pywrap (line 31) stdout ----
[INFO] [stdout] error: expected item after attributes
[INFO] [stdout]   --> src/newtype.rs:33:1
[INFO] [stdout]    |
[INFO] [stdout] 32 | #[pywrap(Tonemapping, bridge)]
[INFO] [stdout]    | ------------------------------ other attributes here
[INFO] [stdout] 33 | #[pywrap(Msaa, bridge, copy)]
[INFO] [stdout]    | ^^^^^^^^^^^^^^^^^^^^^^^^^^^^^ expected an item after this
[INFO] [stdout] 
[INFO] [stdout] error: aborting due to 1 previous error
[INFO] [stdout] 
[INFO] [stdout] Couldn't compile the test.
[INFO] [stdout] 
[INFO] [stdout] failures:
[INFO] [stdout]     src/asset.rs - asset::pyasset (line 42)
[INFO] [stdout]     src/newtype.rs - newtype::pywrap (line 31)
[INFO] [stdout]     src/resource.rs - resource::pyresource (line 31)
[INFO] [stdout] 
[INFO] [stdout] test result: FAILED. 0 passed; 3 failed; 1 ignored; 0 measured; 0 filtered out; finished in 0.06s
[INFO] [stdout] 
[INFO] [stdout] all doctests ran in 0.51s; merged doctests compilation took 0.43s
[INFO] [stderr] error: doctest failed, to rerun pass `--doc`
[INFO] running `Command { std: "docker" "inspect" "182ddf424755c88f48d66decb3518182c6c8349edd6850e518477a3f4be192bf", kill_on_drop: false }`
[INFO] running `Command { std: "docker" "rm" "-f" "182ddf424755c88f48d66decb3518182c6c8349edd6850e518477a3f4be192bf", kill_on_drop: false }`
[INFO] [stdout] 182ddf424755c88f48d66decb3518182c6c8349edd6850e518477a3f4be192bf
