[INFO] fetching crate proof-protocol 0.1.0...
[INFO] testing proof-protocol-0.1.0 against 1.99.0-beta.8 for beta-1.100-2
[INFO] extracting crate proof-protocol 0.1.0 into /workspace/builds/worker-2-tc1/source
[INFO] started tweaking crates.io crate proof-protocol 0.1.0
[INFO] finished tweaking crates.io crate proof-protocol 0.1.0
[INFO] tweaked toml for crates.io crate proof-protocol 0.1.0 written to /workspace/builds/worker-2-tc1/source/Cargo.toml
[INFO] validating manifest of crates.io crate proof-protocol 0.1.0 on toolchain 1.99.0-beta.8
[INFO] running `Command { std: CARGO_HOME="/workspace/cargo-home" RUSTUP_HOME="/workspace/rustup-home" "/workspace/cargo-home/bin/cargo" "+1.99.0-beta.8" "metadata" "--manifest-path" "Cargo.toml" "--no-deps", kill_on_drop: false }`
[INFO] crate crates.io crate proof-protocol 0.1.0 already has a lockfile, it will not be regenerated
[INFO] running `Command { std: CARGO_HOME="/workspace/cargo-home" RUSTUP_HOME="/workspace/rustup-home" "/workspace/cargo-home/bin/cargo" "+1.99.0-beta.8" "fetch" "--manifest-path" "Cargo.toml", kill_on_drop: false }`
[INFO] [stderr]     Updating crates.io index
[INFO] [stderr]  Downloading crates ...
[INFO] [stderr]   Downloaded effortless-repo-protocol v0.1.0
[INFO] running `Command { std: "docker" "create" "-v" "/var/lib/crater-agent-workspace/builds/worker-2-tc1/source:/opt/rustwide/workdir:ro,Z" "-v" "/var/lib/crater-agent-workspace/builds/worker-2-tc1/target:/opt/rustwide/target:rw,Z" "-v" "/var/lib/crater-agent-workspace/cargo-home:/opt/rustwide/cargo-home:ro,Z" "-v" "/var/lib/crater-agent-workspace/rustup-home:/opt/rustwide/rustup-home:ro,Z" "-m" "1610612736" "--network" "none" "ghcr.io/rust-lang/crates-build-env/linux@sha256:3111399a4047eeb3a02b7a90e478d715f38a8c6669b5c4b49d30a17385265909" "sleep" "infinity", kill_on_drop: false }`
[INFO] [stdout] 9ea59b1342dc73a054bc6190ee369e43bfe6708349101d5a41785dfa58da0713
[INFO] running `Command { std: "docker" "start" "9ea59b1342dc73a054bc6190ee369e43bfe6708349101d5a41785dfa58da0713", kill_on_drop: false }`
[INFO] running `Command { std: "docker" "inspect" "9ea59b1342dc73a054bc6190ee369e43bfe6708349101d5a41785dfa58da0713", kill_on_drop: false }`
[INFO] running `Command { std: "docker" "exec" "-e" "SOURCE_DIR=/opt/rustwide/workdir" "-e" "CARGO_HOME=/opt/rustwide/cargo-home" "-e" "RUSTUP_HOME=/opt/rustwide/rustup-home" "-e" "CARGO_TARGET_DIR=/opt/rustwide/target" "-w" "/opt/rustwide/workdir" "--user" "0:0" "9ea59b1342dc73a054bc6190ee369e43bfe6708349101d5a41785dfa58da0713" "/opt/rustwide/cargo-home/bin/cargo" "+1.99.0-beta.8" "metadata" "--no-deps" "--format-version=1", kill_on_drop: false }`
[INFO] running `Command { std: "docker" "inspect" "9ea59b1342dc73a054bc6190ee369e43bfe6708349101d5a41785dfa58da0713", kill_on_drop: false }`
[INFO] running `Command { std: "docker" "exec" "-e" "SOURCE_DIR=/opt/rustwide/workdir" "-e" "CARGO_HOME=/opt/rustwide/cargo-home" "-e" "RUSTUP_HOME=/opt/rustwide/rustup-home" "-e" "CARGO_TARGET_DIR=/opt/rustwide/target" "-e" "CARGO_INCREMENTAL=0" "-e" "RUST_BACKTRACE=full" "-e" "RUSTFLAGS=--cap-lints=warn" "-e" "RUSTDOCFLAGS=--cap-lints=warn" "-w" "/opt/rustwide/workdir" "--user" "0:0" "9ea59b1342dc73a054bc6190ee369e43bfe6708349101d5a41785dfa58da0713" "/opt/rustwide/cargo-home/bin/cargo" "+1.99.0-beta.8" "build" "--frozen" "--message-format=json", kill_on_drop: false }`
[INFO] [stderr]    Compiling proc-macro2 v1.0.107
[INFO] [stderr]    Compiling quote v1.0.47
[INFO] [stderr]    Compiling winnow v1.0.4
[INFO] [stderr]    Compiling toml_datetime v1.1.1+spec-1.1.0
[INFO] [stderr]    Compiling serde_spanned v1.1.1
[INFO] [stderr]    Compiling toml_writer v1.1.2+spec-1.1.0
[INFO] [stderr]    Compiling serde_json v1.0.151
[INFO] [stderr]    Compiling toml_parser v1.1.3+spec-1.1.0
[INFO] [stderr]    Compiling toml v1.1.4+spec-1.1.0
[INFO] [stderr]    Compiling syn v3.0.3
[INFO] [stderr]    Compiling serde_derive v1.0.229
[INFO] [stderr]    Compiling serde v1.0.229
[INFO] [stderr]    Compiling effortless-repo-protocol v0.1.0
[INFO] [stderr]    Compiling proof-protocol v0.1.0 (/opt/rustwide/workdir)
[INFO] [stderr]     Finished `dev` profile [unoptimized + debuginfo] target(s) in 10.92s
[INFO] running `Command { std: "docker" "inspect" "9ea59b1342dc73a054bc6190ee369e43bfe6708349101d5a41785dfa58da0713", kill_on_drop: false }`
[INFO] running `Command { std: "docker" "exec" "-e" "SOURCE_DIR=/opt/rustwide/workdir" "-e" "CARGO_HOME=/opt/rustwide/cargo-home" "-e" "RUSTUP_HOME=/opt/rustwide/rustup-home" "-e" "CARGO_TARGET_DIR=/opt/rustwide/target" "-e" "CARGO_INCREMENTAL=0" "-e" "RUST_BACKTRACE=full" "-e" "RUSTFLAGS=--cap-lints=warn" "-e" "RUSTDOCFLAGS=--cap-lints=warn" "-w" "/opt/rustwide/workdir" "--user" "0:0" "9ea59b1342dc73a054bc6190ee369e43bfe6708349101d5a41785dfa58da0713" "/opt/rustwide/cargo-home/bin/cargo" "+1.99.0-beta.8" "test" "--frozen" "--no-run" "--message-format=json", kill_on_drop: false }`
[INFO] [stderr]    Compiling proof-protocol v0.1.0 (/opt/rustwide/workdir)
[INFO] [stderr]     Finished `test` profile [unoptimized + debuginfo] target(s) in 2.31s
[INFO] running `Command { std: "docker" "inspect" "9ea59b1342dc73a054bc6190ee369e43bfe6708349101d5a41785dfa58da0713", kill_on_drop: false }`
[INFO] running `Command { std: "docker" "exec" "-e" "SOURCE_DIR=/opt/rustwide/workdir" "-e" "CARGO_HOME=/opt/rustwide/cargo-home" "-e" "RUSTUP_HOME=/opt/rustwide/rustup-home" "-e" "CARGO_TARGET_DIR=/opt/rustwide/target" "-e" "CARGO_INCREMENTAL=0" "-e" "RUST_BACKTRACE=full" "-e" "RUSTFLAGS=--cap-lints=warn" "-e" "RUSTDOCFLAGS=--cap-lints=warn" "-w" "/opt/rustwide/workdir" "--user" "0:0" "9ea59b1342dc73a054bc6190ee369e43bfe6708349101d5a41785dfa58da0713" "/opt/rustwide/cargo-home/bin/cargo" "+1.99.0-beta.8" "test" "--frozen", kill_on_drop: false }`
[INFO] [stderr]     Finished `test` profile [unoptimized + debuginfo] target(s) in 0.08s
[INFO] [stderr]      Running unittests src/lib.rs (/opt/rustwide/target/debug/deps/proof_protocol-3022117309e24467)
[INFO] [stdout] 
[INFO] [stdout] running 26 tests
[INFO] [stdout] test plan_v2::tests::manual_disposition_cannot_carry_the_execute_posture ... ok
[INFO] [stdout] test plan_v2::tests::provider_unavailable_never_lowers_to_a_command ... ok
[INFO] [stdout] test plan_v2::tests::plan_serialization_round_trips ... ok
[INFO] [stdout] test plan_v2::tests::reuse_disposition_requires_an_exact_receipt_reference ... ok
[INFO] [stdout] test plan_v2::tests::receipt_reference_without_the_reuse_disposition_fails ... ok
[INFO] [stdout] test plan_v2::tests::schema_and_item_snapshot_mismatches_fail_closed ... ok
[INFO] [stdout] test plan_v2::tests::valid_plan_with_explicit_unavailable_disposition_passes ... ok
[INFO] [stdout] test receipt_status::tests::manifest_validation_rejects_each_structural_failure ... ok
[INFO] [stdout] test tests::allowed_upstream_topology_registered ... FAILED
[INFO] [stdout] test plan_v2::tests::every_disposition_has_a_stable_snake_case_name ... ok
[INFO] [stdout] test receipt_status::tests::status_tokens_are_stable_for_every_variant ... ok
[INFO] [stdout] test plan_v2::tests::duplicate_item_ids_fail ... ok
[INFO] [stdout] test tests::parity_contracts_load_from_fixtures ... FAILED
[INFO] [stdout] test plan_v2::tests::execution_disposition_requires_selection ... ok
[INFO] [stdout] test plan_v2::tests::provider_unavailable_with_execute_posture_fails ... ok
[INFO] [stdout] test tests::protocol_dtos_round_trip_without_engine_source ... ok
[INFO] [stdout] test plan_v2::tests::reason_bearing_dispositions_require_a_stated_reason ... ok
[INFO] [stdout] test plan_v2::tests::selected_items_require_an_expected_receipt_contract ... ok
[INFO] [stdout] test plan_v2::tests::empty_plan_fails_without_explicit_dispositions ... ok
[INFO] [stdout] test tests::boundary_surface_matches_parity_contract_module ... FAILED
[INFO] [stdout] test tests::intent_engine_does_not_depend_on_proof_protocol ... FAILED
[INFO] [stdout] test tests::cargo_allow_does_not_depend_on_proof_protocol ... FAILED
[INFO] [stdout] test tests::protocol_crate_declares_no_semantic_or_application_dependency ... FAILED
[INFO] [stdout] test plan_v2::tests::selection_without_execution_disposition_fails ... ok
[INFO] [stdout] test tests::validate_proof_plan_rejects_empty_commands ... ok
[INFO] [stdout] test tests::receipt_set_requires_repo_protocol_schema ... ok
[INFO] [stdout] 
[INFO] [stdout] failures:
[INFO] [stdout] 
[INFO] [stdout] ---- tests::allowed_upstream_topology_registered stdout ----
[INFO] [stdout] Error: "read parity fixture: No such file or directory (os error 2)"
[INFO] [stdout] 
[INFO] [stdout] ---- tests::parity_contracts_load_from_fixtures stdout ----
[INFO] [stdout] Error: "missing parity fixture /opt/rustwide/workdir/../../tests/fixtures/proof-protocol/parity-boundary-v1.toml"
[INFO] [stdout] 
[INFO] [stdout] ---- tests::boundary_surface_matches_parity_contract_module stdout ----
[INFO] [stdout] Error: "read parity fixture: No such file or directory (os error 2)"
[INFO] [stdout] 
[INFO] [stdout] ---- tests::intent_engine_does_not_depend_on_proof_protocol stdout ----
[INFO] [stdout] Error: "read intent-engine manifest: No such file or directory (os error 2)"
[INFO] [stdout] 
[INFO] [stdout] ---- tests::cargo_allow_does_not_depend_on_proof_protocol stdout ----
[INFO] [stdout] Error: "read cargo-allow manifest: No such file or directory (os error 2)"
[INFO] [stdout] 
[INFO] [stdout] ---- tests::protocol_crate_declares_no_semantic_or_application_dependency stdout ----
[INFO] [stdout] Error: "read proof-protocol manifest: No such file or directory (os error 2)"
[INFO] [stdout] 
[INFO] [stdout] 
[INFO] [stdout] failures:
[INFO] [stdout]     tests::allowed_upstream_topology_registered
[INFO] [stdout]     tests::boundary_surface_matches_parity_contract_module
[INFO] [stdout]     tests::cargo_allow_does_not_depend_on_proof_protocol
[INFO] [stdout]     tests::intent_engine_does_not_depend_on_proof_protocol
[INFO] [stdout]     tests::parity_contracts_load_from_fixtures
[INFO] [stdout]     tests::protocol_crate_declares_no_semantic_or_application_dependency
[INFO] [stdout] 
[INFO] [stdout] test result: FAILED. 20 passed; 6 failed; 0 ignored; 0 measured; 0 filtered out; finished in 0.05s
[INFO] [stdout] 
[INFO] [stderr] error: test failed, to rerun pass `--lib`
[INFO] running `Command { std: "docker" "inspect" "9ea59b1342dc73a054bc6190ee369e43bfe6708349101d5a41785dfa58da0713", kill_on_drop: false }`
[INFO] running `Command { std: "docker" "rm" "-f" "9ea59b1342dc73a054bc6190ee369e43bfe6708349101d5a41785dfa58da0713", kill_on_drop: false }`
[INFO] [stdout] 9ea59b1342dc73a054bc6190ee369e43bfe6708349101d5a41785dfa58da0713
