[INFO] fetching crate proof-orchestrator 0.1.0...
[INFO] testing proof-orchestrator-0.1.0 against 1.99.0-beta.8 for beta-1.100-2
[INFO] extracting crate proof-orchestrator 0.1.0 into /workspace/builds/worker-5-tc1/source
[INFO] started tweaking crates.io crate proof-orchestrator 0.1.0
[INFO] finished tweaking crates.io crate proof-orchestrator 0.1.0
[INFO] tweaked toml for crates.io crate proof-orchestrator 0.1.0 written to /workspace/builds/worker-5-tc1/source/Cargo.toml
[INFO] validating manifest of crates.io crate proof-orchestrator 0.1.0 on toolchain 1.99.0-beta.8
[INFO] running `Command { std: CARGO_HOME="/workspace/cargo-home" RUSTUP_HOME="/workspace/rustup-home" "/workspace/cargo-home/bin/cargo" "+1.99.0-beta.8" "metadata" "--manifest-path" "Cargo.toml" "--no-deps", kill_on_drop: false }`
[INFO] crate crates.io crate proof-orchestrator 0.1.0 already has a lockfile, it will not be regenerated
[INFO] running `Command { std: CARGO_HOME="/workspace/cargo-home" RUSTUP_HOME="/workspace/rustup-home" "/workspace/cargo-home/bin/cargo" "+1.99.0-beta.8" "fetch" "--manifest-path" "Cargo.toml", kill_on_drop: false }`
[INFO] [stderr]     Updating crates.io index
[INFO] [stderr]  Downloading crates ...
[INFO] [stderr]   Downloaded proof-protocol v0.1.0
[INFO] [stderr]   Downloaded effortless-repo-protocol v0.1.0
[INFO] [stderr]   Downloaded effortless-rust-source-index v0.1.0
[INFO] [stderr]   Downloaded intent-protocol v0.1.0
[INFO] [stderr]   Downloaded tree-sitter-language v0.1.7
[INFO] [stderr]   Downloaded tree-sitter v0.26.12
[INFO] [stderr]   Downloaded tree-sitter-rust v0.24.2
[INFO] running `Command { std: "docker" "create" "-v" "/var/lib/crater-agent-workspace/builds/worker-5-tc1/source:/opt/rustwide/workdir:ro,Z" "-v" "/var/lib/crater-agent-workspace/builds/worker-5-tc1/target:/opt/rustwide/target:rw,Z" "-v" "/var/lib/crater-agent-workspace/cargo-home:/opt/rustwide/cargo-home:ro,Z" "-v" "/var/lib/crater-agent-workspace/rustup-home:/opt/rustwide/rustup-home:ro,Z" "-m" "1610612736" "--network" "none" "ghcr.io/rust-lang/crates-build-env/linux@sha256:3111399a4047eeb3a02b7a90e478d715f38a8c6669b5c4b49d30a17385265909" "sleep" "infinity", kill_on_drop: false }`
[INFO] [stdout] 7e1441a25bba48318dc1d9ad38a3e18c7c1f1bbcd316b62c94e7021d4fe1435f
[INFO] running `Command { std: "docker" "start" "7e1441a25bba48318dc1d9ad38a3e18c7c1f1bbcd316b62c94e7021d4fe1435f", kill_on_drop: false }`
[INFO] running `Command { std: "docker" "inspect" "7e1441a25bba48318dc1d9ad38a3e18c7c1f1bbcd316b62c94e7021d4fe1435f", kill_on_drop: false }`
[INFO] running `Command { std: "docker" "exec" "-e" "SOURCE_DIR=/opt/rustwide/workdir" "-e" "CARGO_HOME=/opt/rustwide/cargo-home" "-e" "RUSTUP_HOME=/opt/rustwide/rustup-home" "-e" "CARGO_TARGET_DIR=/opt/rustwide/target" "-w" "/opt/rustwide/workdir" "--user" "0:0" "7e1441a25bba48318dc1d9ad38a3e18c7c1f1bbcd316b62c94e7021d4fe1435f" "/opt/rustwide/cargo-home/bin/cargo" "+1.99.0-beta.8" "metadata" "--no-deps" "--format-version=1", kill_on_drop: false }`
[INFO] running `Command { std: "docker" "inspect" "7e1441a25bba48318dc1d9ad38a3e18c7c1f1bbcd316b62c94e7021d4fe1435f", kill_on_drop: false }`
[INFO] running `Command { std: "docker" "exec" "-e" "SOURCE_DIR=/opt/rustwide/workdir" "-e" "CARGO_HOME=/opt/rustwide/cargo-home" "-e" "RUSTUP_HOME=/opt/rustwide/rustup-home" "-e" "CARGO_TARGET_DIR=/opt/rustwide/target" "-e" "CARGO_INCREMENTAL=0" "-e" "RUST_BACKTRACE=full" "-e" "RUSTFLAGS=--cap-lints=warn" "-e" "RUSTDOCFLAGS=--cap-lints=warn" "-w" "/opt/rustwide/workdir" "--user" "0:0" "7e1441a25bba48318dc1d9ad38a3e18c7c1f1bbcd316b62c94e7021d4fe1435f" "/opt/rustwide/cargo-home/bin/cargo" "+1.99.0-beta.8" "build" "--frozen" "--message-format=json", kill_on_drop: false }`
[INFO] [stderr]    Compiling typenum v1.20.1
[INFO] [stderr]    Compiling tree-sitter-language v0.1.7
[INFO] [stderr]    Compiling equivalent v1.0.2
[INFO] [stderr]    Compiling winnow v1.0.4
[INFO] [stderr]    Compiling const-oid v0.10.2
[INFO] [stderr]    Compiling serde_spanned v1.1.1
[INFO] [stderr]    Compiling toml_datetime v1.1.1+spec-1.1.0
[INFO] [stderr]    Compiling toml_writer v1.1.2+spec-1.1.0
[INFO] [stderr]    Compiling tree-sitter-rust v0.24.2
[INFO] [stderr]    Compiling syn v3.0.3
[INFO] [stderr]    Compiling indexmap v2.14.0
[INFO] [stderr]    Compiling toml_parser v1.1.3+spec-1.1.0
[INFO] [stderr]    Compiling serde_json v1.0.151
[INFO] [stderr]    Compiling toml v1.1.4+spec-1.1.0
[INFO] [stderr]    Compiling hybrid-array v0.4.14
[INFO] [stderr]    Compiling crypto-common v0.2.2
[INFO] [stderr]    Compiling block-buffer v0.12.1
[INFO] [stderr]    Compiling serde_derive v1.0.229
[INFO] [stderr]    Compiling tree-sitter v0.26.12
[INFO] [stderr]    Compiling digest v0.11.3
[INFO] [stderr]    Compiling sha2 v0.11.0
[INFO] [stderr]    Compiling serde v1.0.229
[INFO] [stderr]    Compiling effortless-repo-protocol v0.1.0
[INFO] [stderr]    Compiling effortless-rust-source-index v0.1.0
[INFO] [stderr]    Compiling proof-protocol v0.1.0
[INFO] [stderr]    Compiling intent-protocol v0.1.0
[INFO] [stderr]    Compiling proof-orchestrator v0.1.0 (/opt/rustwide/workdir)
[INFO] [stderr]     Finished `dev` profile [unoptimized + debuginfo] target(s) in 11.90s
[INFO] running `Command { std: "docker" "inspect" "7e1441a25bba48318dc1d9ad38a3e18c7c1f1bbcd316b62c94e7021d4fe1435f", kill_on_drop: false }`
[INFO] running `Command { std: "docker" "exec" "-e" "SOURCE_DIR=/opt/rustwide/workdir" "-e" "CARGO_HOME=/opt/rustwide/cargo-home" "-e" "RUSTUP_HOME=/opt/rustwide/rustup-home" "-e" "CARGO_TARGET_DIR=/opt/rustwide/target" "-e" "CARGO_INCREMENTAL=0" "-e" "RUST_BACKTRACE=full" "-e" "RUSTFLAGS=--cap-lints=warn" "-e" "RUSTDOCFLAGS=--cap-lints=warn" "-w" "/opt/rustwide/workdir" "--user" "0:0" "7e1441a25bba48318dc1d9ad38a3e18c7c1f1bbcd316b62c94e7021d4fe1435f" "/opt/rustwide/cargo-home/bin/cargo" "+1.99.0-beta.8" "test" "--frozen" "--no-run" "--message-format=json", kill_on_drop: false }`
[INFO] [stderr]    Compiling proof-orchestrator v0.1.0 (/opt/rustwide/workdir)
[INFO] [stderr]     Finished `test` profile [unoptimized + debuginfo] target(s) in 2.77s
[INFO] running `Command { std: "docker" "inspect" "7e1441a25bba48318dc1d9ad38a3e18c7c1f1bbcd316b62c94e7021d4fe1435f", kill_on_drop: false }`
[INFO] running `Command { std: "docker" "exec" "-e" "SOURCE_DIR=/opt/rustwide/workdir" "-e" "CARGO_HOME=/opt/rustwide/cargo-home" "-e" "RUSTUP_HOME=/opt/rustwide/rustup-home" "-e" "CARGO_TARGET_DIR=/opt/rustwide/target" "-e" "CARGO_INCREMENTAL=0" "-e" "RUST_BACKTRACE=full" "-e" "RUSTFLAGS=--cap-lints=warn" "-e" "RUSTDOCFLAGS=--cap-lints=warn" "-w" "/opt/rustwide/workdir" "--user" "0:0" "7e1441a25bba48318dc1d9ad38a3e18c7c1f1bbcd316b62c94e7021d4fe1435f" "/opt/rustwide/cargo-home/bin/cargo" "+1.99.0-beta.8" "test" "--frozen", kill_on_drop: false }`
[INFO] [stderr]     Finished `test` profile [unoptimized + debuginfo] target(s) in 0.06s
[INFO] [stderr]      Running unittests src/lib.rs (/opt/rustwide/target/debug/deps/proof_engine-e73e2ca65073acc3)
[INFO] [stdout] 
[INFO] [stdout] running 69 tests
[INFO] [stdout] test cache::tests::receipts_captured_for_one_intent_plan_do_not_serve_another ... ok
[INFO] [stdout] test command_adapter::tests::allowed_upstream_topology_registered ... FAILED
[INFO] [stdout] test intent_digest::tests::identity_embeds_digest ... ok
[INFO] [stdout] test intent_digest::tests::digest_is_deterministic ... ok
[INFO] [stdout] test cache::tests::changed_intent_plan_gets_distinct_cache_identity ... ok
[INFO] [stdout] test intent_digest::tests::evidence_reference_change_changes_digest ... ok
[INFO] [stdout] test boundary::tests::allowed_upstream_crates_match_manifest_internal_dependencies ... ok
[INFO] [stdout] test currentness::tests::missing_receipts_report_missing_not_current ... ok
[INFO] [stdout] test command_adapter::tests::cargo_allow_does_not_depend_on_proof_adapter_command ... FAILED
[INFO] [stdout] test command_adapter::tests::intent_engine_does_not_depend_on_proof_adapter_command ... FAILED
[INFO] [stdout] test boundary::tests::required_obligation_input_edge_is_declared_in_manifest ... ok
[INFO] [stdout] test command_adapter::tests::boundary_surface_matches_parity_contract_module ... FAILED
[INFO] [stdout] test command_adapter::tests::compile_invocation_spec_binds_registry_argv ... ok
[INFO] [stdout] test currentness::tests::stale_intent_plan_cannot_produce_current_proof_plan ... ok
[INFO] [stdout] test command_adapter::tests::parity_contracts_load_from_fixtures ... FAILED
[INFO] [stdout] test command_adapter::tests::registry_preserves_prefix_compatibility_and_exact_report_binding ... ok
[INFO] [stdout] test command_adapter::tests::reject_prose_as_executable_blocks_issue_markdown ... ok
[INFO] [stdout] test obligation_authority_guard::deleted_proof_engine_modules_stay_deleted ... ok
[INFO] [stdout] test plan_semantics_tests::tests::empty_obligations_fail_distinctly ... ok
[INFO] [stdout] test obligation_authority_guard::proof_family_does_not_reintroduce_owned_obligation_model ... FAILED
[INFO] [stdout] test plan_semantics_tests::tests::advisory_and_blocking_both_produce_plans ... ok
[INFO] [stdout] test intent_digest::tests::statement_change_changes_plan_identity ... ok
[INFO] [stdout] test obligation_authority_guard::intent_protocol_is_the_sole_obligation_input_dependency ... ok
[INFO] [stdout] test provider_api::tests::boundary_surface_matches_parity_contract_module ... FAILED
[INFO] [stdout] test intent_planner::tests::advisory_and_blocking_obligations_both_produce_commands ... ok
[INFO] [stdout] test intent_planner::tests::plans_from_intent_envelope ... ok
[INFO] [stdout] test plan_v2::tests::catalog_permutations_have_one_semantic_identity ... ok
[INFO] [stdout] test provider_api::tests::fake_provider_passes_conformance_harness ... ok
[INFO] [stdout] test provider_api::tests::allowed_upstream_topology_registered ... FAILED
[INFO] [stdout] test plan_semantics_tests::tests::empty_provider_registry_fails ... ok
[INFO] [stdout] test intent_planner::tests::empty_obligations_fail ... ok
[INFO] [stdout] test receipt_status::tests::currentness_dimensions_are_each_enforced ... ok
[INFO] [stdout] test provider_api::tests::parity_contracts_load_from_fixtures ... FAILED
[INFO] [stdout] test plan_semantics_tests::tests::evidence_references_survive_planning ... ok
[INFO] [stdout] test plan_v2::tests::missing_capability_is_explicitly_unavailable ... ok
[INFO] [stdout] test plan_v2::tests::receipt_reuse_requires_exact_plan_identity ... ok
[INFO] [stdout] test intent_planner::tests::different_phases_produce_different_plan_identities ... ok
[INFO] [stdout] test provider_api::tests::validate_provider_surface_accepts_fake_provider ... ok
[INFO] [stdout] test subject_reconciliation::tests::partial_and_malformed_selectors_fail_closed ... ok
[INFO] [stdout] test receipt_status::tests::stale_partial_and_unprobed_receipts_are_not_current ... ok
[INFO] [stdout] test receipt_status::tests::embedded_snapshot_mismatch_is_not_current ... ok
[INFO] [stdout] test intent_digest::tests::source_identity_change_changes_digest ... ok
[INFO] [stdout] test plan_v2::tests::planner_is_deterministic_and_binds_catalog ... ok
[INFO] [stdout] test provider_api::tests::intent_engine_does_not_depend_on_proof_provider_api ... FAILED
[INFO] [stdout] test subject_reconciliation::tests::observed_body_drift_is_not_current ... ok
[INFO] [stdout] test receipt_status::tests::findings_remain_findings ... ok
[INFO] [stdout] test subject_reconciliation::tests::provider_cannot_substitute_a_different_subject ... ok
[INFO] [stdout] test subject_reconciliation::tests::requested_and_observed_missing_are_distinct ... ok
[INFO] [stdout] test provider_api::tests::cargo_allow_does_not_depend_on_proof_provider_api ... FAILED
[INFO] [stdout] test subject_reconciliation::tests::reconciliation_class_strings_are_stable ... ok
[INFO] [stdout] test receipt_status::tests::unknown_manifest_row_is_rejected ... ok
[INFO] [stdout] test receipt_status::tests::expected_schema_and_generation_mismatch_are_malformed ... ok
[INFO] [stdout] test receipt_status::tests::every_provider_result_class_has_an_explicit_status ... ok
[INFO] [stdout] test subject_reconciliation::tests::requested_and_observed_ambiguity_are_distinct ... ok
[INFO] [stdout] test tests::planner_dry_run_and_execution_gate_pipeline ... ok
[INFO] [stdout] test tests::ripr_routing_advisory_gap_does_not_block_required_aggregate ... ok
[INFO] [stdout] test receipt_status::tests::missing_receipt_is_not_success ... ok
[INFO] [stdout] test subject_reconciliation::tests::exact_requested_and_observed_subject_is_current ... ok
[INFO] [stdout] test subject_reconciliation::tests::unsupported_subject_postures_are_not_promoted ... ok
[INFO] [stdout] test plan_semantics_tests::tests::different_phases_produce_different_plan_identities ... ok
[INFO] [stdout] test tests::ripr_routing_contract_requires_both_phases ... FAILED
[INFO] [stdout] test tests::cargo_allow_does_not_depend_on_proof_engine ... FAILED
[INFO] [stdout] test tests::currentness_contradiction_and_phase_gate_evaluate_receipts ... ok
[INFO] [stdout] test tests::intent_engine_does_not_depend_on_proof_engine ... FAILED
[INFO] [stdout] test tests::parity_fixture_paths_exist ... FAILED
[INFO] [stdout] test tests::allowed_upstream_topology_registered ... FAILED
[INFO] [stdout] test tests::boundary_surface_matches_parity_contract_module ... FAILED
[INFO] [stdout] test tests::ripr_routing_missing_required_claim_blocks_aggregate ... ok
[INFO] [stderr] error: test failed, to rerun pass `--lib`
[INFO] [stdout] test tests::ripr_routing_non_execution_cannot_compose_to_passed ... ok
[INFO] [stdout] 
[INFO] [stdout] failures:
[INFO] [stdout] 
[INFO] [stdout] ---- command_adapter::tests::allowed_upstream_topology_registered stdout ----
[INFO] [stdout] Error: "read parity fixture: No such file or directory (os error 2)"
[INFO] [stdout] 
[INFO] [stdout] ---- command_adapter::tests::cargo_allow_does_not_depend_on_proof_adapter_command stdout ----
[INFO] [stdout] Error: "read cargo-allow manifest: No such file or directory (os error 2)"
[INFO] [stdout] 
[INFO] [stdout] ---- command_adapter::tests::intent_engine_does_not_depend_on_proof_adapter_command stdout ----
[INFO] [stdout] Error: "read intent-engine manifest: No such file or directory (os error 2)"
[INFO] [stdout] 
[INFO] [stdout] ---- command_adapter::tests::boundary_surface_matches_parity_contract_module stdout ----
[INFO] [stdout] Error: "read parity fixture: No such file or directory (os error 2)"
[INFO] [stdout] 
[INFO] [stdout] ---- command_adapter::tests::parity_contracts_load_from_fixtures stdout ----
[INFO] [stdout] Error: "missing parity fixture /opt/rustwide/workdir/../../tests/fixtures/proof-adapter-command/parity-boundary-v1.toml"
[INFO] [stdout] 
[INFO] [stdout] ---- obligation_authority_guard::proof_family_does_not_reintroduce_owned_obligation_model stdout ----
[INFO] [stdout] Error: "expected proof-family sources to scan"
[INFO] [stdout] 
[INFO] [stdout] ---- provider_api::tests::boundary_surface_matches_parity_contract_module stdout ----
[INFO] [stdout] Error: "read parity fixture: No such file or directory (os error 2)"
[INFO] [stdout] 
[INFO] [stdout] ---- provider_api::tests::allowed_upstream_topology_registered stdout ----
[INFO] [stdout] Error: "read parity fixture: No such file or directory (os error 2)"
[INFO] [stdout] 
[INFO] [stdout] ---- provider_api::tests::parity_contracts_load_from_fixtures stdout ----
[INFO] [stdout] Error: "missing parity fixture /opt/rustwide/workdir/../../tests/fixtures/proof-provider-api/parity-boundary-v1.toml"
[INFO] [stdout] 
[INFO] [stdout] ---- provider_api::tests::intent_engine_does_not_depend_on_proof_provider_api stdout ----
[INFO] [stdout] Error: "read intent-engine manifest: No such file or directory (os error 2)"
[INFO] [stdout] 
[INFO] [stdout] ---- provider_api::tests::cargo_allow_does_not_depend_on_proof_provider_api stdout ----
[INFO] [stdout] Error: "read cargo-allow manifest: No such file or directory (os error 2)"
[INFO] [stdout] 
[INFO] [stdout] ---- tests::ripr_routing_contract_requires_both_phases stdout ----
[INFO] [stdout] Error: "read /opt/rustwide/workdir/../../tests/fixtures/proof-engine/ripr-routing-contract-v1.toml: No such file or directory (os error 2)"
[INFO] [stdout] 
[INFO] [stdout] ---- tests::cargo_allow_does_not_depend_on_proof_engine stdout ----
[INFO] [stdout] Error: "read cargo-allow manifest: No such file or directory (os error 2)"
[INFO] [stdout] 
[INFO] [stdout] ---- tests::intent_engine_does_not_depend_on_proof_engine stdout ----
[INFO] [stdout] Error: "read intent-engine manifest: No such file or directory (os error 2)"
[INFO] [stdout] 
[INFO] [stdout] ---- tests::parity_fixture_paths_exist stdout ----
[INFO] [stdout] Error: "missing parity fixture /opt/rustwide/workdir/../../tests/fixtures/proof-engine/parity-boundary-v1.toml"
[INFO] [stdout] 
[INFO] [stdout] ---- tests::allowed_upstream_topology_registered stdout ----
[INFO] [stdout] Error: "read parity fixture: No such file or directory (os error 2)"
[INFO] [stdout] 
[INFO] [stdout] ---- tests::boundary_surface_matches_parity_contract_module stdout ----
[INFO] [stdout] Error: "read parity fixture: No such file or directory (os error 2)"
[INFO] [stdout] 
[INFO] [stdout] 
[INFO] [stdout] failures:
[INFO] [stdout]     command_adapter::tests::allowed_upstream_topology_registered
[INFO] [stdout]     command_adapter::tests::boundary_surface_matches_parity_contract_module
[INFO] [stdout]     command_adapter::tests::cargo_allow_does_not_depend_on_proof_adapter_command
[INFO] [stdout]     command_adapter::tests::intent_engine_does_not_depend_on_proof_adapter_command
[INFO] [stdout]     command_adapter::tests::parity_contracts_load_from_fixtures
[INFO] [stdout]     obligation_authority_guard::proof_family_does_not_reintroduce_owned_obligation_model
[INFO] [stdout]     provider_api::tests::allowed_upstream_topology_registered
[INFO] [stdout]     provider_api::tests::boundary_surface_matches_parity_contract_module
[INFO] [stdout]     provider_api::tests::cargo_allow_does_not_depend_on_proof_provider_api
[INFO] [stdout]     provider_api::tests::intent_engine_does_not_depend_on_proof_provider_api
[INFO] [stdout]     provider_api::tests::parity_contracts_load_from_fixtures
[INFO] [stdout]     tests::allowed_upstream_topology_registered
[INFO] [stdout]     tests::boundary_surface_matches_parity_contract_module
[INFO] [stdout]     tests::cargo_allow_does_not_depend_on_proof_engine
[INFO] [stdout]     tests::intent_engine_does_not_depend_on_proof_engine
[INFO] [stdout]     tests::parity_fixture_paths_exist
[INFO] [stdout]     tests::ripr_routing_contract_requires_both_phases
[INFO] [stdout] 
[INFO] [stdout] test result: FAILED. 52 passed; 17 failed; 0 ignored; 0 measured; 0 filtered out; finished in 0.09s
[INFO] [stdout] 
[INFO] running `Command { std: "docker" "inspect" "7e1441a25bba48318dc1d9ad38a3e18c7c1f1bbcd316b62c94e7021d4fe1435f", kill_on_drop: false }`
[INFO] running `Command { std: "docker" "rm" "-f" "7e1441a25bba48318dc1d9ad38a3e18c7c1f1bbcd316b62c94e7021d4fe1435f", kill_on_drop: false }`
[INFO] [stdout] 7e1441a25bba48318dc1d9ad38a3e18c7c1f1bbcd316b62c94e7021d4fe1435f
