[INFO] fetching crate probranchinator 0.3.1...
[INFO] testing probranchinator-0.3.1 against 1.100.0-beta.1 for beta-1.100-2
[INFO] extracting crate probranchinator 0.3.1 into /workspace/builds/worker-5-tc2/source
[INFO] started tweaking crates.io crate probranchinator 0.3.1
[INFO] finished tweaking crates.io crate probranchinator 0.3.1
[INFO] tweaked toml for crates.io crate probranchinator 0.3.1 written to /workspace/builds/worker-5-tc2/source/Cargo.toml
[INFO] validating manifest of crates.io crate probranchinator 0.3.1 on toolchain 1.100.0-beta.1
[INFO] running `Command { std: CARGO_HOME="/workspace/cargo-home" RUSTUP_HOME="/workspace/rustup-home" "/workspace/cargo-home/bin/cargo" "+1.100.0-beta.1" "metadata" "--manifest-path" "Cargo.toml" "--no-deps", kill_on_drop: false }`
[INFO] crate crates.io crate probranchinator 0.3.1 already has a lockfile, it will not be regenerated
[INFO] running `Command { std: CARGO_HOME="/workspace/cargo-home" RUSTUP_HOME="/workspace/rustup-home" "/workspace/cargo-home/bin/cargo" "+1.100.0-beta.1" "fetch" "--manifest-path" "Cargo.toml", kill_on_drop: false }`
[INFO] running `Command { std: "docker" "create" "-v" "/var/lib/crater-agent-workspace/builds/worker-5-tc2/source:/opt/rustwide/workdir:ro,Z" "-v" "/var/lib/crater-agent-workspace/builds/worker-5-tc2/target:/opt/rustwide/target:rw,Z" "-v" "/var/lib/crater-agent-workspace/cargo-home:/opt/rustwide/cargo-home:ro,Z" "-v" "/var/lib/crater-agent-workspace/rustup-home:/opt/rustwide/rustup-home:ro,Z" "-m" "1610612736" "--network" "none" "ghcr.io/rust-lang/crates-build-env/linux@sha256:3111399a4047eeb3a02b7a90e478d715f38a8c6669b5c4b49d30a17385265909" "sleep" "infinity", kill_on_drop: false }`
[INFO] [stdout] e1cd709f5283431925272331893373e67b47242ec7ebd5527c8e0c29278ca386
[INFO] running `Command { std: "docker" "start" "e1cd709f5283431925272331893373e67b47242ec7ebd5527c8e0c29278ca386", kill_on_drop: false }`
[INFO] running `Command { std: "docker" "inspect" "e1cd709f5283431925272331893373e67b47242ec7ebd5527c8e0c29278ca386", kill_on_drop: false }`
[INFO] running `Command { std: "docker" "exec" "-e" "SOURCE_DIR=/opt/rustwide/workdir" "-e" "CARGO_HOME=/opt/rustwide/cargo-home" "-e" "RUSTUP_HOME=/opt/rustwide/rustup-home" "-e" "CARGO_TARGET_DIR=/opt/rustwide/target" "-w" "/opt/rustwide/workdir" "--user" "0:0" "e1cd709f5283431925272331893373e67b47242ec7ebd5527c8e0c29278ca386" "/opt/rustwide/cargo-home/bin/cargo" "+1.100.0-beta.1" "metadata" "--no-deps" "--format-version=1", kill_on_drop: false }`
[INFO] running `Command { std: "docker" "inspect" "e1cd709f5283431925272331893373e67b47242ec7ebd5527c8e0c29278ca386", kill_on_drop: false }`
[INFO] running `Command { std: "docker" "exec" "-e" "SOURCE_DIR=/opt/rustwide/workdir" "-e" "CARGO_HOME=/opt/rustwide/cargo-home" "-e" "RUSTUP_HOME=/opt/rustwide/rustup-home" "-e" "CARGO_TARGET_DIR=/opt/rustwide/target" "-e" "CARGO_INCREMENTAL=0" "-e" "RUST_BACKTRACE=full" "-e" "RUSTFLAGS=--cap-lints=warn" "-e" "RUSTDOCFLAGS=--cap-lints=warn" "-w" "/opt/rustwide/workdir" "--user" "0:0" "e1cd709f5283431925272331893373e67b47242ec7ebd5527c8e0c29278ca386" "/opt/rustwide/cargo-home/bin/cargo" "+1.100.0-beta.1" "build" "--frozen" "--message-format=json", kill_on_drop: false }`
[INFO] [stderr]    Compiling libc v0.2.140
[INFO] [stderr]    Compiling proc-macro2 v1.0.54
[INFO] [stderr]    Compiling io-lifetimes v1.0.9
[INFO] [stderr]    Compiling syn v1.0.109
[INFO] [stderr]    Compiling rustix v0.37.4
[INFO] [stderr]    Compiling linux-raw-sys v0.3.0
[INFO] [stderr]    Compiling unicode-width v0.1.10
[INFO] [stderr]    Compiling proc-macro-error-attr v1.0.4
[INFO] [stderr]    Compiling signal-hook v0.3.15
[INFO] [stderr]    Compiling proc-macro-error v1.0.4
[INFO] [stderr]    Compiling serde_derive v1.0.162
[INFO] [stderr]    Compiling unicode-normalization v0.1.22
[INFO] [stderr]    Compiling anstyle-parse v0.1.1
[INFO] [stderr]    Compiling anstyle v0.3.5
[INFO] [stderr]    Compiling concolor-query v0.3.3
[INFO] [stderr]    Compiling serde v1.0.162
[INFO] [stderr]    Compiling concolor-override v1.0.0
[INFO] [stderr]    Compiling unicode-bidi v0.3.13
[INFO] [stderr]    Compiling portable-atomic v0.3.19
[INFO] [stderr]    Compiling form_urlencoded v1.1.0
[INFO] [stderr]    Compiling eyre v0.6.8
[INFO] [stderr]    Compiling serde_json v1.0.96
[INFO] [stderr]    Compiling bytecount v0.6.3
[INFO] [stderr]    Compiling strsim v0.10.0
[INFO] [stderr]    Compiling clap_lex v0.4.1
[INFO] [stderr]    Compiling papergrid v0.9.0
[INFO] [stderr]    Compiling itoa v1.0.6
[INFO] [stderr]    Compiling cassowary v0.3.0
[INFO] [stderr]    Compiling ryu v1.0.13
[INFO] [stderr]    Compiling fastrand v1.9.0
[INFO] [stderr]    Compiling number_prefix v0.4.0
[INFO] [stderr]    Compiling idna v0.3.0
[INFO] [stderr]    Compiling unicode-segmentation v1.10.1
[INFO] [stderr]    Compiling jobserver v0.1.26
[INFO] [stderr]    Compiling quote v1.0.26
[INFO] [stderr]    Compiling cc v1.0.79
[INFO] [stderr]    Compiling syn v2.0.11
[INFO] [stderr]    Compiling url v2.3.1
[INFO] [stderr]    Compiling signal-hook-registry v1.4.1
[INFO] [stderr]    Compiling parking_lot_core v0.9.7
[INFO] [stderr]    Compiling mio v0.8.6
[INFO] [stderr]    Compiling console v0.15.5
[INFO] [stderr]    Compiling nix v0.26.2
[INFO] [stderr]    Compiling parking_lot v0.12.1
[INFO] [stderr]    Compiling libz-sys v1.1.8
[INFO] [stderr]    Compiling libgit2-sys v0.14.2+1.5.1
[INFO] [stderr]    Compiling indicatif v0.17.3
[INFO] [stderr]    Compiling signal-hook-mio v0.2.3
[INFO] [stderr]    Compiling crossterm v0.25.0
[INFO] [stderr]    Compiling ctrlc v3.2.5
[INFO] [stderr]    Compiling tui v0.19.0
[INFO] [stderr]    Compiling is-terminal v0.4.6
[INFO] [stderr]    Compiling anstream v0.2.6
[INFO] [stderr]    Compiling tempfile v3.5.0
[INFO] [stderr]    Compiling clap_builder v4.2.0
[INFO] [stderr]    Compiling tabled_derive v0.6.0
[INFO] [stderr]    Compiling fehler-macros v1.0.0
[INFO] [stderr]    Compiling clap_derive v4.2.0
[INFO] [stderr]    Compiling tabled v0.12.0
[INFO] [stderr]    Compiling fehler v1.0.0
[INFO] [stderr]    Compiling git2 v0.16.1
[INFO] [stderr]    Compiling clap v4.2.0
[INFO] [stderr]    Compiling probranchinator v0.3.1 (/opt/rustwide/workdir)
[INFO] [stdout] warning: unused imports: `arg` and `command`
[INFO] [stdout]  --> src/cli.rs:3:12
[INFO] [stdout]   |
[INFO] [stdout] 3 | use clap::{arg, command, Parser, ValueEnum};
[INFO] [stdout]   |            ^^^  ^^^^^^^
[INFO] [stdout]   |
[INFO] [stdout]   = note: `#[warn(unused_imports)]` (part of `#[warn(unused)]`) on by default
[INFO] [stdout] 
[INFO] [stdout] 
[INFO] [stderr] warning: unused dependency `tempfile`
[INFO] [stderr]   --> Cargo.toml:34:15
[INFO] [stderr]    |
[INFO] [stderr] 34 | [dependencies.tempfile]
[INFO] [stderr]    |               ^^^^^^^^^
[INFO] [stderr]    |
[INFO] [stderr]    = note: `cargo::unused_dependencies` is set to `warn` by default
[INFO] [stderr] help: consider removing the dependency on `tempfile`
[INFO] [stderr] warning: `probranchinator` (manifest) generated 1 warning
[INFO] [stderr]     Finished `dev` profile [unoptimized + debuginfo] target(s) in 40.83s
[INFO] running `Command { std: "docker" "inspect" "e1cd709f5283431925272331893373e67b47242ec7ebd5527c8e0c29278ca386", kill_on_drop: false }`
[INFO] running `Command { std: "docker" "exec" "-e" "SOURCE_DIR=/opt/rustwide/workdir" "-e" "CARGO_HOME=/opt/rustwide/cargo-home" "-e" "RUSTUP_HOME=/opt/rustwide/rustup-home" "-e" "CARGO_TARGET_DIR=/opt/rustwide/target" "-e" "CARGO_INCREMENTAL=0" "-e" "RUST_BACKTRACE=full" "-e" "RUSTFLAGS=--cap-lints=warn" "-e" "RUSTDOCFLAGS=--cap-lints=warn" "-w" "/opt/rustwide/workdir" "--user" "0:0" "e1cd709f5283431925272331893373e67b47242ec7ebd5527c8e0c29278ca386" "/opt/rustwide/cargo-home/bin/cargo" "+1.100.0-beta.1" "test" "--frozen" "--no-run" "--message-format=json", kill_on_drop: false }`
[INFO] [stderr]    Compiling probranchinator v0.3.1 (/opt/rustwide/workdir)
[INFO] [stdout] warning: unused imports: `arg` and `command`
[INFO] [stdout]  --> src/cli.rs:3:12
[INFO] [stdout]   |
[INFO] [stdout] 3 | use clap::{arg, command, Parser, ValueEnum};
[INFO] [stdout]   |            ^^^  ^^^^^^^
[INFO] [stdout]   |
[INFO] [stdout]   = note: `#[warn(unused_imports)]` (part of `#[warn(unused)]`) on by default
[INFO] [stdout] 
[INFO] [stdout] 
[INFO] [stderr]     Finished `test` profile [unoptimized + debuginfo] target(s) in 1.35s
[INFO] running `Command { std: "docker" "inspect" "e1cd709f5283431925272331893373e67b47242ec7ebd5527c8e0c29278ca386", kill_on_drop: false }`
[INFO] running `Command { std: "docker" "exec" "-e" "SOURCE_DIR=/opt/rustwide/workdir" "-e" "CARGO_HOME=/opt/rustwide/cargo-home" "-e" "RUSTUP_HOME=/opt/rustwide/rustup-home" "-e" "CARGO_TARGET_DIR=/opt/rustwide/target" "-e" "CARGO_INCREMENTAL=0" "-e" "RUST_BACKTRACE=full" "-e" "RUSTFLAGS=--cap-lints=warn" "-e" "RUSTDOCFLAGS=--cap-lints=warn" "-w" "/opt/rustwide/workdir" "--user" "0:0" "e1cd709f5283431925272331893373e67b47242ec7ebd5527c8e0c29278ca386" "/opt/rustwide/cargo-home/bin/cargo" "+1.100.0-beta.1" "test" "--frozen", kill_on_drop: false }`
[INFO] [stderr] warning: unused imports: `arg` and `command`
[INFO] [stderr]  --> src/cli.rs:3:12
[INFO] [stderr]   |
[INFO] [stderr] 3 | use clap::{arg, command, Parser, ValueEnum};
[INFO] [stderr]   |            ^^^  ^^^^^^^
[INFO] [stderr]   |
[INFO] [stderr]   = note: `#[warn(unused_imports)]` (part of `#[warn(unused)]`) on by default
[INFO] [stderr] 
[INFO] [stderr] warning: `probranchinator` (bin "probranchinator" test) generated 1 warning (run `cargo fix --bin "probranchinator" -p probranchinator --tests` to apply 1 suggestion)
[INFO] [stderr]     Finished `test` profile [unoptimized + debuginfo] target(s) in 0.11s
[INFO] [stderr]      Running unittests src/main.rs (/opt/rustwide/target/debug/build/probranchinator/faedcbc52dca7249/out/probranchinator-faedcbc52dca7249)
[INFO] [stdout] 
[INFO] [stdout] running 8 tests
[INFO] [stdout] test tests::analysis_test::test_analysis_up_to_date_and_fast_forward ... FAILED
[INFO] [stdout] test tests::recent_test::test_recent ... FAILED
[INFO] [stdout] test tests::analysis_test::test_analysis_normal_merge_with_conflicts ... FAILED
[INFO] [stdout] test tests::repo_test::test_delete_remote_branch ... FAILED
[INFO] [stdout] test tests::analysis_test::test_analysis_normal_merge_no_conflicts ... FAILED
[INFO] [stdout] test tests::analysis_test::test_analysis_one_branch ... FAILED
[INFO] [stdout] test tests::analysis_test::test_analysis_unrelated_branches ... FAILED
[INFO] [stdout] test tests::repo_test::test_get_repo ... ok
[INFO] [stdout] 
[INFO] [stdout] failures:
[INFO] [stdout] 
[INFO] [stderr] error: test failed, to rerun pass `--bin probranchinator`
[INFO] [stdout] ---- tests::analysis_test::test_analysis_up_to_date_and_fast_forward stdout ----
[INFO] [stdout] Creating bare repository for testing in system temporary
[INFO] [stdout] Bare repo created at "/tmp/.tmp62xsoa/my-repo.git"
[INFO] [stdout] Using bare repo from "file:////tmp/.tmp62xsoa/my-repo.git/"
[INFO] [stdout] Error: config value 'user.name' was not found; class=Config (7); code=NotFound (-3)
[INFO] [stdout] 
[INFO] [stdout] Location:
[INFO] [stdout]     src/tests/analysis_test.rs:51:5
[INFO] [stdout] 
[INFO] [stdout] ---- tests::recent_test::test_recent stdout ----
[INFO] [stdout] Creating bare repository for testing in system temporary
[INFO] [stdout] Bare repo created at "/tmp/.tmp6dg3aM/my-repo.git"
[INFO] [stdout] Using bare repo from "file:////tmp/.tmp6dg3aM/my-repo.git/"
[INFO] [stdout] Error: config value 'user.name' was not found; class=Config (7); code=NotFound (-3)
[INFO] [stdout] 
[INFO] [stdout] Location:
[INFO] [stdout]     src/tests/recent_test.rs:13:5
[INFO] [stdout] 
[INFO] [stdout] ---- tests::analysis_test::test_analysis_normal_merge_with_conflicts stdout ----
[INFO] [stdout] Creating bare repository for testing in system temporary
[INFO] [stdout] Bare repo created at "/tmp/.tmpQDw36T/my-repo.git"
[INFO] [stdout] Using bare repo from "file:////tmp/.tmpQDw36T/my-repo.git/.git/"
[INFO] [stdout] Error: config value 'user.name' was not found; class=Config (7); code=NotFound (-3)
[INFO] [stdout] 
[INFO] [stdout] Location:
[INFO] [stdout]     src/tests/analysis_test.rs:228:5
[INFO] [stdout] 
[INFO] [stdout] ---- tests::repo_test::test_delete_remote_branch stdout ----
[INFO] [stdout] Creating bare repository for testing in system temporary
[INFO] [stdout] Bare repo created at "/tmp/.tmpkbE54z/my-repo.git"
[INFO] [stdout] Using bare repo from "file:////tmp/.tmpkbE54z/my-repo.git/"
[INFO] [stdout] Error: config value 'user.name' was not found; class=Config (7); code=NotFound (-3)
[INFO] [stdout] 
[INFO] [stdout] Location:
[INFO] [stdout]     src/tests/repo_test.rs:46:15
[INFO] [stdout] 
[INFO] [stdout] ---- tests::analysis_test::test_analysis_normal_merge_no_conflicts stdout ----
[INFO] [stdout] Creating bare repository for testing in system temporary
[INFO] [stdout] Bare repo created at "/tmp/.tmpZfvpZ0/my-repo.git"
[INFO] [stdout] Using bare repo from "file:////tmp/.tmpZfvpZ0/my-repo.git/.git/"
[INFO] [stdout] Error: config value 'user.name' was not found; class=Config (7); code=NotFound (-3)
[INFO] [stdout] 
[INFO] [stdout] Location:
[INFO] [stdout]     src/tests/analysis_test.rs:181:5
[INFO] [stdout] 
[INFO] [stdout] ---- tests::analysis_test::test_analysis_one_branch stdout ----
[INFO] [stdout] Creating bare repository for testing in system temporary
[INFO] [stdout] Bare repo created at "/tmp/.tmpYv9zY2/my-repo.git"
[INFO] [stdout] Using bare repo from "file:////tmp/.tmpYv9zY2/my-repo.git/"
[INFO] [stdout] Error: config value 'user.name' was not found; class=Config (7); code=NotFound (-3)
[INFO] [stdout] 
[INFO] [stdout] Location:
[INFO] [stdout]     src/tests/analysis_test.rs:19:5
[INFO] [stdout] 
[INFO] [stdout] ---- tests::analysis_test::test_analysis_unrelated_branches stdout ----
[INFO] [stdout] Creating bare repository for testing in system temporary
[INFO] [stdout] Bare repo created at "/tmp/.tmpMcxKmb/my-repo.git"
[INFO] [stdout] Using bare repo from "file:////tmp/.tmpMcxKmb/my-repo.git/"
[INFO] [stdout] Error: config value 'user.name' was not found; class=Config (7); code=NotFound (-3)
[INFO] [stdout] 
[INFO] [stdout] Location:
[INFO] [stdout]     src/tests/analysis_test.rs:97:5
[INFO] [stdout] 
[INFO] [stdout] 
[INFO] [stdout] failures:
[INFO] [stdout]     tests::analysis_test::test_analysis_normal_merge_no_conflicts
[INFO] [stdout]     tests::analysis_test::test_analysis_normal_merge_with_conflicts
[INFO] [stdout]     tests::analysis_test::test_analysis_one_branch
[INFO] [stdout]     tests::analysis_test::test_analysis_unrelated_branches
[INFO] [stdout]     tests::analysis_test::test_analysis_up_to_date_and_fast_forward
[INFO] [stdout]     tests::recent_test::test_recent
[INFO] [stdout]     tests::repo_test::test_delete_remote_branch
[INFO] [stdout] 
[INFO] [stdout] test result: FAILED. 1 passed; 7 failed; 0 ignored; 0 measured; 0 filtered out; finished in 0.21s
[INFO] [stdout] 
[INFO] running `Command { std: "docker" "inspect" "e1cd709f5283431925272331893373e67b47242ec7ebd5527c8e0c29278ca386", kill_on_drop: false }`
[INFO] running `Command { std: "docker" "rm" "-f" "e1cd709f5283431925272331893373e67b47242ec7ebd5527c8e0c29278ca386", kill_on_drop: false }`
[INFO] [stdout] e1cd709f5283431925272331893373e67b47242ec7ebd5527c8e0c29278ca386
