[INFO] fetching crate oramacore_lib 0.4.4...
[INFO] testing oramacore_lib-0.4.4 against 1.99.0-beta.8 for beta-1.100-2
[INFO] extracting crate oramacore_lib 0.4.4 into /workspace/builds/worker-5-tc1/source
[INFO] removed /workspace/builds/worker-5-tc1/source/rust-toolchain
[INFO] started tweaking crates.io crate oramacore_lib 0.4.4
[INFO] removed 0 missing tests
[INFO] finished tweaking crates.io crate oramacore_lib 0.4.4
[INFO] tweaked toml for crates.io crate oramacore_lib 0.4.4 written to /workspace/builds/worker-5-tc1/source/Cargo.toml
[INFO] validating manifest of crates.io crate oramacore_lib 0.4.4 on toolchain 1.99.0-beta.8
[INFO] running `Command { std: CARGO_HOME="/workspace/cargo-home" RUSTUP_HOME="/workspace/rustup-home" "/workspace/cargo-home/bin/cargo" "+1.99.0-beta.8" "metadata" "--manifest-path" "Cargo.toml" "--no-deps", kill_on_drop: false }`
[INFO] crate crates.io crate oramacore_lib 0.4.4 already has a lockfile, it will not be regenerated
[INFO] running `Command { std: CARGO_HOME="/workspace/cargo-home" RUSTUP_HOME="/workspace/rustup-home" "/workspace/cargo-home/bin/cargo" "+1.99.0-beta.8" "fetch" "--manifest-path" "Cargo.toml", kill_on_drop: false }`
[INFO] [stderr]     Updating crates.io index
[INFO] [stderr]  Downloading crates ...
[INFO] [stderr]   Downloaded proc-macro2 v1.0.101
[INFO] [stderr]   Downloaded cfg-if v1.0.3
[INFO] [stderr]   Downloaded bit-set v0.5.3
[INFO] [stderr]   Downloaded derive_utils v0.15.0
[INFO] [stderr]   Downloaded tree-sitter-language v0.1.5
[INFO] [stderr]   Downloaded icu_provider_macros v1.5.0
[INFO] [stderr]   Downloaded socket2 v0.6.0
[INFO] [stderr]   Downloaded docker_credential v1.3.2
[INFO] [stderr]   Downloaded yoke-derive v0.7.5
[INFO] [stderr]   Downloaded structmeta v0.3.0
[INFO] [stderr]   Downloaded etcetera v0.11.0
[INFO] [stderr]   Downloaded stable_deref_trait v1.2.0
[INFO] [stderr]   Downloaded structmeta-derive v0.3.0
[INFO] [stderr]   Downloaded signal-hook-registry v1.4.6
[INFO] [stderr]   Downloaded find-msvc-tools v0.1.8
[INFO] [stderr]   Downloaded litemap v0.7.5
[INFO] [stderr]   Downloaded tokio-util v0.7.16
[INFO] [stderr]   Downloaded serde_urlencoded v0.7.1
[INFO] [stderr]   Downloaded thiserror v2.0.16
[INFO] [stderr]   Downloaded zerovec-derive v0.10.3
[INFO] [stderr]   Downloaded tinystr v0.7.6
[INFO] [stderr]   Downloaded deranged v0.5.6
[INFO] [stderr]   Downloaded parse-display v0.9.1
[INFO] [stderr]   Downloaded parse-display-derive v0.9.1
[INFO] [stderr]   Downloaded ipnet v2.11.0
[INFO] [stderr]   Downloaded rustc-demangle v0.1.26
[INFO] [stderr]   Downloaded writeable v0.5.5
[INFO] [stderr]   Downloaded bit-vec v0.6.3
[INFO] [stderr]   Downloaded thiserror-impl v2.0.16
[INFO] [stderr]   Downloaded tokio-stream v0.1.18
[INFO] [stderr]   Downloaded yoke v0.7.5
[INFO] [stderr]   Downloaded redox_syscall v0.5.17
[INFO] [stderr]   Downloaded axum-core v0.5.6
[INFO] [stderr]   Downloaded bitflags v2.9.4
[INFO] [stderr]   Downloaded auto_enums v0.8.7
[INFO] [stderr]   Downloaded rustls-native-certs v0.8.3
[INFO] [stderr]   Downloaded rustls-pki-types v1.14.0
[INFO] [stderr]   Downloaded icu_locid v1.5.0
[INFO] [stderr]   Downloaded serde_with_macros v3.14.1
[INFO] [stderr]   Downloaded wit-bindgen v0.45.0
[INFO] [stderr]   Downloaded anyhow v1.0.99
[INFO] [stderr]   Downloaded icu_provider v1.5.0
[INFO] [stderr]   Downloaded text-splitter v0.22.0
[INFO] [stderr]   Downloaded ferroid v0.8.9
[INFO] [stderr]   Downloaded fancy-regex v0.13.0
[INFO] [stderr]   Downloaded base64 v0.21.7
[INFO] [stderr]   Downloaded cc v1.2.54
[INFO] [stderr]   Downloaded icu_collections v1.5.0
[INFO] [stderr]   Downloaded io-uring v0.7.10
[INFO] [stderr]   Downloaded rustls-webpki v0.103.9
[INFO] [stderr]   Downloaded tower v0.5.3
[INFO] [stderr]   Downloaded tonic v0.14.3
[INFO] [stderr]   Downloaded zerovec v0.10.4
[INFO] [stderr]   Downloaded wasi v0.14.3+wasi-0.2.4
[INFO] [stderr]   Downloaded hyper-util v0.1.20
[INFO] [stderr]   Downloaded bollard v0.20.1
[INFO] [stderr]   Downloaded testcontainers v0.27.0
[INFO] [stderr]   Downloaded pulldown-cmark v0.12.2
[INFO] [stderr]   Downloaded regex v1.11.2
[INFO] [stderr]   Downloaded serde_json v1.0.143
[INFO] [stderr]   Downloaded h2 v0.4.13
[INFO] [stderr]   Downloaded axum v0.8.8
[INFO] [stderr]   Downloaded serde_with v3.14.1
[INFO] [stderr]   Downloaded aws-lc-rs v1.15.4
[INFO] [stderr]   Downloaded syn v2.0.106
[INFO] [stderr]   Downloaded bstr v1.12.0
[INFO] [stderr]   Downloaded regex-syntax v0.8.6
[INFO] [stderr]   Downloaded rustls v0.23.36
[INFO] [stderr]   Downloaded icu_segmenter v1.5.0
[INFO] [stderr]   Downloaded regex-automata v0.4.10
[INFO] [stderr]   Downloaded cmake v0.1.57
[INFO] [stderr]   Downloaded bytemuck v1.24.0
[INFO] [stderr]   Downloaded hyperlocal v0.9.1
[INFO] [stderr]   Downloaded hyper-rustls v0.27.7
[INFO] [stderr]   Downloaded hyper-named-pipe v0.1.0
[INFO] [stderr]   Downloaded tokio v1.47.1
[INFO] [stderr]   Downloaded prost-derive v0.14.3
[INFO] [stderr]   Downloaded libc v0.2.175
[INFO] [stderr]   Downloaded prost v0.14.3
[INFO] [stderr]   Downloaded utf-8 v0.7.6
[INFO] [stderr]   Downloaded ureq-proto v0.5.3
[INFO] [stderr]   Downloaded tonic-prost v0.14.3
[INFO] [stderr]   Downloaded xattr v1.6.1
[INFO] [stderr]   Downloaded windows-targets v0.53.3
[INFO] [stderr]   Downloaded errno v0.3.13
[INFO] [stderr]   Downloaded libredox v0.1.12
[INFO] [stderr]   Downloaded utf8-ranges v1.0.5
[INFO] [stderr]   Downloaded debug_panic v0.2.1
[INFO] [stderr]   Downloaded filetime v0.2.27
[INFO] [stderr]   Downloaded serde-big-array v0.5.1
[INFO] [stderr]   Downloaded reborrow v0.5.5
[INFO] [stderr]   Downloaded fastmurmur3 v0.2.0
[INFO] [stderr]   Downloaded cuckoofilter v0.5.0
[INFO] [stderr]   Downloaded is-terminal v0.4.16
[INFO] [stderr]   Downloaded anstyle v1.0.11
[INFO] [stderr]   Downloaded bollard-stubs v1.52.1-rc.29.1.3
[INFO] [stderr]   Downloaded bollard-buildkit-proto v0.7.0
[INFO] [stderr]   Downloaded astral-tokio-tar v0.5.6
[INFO] [stderr]   Downloaded redox_syscall v0.7.1
[INFO] [stderr]   Downloaded redact v0.1.11
[INFO] [stderr]   Downloaded memmap v0.7.0
[INFO] [stderr]   Downloaded tempfile v3.21.0
[INFO] [stderr]   Downloaded winapi-util v0.1.10
[INFO] [stderr]   Downloaded clap_lex v0.7.5
[INFO] [stderr]   Downloaded base64-simd v0.8.0
[INFO] [stderr]   Downloaded fastbloom-rs v0.5.10
[INFO] [stderr]   Downloaded duration-str v0.20.0
[INFO] [stderr]   Downloaded outref v0.5.2
[INFO] [stderr]   Downloaded http-body v0.4.6
[INFO] [stderr]   Downloaded aws-smithy-query v0.60.13
[INFO] [stderr]   Downloaded prost-types v0.14.3
[INFO] [stderr]   Downloaded oramacore_ptrie v0.1.0
[INFO] [stderr]   Downloaded urlencoding v2.1.3
[INFO] [stderr]   Downloaded aws-smithy-observability v0.2.4
[INFO] [stderr]   Downloaded xxhash-rust v0.8.15
[INFO] [stderr]   Downloaded xorfilter-rs v0.5.1
[INFO] [stderr]   Downloaded dashmap v6.1.0
[INFO] [stderr]   Downloaded aws-smithy-async v1.2.11
[INFO] [stderr]   Downloaded aws-credential-types v1.2.11
[INFO] [stderr]   Downloaded atomic-write-file v0.2.3
[INFO] [stderr]   Downloaded aws-smithy-json v0.62.3
[INFO] [stderr]   Downloaded vsimd v0.8.0
[INFO] [stderr]   Downloaded aws-smithy-http v0.63.3
[INFO] [stderr]   Downloaded xmlparser v0.13.6
[INFO] [stderr]   Downloaded hyper-rustls v0.24.2
[INFO] [stderr]   Downloaded aws-smithy-xml v0.60.13
[INFO] [stderr]   Downloaded bytes-utils v0.1.4
[INFO] [stderr]   Downloaded ureq v3.2.0
[INFO] [stderr]   Downloaded aws-types v1.3.11
[INFO] [stderr]   Downloaded half v2.6.0
[INFO] [stderr]   Downloaded tokio-rustls v0.24.1
[INFO] [stderr]   Downloaded uuid v1.20.0
[INFO] [stderr]   Downloaded clap v4.5.47
[INFO] [stderr]   Downloaded aws-runtime v1.6.0
[INFO] [stderr]   Downloaded aws-sigv4 v1.3.8
[INFO] [stderr]   Downloaded aws-smithy-http-client v1.1.9
[INFO] [stderr]   Downloaded regex-lite v0.1.9
[INFO] [stderr]   Downloaded aws-sdk-sso v1.93.0
[INFO] [stderr]   Downloaded criterion v0.5.1
[INFO] [stderr]   Downloaded aws-smithy-types v1.4.3
[INFO] [stderr]   Downloaded http v0.2.12
[INFO] [stderr]   Downloaded pulp v0.21.5
[INFO] [stderr]   Downloaded aws-smithy-runtime-api v1.11.3
[INFO] [stderr]   Downloaded aws-sdk-ssooidc v1.95.0
[INFO] [stderr]   Downloaded aws-smithy-runtime v1.10.0
[INFO] [stderr]   Downloaded rust_decimal v1.40.0
[INFO] [stderr]   Downloaded aws-config v1.8.13
[INFO] [stderr]   Downloaded clap_builder v4.5.47
[INFO] [stderr]   Downloaded h2 v0.3.27
[INFO] [stderr]   Downloaded aws-sdk-sts v1.97.0
[INFO] [stderr]   Downloaded rallo v0.5.0
[INFO] [stderr]   Downloaded hyper v0.14.32
[INFO] [stderr]   Downloaded aws-sdk-secretsmanager v1.99.0
[INFO] [stderr]   Downloaded nix v0.29.0
[INFO] [stderr]   Downloaded rustix v1.0.8
[INFO] [stderr]   Downloaded web-sys v0.3.77
[INFO] [stderr]   Downloaded windows_x86_64_gnullvm v0.53.0
[INFO] [stderr]   Downloaded windows_aarch64_gnullvm v0.53.0
[INFO] [stderr]   Downloaded windows_x86_64_msvc v0.53.0
[INFO] [stderr]   Downloaded windows_aarch64_msvc v0.53.0
[INFO] [stderr]   Downloaded windows_i686_gnullvm v0.53.0
[INFO] [stderr]   Downloaded windows_i686_msvc v0.53.0
[INFO] [stderr]   Downloaded windows_x86_64_gnu v0.53.0
[INFO] [stderr]   Downloaded windows_i686_gnu v0.53.0
[INFO] [stderr]   Downloaded fst v0.4.7
[INFO] [stderr]   Downloaded linux-raw-sys v0.9.4
[INFO] [stderr]   Downloaded icu_segmenter_data v1.5.1
[INFO] [stderr]   Downloaded tiktoken-rs v0.6.0
[INFO] [stderr]   Downloaded aws-lc-sys v0.37.1
[INFO] running `Command { std: "docker" "create" "-v" "/var/lib/crater-agent-workspace/builds/worker-5-tc1/source:/opt/rustwide/workdir:ro,Z" "-v" "/var/lib/crater-agent-workspace/builds/worker-5-tc1/target:/opt/rustwide/target:rw,Z" "-v" "/var/lib/crater-agent-workspace/cargo-home:/opt/rustwide/cargo-home:ro,Z" "-v" "/var/lib/crater-agent-workspace/rustup-home:/opt/rustwide/rustup-home:ro,Z" "-m" "1610612736" "--network" "none" "ghcr.io/rust-lang/crates-build-env/linux@sha256:3111399a4047eeb3a02b7a90e478d715f38a8c6669b5c4b49d30a17385265909" "sleep" "infinity", kill_on_drop: false }`
[INFO] [stdout] 6cf1f3f46f2eba0bbec0b873f906f01b1612267b3fd101772bb0440ba3ed9532
[INFO] running `Command { std: "docker" "start" "6cf1f3f46f2eba0bbec0b873f906f01b1612267b3fd101772bb0440ba3ed9532", kill_on_drop: false }`
[INFO] running `Command { std: "docker" "inspect" "6cf1f3f46f2eba0bbec0b873f906f01b1612267b3fd101772bb0440ba3ed9532", kill_on_drop: false }`
[INFO] running `Command { std: "docker" "exec" "-e" "SOURCE_DIR=/opt/rustwide/workdir" "-e" "CARGO_HOME=/opt/rustwide/cargo-home" "-e" "RUSTUP_HOME=/opt/rustwide/rustup-home" "-e" "CARGO_TARGET_DIR=/opt/rustwide/target" "-w" "/opt/rustwide/workdir" "--user" "0:0" "6cf1f3f46f2eba0bbec0b873f906f01b1612267b3fd101772bb0440ba3ed9532" "/opt/rustwide/cargo-home/bin/cargo" "+1.99.0-beta.8" "metadata" "--no-deps" "--format-version=1", kill_on_drop: false }`
[INFO] running `Command { std: "docker" "inspect" "6cf1f3f46f2eba0bbec0b873f906f01b1612267b3fd101772bb0440ba3ed9532", kill_on_drop: false }`
[INFO] running `Command { std: "docker" "exec" "-e" "SOURCE_DIR=/opt/rustwide/workdir" "-e" "CARGO_HOME=/opt/rustwide/cargo-home" "-e" "RUSTUP_HOME=/opt/rustwide/rustup-home" "-e" "CARGO_TARGET_DIR=/opt/rustwide/target" "-e" "CARGO_INCREMENTAL=0" "-e" "RUST_BACKTRACE=full" "-e" "RUSTFLAGS=--cap-lints=warn" "-e" "RUSTDOCFLAGS=--cap-lints=warn" "-w" "/opt/rustwide/workdir" "--user" "0:0" "6cf1f3f46f2eba0bbec0b873f906f01b1612267b3fd101772bb0440ba3ed9532" "/opt/rustwide/cargo-home/bin/cargo" "+1.99.0-beta.8" "build" "--frozen" "--message-format=json", kill_on_drop: false }`
[INFO] [stderr]    Compiling proc-macro2 v1.0.101
[INFO] [stderr]    Compiling libc v0.2.175
[INFO] [stderr]    Compiling cfg-if v1.0.3
[INFO] [stderr]    Compiling smallvec v1.15.1
[INFO] [stderr]    Compiling find-msvc-tools v0.1.8
[INFO] [stderr]    Compiling lock_api v0.4.13
[INFO] [stderr]    Compiling num-traits v0.2.19
[INFO] [stderr]    Compiling slab v0.4.11
[INFO] [stderr]    Compiling futures-channel v0.3.31
[INFO] [stderr]    Compiling http v1.4.0
[INFO] [stderr]    Compiling tracing-core v0.1.34
[INFO] [stderr]    Compiling either v1.15.0
[INFO] [stderr]    Compiling http v0.2.12
[INFO] [stderr]    Compiling zeroize v1.8.2
[INFO] [stderr]    Compiling powerfmt v0.2.0
[INFO] [stderr]    Compiling stable_deref_trait v1.2.0
[INFO] [stderr]    Compiling num-conv v0.2.0
[INFO] [stderr]    Compiling time-core v0.1.8
[INFO] [stderr]    Compiling vsimd v0.8.0
[INFO] [stderr]    Compiling fs_extra v1.3.0
[INFO] [stderr]    Compiling deranged v0.5.6
[INFO] [stderr]    Compiling outref v0.5.2
[INFO] [stderr]    Compiling untrusted v0.9.0
[INFO] [stderr]    Compiling dunce v1.0.5
[INFO] [stderr]    Compiling hashbrown v0.16.1
[INFO] [stderr]    Compiling bytes-utils v0.1.4
[INFO] [stderr]    Compiling typenum v1.19.0
[INFO] [stderr]    Compiling aws-lc-rs v1.15.4
[INFO] [stderr]    Compiling try-lock v0.2.5
[INFO] [stderr]    Compiling want v0.3.1
[INFO] [stderr]    Compiling rustls-pki-types v1.14.0
[INFO] [stderr]    Compiling tower-service v0.3.3
[INFO] [stderr]    Compiling rustls v0.21.12
[INFO] [stderr]    Compiling rustls v0.23.36
[INFO] [stderr]    Compiling log v0.4.29
[INFO] [stderr]    Compiling base64-simd v0.8.0
[INFO] [stderr]    Compiling ipnet v2.11.0
[INFO] [stderr]    Compiling semver v1.0.27
[INFO] [stderr]    Compiling openssl-probe v0.2.1
[INFO] [stderr]    Compiling serde_core v1.0.228
[INFO] [stderr]    Compiling tower-layer v0.3.3
[INFO] [stderr]    Compiling jobserver v0.1.34
[INFO] [stderr]    Compiling indexmap v2.13.0
[INFO] [stderr]    Compiling rustc_version v0.4.1
[INFO] [stderr]    Compiling tower v0.5.3
[INFO] [stderr]    Compiling form_urlencoded v1.2.2
[INFO] [stderr]    Compiling cpufeatures v0.2.17
[INFO] [stderr]    Compiling writeable v0.6.2
[INFO] [stderr]    Compiling cc v1.2.54
[INFO] [stderr]    Compiling http-body v1.0.1
[INFO] [stderr]    Compiling quote v1.0.40
[INFO] [stderr]    Compiling http-body v0.4.6
[INFO] [stderr]    Compiling time v0.3.47
[INFO] [stderr]    Compiling rustls-native-certs v0.8.3
[INFO] [stderr]    Compiling http-body-util v0.1.3
[INFO] [stderr]    Compiling aws-types v1.3.11
[INFO] [stderr]    Compiling syn v2.0.106
[INFO] [stderr]    Compiling num-integer v0.1.46
[INFO] [stderr]    Compiling generic-array v0.14.7
[INFO] [stderr]    Compiling litemap v0.8.1
[INFO] [stderr]    Compiling getrandom v0.1.16
[INFO] [stderr]    Compiling fastrand v2.3.0
[INFO] [stderr]    Compiling regex-syntax v0.8.6
[INFO] [stderr]    Compiling crossbeam-utils v0.8.21
[INFO] [stderr]    Compiling icu_normalizer_data v2.1.1
[INFO] [stderr]    Compiling icu_properties_data v2.1.2
[INFO] [stderr]    Compiling libm v0.2.15
[INFO] [stderr]    Compiling uuid v1.20.0
[INFO] [stderr]    Compiling rustversion v1.0.22
[INFO] [stderr]    Compiling regex-lite v0.1.9
[INFO] [stderr]    Compiling writeable v0.5.5
[INFO] [stderr]    Compiling icu_segmenter_data v1.5.1
[INFO] [stderr]    Compiling litemap v0.7.5
[INFO] [stderr]    Compiling rayon-core v1.13.0
[INFO] [stderr]    Compiling bitflags v2.9.4
[INFO] [stderr]    Compiling bit-vec v0.6.3
[INFO] [stderr]    Compiling anyhow v1.0.99
[INFO] [stderr]    Compiling cfg_aliases v0.2.1
[INFO] [stderr]    Compiling thiserror v2.0.16
[INFO] [stderr]    Compiling nix v0.29.0
[INFO] [stderr]    Compiling xmlparser v0.13.6
[INFO] [stderr]    Compiling block-buffer v0.10.4
[INFO] [stderr]    Compiling crypto-common v0.1.7
[INFO] [stderr]    Compiling bit-set v0.5.3
[INFO] [stderr]    Compiling digest v0.10.7
[INFO] [stderr]    Compiling rust_decimal v1.40.0
[INFO] [stderr]    Compiling sha2 v0.10.9
[INFO] [stderr]    Compiling parking_lot_core v0.9.11
[INFO] [stderr]    Compiling signal-hook-registry v1.4.6
[INFO] [stderr]    Compiling mio v1.0.4
[INFO] [stderr]    Compiling socket2 v0.6.0
[INFO] [stderr]    Compiling getrandom v0.2.16
[INFO] [stderr]    Compiling parking_lot v0.12.4
[INFO] [stderr]    Compiling socket2 v0.5.10
[INFO] [stderr]    Compiling hmac v0.12.1
[INFO] [stderr]    Compiling getrandom v0.3.3
[INFO] [stderr]    Compiling cmake v0.1.57
[INFO] [stderr]    Compiling rand_core v0.5.1
[INFO] [stderr]    Compiling crossbeam-epoch v0.9.18
[INFO] [stderr]    Compiling rand_core v0.6.4
[INFO] [stderr]    Compiling bytemuck v1.24.0
[INFO] [stderr]    Compiling pulldown-cmark v0.12.2
[INFO] [stderr]    Compiling rand_chacha v0.2.2
[INFO] [stderr]    Compiling crossbeam-deque v0.8.6
[INFO] [stderr]    Compiling urlencoding v2.1.3
[INFO] [stderr]    Compiling rand_core v0.9.3
[INFO] [stderr]    Compiling rand_chacha v0.3.1
[INFO] [stderr]    Compiling aws-smithy-xml v0.60.13
[INFO] [stderr]    Compiling num-complex v0.4.6
[INFO] [stderr]    Compiling core_maths v0.1.1
[INFO] [stderr]    Compiling num-bigint v0.4.6
[INFO] [stderr]    Compiling rand v0.7.3
[INFO] [stderr]    Compiling pulp v0.21.5
[INFO] [stderr]    Compiling base64 v0.21.7
[INFO] [stderr]    Compiling tree-sitter-language v0.1.5
[INFO] [stderr]    Compiling streaming-iterator v0.1.9
[INFO] [stderr]    Compiling rustc-hash v1.1.0
[INFO] [stderr]    Compiling arrayvec v0.7.6
[INFO] [stderr]    Compiling fst v0.4.7
[INFO] [stderr]    Compiling serde_json v1.0.143
[INFO] [stderr]    Compiling rayon v1.11.0
[INFO] [stderr]    Compiling aws-lc-sys v0.37.1
[INFO] [stderr]    Compiling ring v0.17.14
[INFO] [stderr]    Compiling tree-sitter v0.24.7
[INFO] [stderr]    Compiling chrono v0.4.41
[INFO] [stderr]    Compiling rand v0.8.5
[INFO] [stderr]    Compiling ahash v0.8.12
[INFO] [stderr]    Compiling rand_chacha v0.9.0
[INFO] [stderr]    Compiling num-rational v0.4.2
[INFO] [stderr]    Compiling num-iter v0.1.45
[INFO] [stderr]    Compiling itertools v0.14.0
[INFO] [stderr]    Compiling hashbrown v0.14.5
[INFO] [stderr]    Compiling regex-automata v0.4.10
[INFO] [stderr]    Compiling cuckoofilter v0.5.0
[INFO] [stderr]    Compiling reborrow v0.5.5
[INFO] [stderr]    Compiling xorfilter-rs v0.5.1
[INFO] [stderr]    Compiling oramacore_lib v0.4.4 (/opt/rustwide/workdir)
[INFO] [stderr]    Compiling utf8-ranges v1.0.5
[INFO] [stderr]    Compiling fastmurmur3 v0.2.0
[INFO] [stderr]    Compiling winnow v0.7.14
[INFO] [stderr]    Compiling xxhash-rust v0.8.15
[INFO] [stderr]    Compiling atomic-write-file v0.2.3
[INFO] [stderr]    Compiling synstructure v0.13.2
[INFO] [stderr]    Compiling derive_utils v0.15.0
[INFO] [stderr]    Compiling fastbloom-rs v0.5.10
[INFO] [stderr]    Compiling num v0.4.3
[INFO] [stderr]    Compiling rand v0.9.2
[INFO] [stderr]    Compiling memmap v0.7.0
[INFO] [stderr]    Compiling ordered-float v4.6.0
[INFO] [stderr]    Compiling debug_panic v0.2.1
[INFO] [stderr]    Compiling fixedbitset v0.5.7
[INFO] [stderr]    Compiling dashmap v6.1.0
[INFO] [stderr]    Compiling tokio-macros v2.5.0
[INFO] [stderr]    Compiling futures-macro v0.3.31
[INFO] [stderr]    Compiling tracing-attributes v0.1.30
[INFO] [stderr]    Compiling zerofrom-derive v0.1.6
[INFO] [stderr]    Compiling displaydoc v0.2.5
[INFO] [stderr]    Compiling yoke-derive v0.8.1
[INFO] [stderr]    Compiling zerovec-derive v0.11.2
[INFO] [stderr]    Compiling serde_derive v1.0.228
[INFO] [stderr]    Compiling yoke-derive v0.7.5
[INFO] [stderr]    Compiling zerovec-derive v0.10.3
[INFO] [stderr]    Compiling tokio v1.47.1
[INFO] [stderr]    Compiling icu_provider_macros v1.5.0
[INFO] [stderr]    Compiling thiserror-impl v2.0.16
[INFO] [stderr]    Compiling tinystr v0.7.6
[INFO] [stderr]    Compiling strum_macros v0.26.4
[INFO] [stderr]    Compiling icu_locid v1.5.0
[INFO] [stderr]    Compiling futures-util v0.3.31
[INFO] [stderr]    Compiling auto_enums v0.8.7
[INFO] [stderr]    Compiling async-trait v0.1.89
[INFO] [stderr]    Compiling zerofrom v0.1.6
[INFO] [stderr]    Compiling yoke v0.8.1
[INFO] [stderr]    Compiling tracing v0.1.41
[INFO] [stderr]    Compiling zerovec v0.11.5
[INFO] [stderr]    Compiling zerotrie v0.2.3
[INFO] [stderr]    Compiling yoke v0.7.5
[INFO] [stderr]    Compiling zerovec v0.10.4
[INFO] [stderr]    Compiling regex v1.11.2
[INFO] [stderr]    Compiling fancy-regex v0.13.0
[INFO] [stderr]    Compiling bstr v1.12.0
[INFO] [stderr]    Compiling sct v0.7.1
[INFO] [stderr]    Compiling rustls-webpki v0.101.7
[INFO] [stderr]    Compiling tinystr v0.8.2
[INFO] [stderr]    Compiling potential_utf v0.1.4
[INFO] [stderr]    Compiling strum v0.26.3
[INFO] [stderr]    Compiling icu_collections v2.1.1
[INFO] [stderr]    Compiling icu_locale_core v2.1.1
[INFO] [stderr]    Compiling icu_provider v2.1.1
[INFO] [stderr]    Compiling tiktoken-rs v0.6.0
[INFO] [stderr]    Compiling serde v1.0.228
[INFO] [stderr]    Compiling icu_collections v1.5.0
[INFO] [stderr]    Compiling icu_provider v1.5.0
[INFO] [stderr]    Compiling icu_properties v2.1.2
[INFO] [stderr]    Compiling icu_normalizer v2.1.1
[INFO] [stderr]    Compiling futures-executor v0.3.31
[INFO] [stderr]    Compiling futures v0.3.31
[INFO] [stderr]    Compiling icu_segmenter v1.5.0
[INFO] [stderr]    Compiling serde-big-array v0.5.1
[INFO] [stderr]    Compiling redact v0.1.11
[INFO] [stderr]    Compiling rust-stemmers v1.2.0
[INFO] [stderr]    Compiling duration-str v0.20.0
[INFO] [stderr]    Compiling oramacore_ptrie v0.1.0
[INFO] [stderr]    Compiling bincode v1.3.3
[INFO] [stderr]    Compiling idna_adapter v1.2.1
[INFO] [stderr]    Compiling idna v1.1.0
[INFO] [stderr]    Compiling url v2.5.8
[INFO] [stderr]    Compiling tokio-util v0.7.16
[INFO] [stderr]    Compiling aws-smithy-async v1.2.11
[INFO] [stderr]    Compiling tokio-rustls v0.24.1
[INFO] [stderr]    Compiling text-splitter v0.22.0
[INFO] [stderr]    Compiling aws-smithy-types v1.4.3
[INFO] [stderr]    Compiling h2 v0.4.13
[INFO] [stderr]    Compiling h2 v0.3.27
[INFO] [stderr]    Compiling aws-smithy-runtime-api v1.11.3
[INFO] [stderr]    Compiling aws-smithy-json v0.62.3
[INFO] [stderr]    Compiling aws-smithy-query v0.60.13
[INFO] [stderr]    Compiling aws-smithy-http v0.63.3
[INFO] [stderr]    Compiling aws-credential-types v1.2.11
[INFO] [stderr]    Compiling aws-smithy-observability v0.2.4
[INFO] [stderr]    Compiling aws-sigv4 v1.3.8
[INFO] [stderr]    Compiling hyper v1.8.1
[INFO] [stderr]    Compiling hyper v0.14.32
[INFO] [stderr]    Compiling hyper-util v0.1.20
[INFO] [stderr]    Compiling hyper-rustls v0.24.2
[INFO] [stderr]    Compiling rustls-webpki v0.103.9
[INFO] [stderr]    Compiling tokio-rustls v0.26.4
[INFO] [stderr]    Compiling hyper-rustls v0.27.7
[INFO] [stderr]    Compiling aws-smithy-http-client v1.1.9
[INFO] [stderr]    Compiling aws-smithy-runtime v1.10.0
[INFO] [stderr]    Compiling aws-runtime v1.6.0
[INFO] [stderr]    Compiling aws-sdk-ssooidc v1.95.0
[INFO] [stderr]    Compiling aws-sdk-sts v1.97.0
[INFO] [stderr]    Compiling aws-sdk-sso v1.93.0
[INFO] [stderr]    Compiling aws-sdk-secretsmanager v1.99.0
[INFO] [stderr]    Compiling aws-config v1.8.13
[INFO] [stdout] warning: unused import: `tracing::error`
[INFO] [stdout]  --> src/pin_rules/reader.rs:9:5
[INFO] [stdout]   |
[INFO] [stdout] 9 | use tracing::error;
[INFO] [stdout]   |     ^^^^^^^^^^^^^^
[INFO] [stdout]   |
[INFO] [stdout]   = note: `#[warn(unused_imports)]` (part of `#[warn(unused)]`) on by default
[INFO] [stdout] 
[INFO] [stdout] 
[INFO] [stdout] warning: hiding a lifetime that's elided elsewhere is confusing
[INFO] [stdout]    --> src/bkd/bkd.rs:196:17
[INFO] [stdout]     |
[INFO] [stdout] 196 |     pub fn iter(&self) -> BKDTreeIter<T, D> {
[INFO] [stdout]     |                 ^^^^^     ^^^^^^^^^^^^^^^^^ the same lifetime is hidden here
[INFO] [stdout]     |                 |
[INFO] [stdout]     |                 the lifetime is elided here
[INFO] [stdout]     |
[INFO] [stdout]     = help: the same lifetime is referred to in inconsistent ways, making the signature confusing
[INFO] [stdout]     = note: `#[warn(mismatched_lifetime_syntaxes)]` on by default
[INFO] [stdout] help: use `'_` for type paths
[INFO] [stdout]     |
[INFO] [stdout] 196 |     pub fn iter(&self) -> BKDTreeIter<'_, T, D> {
[INFO] [stdout]     |                                       +++
[INFO] [stdout] 
[INFO] [stdout] 
[INFO] [stderr]     Finished `dev` profile [unoptimized + debuginfo] target(s) in 2m 07s
[INFO] running `Command { std: "docker" "inspect" "6cf1f3f46f2eba0bbec0b873f906f01b1612267b3fd101772bb0440ba3ed9532", kill_on_drop: false }`
[INFO] running `Command { std: "docker" "exec" "-e" "SOURCE_DIR=/opt/rustwide/workdir" "-e" "CARGO_HOME=/opt/rustwide/cargo-home" "-e" "RUSTUP_HOME=/opt/rustwide/rustup-home" "-e" "CARGO_TARGET_DIR=/opt/rustwide/target" "-e" "CARGO_INCREMENTAL=0" "-e" "RUST_BACKTRACE=full" "-e" "RUSTFLAGS=--cap-lints=warn" "-e" "RUSTDOCFLAGS=--cap-lints=warn" "-w" "/opt/rustwide/workdir" "--user" "0:0" "6cf1f3f46f2eba0bbec0b873f906f01b1612267b3fd101772bb0440ba3ed9532" "/opt/rustwide/cargo-home/bin/cargo" "+1.99.0-beta.8" "test" "--frozen" "--no-run" "--message-format=json", kill_on_drop: false }`
[INFO] [stderr]    Compiling serde_core v1.0.228
[INFO] [stderr]    Compiling futures-util v0.3.31
[INFO] [stderr]    Compiling serde v1.0.228
[INFO] [stderr]    Compiling rustls v0.23.36
[INFO] [stderr]    Compiling sync_wrapper v1.0.2
[INFO] [stderr]    Compiling hyper v1.8.1
[INFO] [stderr]    Compiling bitflags v2.9.4
[INFO] [stderr]    Compiling rustls-webpki v0.103.9
[INFO] [stderr]    Compiling either v1.15.0
[INFO] [stderr]    Compiling mime v0.3.17
[INFO] [stderr]    Compiling tokio-stream v0.1.18
[INFO] [stderr]    Compiling pin-project-internal v1.1.10
[INFO] [stderr]    Compiling matchit v0.8.4
[INFO] [stderr]    Compiling strsim v0.11.1
[INFO] [stderr]    Compiling rustix v1.0.8
[INFO] [stderr]    Compiling memchr v2.7.5
[INFO] [stderr]    Compiling ident_case v1.0.1
[INFO] [stderr]    Compiling axum-core v0.5.6
[INFO] [stderr]    Compiling itertools v0.14.0
[INFO] [stderr]    Compiling ureq-proto v0.5.3
[INFO] [stderr]    Compiling portable-atomic v1.13.1
[INFO] [stderr]    Compiling bollard-buildkit-proto v0.7.0
[INFO] [stderr]    Compiling utf-8 v0.7.6
[INFO] [stderr]    Compiling darling_core v0.21.3
[INFO] [stderr]    Compiling linux-raw-sys v0.9.4
[INFO] [stderr]    Compiling pulldown-cmark v0.12.2
[INFO] [stderr]    Compiling nix v0.29.0
[INFO] [stderr]    Compiling structmeta-derive v0.3.0
[INFO] [stderr]    Compiling aho-corasick v1.1.3
[INFO] [stderr]    Compiling half v2.6.0
[INFO] [stderr]    Compiling pin-project v1.1.10
[INFO] [stderr]    Compiling serde_repr v0.1.20
[INFO] [stderr]    Compiling async-stream-impl v0.3.6
[INFO] [stderr]    Compiling clap_lex v0.7.5
[INFO] [stderr]    Compiling anstyle v1.0.11
[INFO] [stderr]    Compiling plotters-backend v0.3.7
[INFO] [stderr]    Compiling ciborium-io v0.2.2
[INFO] [stderr]    Compiling miniz_oxide v0.8.9
[INFO] [stderr]    Compiling ciborium-ll v0.2.2
[INFO] [stderr]    Compiling structmeta v0.3.0
[INFO] [stderr]    Compiling async-stream v0.3.6
[INFO] [stderr]    Compiling clap_builder v4.5.47
[INFO] [stderr]    Compiling itertools v0.10.5
[INFO] [stderr]    Compiling atomic-write-file v0.2.3
[INFO] [stderr]    Compiling text-splitter v0.22.0
[INFO] [stderr]    Compiling prost-derive v0.14.3
[INFO] [stderr]    Compiling regex-automata v0.4.10
[INFO] [stderr]    Compiling plotters-svg v0.3.7
[INFO] [stderr]    Compiling filetime v0.2.27
[INFO] [stderr]    Compiling rustc-demangle v0.1.26
[INFO] [stderr]    Compiling home v0.5.12
[INFO] [stderr]    Compiling same-file v1.0.6
[INFO] [stderr]    Compiling rustc-hash v2.1.1
[INFO] [stderr]    Compiling cast v0.3.0
[INFO] [stderr]    Compiling walkdir v2.5.0
[INFO] [stderr]    Compiling plotters v0.3.7
[INFO] [stderr]    Compiling ferroid v0.8.9
[INFO] [stderr]    Compiling etcetera v0.11.0
[INFO] [stderr]    Compiling backtrace v0.3.75
[INFO] [stderr]    Compiling is-terminal v0.4.16
[INFO] [stderr]    Compiling hyper-util v0.1.20
[INFO] [stderr]    Compiling tower v0.5.3
[INFO] [stderr]    Compiling aws-smithy-async v1.2.11
[INFO] [stderr]    Compiling h2 v0.3.27
[INFO] [stderr]    Compiling futures-executor v0.3.31
[INFO] [stderr]    Compiling oorandom v11.1.5
[INFO] [stderr]    Compiling futures v0.3.31
[INFO] [stderr]    Compiling anes v0.1.6
[INFO] [stderr]    Compiling xattr v1.6.1
[INFO] [stderr]    Compiling deranged v0.5.6
[INFO] [stderr]    Compiling criterion-plot v0.5.0
[INFO] [stderr]    Compiling prost v0.14.3
[INFO] [stderr]    Compiling astral-tokio-tar v0.5.6
[INFO] [stderr]    Compiling tempfile v3.21.0
[INFO] [stderr]    Compiling axum v0.8.8
[INFO] [stderr]    Compiling clap v4.5.47
[INFO] [stderr]    Compiling approx v0.5.1
[INFO] [stderr]    Compiling prost-types v0.14.3
[INFO] [stderr]    Compiling darling_macro v0.21.3
[INFO] [stderr]    Compiling darling v0.21.3
[INFO] [stderr]    Compiling serde_json v1.0.143
[INFO] [stderr]    Compiling url v2.5.8
[INFO] [stderr]    Compiling serde-big-array v0.5.1
[INFO] [stderr]    Compiling bincode v1.3.3
[INFO] [stderr]    Compiling time v0.3.47
[INFO] [stderr]    Compiling rust-stemmers v1.2.0
[INFO] [stderr]    Compiling oramacore_ptrie v0.1.0
[INFO] [stderr]    Compiling redact v0.1.11
[INFO] [stderr]    Compiling serde_with_macros v3.14.1
[INFO] [stderr]    Compiling serde_urlencoded v0.7.1
[INFO] [stderr]    Compiling ciborium v0.2.2
[INFO] [stderr]    Compiling regex v1.11.2
[INFO] [stderr]    Compiling hyper-timeout v0.5.2
[INFO] [stderr]    Compiling hyperlocal v0.9.1
[INFO] [stderr]    Compiling serde_with v3.14.1
[INFO] [stderr]    Compiling parse-display-derive v0.9.1
[INFO] [stderr]    Compiling tokio-rustls v0.26.4
[INFO] [stderr]    Compiling ureq v3.2.0
[INFO] [stderr]    Compiling docker_credential v1.3.2
[INFO] [stderr]    Compiling tinytemplate v1.2.1
[INFO] [stderr]    Compiling rallo v0.5.0
[INFO] [stderr]    Compiling hyper-rustls v0.27.7
[INFO] [stderr]    Compiling criterion v0.5.1
[INFO] [stderr]    Compiling hyper v0.14.32
[INFO] [stderr]    Compiling parse-display v0.9.1
[INFO] [stderr]    Compiling aws-smithy-types v1.4.3
[INFO] [stderr]    Compiling duration-str v0.20.0
[INFO] [stderr]    Compiling aws-smithy-runtime-api v1.11.3
[INFO] [stderr]    Compiling aws-smithy-json v0.62.3
[INFO] [stderr]    Compiling aws-smithy-query v0.60.13
[INFO] [stderr]    Compiling tonic v0.14.3
[INFO] [stderr]    Compiling aws-credential-types v1.2.11
[INFO] [stderr]    Compiling aws-smithy-http v0.63.3
[INFO] [stderr]    Compiling aws-smithy-observability v0.2.4
[INFO] [stderr]    Compiling aws-sigv4 v1.3.8
[INFO] [stderr]    Compiling aws-types v1.3.11
[INFO] [stderr]    Compiling hyper-rustls v0.24.2
[INFO] [stderr]    Compiling aws-smithy-http-client v1.1.9
[INFO] [stderr]    Compiling tonic-prost v0.14.3
[INFO] [stderr]    Compiling aws-smithy-runtime v1.10.0
[INFO] [stderr]    Compiling bollard-stubs v1.52.1-rc.29.1.3
[INFO] [stderr]    Compiling aws-runtime v1.6.0
[INFO] [stderr]    Compiling aws-sdk-sso v1.93.0
[INFO] [stderr]    Compiling aws-sdk-ssooidc v1.95.0
[INFO] [stderr]    Compiling aws-sdk-sts v1.97.0
[INFO] [stderr]    Compiling aws-sdk-secretsmanager v1.99.0
[INFO] [stderr]    Compiling aws-config v1.8.13
[INFO] [stderr]    Compiling oramacore_lib v0.4.4 (/opt/rustwide/workdir)
[INFO] [stdout] warning: unused import: `tracing::error`
[INFO] [stdout]  --> src/pin_rules/reader.rs:9:5
[INFO] [stdout]   |
[INFO] [stdout] 9 | use tracing::error;
[INFO] [stdout]   |     ^^^^^^^^^^^^^^
[INFO] [stdout]   |
[INFO] [stdout]   = note: `#[warn(unused_imports)]` (part of `#[warn(unused)]`) on by default
[INFO] [stdout] 
[INFO] [stdout] 
[INFO] [stdout] warning: hiding a lifetime that's elided elsewhere is confusing
[INFO] [stdout]    --> src/bkd/bkd.rs:196:17
[INFO] [stdout]     |
[INFO] [stdout] 196 |     pub fn iter(&self) -> BKDTreeIter<T, D> {
[INFO] [stdout]     |                 ^^^^^     ^^^^^^^^^^^^^^^^^ the same lifetime is hidden here
[INFO] [stdout]     |                 |
[INFO] [stdout]     |                 the lifetime is elided here
[INFO] [stdout]     |
[INFO] [stdout]     = help: the same lifetime is referred to in inconsistent ways, making the signature confusing
[INFO] [stdout]     = note: `#[warn(mismatched_lifetime_syntaxes)]` on by default
[INFO] [stdout] help: use `'_` for type paths
[INFO] [stdout]     |
[INFO] [stdout] 196 |     pub fn iter(&self) -> BKDTreeIter<'_, T, D> {
[INFO] [stdout]     |                                       +++
[INFO] [stdout] 
[INFO] [stdout] 
[INFO] [stderr]    Compiling bollard v0.20.1
[INFO] [stderr]    Compiling testcontainers v0.27.0
[INFO] [stdout] warning: unused import: `tracing::error`
[INFO] [stdout]  --> src/pin_rules/reader.rs:9:5
[INFO] [stdout]   |
[INFO] [stdout] 9 | use tracing::error;
[INFO] [stdout]   |     ^^^^^^^^^^^^^^
[INFO] [stdout]   |
[INFO] [stdout]   = note: `#[warn(unused_imports)]` (part of `#[warn(unused)]`) on by default
[INFO] [stdout] 
[INFO] [stdout] 
[INFO] [stdout] warning: hiding a lifetime that's elided elsewhere is confusing
[INFO] [stdout]    --> src/bkd/bkd.rs:196:17
[INFO] [stdout]     |
[INFO] [stdout] 196 |     pub fn iter(&self) -> BKDTreeIter<T, D> {
[INFO] [stdout]     |                 ^^^^^     ^^^^^^^^^^^^^^^^^ the same lifetime is hidden here
[INFO] [stdout]     |                 |
[INFO] [stdout]     |                 the lifetime is elided here
[INFO] [stdout]     |
[INFO] [stdout]     = help: the same lifetime is referred to in inconsistent ways, making the signature confusing
[INFO] [stdout]     = note: `#[warn(mismatched_lifetime_syntaxes)]` on by default
[INFO] [stdout] help: use `'_` for type paths
[INFO] [stdout]     |
[INFO] [stdout] 196 |     pub fn iter(&self) -> BKDTreeIter<'_, T, D> {
[INFO] [stdout]     |                                       +++
[INFO] [stdout] 
[INFO] [stdout] 
[INFO] [stderr]     Finished `test` profile [unoptimized + debuginfo] target(s) in 2m 10s
[INFO] running `Command { std: "docker" "inspect" "6cf1f3f46f2eba0bbec0b873f906f01b1612267b3fd101772bb0440ba3ed9532", kill_on_drop: false }`
[INFO] running `Command { std: "docker" "exec" "-e" "SOURCE_DIR=/opt/rustwide/workdir" "-e" "CARGO_HOME=/opt/rustwide/cargo-home" "-e" "RUSTUP_HOME=/opt/rustwide/rustup-home" "-e" "CARGO_TARGET_DIR=/opt/rustwide/target" "-e" "CARGO_INCREMENTAL=0" "-e" "RUST_BACKTRACE=full" "-e" "RUSTFLAGS=--cap-lints=warn" "-e" "RUSTDOCFLAGS=--cap-lints=warn" "-w" "/opt/rustwide/workdir" "--user" "0:0" "6cf1f3f46f2eba0bbec0b873f906f01b1612267b3fd101772bb0440ba3ed9532" "/opt/rustwide/cargo-home/bin/cargo" "+1.99.0-beta.8" "test" "--frozen", kill_on_drop: false }`
[INFO] [stderr] warning: unused import: `tracing::error`
[INFO] [stderr]  --> src/pin_rules/reader.rs:9:5
[INFO] [stderr]   |
[INFO] [stderr] 9 | use tracing::error;
[INFO] [stderr]   |     ^^^^^^^^^^^^^^
[INFO] [stderr]   |
[INFO] [stderr]   = note: `#[warn(unused_imports)]` (part of `#[warn(unused)]`) on by default
[INFO] [stderr] 
[INFO] [stderr] warning: hiding a lifetime that's elided elsewhere is confusing
[INFO] [stderr]    --> src/bkd/bkd.rs:196:17
[INFO] [stderr]     |
[INFO] [stderr] 196 |     pub fn iter(&self) -> BKDTreeIter<T, D> {
[INFO] [stderr]     |                 ^^^^^     ^^^^^^^^^^^^^^^^^ the same lifetime is hidden here
[INFO] [stderr]     |                 |
[INFO] [stderr]     |                 the lifetime is elided here
[INFO] [stderr]     |
[INFO] [stderr]     = help: the same lifetime is referred to in inconsistent ways, making the signature confusing
[INFO] [stderr]     = note: `#[warn(mismatched_lifetime_syntaxes)]` on by default
[INFO] [stderr] help: use `'_` for type paths
[INFO] [stderr]     |
[INFO] [stderr] 196 |     pub fn iter(&self) -> BKDTreeIter<'_, T, D> {
[INFO] [stderr]     |                                       +++
[INFO] [stderr] 
[INFO] [stderr] warning: `oramacore_lib` (lib) generated 2 warnings (run `cargo fix --lib -p oramacore_lib` to apply 2 suggestions)
[INFO] [stderr] warning: `oramacore_lib` (lib test) generated 2 warnings (2 duplicates)
[INFO] [stderr]     Finished `test` profile [unoptimized + debuginfo] target(s) in 0.81s
[INFO] [stderr]      Running unittests src/lib.rs (/opt/rustwide/target/debug/deps/oramacore_lib-57585e590ab6e161)
[INFO] [stdout] 
[INFO] [stdout] running 210 tests
[INFO] [stdout] test bkd::bkd::tests::test_insert_same_coords_different_data ... ok
[INFO] [stdout] test bkd::bkd::tests::test_insert_and_query_radius ... ok
[INFO] [stdout] test analytics::tests_analytics::test_analytics_storage_inner_write ... ok
[INFO] [stdout] test bkd::bkd::tests::test_display_with_random_points ... ok
[INFO] [stdout] test bkd::bkd::tests::test_len_after_split ... ok
[INFO] [stdout] test bkd::bkd::tests::test_search_by_polygon_inside_and_outside ... ok
[INFO] [stdout] test bkd::bkd::tests::test_len_after_delete ... ok
[INFO] [stdout] test bkd::bkd::tests::test_search_by_radius_inside_and_outside ... ok
[INFO] [stdout] test casting::enumerative::tests::enum_parsing_mismatched_closing_quote ... ok
[INFO] [stdout] test bkd::bkd::tests::test_test3 ... ok
[INFO] [stdout] test bkd::bkd::tests::test_search_by_polygon_iter_triangle ... ok
[INFO] [stdout] test casting::enumerative::tests::enum_parsing_missing_opening_parenthesis ... ok
[INFO] [stdout] test bkd::bkd::tests::test_len_empty_and_insert ... ok
[INFO] [stdout] test casting::enumerative::tests::enum_parsing_with_mixed_quotes ... ok
[INFO] [stdout] test data_structures::capped_heap::tests::test_cappend_heap_foo ... ok
[INFO] [stdout] test casting::enumerative::tests::enum_parsing_missing_closing_quote ... ok
[INFO] [stdout] test bkd::bkd::tests::test_query_radius_iter ... ok
[INFO] [stdout] test data_structures::capped_heap::tests::test_cappend_heap_item_order ... ok
[INFO] [stdout] test bkd::bkd::tests::test_test1 ... ok
[INFO] [stdout] test casting::enumerative::tests::enum_parsing_missing_closing_parenthesis ... ok
[INFO] [stdout] test casting::enumerative::tests::simple_enum_parsing_single_quotes ... ok
[INFO] [stdout] test bkd::bkd::tests::test_serialize_deserialize_bkdtree ... ok
[INFO] [stdout] test data_structures::capped_heap::tests::test_cappend_heap_order_consistency ... ok
[INFO] [stdout] test casting::enumerative::tests::enum_parsing_with_escaped_backslash ... ok
[INFO] [stdout] test casting::enumerative::tests::enum_parsing_missing_opening_quote ... ok
[INFO] [stdout] test casting::enumerative::tests::simple_enum_parsing_backtick_quotes ... ok
[INFO] [stdout] test casting::enumerative::tests::enum_parsing_with_escaped_quotes ... ok
[INFO] [stdout] test data_structures::hnsw2::tests::test_change_tracking_counters_increment ... ok
[INFO] [stdout] test casting::enumerative::tests::simple_enum_parsing ... ok
[INFO] [stdout] test data_structures::hnsw2::tests::test_add_single_point ... ok
[INFO] [stdout] test data_structures::hnsw2::tests::test_change_tracking_in_health_metrics ... ok
[INFO] [stdout] test data_structures::fst::tests::test_fst_index ... ok
[INFO] [stdout] test data_structures::hnsw2::tests::test_delete_already_deleted_error ... ok
[INFO] [stdout] test data_structures::hnsw2::tests::test_change_tracking_incremental_additions ... ok
[INFO] [stdout] test data_structures::hnsw2::tests::test_delete_nonexistent_node_error ... ok
[INFO] [stdout] test data_structures::hnsw2::tests::test_deleted_nodes_excluded_from_search ... ok
[INFO] [stdout] test bkd::bkd::tests::test_test2 ... ok
[INFO] [stdout] test data_structures::hnsw2::tests::test_hnsw2 ... ok
[INFO] [stdout] test data_structures::hnsw2::tests::test_delete_single_node ... ok
[INFO] [stdout] test data_structures::hnsw2::tests::test_delete_all_nodes ... ok
[INFO] [stdout] test data_structures::fst::tests::test_fst_index_exact ... ok
[INFO] [stdout] test data_structures::fst::tests::test_exact_match ... ok
[INFO] [stdout] test data_structures::fst::tests::test_fst_index_tolerance ... ok
[INFO] [stdout] test data_structures::hnsw2::tests::test_serialize_empty_index ... ok
[INFO] [stdout] test data_structures::hnsw2::tests::test_search_on_empty_index ... ok
[INFO] [stdout] test data_structures::hnsw::tests::incremental_insert ... ok
[INFO] [stdout] test data_structures::hnsw2::tests::test_search_returns_fewer_than_limit ... ok
[INFO] [stdout] test data_structures::hnsw::tests::test_simd_supported ... ok
[INFO] [stdout] test data_structures::hnsw::tests::test_hnsw ... ok
[INFO] [stdout] test data_structures::vector_bruteforce::tests::test_basic3_index ... ok
[INFO] [stdout] test data_structures::vector_bruteforce::tests::test_delete ... ok
[INFO] [stdout] test data_structures::vector_bruteforce::tests::test_delete_all ... ok
[INFO] [stdout] test data_structures::hnsw2::tests::test_serialize_preserves_search_results ... ok
[INFO] [stdout] test filters::tests::test_contains ... ok
[INFO] [stdout] test filters::tests::test_plan_filter_and ... ok
[INFO] [stdout] test filters::tests::test_plan_filter_and_not ... ok
[INFO] [stdout] test data_structures::vector_bruteforce::tests::test_delete_empty_set ... ok
[INFO] [stdout] test data_structures::hnsw2::tests::test_change_tracking_reset_after_full_rebuild ... ok
[INFO] [stdout] test data_structures::hnsw2::tests::test_delete_batch ... ok
[INFO] [stdout] test data_structures::hnsw2::tests::test_full_workflow_add_build_search_delete_search ... ok
[INFO] [stdout] test data_structures::hnsw2::tests::test_change_tracking_persists_after_serialization ... ok
[INFO] [stdout] test data_structures::hnsw2::tests::test_add_multiple_points_before_build ... ok
[INFO] [stdout] test filters::tests::test_plan_filter_or_not ... ok
[INFO] [stdout] test hnsw2::core::node::node_test ... ok
[INFO] [stdout] test hnsw2::core::simd_metrics::simd_metrics_tests::test_all_negative_f32 ... ok
[INFO] [stdout] test filters::tests::test_plan_filter_or ... ok
[INFO] [stdout] test hnsw2::core::calc::tests::test_dot ... ok
[INFO] [stdout] test hnsw2::core::metrics::tests::test_cosine ... ok
[INFO] [stdout] test hnsw2::core::simd_metrics::simd_metrics_tests::test_all_negative_f64 ... ok
[INFO] [stdout] test hnsw2::core::simd_metrics::simd_metrics_tests::test_dot_product_f32 ... ok
[INFO] [stdout] test hnsw2::core::simd_metrics::simd_metrics_tests::test_empty_vectors_f32 ... ok
[INFO] [stdout] test hnsw2::core::simd_metrics::simd_metrics_tests::test_empty_vectors_f64 ... ok
[INFO] [stdout] test hnsw2::core::simd_metrics::simd_metrics_tests::test_euclidean_distance_f32 ... ok
[INFO] [stdout] test hnsw2::core::simd_metrics::simd_metrics_tests::test_euclidean_distance_f64 ... ok
[INFO] [stdout] test hnsw2::core::simd_metrics::simd_metrics_tests::test_large_values_f32 ... ok
[INFO] [stdout] test hnsw2::core::simd_metrics::simd_metrics_tests::test_large_values_f64 ... ok
[INFO] [stdout] test hnsw2::core::simd_metrics::simd_metrics_tests::test_manhattan_distance_f32 ... ok
[INFO] [stdout] test hnsw2::core::simd_metrics::simd_metrics_tests::test_manhattan_distance_f64 ... ok
[INFO] [stdout] test hnsw2::core::simd_metrics::simd_metrics_tests::test_mixed_signs_f32 ... ok
[INFO] [stdout] test hnsw2::core::simd_metrics::simd_metrics_tests::test_mixed_signs_f64 ... ok
[INFO] [stdout] test hnsw2::core::simd_metrics::simd_metrics_tests::test_real_dot_product_f64 ... ok
[INFO] [stdout] test hnsw2::core::simd_metrics::simd_metrics_tests::test_single_element_f32 ... ok
[INFO] [stdout] test hnsw2::core::simd_metrics::simd_metrics_tests::test_single_element_f64 ... ok
[INFO] [stdout] test data_structures::hnsw2::tests::test_serialize_with_deleted_nodes ... ok
[INFO] [stdout] test hnsw2::core::simd_metrics::simd_metrics_tests::test_size_1000_f32 ... ok
[INFO] [stdout] test hnsw2::core::simd_metrics::simd_metrics_tests::test_real_dot_product_f32 ... ok
[INFO] [stdout] test filters::tests::test_plan_filter_simple ... ok
[INFO] [stdout] test hnsw2::core::simd_metrics::simd_metrics_tests::test_mismatched_dimensions_f64 ... ok
[INFO] [stdout] test hnsw2::core::simd_metrics::simd_metrics_tests::test_mismatched_dimensions_f32 ... ok
[INFO] [stdout] test hnsw2::core::simd_metrics::simd_metrics_tests::test_dot_product_f64 ... ok
[INFO] [stdout] test hnsw2::core::simd_metrics::simd_metrics_tests::test_size_16_f64 ... ok
[INFO] [stdout] test hnsw2::core::simd_metrics::simd_metrics_tests::test_size_100_f64 ... ok
[INFO] [stdout] test hnsw2::core::simd_metrics::simd_metrics_tests::test_size_15_f32 ... ok
[INFO] [stdout] test hnsw2::core::simd_metrics::simd_metrics_tests::test_size_16_f32 ... ok
[INFO] [stdout] test hnsw2::core::simd_metrics::simd_metrics_tests::test_size_100_f32 ... ok
[INFO] [stdout] test hnsw2::core::simd_metrics::simd_metrics_tests::test_size_32_f32 ... ok
[INFO] [stdout] test hnsw2::core::simd_metrics::simd_metrics_tests::test_size_1000_f64 ... ok
[INFO] [stdout] test hnsw2::core::simd_metrics::simd_metrics_tests::test_size_32_f64 ... ok
[INFO] [stdout] test hnsw2::core::simd_metrics::simd_metrics_tests::test_size_4_f32 ... ok
[INFO] [stdout] test hnsw2::core::simd_metrics::simd_metrics_tests::test_size_4_f64 ... ok
[INFO] [stdout] test hnsw2::core::simd_metrics::simd_metrics_tests::test_size_7_f32 ... ok
[INFO] [stdout] test hnsw2::core::simd_metrics::simd_metrics_tests::test_size_15_f64 ... ok
[INFO] [stdout] test hnsw2::core::simd_metrics::simd_metrics_tests::test_size_31_f64 ... ok
[INFO] [stdout] test hnsw2::core::simd_metrics::simd_metrics_tests::test_size_7_f64 ... ok
[INFO] [stdout] test hnsw2::core::simd_metrics::simd_metrics_tests::test_small_values_f32 ... ok
[INFO] [stdout] test hnsw2::core::simd_metrics::simd_metrics_tests::test_size_31_f32 ... ok
[INFO] [stdout] test hnsw2::core::simd_metrics::simd_metrics_tests::test_size_8_f64 ... ok
[INFO] [stdout] test hnsw2::core::simd_metrics::simd_metrics_tests::test_small_values_f64 ... ok
[INFO] [stdout] test hnsw2::core::simd_metrics::simd_metrics_tests::test_two_elements_f32 ... ok
[INFO] [stdout] test hnsw2::core::simd_metrics::simd_metrics_tests::test_size_8_f32 ... ok
[INFO] [stdout] test hnsw2::core::simd_metrics::simd_metrics_tests::test_two_elements_f64 ... ok
[INFO] [stdout] test hnsw2::core::simd_metrics::simd_metrics_tests::test_zero_vectors_f32 ... ok
[INFO] [stdout] test hnsw2::core::simd_metrics::simd_metrics_tests::test_zero_vectors_f64 ... ok
[INFO] [stdout] test data_structures::hnsw2::tests::test_add_after_build ... ok
[INFO] [stdout] test data_structures::hnsw2::tests::test_full_workflow_with_serialization ... ok
[INFO] [stdout] test hnsw2::hsnw_tests::test_batch_construct_optimized_equivalence ... ok
[INFO] [stdout] test hnsw2::hsnw_tests::test_analyze_health_high_deletions ... ok
[INFO] [stdout] test hnsw2::hsnw_tests::test_analyze_health_no_deletions ... ok
[INFO] [stdout] test data_structures::hnsw2::tests::test_multiple_delete_rebuild_cycles ... ok
[INFO] [stdout] test hnsw2::hsnw_tests::test_analyze_health_low_deletions ... ok
[INFO] [stdout] test data_structures::hnsw2::tests::test_serialize_after_rebuild ... ok
[INFO] [stdout] test hnsw2::hsnw_tests::test_cleanup_deleted_references ... ok
[INFO] [stdout] test hnsw2::hsnw_tests::test_batch_add_basic ... ok
[INFO] [stdout] test hnsw2::core::kmeans::tests::test_general_kmeans ... ok
[INFO] [stdout] test hnsw2::hsnw_tests::test_count_severely_affected_nodes ... ok
[INFO] [stdout] test hnsw2::hsnw_tests::test_analyze_health_moderate_deletions ... ok
[INFO] [stdout] test hnsw2::hsnw_tests::test_full_rebuild_preserves_live_data ... ok
[INFO] [stdout] test hnsw2::hsnw_tests::test_rebuild_empty_index ... ok
[INFO] [stdout] test hnsw2::hsnw_tests::test_find_unreachable_nodes_empty ... ok
[INFO] [stdout] test analytics::tests_analytics::test_analytics_storage_lifecycle ... ok
[INFO] [stdout] test hnsw2::hsnw_tests::test_serde_backcompatibility ... ok
[INFO] [stdout] test data_structures::hnsw2::tests::test_hnsw2_serialize_deserialize has been running for over 60 seconds
[INFO] [stdout] test data_structures::hnsw2::tests::test_large_index_serialization has been running for over 60 seconds
[INFO] [stdout] test data_structures::vector_bruteforce::tests::test_basic3_serialize_deserialize has been running for over 60 seconds
[INFO] [stdout] test hnsw2::hsnw_tests::test_batch_add_search_quality has been running for over 60 seconds
[INFO] [stdout] test hnsw2::hsnw_tests::test_level_preservation_in_rebuild has been running for over 60 seconds
[INFO] [stdout] test hnsw2::hsnw_tests::test_partial_repair_strategy has been running for over 60 seconds
[INFO] [stdout] test hnsw2::hsnw_tests::test_partial_repair_with_affected_nodes has been running for over 60 seconds
[INFO] [stdout] test hnsw2::hsnw_tests::test_rebuild_all_deleted has been running for over 60 seconds
[INFO] [stdout] test hnsw2::hsnw_tests::test_rebuild_search_quality has been running for over 60 seconds
[INFO] [stdout] test hnsw2::hsnw_tests::test_rebuild_with_config has been running for over 60 seconds
[INFO] [stdout] test hnsw2::hsnw_tests::test_rebuild_with_root_deleted has been running for over 60 seconds
[INFO] [stdout] test hnsw2::hsnw_tests::test_repair_connections_cleans_up_deleted has been running for over 60 seconds
[INFO] [stdout] test hnsw2::hsnw_tests::test_repair_node_connections_single_node has been running for over 60 seconds
[INFO] [stdout] test hnsw2::hsnw_tests::test_repair_with_root_deleted has been running for over 60 seconds
[INFO] [stdout] test hnsw2::hsnw_tests::test_search_quality_after_partial_repair has been running for over 60 seconds
[INFO] [stdout] test hnsw2::hsnw_tests::test_serialize_deserialize has been running for over 60 seconds
[INFO] [stdout] test data_structures::vector_bruteforce::tests::test_basic3_serialize_deserialize ... ok
[INFO] [stdout] test hnsw2::hsnw_tests::test_rebuild_all_deleted ... ok
[INFO] [stdout] test hnsw2::hsnw_tests::test_strategy_boundaries ... ok
[INFO] [stdout] test hnsw2::hsnw_tests::test_rebuild_with_config ... ok
[INFO] [stdout] test hnsw2::hsnw_tests::test_repair_node_connections_single_node ... ok
[INFO] [stdout] test hnsw2::hsnw_tests::test_visited_auto_grow ... ok
[INFO] [stdout] test hnsw2::hsnw_tests::test_visited_generation_counter ... ok
[INFO] [stdout] test hnsw2::hsnw_tests::test_visited_generation_wraparound ... ok
[INFO] [stdout] test hnsw2::hsnw_tests::test_level_preservation_in_rebuild ... ok
[INFO] [stdout] test hnsw2::hsnw_tests::test_rebuild_with_root_deleted ... ok
[INFO] [stdout] test hnsw2::hsnw_tests::test_repair_connections_cleans_up_deleted ... ok
[INFO] [stdout] test hook_storage::writer::tests::test_hook_writer_lifecycle ... ok
[INFO] [stdout] test hook_storage::communication_tests::test_hook_writer_reader_communication_via_channel ... ok
[INFO] [stdout] test hook_storage::writer::tests::test_hook_writer_persistency ... ok
[INFO] [stdout] test hook_storage::reader::tests::test_hook_reader_lifecycle ... ok
[INFO] [stdout] test nlp::stop_words::tests::test_stop_words1 ... ok
[INFO] [stdout] test nlp::stop_words::tests::test_get_en_stop_words ... ok
[INFO] [stdout] test nlp::stop_words::tests::test_stop_words2 ... ok
[INFO] [stdout] test nlp::stop_words::tests::test_get_it_stop_words ... ok
[INFO] [stdout] test nlp::tests::test_tokenize ... ok
[INFO] [stdout] test nlp::tests::test_tokenize_and_stem ... ok
[INFO] [stdout] test nlp::tokenizer::tests::test_tokenizer ... ok
[INFO] [stdout] test nlp::tests::test_lang_it ... ok
[INFO] [stdout] test nlp::tokenizer::tests::test_tokenizer_2 ... ok
[INFO] [stdout] test hnsw2::hsnw_tests::test_unreachable_nodes_detected ... ok
[INFO] [stdout] test hnsw2::hsnw_tests::test_unreachable_nodes_repaired ... ok
[INFO] [stdout] test pin_rules::reader::pin_rules_tests::test_pin_rules_reader_empty ... ok
[INFO] [stdout] test nlp::tokenizer::tests::test_tokenizer_unicode_apostrophe ... ok
[INFO] [stdout] test pin_rules::reader::pin_rules_tests::test_symmetric_and_sentence_stemmed_match ... ok
[INFO] [stdout] test pin_rules::types::tests::test_contains_deserialization ... ok
[INFO] [stdout] test pin_rules::types::tests::test_condition_serialization_roundtrip ... ok
[INFO] [stdout] test pin_rules::types::tests::test_is_deserialization ... ok
[INFO] [stdout] test pin_rules::types::tests::test_startswith_deserialization ... ok
[INFO] [stdout] test pin_rules::reader::pin_rules_tests::test_check_pin_rules ... ok
[INFO] [stdout] test nlp::tokenizer::tests::test_tokenizer_hyphenated_words ... ok
[INFO] [stdout] test secrets::aws::tests::debug_does_not_print_aws_credentials ... ok
[INFO] [stdout] test pin_rules::writer::pin_rules_tests::test_commit_pin_rules ... ok
[INFO] [stdout] test secrets::cache::tests::test_cache_empty_provider ... ok
[INFO] [stdout] test secrets::cache::tests::test_cache_filters_by_collection ... ok
[INFO] [stdout] test nlp::tokenizer::tests::test_tokenizer_ai_italian ... ok
[INFO] [stdout] test secrets::local::tests::debug_does_not_print_secret_values ... ok
[INFO] [stdout] test shelves::reader::shelf_reader_tests::test_get_shelf ... ok
[INFO] [stdout] test pin_rules::reader::pin_rules_tests::test_check_pin_rules_stemmed ... ok
[INFO] [stdout] test pin_rules::reader::pin_rules_tests::test_commit_pin_rules ... ok
[INFO] [stdout] test shelves::reader::shelf_reader_tests::test_shelf_reader_empty ... ok
[INFO] [stdout] test shelves::types::tests::test_shelf_deserialization_validation ... ok
[INFO] [stdout] test shelves::reader::shelf_reader_tests::test_update_existing_shelf ... ok
[INFO] [stdout] test pin_rules::writer::pin_rules_tests::test_has_pending_changes ... ok
[INFO] [stdout] test pin_rules::writer::pin_rules_tests::test_simple ... ok
[INFO] [stdout] test shelves::types::tests::test_shelf_id ... ok
[INFO] [stdout] test shelves::reader::shelf_reader_tests::test_commit_shelves ... ok
[INFO] [stdout] test values::reader::tests::test_empty_reader ... ok
[INFO] [stdout] test shelves::reader::shelf_reader_tests::test_delete_shelf_prevents_deletion_on_reinsert ... ok
[INFO] [stdout] test shelves::writer::shelf_tests::test_commit_shelves ... ok
[INFO] [stdout] test values::types::tests::test_validate_key_invalid ... ok
[INFO] [stdout] test hnsw2::hsnw_tests::test_partial_repair_with_affected_nodes ... ok
[INFO] [stdout] test values::types::tests::test_validate_value_invalid ... ok
[INFO] [stdout] test values::types::tests::test_validate_value_valid ... ok
[INFO] [stdout] test values::reader::tests::test_delete_operation ... ok
[INFO] [stdout] test values::writer::tests::test_empty_writer ... ok
[INFO] [stdout] test values::reader::tests::test_update_and_commit ... ok
[INFO] [stdout] test shelves::writer::shelf_tests::test_has_pending_changes ... ok
[INFO] [stdout] test values::writer::tests::test_overwrite ... ok
[INFO] [stdout] test values::writer::tests::test_set_and_get ... ok
[INFO] [stdout] test values::writer::tests::test_commit_and_reload ... ok
[INFO] [stdout] test values::writer::tests::test_validation ... ok
[INFO] [stdout] test shelves::reader::shelf_reader_tests::test_multiple_shelves_persistence ... ok
[INFO] [stdout] test shelves::writer::shelf_tests::test_simple ... ok
[INFO] [stdout] test hnsw2::hsnw_tests::test_repair_with_root_deleted ... ok
[INFO] [stdout] test hnsw2::hsnw_tests::test_partial_repair_strategy ... ok
[INFO] [stdout] test values::types::tests::test_validate_key_valid ... ok
[INFO] [stdout] test values::writer::tests::test_delete ... ok
[INFO] [stdout] test values::writer::tests::test_has_pending_changes ... ok
[INFO] [stdout] test hnsw2::hsnw_tests::test_batch_add_search_quality ... ok
[INFO] [stdout] test hnsw2::hsnw_tests::test_rebuild_search_quality ... ok
[INFO] [stdout] test hnsw2::hsnw_tests::test_search_quality_after_partial_repair ... ok
[INFO] [stdout] test data_structures::hnsw2::tests::test_hnsw2_serialize_deserialize ... ok
[INFO] [stdout] test hnsw2::hsnw_tests::test_serialize_deserialize ... ok
[INFO] [stdout] test data_structures::hnsw2::tests::test_large_index_serialization ... ok
[INFO] [stdout] 
[INFO] [stdout] test result: ok. 210 passed; 0 failed; 0 ignored; 0 measured; 0 filtered out; finished in 277.96s
[INFO] [stdout] 
[INFO] [stderr]      Running unittests src/bin/check_simd.rs (/opt/rustwide/target/debug/deps/check_simd-4914ab3a86c76569)
[INFO] [stdout] 
[INFO] [stdout] running 0 tests
[INFO] [stdout] 
[INFO] [stdout] test result: ok. 0 passed; 0 failed; 0 ignored; 0 measured; 0 filtered out; finished in 0.00s
[INFO] [stdout] 
[INFO] [stderr]      Running unittests src/bin/hnsw_perf.rs (/opt/rustwide/target/debug/deps/hnsw_perf-b0cb38bd7d863c87)
[INFO] [stdout] 
[INFO] [stdout] running 0 tests
[INFO] [stdout] 
[INFO] [stdout] test result: ok. 0 passed; 0 failed; 0 ignored; 0 measured; 0 filtered out; finished in 0.00s
[INFO] [stdout] 
[INFO] [stderr]      Running tests/hnsw2_integration.rs (/opt/rustwide/target/debug/deps/hnsw2_integration-3b6249d6c0c1a948)
[INFO] [stdout] 
[INFO] [stdout] running 74 tests
[INFO] [stdout] test tc1_3_create_index_with_various_dimensions ... ok
[INFO] [stdout] test tc1_1_create_index_with_new ... ok
[INFO] [stdout] test tc2_1_add_single_vector_with_add ... ok
[INFO] [stdout] test tc2_2_add_single_vector_with_add_owned ... ok
[INFO] [stdout] test tc2_3_add_multiple_vectors_sequentially ... ok
[INFO] [stdout] test tc1_2_create_index_with_new_with_deletion ... ok
[INFO] [stdout] test tc2_4_add_with_wrong_dimension_errors ... ok
[INFO] [stdout] test tc2_6_add_with_both_add_and_add_owned_mixed ... ok
[INFO] [stdout] test tc3_1_delete_from_index_with_deletion_support ... ok
[INFO] [stdout] test tc4_1_search_empty_index ... ok
[INFO] [stdout] test tc4_3_search_for_exact_match ... ok
[INFO] [stdout] test tc4_6_search_result_ordering_by_similarity ... ok
[INFO] [stdout] test tc3_5_deleted_item_excluded_from_search ... ok
[INFO] [stdout] test tc4_7_multiple_builds_work_correctly ... ok
[INFO] [stdout] test tc5_1_round_trip_empty_index ... ok
[INFO] [stdout] test tc3_4_delete_same_item_twice_errors ... ok
[INFO] [stdout] test tc4_4_search_limit_larger_than_index ... ok
[INFO] [stdout] test tc4_5_search_with_limit_zero ... ok
[INFO] [stdout] test tc3_2_index_without_deletion_support_still_returns_deleted_in_search ... ok
[INFO] [stdout] test tc3_6_delete_all_items ... ok
[INFO] [stdout] test tc3_3_delete_non_existent_item_errors ... ok
[INFO] [stdout] test tc5_3_round_trip_index_with_deleted_items ... ok
[INFO] [stdout] test tc5_2_round_trip_populated_index ... ok
[INFO] [stdout] test tc8_1_single_item_index ... ok
[INFO] [stdout] test tc8_2_two_items_index ... ok
[INFO] [stdout] test tc6_4_data_integrity_verification ... ok
[INFO] [stdout] test tc8_4_orthogonal_vectors ... ok
[INFO] [stdout] test tc8_6_non_sequential_document_ids ... ok
[INFO] [stdout] test tc6_3_into_data_consumes_index ... ok
[INFO] [stdout] test tc_build_empty_index ... ok
[INFO] [stdout] test tc6_1_get_data_returns_all_items ... ok
[INFO] [stdout] test tc8_7_delete_first_last_middle_items ... ok
[INFO] [stdout] test tc8_8_interleaved_add_delete_operations ... ok
[INFO] [stdout] test tc_delete_in_reverse_order ... ok
[INFO] [stdout] test tc_delete_over_50_percent_triggers_full_rebuild ... ok
[INFO] [stdout] test tc_non_normalized_vectors_search ... ok
[INFO] [stdout] test tc_build_once_after_all_additions ... ok
[INFO] [stdout] test tc7_4_analyze_health_after_high_deletions ... ok
[INFO] [stdout] test tc_normalized_vectors_search ... ok
[INFO] [stdout] test tc7_3_analyze_health_after_moderate_deletions ... ok
[INFO] [stdout] test tc5_5_add_to_deserialized_index ... ok
[INFO] [stdout] test tc7_2_analyze_health_after_deletions_below_5_percent ... ok
[INFO] [stdout] test tc_health_metrics_live_nodes ... ok
[INFO] [stdout] test tc7_6_search_works_correctly_after_rebuild ... ok
[INFO] [stdout] test tc7_5_rebuild_compacts_deleted_nodes ... ok
[INFO] [stdout] test test_exact_5_percent_threshold_boundary ... ok
[INFO] [stdout] test test_exact_40_percent_threshold_boundary ... ok
[INFO] [stdout] test tc7_8_rebuild_with_custom_config ... ok
[INFO] [stdout] test tc_serialization_preserves_all_state ... ok
[INFO] [stdout] test tc8_5_high_dimensional_vectors ... ok
[INFO] [stdout] test tc_rebuild_result_contains_metrics ... ok
[INFO] [stdout] test tc_full_lifecycle_workflow ... ok
[INFO] [stdout] test test_delete_heavy_then_regrow ... ok
[INFO] [stdout] test tc7_7_force_full_rebuild_returns_compacted_count ... ok
[INFO] [stdout] test tc7_1_analyze_health_of_healthy_index ... ok
[INFO] [stdout] test test_full_rebuild_at_40_percent_threshold ... ok
[INFO] [stdout] test tc_scale_2_serialize_large_index ... ok
[INFO] [stdout] test test_health_metrics_consistency_across_operations ... ok
[INFO] [stdout] test tc8_3_identical_vectors_different_ids ... ok
[INFO] [stdout] test tc5_4_search_equivalence_after_deserialization ... ok
[INFO] [stdout] test test_search_quality_degrades_with_deletions ... ok
[INFO] [stdout] test test_search_with_root_deleted_no_rebuild ... ok
[INFO] [stdout] test tc_scale_3_various_dimensions ... ok
[INFO] [stdout] test test_serialize_deserialize_across_rebuild_cycles ... ok
[INFO] [stdout] test test_partial_repair_trigger_and_validation ... ok
[INFO] [stdout] test test_search_quality_after_partial_repair ... ok
[INFO] [stdout] test test_graph_connectivity_throughout_lifecycle ... ok
[INFO] [stdout] test test_search_recall_throughout_lifecycle ... ok
[INFO] [stdout] test tc_scale_1_large_index ... ok
[INFO] [stdout] test test_large_incremental_additions_after_build ... ok
[INFO] [stdout] test test_multiple_rebuild_cycles_maintain_health ... ok
[INFO] [stdout] test test_heavy_churn_alternating_add_delete ... ok
[INFO] [stdout] test test_state_stability_after_many_operations ... ok
[INFO] [stdout] test test_large_scale_lifecycle_5000_vectors has been running for over 60 seconds
[INFO] [stdout] test test_large_scale_lifecycle_5000_vectors ... ok
[INFO] [stdout] 
[INFO] [stdout] test result: ok. 74 passed; 0 failed; 0 ignored; 0 measured; 0 filtered out; finished in 163.64s
[INFO] [stdout] 
[INFO] [stderr]      Running tests/hsnw.rs (/opt/rustwide/target/debug/deps/hsnw-298a89c69b178ad0)
[INFO] [stdout] 
[INFO] [stdout] running 0 tests
[INFO] [stdout] 
[INFO] [stdout] test result: ok. 0 passed; 0 failed; 0 ignored; 0 measured; 0 filtered out; finished in 0.00s
[INFO] [stdout] 
[INFO] [stderr]      Running tests/secrets_integration.rs (/opt/rustwide/target/debug/deps/secrets_integration-7d0b429bf96158ee)
[INFO] [stdout] 
[INFO] [stdout] running 4 tests
[INFO] [stdout] test test_secrets_service_picks_up_deleted_secret_after_ttl ... FAILED
[INFO] [stdout] test test_secrets_service_empty_when_no_oramacore_secrets ... FAILED
[INFO] [stdout] test test_secrets_service_picks_up_updated_value_after_ttl ... FAILED
[INFO] [stdout] test test_secrets_service_fetches_and_filters_by_collection ... FAILED
[INFO] [stdout] 
[INFO] [stdout] failures:
[INFO] [stdout] 
[INFO] [stdout] ---- test_secrets_service_picks_up_deleted_secret_after_ttl stdout ----
[INFO] [stdout] 
[INFO] [stdout] thread 'test_secrets_service_picks_up_deleted_secret_after_ttl' (7195) panicked at tests/secrets_integration.rs:29:10:
[INFO] [stdout] Failed to start LocalStack container: Client(Init(SocketNotFoundError("/var/run/docker.sock")))
[INFO] [stdout] stack backtrace:
[INFO] [stdout]    0:     0x5577365d6b61 - std[70759c8f55707aa4]::backtrace_rs::backtrace::libunwind::trace
[INFO] [stdout]                                at /rustc/dfb0accb7f508ae8be965d8629557221c889dd98/library/std/src/../../backtrace/src/backtrace/libunwind.rs:117:9
[INFO] [stdout]    1:     0x5577365d6b61 - std[70759c8f55707aa4]::backtrace_rs::backtrace::trace_unsynchronized::<std[70759c8f55707aa4]::sys::backtrace::_print_fmt::{closure#1}>
[INFO] [stdout]                                at /rustc/dfb0accb7f508ae8be965d8629557221c889dd98/library/std/src/../../backtrace/src/backtrace/mod.rs:66:14
[INFO] [stdout]    2:     0x5577365d6b61 - std[70759c8f55707aa4]::sys::backtrace::_print_fmt
[INFO] [stdout]                                at /rustc/dfb0accb7f508ae8be965d8629557221c889dd98/library/std/src/sys/backtrace.rs:74:9
[INFO] [stdout]    3:     0x5577365d6b61 - <<std[70759c8f55707aa4]::sys::backtrace::BacktraceLock>::print::DisplayBacktrace as core[df12db4294e9bfd3]::fmt::Display>::fmt
[INFO] [stdout]                                at /rustc/dfb0accb7f508ae8be965d8629557221c889dd98/library/std/src/sys/backtrace.rs:44:26
[INFO] [stdout]    4:     0x5577365f13fa - <core[df12db4294e9bfd3]::fmt::rt::Argument>::fmt
[INFO] [stdout]                                at /rustc/dfb0accb7f508ae8be965d8629557221c889dd98/library/core/src/fmt/rt.rs:152:76
[INFO] [stdout]    5:     0x5577365f13fa - core[df12db4294e9bfd3]::fmt::write
[INFO] [stdout]    6:     0x5577365dc48c - core[df12db4294e9bfd3]::io::write::default_write_fmt::<alloc[2182bb758b4b3781]::vec::Vec<u8>>
[INFO] [stdout]                                at /rustc/dfb0accb7f508ae8be965d8629557221c889dd98/library/core/src/io/write.rs:402:11
[INFO] [stdout]    7:     0x5577365dc48c - <alloc[2182bb758b4b3781]::vec::Vec<u8> as core[df12db4294e9bfd3]::io::write::Write>::write_fmt
[INFO] [stdout]                                at /rustc/dfb0accb7f508ae8be965d8629557221c889dd98/library/core/src/io/write.rs:335:13
[INFO] [stdout]    8:     0x5577365aff66 - <std[70759c8f55707aa4]::sys::backtrace::BacktraceLock>::print
[INFO] [stdout]                                at /rustc/dfb0accb7f508ae8be965d8629557221c889dd98/library/std/src/sys/backtrace.rs:47:9
[INFO] [stdout]    9:     0x5577365aff66 - std[70759c8f55707aa4]::panicking::default_hook::{closure#0}
[INFO] [stdout]                                at /rustc/dfb0accb7f508ae8be965d8629557221c889dd98/library/std/src/panicking.rs:292:27
[INFO] [stdout]   10:     0x5577365cddb9 - std[70759c8f55707aa4]::panicking::default_hook
[INFO] [stdout]                                at /rustc/dfb0accb7f508ae8be965d8629557221c889dd98/library/std/src/panicking.rs:316:9
[INFO] [stdout]   11:     0x557734fef900 - <alloc[2182bb758b4b3781]::boxed::Box<dyn for<'a, 'b> core[df12db4294e9bfd3]::ops::function::Fn<(&'a std[70759c8f55707aa4]::panic::PanicHookInfo<'b>,), Output = ()> + core[df12db4294e9bfd3]::marker::Send + core[df12db4294e9bfd3]::marker::Sync> as core[df12db4294e9bfd3]::ops::function::Fn<(&std[70759c8f55707aa4]::panic::PanicHookInfo,)>>::call
[INFO] [stdout]                                at /rustc/dfb0accb7f508ae8be965d8629557221c889dd98/library/alloc/src/boxed.rs:2334:9
[INFO] [stdout]   12:     0x557734fef900 - test[9d35eded1c95d3be]::test_main_inner::<test[9d35eded1c95d3be]::test_main_static::{closure#0}>::{closure#0}
[INFO] [stdout]                                at /rustc/dfb0accb7f508ae8be965d8629557221c889dd98/library/test/src/lib.rs:155:21
[INFO] [stdout]   13:     0x5577365ce0e2 - <alloc[2182bb758b4b3781]::boxed::Box<dyn for<'a, 'b> core[df12db4294e9bfd3]::ops::function::Fn<(&'a std[70759c8f55707aa4]::panic::PanicHookInfo<'b>,), Output = ()> + core[df12db4294e9bfd3]::marker::Send + core[df12db4294e9bfd3]::marker::Sync> as core[df12db4294e9bfd3]::ops::function::Fn<(&std[70759c8f55707aa4]::panic::PanicHookInfo,)>>::call
[INFO] [stdout]                                at /rustc/dfb0accb7f508ae8be965d8629557221c889dd98/library/alloc/src/boxed.rs:2334:9
[INFO] [stdout]   14:     0x5577365ce0e2 - std[70759c8f55707aa4]::panicking::panic_with_hook
[INFO] [stdout]                                at /rustc/dfb0accb7f508ae8be965d8629557221c889dd98/library/std/src/panicking.rs:823:13
[INFO] [stdout]   15:     0x5577365b0012 - std[70759c8f55707aa4]::panicking::panic_handler::{closure#0}
[INFO] [stdout]                                at /rustc/dfb0accb7f508ae8be965d8629557221c889dd98/library/std/src/panicking.rs:688:13
[INFO] [stdout]   16:     0x5577365a84f9 - std[70759c8f55707aa4]::sys::backtrace::__rust_end_short_backtrace::<std[70759c8f55707aa4]::panicking::panic_handler::{closure#0}, !>
[INFO] [stdout]                                at /rustc/dfb0accb7f508ae8be965d8629557221c889dd98/library/std/src/sys/backtrace.rs:182:18
[INFO] [stdout]   17:     0x5577365b0f0d - __rustc[8fa7c3cbc660c2b3]::rust_begin_unwind
[INFO] [stdout]                                at /rustc/dfb0accb7f508ae8be965d8629557221c889dd98/library/std/src/panicking.rs:679:5
[INFO] [stdout]   18:     0x5577365f1c9c - core[df12db4294e9bfd3]::panicking::panic_fmt
[INFO] [stdout]                                at /rustc/dfb0accb7f508ae8be965d8629557221c889dd98/library/core/src/panicking.rs:80:14
[INFO] [stdout]   19:     0x5577365f19f2 - core[df12db4294e9bfd3]::result::unwrap_failed
[INFO] [stdout]                                at /rustc/dfb0accb7f508ae8be965d8629557221c889dd98/library/core/src/result.rs:1871:5
[INFO] [stdout]   20:     0x557734f7f97c - <core[df12db4294e9bfd3]::result::Result<testcontainers[4e35620463ece257]::core::containers::async_container::ContainerAsync<testcontainers[4e35620463ece257]::images::generic::GenericImage>, testcontainers[4e35620463ece257]::core::error::TestcontainersError>>::expect
[INFO] [stdout]                                at /rustc/dfb0accb7f508ae8be965d8629557221c889dd98/library/core/src/result.rs:1184:23
[INFO] [stdout]   21:     0x557734f4da82 - secrets_integration[295c0884db343130]::setup_localstack_secrets::{closure#0}
[INFO] [stdout]                                at /opt/rustwide/workdir/tests/secrets_integration.rs:29:10
[INFO] [stdout]   22:     0x557734f5238a - secrets_integration[295c0884db343130]::test_secrets_service_picks_up_deleted_secret_after_ttl::{closure#0}
[INFO] [stdout]                                at /opt/rustwide/workdir/tests/secrets_integration.rs:166:76
[INFO] [stdout]   23:     0x557734f581e2 - <core[df12db4294e9bfd3]::pin::Pin<&mut dyn core[df12db4294e9bfd3]::future::future::Future<Output = ()>> as core[df12db4294e9bfd3]::future::future::Future>::poll
[INFO] [stdout]                                at /rustc/dfb0accb7f508ae8be965d8629557221c889dd98/library/core/src/future/future.rs:133:9
[INFO] [stdout]   24:     0x557734f5825d - <core[df12db4294e9bfd3]::pin::Pin<&mut core[df12db4294e9bfd3]::pin::Pin<&mut dyn core[df12db4294e9bfd3]::future::future::Future<Output = ()>>> as core[df12db4294e9bfd3]::future::future::Future>::poll
[INFO] [stdout]                                at /rustc/dfb0accb7f508ae8be965d8629557221c889dd98/library/core/src/future/future.rs:133:9
[INFO] [stdout]   25:     0x557734f99dfd - <tokio[22bd0e7c546f906c]::runtime::scheduler::current_thread::CoreGuard>::block_on::<core[df12db4294e9bfd3]::pin::Pin<&mut core[df12db4294e9bfd3]::pin::Pin<&mut dyn core[df12db4294e9bfd3]::future::future::Future<Output = ()>>>>::{closure#0}::{closure#0}::{closure#0}
[INFO] [stdout]                                at /opt/rustwide/cargo-home/registry/src/index.crates.io-1949cf8c6b5b557f/tokio-1.47.1/src/runtime/scheduler/current_thread/mod.rs:742:70
[INFO] [stdout]   26:     0x557734f99d25 - tokio[22bd0e7c546f906c]::task::coop::with_budget::<core[df12db4294e9bfd3]::task::poll::Poll<()>, <tokio[22bd0e7c546f906c]::runtime::scheduler::current_thread::CoreGuard>::block_on<core[df12db4294e9bfd3]::pin::Pin<&mut core[df12db4294e9bfd3]::pin::Pin<&mut dyn core[df12db4294e9bfd3]::future::future::Future<Output = ()>>>>::{closure#0}::{closure#0}::{closure#0}>
[INFO] [stdout]                                at /opt/rustwide/cargo-home/registry/src/index.crates.io-1949cf8c6b5b557f/tokio-1.47.1/src/task/coop/mod.rs:167:5
[INFO] [stdout]   27:     0x557734f99d25 - tokio[22bd0e7c546f906c]::task::coop::budget::<core[df12db4294e9bfd3]::task::poll::Poll<()>, <tokio[22bd0e7c546f906c]::runtime::scheduler::current_thread::CoreGuard>::block_on<core[df12db4294e9bfd3]::pin::Pin<&mut core[df12db4294e9bfd3]::pin::Pin<&mut dyn core[df12db4294e9bfd3]::future::future::Future<Output = ()>>>>::{closure#0}::{closure#0}::{closure#0}>
[INFO] [stdout]                                at /opt/rustwide/cargo-home/registry/src/index.crates.io-1949cf8c6b5b557f/tokio-1.47.1/src/task/coop/mod.rs:133:5
[INFO] [stdout]   28:     0x557734f99d25 - <tokio[22bd0e7c546f906c]::runtime::scheduler::current_thread::CoreGuard>::block_on::<core[df12db4294e9bfd3]::pin::Pin<&mut core[df12db4294e9bfd3]::pin::Pin<&mut dyn core[df12db4294e9bfd3]::future::future::Future<Output = ()>>>>::{closure#0}::{closure#0}
[INFO] [stdout]                                at /opt/rustwide/cargo-home/registry/src/index.crates.io-1949cf8c6b5b557f/tokio-1.47.1/src/runtime/scheduler/current_thread/mod.rs:742:25
[INFO] [stdout]   29:     0x557734f8b512 - <tokio[22bd0e7c546f906c]::runtime::scheduler::current_thread::Context>::enter::<core[df12db4294e9bfd3]::task::poll::Poll<()>, <tokio[22bd0e7c546f906c]::runtime::scheduler::current_thread::CoreGuard>::block_on<core[df12db4294e9bfd3]::pin::Pin<&mut core[df12db4294e9bfd3]::pin::Pin<&mut dyn core[df12db4294e9bfd3]::future::future::Future<Output = ()>>>>::{closure#0}::{closure#0}>
[INFO] [stdout]                                at /opt/rustwide/cargo-home/registry/src/index.crates.io-1949cf8c6b5b557f/tokio-1.47.1/src/runtime/scheduler/current_thread/mod.rs:432:19
[INFO] [stdout]   30:     0x557734f98e9d - <tokio[22bd0e7c546f906c]::runtime::scheduler::current_thread::CoreGuard>::block_on::<core[df12db4294e9bfd3]::pin::Pin<&mut core[df12db4294e9bfd3]::pin::Pin<&mut dyn core[df12db4294e9bfd3]::future::future::Future<Output = ()>>>>::{closure#0}
[INFO] [stdout]                                at /opt/rustwide/cargo-home/registry/src/index.crates.io-1949cf8c6b5b557f/tokio-1.47.1/src/runtime/scheduler/current_thread/mod.rs:741:44
[INFO] [stdout]   31:     0x557734f98184 - <tokio[22bd0e7c546f906c]::runtime::scheduler::current_thread::CoreGuard>::enter::<<tokio[22bd0e7c546f906c]::runtime::scheduler::current_thread::CoreGuard>::block_on<core[df12db4294e9bfd3]::pin::Pin<&mut core[df12db4294e9bfd3]::pin::Pin<&mut dyn core[df12db4294e9bfd3]::future::future::Future<Output = ()>>>>::{closure#0}, core[df12db4294e9bfd3]::option::Option<()>>::{closure#0}
[INFO] [stdout]                                at /opt/rustwide/cargo-home/registry/src/index.crates.io-1949cf8c6b5b557f/tokio-1.47.1/src/runtime/scheduler/current_thread/mod.rs:829:68
[INFO] [stdout]   32:     0x557734fbb15b - <tokio[22bd0e7c546f906c]::runtime::context::scoped::Scoped<tokio[22bd0e7c546f906c]::runtime::scheduler::Context>>::set::<<tokio[22bd0e7c546f906c]::runtime::scheduler::current_thread::CoreGuard>::enter<<tokio[22bd0e7c546f906c]::runtime::scheduler::current_thread::CoreGuard>::block_on<core[df12db4294e9bfd3]::pin::Pin<&mut core[df12db4294e9bfd3]::pin::Pin<&mut dyn core[df12db4294e9bfd3]::future::future::Future<Output = ()>>>>::{closure#0}, core[df12db4294e9bfd3]::option::Option<()>>::{closure#0}, (alloc[2182bb758b4b3781]::boxed::Box<tokio[22bd0e7c546f906c]::runtime::scheduler::current_thread::Core>, core[df12db4294e9bfd3]::option::Option<()>)>
[INFO] [stdout]                                at /opt/rustwide/cargo-home/registry/src/index.crates.io-1949cf8c6b5b557f/tokio-1.47.1/src/runtime/context/scoped.rs:40:9
[INFO] [stdout]   33:     0x557734f4d1e9 - tokio[22bd0e7c546f906c]::runtime::context::set_scheduler::<(alloc[2182bb758b4b3781]::boxed::Box<tokio[22bd0e7c546f906c]::runtime::scheduler::current_thread::Core>, core[df12db4294e9bfd3]::option::Option<()>), <tokio[22bd0e7c546f906c]::runtime::scheduler::current_thread::CoreGuard>::enter<<tokio[22bd0e7c546f906c]::runtime::scheduler::current_thread::CoreGuard>::block_on<core[df12db4294e9bfd3]::pin::Pin<&mut core[df12db4294e9bfd3]::pin::Pin<&mut dyn core[df12db4294e9bfd3]::future::future::Future<Output = ()>>>>::{closure#0}, core[df12db4294e9bfd3]::option::Option<()>>::{closure#0}>::{closure#0}
[INFO] [stdout]                                at /opt/rustwide/cargo-home/registry/src/index.crates.io-1949cf8c6b5b557f/tokio-1.47.1/src/runtime/context.rs:176:38
[INFO] [stdout]   34:     0x557734fbba2f - <std[70759c8f55707aa4]::thread::local::LocalKey<tokio[22bd0e7c546f906c]::runtime::context::Context>>::try_with::<tokio[22bd0e7c546f906c]::runtime::context::set_scheduler<(alloc[2182bb758b4b3781]::boxed::Box<tokio[22bd0e7c546f906c]::runtime::scheduler::current_thread::Core>, core[df12db4294e9bfd3]::option::Option<()>), <tokio[22bd0e7c546f906c]::runtime::scheduler::current_thread::CoreGuard>::enter<<tokio[22bd0e7c546f906c]::runtime::scheduler::current_thread::CoreGuard>::block_on<core[df12db4294e9bfd3]::pin::Pin<&mut core[df12db4294e9bfd3]::pin::Pin<&mut dyn core[df12db4294e9bfd3]::future::future::Future<Output = ()>>>>::{closure#0}, core[df12db4294e9bfd3]::option::Option<()>>::{closure#0}>::{closure#0}, (alloc[2182bb758b4b3781]::boxed::Box<tokio[22bd0e7c546f906c]::runtime::scheduler::current_thread::Core>, core[df12db4294e9bfd3]::option::Option<()>)>
[INFO] [stdout]                                at /rustc/dfb0accb7f508ae8be965d8629557221c889dd98/library/std/src/thread/local.rs:463:12
[INFO] [stdout]   35:     0x557734fbb48e - <std[70759c8f55707aa4]::thread::local::LocalKey<tokio[22bd0e7c546f906c]::runtime::context::Context>>::with::<tokio[22bd0e7c546f906c]::runtime::context::set_scheduler<(alloc[2182bb758b4b3781]::boxed::Box<tokio[22bd0e7c546f906c]::runtime::scheduler::current_thread::Core>, core[df12db4294e9bfd3]::option::Option<()>), <tokio[22bd0e7c546f906c]::runtime::scheduler::current_thread::CoreGuard>::enter<<tokio[22bd0e7c546f906c]::runtime::scheduler::current_thread::CoreGuard>::block_on<core[df12db4294e9bfd3]::pin::Pin<&mut core[df12db4294e9bfd3]::pin::Pin<&mut dyn core[df12db4294e9bfd3]::future::future::Future<Output = ()>>>>::{closure#0}, core[df12db4294e9bfd3]::option::Option<()>>::{closure#0}>::{closure#0}, (alloc[2182bb758b4b3781]::boxed::Box<tokio[22bd0e7c546f906c]::runtime::scheduler::current_thread::Core>, core[df12db4294e9bfd3]::option::Option<()>)>
[INFO] [stdout]                                at /rustc/dfb0accb7f508ae8be965d8629557221c889dd98/library/std/src/thread/local.rs:427:20
[INFO] [stdout]   36:     0x557734f4a73d - tokio[22bd0e7c546f906c]::runtime::context::set_scheduler::<(alloc[2182bb758b4b3781]::boxed::Box<tokio[22bd0e7c546f906c]::runtime::scheduler::current_thread::Core>, core[df12db4294e9bfd3]::option::Option<()>), <tokio[22bd0e7c546f906c]::runtime::scheduler::current_thread::CoreGuard>::enter<<tokio[22bd0e7c546f906c]::runtime::scheduler::current_thread::CoreGuard>::block_on<core[df12db4294e9bfd3]::pin::Pin<&mut core[df12db4294e9bfd3]::pin::Pin<&mut dyn core[df12db4294e9bfd3]::future::future::Future<Output = ()>>>>::{closure#0}, core[df12db4294e9bfd3]::option::Option<()>>::{closure#0}>
[INFO] [stdout]                                at /opt/rustwide/cargo-home/registry/src/index.crates.io-1949cf8c6b5b557f/tokio-1.47.1/src/runtime/context.rs:176:17
[INFO] [stdout]   37:     0x557734f8e9d0 - <tokio[22bd0e7c546f906c]::runtime::scheduler::current_thread::CoreGuard>::enter::<<tokio[22bd0e7c546f906c]::runtime::scheduler::current_thread::CoreGuard>::block_on<core[df12db4294e9bfd3]::pin::Pin<&mut core[df12db4294e9bfd3]::pin::Pin<&mut dyn core[df12db4294e9bfd3]::future::future::Future<Output = ()>>>>::{closure#0}, core[df12db4294e9bfd3]::option::Option<()>>
[INFO] [stdout]                                at /opt/rustwide/cargo-home/registry/src/index.crates.io-1949cf8c6b5b557f/tokio-1.47.1/src/runtime/scheduler/current_thread/mod.rs:829:27
[INFO] [stdout]   38:     0x557734f8ecc6 - <tokio[22bd0e7c546f906c]::runtime::scheduler::current_thread::CoreGuard>::block_on::<core[df12db4294e9bfd3]::pin::Pin<&mut core[df12db4294e9bfd3]::pin::Pin<&mut dyn core[df12db4294e9bfd3]::future::future::Future<Output = ()>>>>
[INFO] [stdout]                                at /opt/rustwide/cargo-home/registry/src/index.crates.io-1949cf8c6b5b557f/tokio-1.47.1/src/runtime/scheduler/current_thread/mod.rs:729:24
[INFO] [stdout]   39:     0x557734f97c10 - <tokio[22bd0e7c546f906c]::runtime::scheduler::current_thread::CurrentThread>::block_on::<core[df12db4294e9bfd3]::pin::Pin<&mut dyn core[df12db4294e9bfd3]::future::future::Future<Output = ()>>>::{closure#0}
[INFO] [stdout]                                at /opt/rustwide/cargo-home/registry/src/index.crates.io-1949cf8c6b5b557f/tokio-1.47.1/src/runtime/scheduler/current_thread/mod.rs:200:33
[INFO] [stdout]   40:     0x557734fda2b8 - tokio[22bd0e7c546f906c]::runtime::context::runtime::enter_runtime::<<tokio[22bd0e7c546f906c]::runtime::scheduler::current_thread::CurrentThread>::block_on<core[df12db4294e9bfd3]::pin::Pin<&mut dyn core[df12db4294e9bfd3]::future::future::Future<Output = ()>>>::{closure#0}, ()>
[INFO] [stdout]                                at /opt/rustwide/cargo-home/registry/src/index.crates.io-1949cf8c6b5b557f/tokio-1.47.1/src/runtime/context/runtime.rs:65:16
[INFO] [stdout]   41:     0x557734f8b0d4 - <tokio[22bd0e7c546f906c]::runtime::scheduler::current_thread::CurrentThread>::block_on::<core[df12db4294e9bfd3]::pin::Pin<&mut dyn core[df12db4294e9bfd3]::future::future::Future<Output = ()>>>
[INFO] [stdout]                                at /opt/rustwide/cargo-home/registry/src/index.crates.io-1949cf8c6b5b557f/tokio-1.47.1/src/runtime/scheduler/current_thread/mod.rs:188:9
[INFO] [stdout]   42:     0x557734f8ad4f - <tokio[22bd0e7c546f906c]::runtime::runtime::Runtime>::block_on_inner::<core[df12db4294e9bfd3]::pin::Pin<&mut dyn core[df12db4294e9bfd3]::future::future::Future<Output = ()>>>
[INFO] [stdout]                                at /opt/rustwide/cargo-home/registry/src/index.crates.io-1949cf8c6b5b557f/tokio-1.47.1/src/runtime/runtime.rs:356:52
[INFO] [stdout]   43:     0x557734f8ae9b - <tokio[22bd0e7c546f906c]::runtime::runtime::Runtime>::block_on::<core[df12db4294e9bfd3]::pin::Pin<&mut dyn core[df12db4294e9bfd3]::future::future::Future<Output = ()>>>
[INFO] [stdout]                                at /opt/rustwide/cargo-home/registry/src/index.crates.io-1949cf8c6b5b557f/tokio-1.47.1/src/runtime/runtime.rs:330:18
[INFO] [stdout]   44:     0x557734f53d63 - secrets_integration[295c0884db343130]::test_secrets_service_picks_up_deleted_secret_after_ttl
[INFO] [stdout]                                at /opt/rustwide/workdir/tests/secrets_integration.rs:198:6
[INFO] [stdout]   45:     0x557734f4ee87 - secrets_integration[295c0884db343130]::test_secrets_service_picks_up_deleted_secret_after_ttl::{closure#0}
[INFO] [stdout]                                at /opt/rustwide/workdir/tests/secrets_integration.rs:159:66
[INFO] [stdout]   46:     0x557734ed2856 - <secrets_integration[295c0884db343130]::test_secrets_service_picks_up_deleted_secret_after_ttl::{closure#0} as core[df12db4294e9bfd3]::ops::function::FnOnce<()>>::call_once
[INFO] [stdout]                                at /rustc/dfb0accb7f508ae8be965d8629557221c889dd98/library/core/src/ops/function.rs:250:5
[INFO] [stdout]   47:     0x557734fe2beb - <fn() -> core[df12db4294e9bfd3]::result::Result<(), alloc[2182bb758b4b3781]::string::String> as core[df12db4294e9bfd3]::ops::function::FnOnce<()>>::call_once
[INFO] [stdout]                                at /rustc/dfb0accb7f508ae8be965d8629557221c889dd98/library/core/src/ops/function.rs:250:5
[INFO] [stdout]   48:     0x557734fe2beb - test[9d35eded1c95d3be]::__rust_begin_short_backtrace::<core[df12db4294e9bfd3]::result::Result<(), alloc[2182bb758b4b3781]::string::String>, fn() -> core[df12db4294e9bfd3]::result::Result<(), alloc[2182bb758b4b3781]::string::String>>
[INFO] [stdout]                                at /rustc/dfb0accb7f508ae8be965d8629557221c889dd98/library/test/src/lib.rs:733:18
[INFO] [stdout]   49:     0x557734ff0255 - test[9d35eded1c95d3be]::run_test_in_process::{closure#0}
[INFO] [stdout]                                at /rustc/dfb0accb7f508ae8be965d8629557221c889dd98/library/test/src/lib.rs:756:74
[INFO] [stdout]   50:     0x557734ff0255 - <core[df12db4294e9bfd3]::panic::unwind_safe::AssertUnwindSafe<test[9d35eded1c95d3be]::run_test_in_process::{closure#0}> as core[df12db4294e9bfd3]::ops::function::FnOnce<()>>::call_once
[INFO] [stdout]                                at /rustc/dfb0accb7f508ae8be965d8629557221c889dd98/library/core/src/panic/unwind_safe.rs:275:9
[INFO] [stdout]   51:     0x557734ff0255 - std[70759c8f55707aa4]::panicking::catch_unwind::do_call::<core[df12db4294e9bfd3]::panic::unwind_safe::AssertUnwindSafe<test[9d35eded1c95d3be]::run_test_in_process::{closure#0}>, core[df12db4294e9bfd3]::result::Result<(), alloc[2182bb758b4b3781]::string::String>>
[INFO] [stdout]                                at /rustc/dfb0accb7f508ae8be965d8629557221c889dd98/library/std/src/panicking.rs:576:43
[INFO] [stdout]   52:     0x557734ff0255 - std[70759c8f55707aa4]::panicking::catch_unwind::<core[df12db4294e9bfd3]::result::Result<(), alloc[2182bb758b4b3781]::string::String>, core[df12db4294e9bfd3]::panic::unwind_safe::AssertUnwindSafe<test[9d35eded1c95d3be]::run_test_in_process::{closure#0}>>
[INFO] [stdout]                                at /rustc/dfb0accb7f508ae8be965d8629557221c889dd98/library/std/src/panicking.rs:544:19
[INFO] [stdout]   53:     0x557734ff0255 - std[70759c8f55707aa4]::panic::catch_unwind::<core[df12db4294e9bfd3]::panic::unwind_safe::AssertUnwindSafe<test[9d35eded1c95d3be]::run_test_in_process::{closure#0}>, core[df12db4294e9bfd3]::result::Result<(), alloc[2182bb758b4b3781]::string::String>>
[INFO] [stdout]                                at /rustc/dfb0accb7f508ae8be965d8629557221c889dd98/library/std/src/panic.rs:359:14
[INFO] [stdout]   54:     0x557734ff0255 - test[9d35eded1c95d3be]::run_test_in_process
[INFO] [stdout]                                at /rustc/dfb0accb7f508ae8be965d8629557221c889dd98/library/test/src/lib.rs:756:27
[INFO] [stdout]   55:     0x557734ff0255 - test[9d35eded1c95d3be]::run_test::{closure#0}
[INFO] [stdout]                                at /rustc/dfb0accb7f508ae8be965d8629557221c889dd98/library/test/src/lib.rs:677:43
[INFO] [stdout]   56:     0x557734fe9b14 - test[9d35eded1c95d3be]::run_test::{closure#1}
[INFO] [stdout]                                at /rustc/dfb0accb7f508ae8be965d8629557221c889dd98/library/test/src/lib.rs:707:41
[INFO] [stdout]   57:     0x557734fe9b14 - std[70759c8f55707aa4]::sys::backtrace::__rust_begin_short_backtrace::<test[9d35eded1c95d3be]::run_test::{closure#1}, ()>
[INFO] [stdout]                                at /rustc/dfb0accb7f508ae8be965d8629557221c889dd98/library/std/src/sys/backtrace.rs:166:18
[INFO] [stdout]   58:     0x557734ff33b2 - std[70759c8f55707aa4]::thread::lifecycle::spawn_unchecked::<test[9d35eded1c95d3be]::run_test::{closure#1}, ()>::{closure#1}::{closure#0}
[INFO] [stdout]                                at /rustc/dfb0accb7f508ae8be965d8629557221c889dd98/library/std/src/thread/lifecycle.rs:70:13
[INFO] [stdout]   59:     0x557734ff33b2 - <core[df12db4294e9bfd3]::panic::unwind_safe::AssertUnwindSafe<std[70759c8f55707aa4]::thread::lifecycle::spawn_unchecked<test[9d35eded1c95d3be]::run_test::{closure#1}, ()>::{closure#1}::{closure#0}> as core[df12db4294e9bfd3]::ops::function::FnOnce<()>>::call_once
[INFO] [stdout]                                at /rustc/dfb0accb7f508ae8be965d8629557221c889dd98/library/core/src/panic/unwind_safe.rs:275:9
[INFO] [stdout]   60:     0x557734ff33b2 - std[70759c8f55707aa4]::panicking::catch_unwind::do_call::<core[df12db4294e9bfd3]::panic::unwind_safe::AssertUnwindSafe<std[70759c8f55707aa4]::thread::lifecycle::spawn_unchecked<test[9d35eded1c95d3be]::run_test::{closure#1}, ()>::{closure#1}::{closure#0}>, ()>
[INFO] [stdout]                                at /rustc/dfb0accb7f508ae8be965d8629557221c889dd98/library/std/src/panicking.rs:576:43
[INFO] [stdout]   61:     0x557734ff33b2 - std[70759c8f55707aa4]::panicking::catch_unwind::<(), core[df12db4294e9bfd3]::panic::unwind_safe::AssertUnwindSafe<std[70759c8f55707aa4]::thread::lifecycle::spawn_unchecked<test[9d35eded1c95d3be]::run_test::{closure#1}, ()>::{closure#1}::{closure#0}>>
[INFO] [stdout]                                at /rustc/dfb0accb7f508ae8be965d8629557221c889dd98/library/std/src/panicking.rs:544:19
[INFO] [stdout]   62:     0x557734ff33b2 - std[70759c8f55707aa4]::panic::catch_unwind::<core[df12db4294e9bfd3]::panic::unwind_safe::AssertUnwindSafe<std[70759c8f55707aa4]::thread::lifecycle::spawn_unchecked<test[9d35eded1c95d3be]::run_test::{closure#1}, ()>::{closure#1}::{closure#0}>, ()>
[INFO] [stdout]                                at /rustc/dfb0accb7f508ae8be965d8629557221c889dd98/library/std/src/panic.rs:359:14
[INFO] [stdout]   63:     0x557734ff33b2 - std[70759c8f55707aa4]::thread::lifecycle::spawn_unchecked::<test[9d35eded1c95d3be]::run_test::{closure#1}, ()>::{closure#1}
[INFO] [stdout]                                at /rustc/dfb0accb7f508ae8be965d8629557221c889dd98/library/std/src/thread/lifecycle.rs:68:26
[INFO] [stdout]   64:     0x557734ff33b2 - <std[70759c8f55707aa4]::thread::lifecycle::spawn_unchecked<test[9d35eded1c95d3be]::run_test::{closure#1}, ()>::{closure#1} as core[df12db4294e9bfd3]::ops::function::FnOnce<()>>::call_once::{shim:vtable#0}
[INFO] [stdout]                                at /rustc/dfb0accb7f508ae8be965d8629557221c889dd98/library/core/src/ops/function.rs:250:5
[INFO] [stdout]   65:     0x5577365d5809 - <alloc[2182bb758b4b3781]::boxed::Box<dyn core[df12db4294e9bfd3]::ops::function::FnOnce<(), Output = ()> + core[df12db4294e9bfd3]::marker::Send> as core[df12db4294e9bfd3]::ops::function::FnOnce<()>>::call_once
[INFO] [stdout]                                at /rustc/dfb0accb7f508ae8be965d8629557221c889dd98/library/alloc/src/boxed.rs:2320:9
[INFO] [stdout]   66:     0x5577365d5809 - <std[70759c8f55707aa4]::sys::thread::unix::Thread>::new::thread_start
[INFO] [stdout]                                at /rustc/dfb0accb7f508ae8be965d8629557221c889dd98/library/std/src/sys/thread/unix.rs:123:17
[INFO] [stdout]   67:     0x76f4ffb96dfa - <unknown>
[INFO] [stdout]   68:     0x76f4ffc2a3d4 - clone
[INFO] [stdout]   69:                0x0 - <unknown>
[INFO] [stdout] 
[INFO] [stdout] ---- test_secrets_service_empty_when_no_oramacore_secrets stdout ----
[INFO] [stdout] 
[INFO] [stdout] thread 'test_secrets_service_empty_when_no_oramacore_secrets' (7193) panicked at tests/secrets_integration.rs:29:10:
[INFO] [stdout] Failed to start LocalStack container: Client(Init(SocketNotFoundError("/var/run/docker.sock")))
[INFO] [stdout] stack backtrace:
[INFO] [stdout]    0:     0x5577365d6b61 - std[70759c8f55707aa4]::backtrace_rs::backtrace::libunwind::trace
[INFO] [stdout]                                at /rustc/dfb0accb7f508ae8be965d8629557221c889dd98/library/std/src/../../backtrace/src/backtrace/libunwind.rs:117:9
[INFO] [stdout]    1:     0x5577365d6b61 - std[70759c8f55707aa4]::backtrace_rs::backtrace::trace_unsynchronized::<std[70759c8f55707aa4]::sys::backtrace::_print_fmt::{closure#1}>
[INFO] [stdout]                                at /rustc/dfb0accb7f508ae8be965d8629557221c889dd98/library/std/src/../../backtrace/src/backtrace/mod.rs:66:14
[INFO] [stdout]    2:     0x5577365d6b61 - std[70759c8f55707aa4]::sys::backtrace::_print_fmt
[INFO] [stdout]                                at /rustc/dfb0accb7f508ae8be965d8629557221c889dd98/library/std/src/sys/backtrace.rs:74:9
[INFO] [stdout]    3:     0x5577365d6b61 - <<std[70759c8f55707aa4]::sys::backtrace::BacktraceLock>::print::DisplayBacktrace as core[df12db4294e9bfd3]::fmt::Display>::fmt
[INFO] [stdout]                                at /rustc/dfb0accb7f508ae8be965d8629557221c889dd98/library/std/src/sys/backtrace.rs:44:26
[INFO] [stdout]    4:     0x5577365f13fa - <core[df12db4294e9bfd3]::fmt::rt::Argument>::fmt
[INFO] [stdout]                                at /rustc/dfb0accb7f508ae8be965d8629557221c889dd98/library/core/src/fmt/rt.rs:152:76
[INFO] [stdout]    5:     0x5577365f13fa - core[df12db4294e9bfd3]::fmt::write
[INFO] [stdout]    6:     0x5577365dc48c - core[df12db4294e9bfd3]::io::write::default_write_fmt::<alloc[2182bb758b4b3781]::vec::Vec<u8>>
[INFO] [stdout]                                at /rustc/dfb0accb7f508ae8be965d8629557221c889dd98/library/core/src/io/write.rs:402:11
[INFO] [stdout]    7:     0x5577365dc48c - <alloc[2182bb758b4b3781]::vec::Vec<u8> as core[df12db4294e9bfd3]::io::write::Write>::write_fmt
[INFO] [stdout]                                at /rustc/dfb0accb7f508ae8be965d8629557221c889dd98/library/core/src/io/write.rs:335:13
[INFO] [stdout]    8:     0x5577365aff66 - <std[70759c8f55707aa4]::sys::backtrace::BacktraceLock>::print
[INFO] [stdout]                                at /rustc/dfb0accb7f508ae8be965d8629557221c889dd98/library/std/src/sys/backtrace.rs:47:9
[INFO] [stdout]    9:     0x5577365aff66 - std[70759c8f55707aa4]::panicking::default_hook::{closure#0}
[INFO] [stdout]                                at /rustc/dfb0accb7f508ae8be965d8629557221c889dd98/library/std/src/panicking.rs:292:27
[INFO] [stdout]   10:     0x5577365cddb9 - std[70759c8f55707aa4]::panicking::default_hook
[INFO] [stdout]                                at /rustc/dfb0accb7f508ae8be965d8629557221c889dd98/library/std/src/panicking.rs:316:9
[INFO] [stdout]   11:     0x557734fef900 - <alloc[2182bb758b4b3781]::boxed::Box<dyn for<'a, 'b> core[df12db4294e9bfd3]::ops::function::Fn<(&'a std[70759c8f55707aa4]::panic::PanicHookInfo<'b>,), Output = ()> + core[df12db4294e9bfd3]::marker::Send + core[df12db4294e9bfd3]::marker::Sync> as core[df12db4294e9bfd3]::ops::function::Fn<(&std[70759c8f55707aa4]::panic::PanicHookInfo,)>>::call
[INFO] [stdout]                                at /rustc/dfb0accb7f508ae8be965d8629557221c889dd98/library/alloc/src/boxed.rs:2334:9
[INFO] [stdout]   12:     0x557734fef900 - test[9d35eded1c95d3be]::test_main_inner::<test[9d35eded1c95d3be]::test_main_static::{closure#0}>::{closure#0}
[INFO] [stdout]                                at /rustc/dfb0accb7f508ae8be965d8629557221c889dd98/library/test/src/lib.rs:155:21
[INFO] [stdout]   13:     0x5577365ce0e2 - <alloc[2182bb758b4b3781]::boxed::Box<dyn for<'a, 'b> core[df12db4294e9bfd3]::ops::function::Fn<(&'a std[70759c8f55707aa4]::panic::PanicHookInfo<'b>,), Output = ()> + core[df12db4294e9bfd3]::marker::Send + core[df12db4294e9bfd3]::marker::Sync> as core[df12db4294e9bfd3]::ops::function::Fn<(&std[70759c8f55707aa4]::panic::PanicHookInfo,)>>::call
[INFO] [stdout]                                at /rustc/dfb0accb7f508ae8be965d8629557221c889dd98/library/alloc/src/boxed.rs:2334:9
[INFO] [stdout]   14:     0x5577365ce0e2 - std[70759c8f55707aa4]::panicking::panic_with_hook
[INFO] [stdout]                                at /rustc/dfb0accb7f508ae8be965d8629557221c889dd98/library/std/src/panicking.rs:823:13
[INFO] [stdout]   15:     0x5577365b0012 - std[70759c8f55707aa4]::panicking::panic_handler::{closure#0}
[INFO] [stdout]                                at /rustc/dfb0accb7f508ae8be965d8629557221c889dd98/library/std/src/panicking.rs:688:13
[INFO] [stdout]   16:     0x5577365a84f9 - std[70759c8f55707aa4]::sys::backtrace::__rust_end_short_backtrace::<std[70759c8f55707aa4]::panicking::panic_handler::{closure#0}, !>
[INFO] [stdout]                                at /rustc/dfb0accb7f508ae8be965d8629557221c889dd98/library/std/src/sys/backtrace.rs:182:18
[INFO] [stdout]   17:     0x5577365b0f0d - __rustc[8fa7c3cbc660c2b3]::rust_begin_unwind
[INFO] [stdout]                                at /rustc/dfb0accb7f508ae8be965d8629557221c889dd98/library/std/src/panicking.rs:679:5
[INFO] [stdout]   18:     0x5577365f1c9c - core[df12db4294e9bfd3]::panicking::panic_fmt
[INFO] [stdout]                                at /rustc/dfb0accb7f508ae8be965d8629557221c889dd98/library/core/src/panicking.rs:80:14
[INFO] [stdout]   19:     0x5577365f19f2 - core[df12db4294e9bfd3]::result::unwrap_failed
[INFO] [stdout]                                at /rustc/dfb0accb7f508ae8be965d8629557221c889dd98/library/core/src/result.rs:1871:5
[INFO] [stdout]   20:     0x557734f7f97c - <core[df12db4294e9bfd3]::result::Result<testcontainers[4e35620463ece257]::core::containers::async_container::ContainerAsync<testcontainers[4e35620463ece257]::images::generic::GenericImage>, testcontainers[4e35620463ece257]::core::error::TestcontainersError>>::expect
[INFO] [stdout]                                at /rustc/dfb0accb7f508ae8be965d8629557221c889dd98/library/core/src/result.rs:1184:23
[INFO] [stdout]   21:     0x557734f4da82 - secrets_integration[295c0884db343130]::setup_localstack_secrets::{closure#0}
[INFO] [stdout]                                at /opt/rustwide/workdir/tests/secrets_integration.rs:29:10
[INFO] [stdout]   22:     0x557734f4f336 - secrets_integration[295c0884db343130]::test_secrets_service_empty_when_no_oramacore_secrets::{closure#0}
[INFO] [stdout]                                at /opt/rustwide/workdir/tests/secrets_integration.rs:112:77
[INFO] [stdout]   23:     0x557734f581e2 - <core[df12db4294e9bfd3]::pin::Pin<&mut dyn core[df12db4294e9bfd3]::future::future::Future<Output = ()>> as core[df12db4294e9bfd3]::future::future::Future>::poll
[INFO] [stdout]                                at /rustc/dfb0accb7f508ae8be965d8629557221c889dd98/library/core/src/future/future.rs:133:9
[INFO] [stdout]   24:     0x557734f5825d - <core[df12db4294e9bfd3]::pin::Pin<&mut core[df12db4294e9bfd3]::pin::Pin<&mut dyn core[df12db4294e9bfd3]::future::future::Future<Output = ()>>> as core[df12db4294e9bfd3]::future::future::Future>::poll
[INFO] [stdout]                                at /rustc/dfb0accb7f508ae8be965d8629557221c889dd98/library/core/src/future/future.rs:133:9
[INFO] [stdout]   25:     0x557734f99dfd - <tokio[22bd0e7c546f906c]::runtime::scheduler::current_thread::CoreGuard>::block_on::<core[df12db4294e9bfd3]::pin::Pin<&mut core[df12db4294e9bfd3]::pin::Pin<&mut dyn core[df12db4294e9bfd3]::future::future::Future<Output = ()>>>>::{closure#0}::{closure#0}::{closure#0}
[INFO] [stdout]                                at /opt/rustwide/cargo-home/registry/src/index.crates.io-1949cf8c6b5b557f/tokio-1.47.1/src/runtime/scheduler/current_thread/mod.rs:742:70
[INFO] [stdout]   26:     0x557734f99d25 - tokio[22bd0e7c546f906c]::task::coop::with_budget::<core[df12db4294e9bfd3]::task::poll::Poll<()>, <tokio[22bd0e7c546f906c]::runtime::scheduler::current_thread::CoreGuard>::block_on<core[df12db4294e9bfd3]::pin::Pin<&mut core[df12db4294e9bfd3]::pin::Pin<&mut dyn core[df12db4294e9bfd3]::future::future::Future<Output = ()>>>>::{closure#0}::{closure#0}::{closure#0}>
[INFO] [stdout]                                at /opt/rustwide/cargo-home/registry/src/index.crates.io-1949cf8c6b5b557f/tokio-1.47.1/src/task/coop/mod.rs:167:5
[INFO] [stdout]   27:     0x557734f99d25 - tokio[22bd0e7c546f906c]::task::coop::budget::<core[df12db4294e9bfd3]::task::poll::Poll<()>, <tokio[22bd0e7c546f906c]::runtime::scheduler::current_thread::CoreGuard>::block_on<core[df12db4294e9bfd3]::pin::Pin<&mut core[df12db4294e9bfd3]::pin::Pin<&mut dyn core[df12db4294e9bfd3]::future::future::Future<Output = ()>>>>::{closure#0}::{closure#0}::{closure#0}>
[INFO] [stdout]                                at /opt/rustwide/cargo-home/registry/src/index.crates.io-1949cf8c6b5b557f/tokio-1.47.1/src/task/coop/mod.rs:133:5
[INFO] [stdout]   28:     0x557734f99d25 - <tokio[22bd0e7c546f906c]::runtime::scheduler::current_thread::CoreGuard>::block_on::<core[df12db4294e9bfd3]::pin::Pin<&mut core[df12db4294e9bfd3]::pin::Pin<&mut dyn core[df12db4294e9bfd3]::future::future::Future<Output = ()>>>>::{closure#0}::{closure#0}
[INFO] [stdout]                                at /opt/rustwide/cargo-home/registry/src/index.crates.io-1949cf8c6b5b557f/tokio-1.47.1/src/runtime/scheduler/current_thread/mod.rs:742:25
[INFO] [stdout]   29:     0x557734f8b512 - <tokio[22bd0e7c546f906c]::runtime::scheduler::current_thread::Context>::enter::<core[df12db4294e9bfd3]::task::poll::Poll<()>, <tokio[22bd0e7c546f906c]::runtime::scheduler::current_thread::CoreGuard>::block_on<core[df12db4294e9bfd3]::pin::Pin<&mut core[df12db4294e9bfd3]::pin::Pin<&mut dyn core[df12db4294e9bfd3]::future::future::Future<Output = ()>>>>::{closure#0}::{closure#0}>
[INFO] [stdout]                                at /opt/rustwide/cargo-home/registry/src/index.crates.io-1949cf8c6b5b557f/tokio-1.47.1/src/runtime/scheduler/current_thread/mod.rs:432:19
[INFO] [stdout]   30:     0x557734f98e9d - <tokio[22bd0e7c546f906c]::runtime::scheduler::current_thread::CoreGuard>::block_on::<core[df12db4294e9bfd3]::pin::Pin<&mut core[df12db4294e9bfd3]::pin::Pin<&mut dyn core[df12db4294e9bfd3]::future::future::Future<Output = ()>>>>::{closure#0}
[INFO] [stdout]                                at /opt/rustwide/cargo-home/registry/src/index.crates.io-1949cf8c6b5b557f/tokio-1.47.1/src/runtime/scheduler/current_thread/mod.rs:741:44
[INFO] [stdout]   31:     0x557734f98184 - <tokio[22bd0e7c546f906c]::runtime::scheduler::current_thread::CoreGuard>::enter::<<tokio[22bd0e7c546f906c]::runtime::scheduler::current_thread::CoreGuard>::block_on<core[df12db4294e9bfd3]::pin::Pin<&mut core[df12db4294e9bfd3]::pin::Pin<&mut dyn core[df12db4294e9bfd3]::future::future::Future<Output = ()>>>>::{closure#0}, core[df12db4294e9bfd3]::option::Option<()>>::{closure#0}
[INFO] [stdout]                                at /opt/rustwide/cargo-home/registry/src/index.crates.io-1949cf8c6b5b557f/tokio-1.47.1/src/runtime/scheduler/current_thread/mod.rs:829:68
[INFO] [stdout]   32:     0x557734fbb15b - <tokio[22bd0e7c546f906c]::runtime::context::scoped::Scoped<tokio[22bd0e7c546f906c]::runtime::scheduler::Context>>::set::<<tokio[22bd0e7c546f906c]::runtime::scheduler::current_thread::CoreGuard>::enter<<tokio[22bd0e7c546f906c]::runtime::scheduler::current_thread::CoreGuard>::block_on<core[df12db4294e9bfd3]::pin::Pin<&mut core[df12db4294e9bfd3]::pin::Pin<&mut dyn core[df12db4294e9bfd3]::future::future::Future<Output = ()>>>>::{closure#0}, core[df12db4294e9bfd3]::option::Option<()>>::{closure#0}, (alloc[2182bb758b4b3781]::boxed::Box<tokio[22bd0e7c546f906c]::runtime::scheduler::current_thread::Core>, core[df12db4294e9bfd3]::option::Option<()>)>
[INFO] [stdout]                                at /opt/rustwide/cargo-home/registry/src/index.crates.io-1949cf8c6b5b557f/tokio-1.47.1/src/runtime/context/scoped.rs:40:9
[INFO] [stdout]   33:     0x557734f4d1e9 - tokio[22bd0e7c546f906c]::runtime::context::set_scheduler::<(alloc[2182bb758b4b3781]::boxed::Box<tokio[22bd0e7c546f906c]::runtime::scheduler::current_thread::Core>, core[df12db4294e9bfd3]::option::Option<()>), <tokio[22bd0e7c546f906c]::runtime::scheduler::current_thread::CoreGuard>::enter<<tokio[22bd0e7c546f906c]::runtime::scheduler::current_thread::CoreGuard>::block_on<core[df12db4294e9bfd3]::pin::Pin<&mut core[df12db4294e9bfd3]::pin::Pin<&mut dyn core[df12db4294e9bfd3]::future::future::Future<Output = ()>>>>::{closure#0}, core[df12db4294e9bfd3]::option::Option<()>>::{closure#0}>::{closure#0}
[INFO] [stdout]                                at /opt/rustwide/cargo-home/registry/src/index.crates.io-1949cf8c6b5b557f/tokio-1.47.1/src/runtime/context.rs:176:38
[INFO] [stdout]   34:     0x557734fbba2f - <std[70759c8f55707aa4]::thread::local::LocalKey<tokio[22bd0e7c546f906c]::runtime::context::Context>>::try_with::<tokio[22bd0e7c546f906c]::runtime::context::set_scheduler<(alloc[2182bb758b4b3781]::boxed::Box<tokio[22bd0e7c546f906c]::runtime::scheduler::current_thread::Core>, core[df12db4294e9bfd3]::option::Option<()>), <tokio[22bd0e7c546f906c]::runtime::scheduler::current_thread::CoreGuard>::enter<<tokio[22bd0e7c546f906c]::runtime::scheduler::current_thread::CoreGuard>::block_on<core[df12db4294e9bfd3]::pin::Pin<&mut core[df12db4294e9bfd3]::pin::Pin<&mut dyn core[df12db4294e9bfd3]::future::future::Future<Output = ()>>>>::{closure#0}, core[df12db4294e9bfd3]::option::Option<()>>::{closure#0}>::{closure#0}, (alloc[2182bb758b4b3781]::boxed::Box<tokio[22bd0e7c546f906c]::runtime::scheduler::current_thread::Core>, core[df12db4294e9bfd3]::option::Option<()>)>
[INFO] [stdout]                                at /rustc/dfb0accb7f508ae8be965d8629557221c889dd98/library/std/src/thread/local.rs:463:12
[INFO] [stdout]   35:     0x557734fbb48e - <std[70759c8f55707aa4]::thread::local::LocalKey<tokio[22bd0e7c546f906c]::runtime::context::Context>>::with::<tokio[22bd0e7c546f906c]::runtime::context::set_scheduler<(alloc[2182bb758b4b3781]::boxed::Box<tokio[22bd0e7c546f906c]::runtime::scheduler::current_thread::Core>, core[df12db4294e9bfd3]::option::Option<()>), <tokio[22bd0e7c546f906c]::runtime::scheduler::current_thread::CoreGuard>::enter<<tokio[22bd0e7c546f906c]::runtime::scheduler::current_thread::CoreGuard>::block_on<core[df12db4294e9bfd3]::pin::Pin<&mut core[df12db4294e9bfd3]::pin::Pin<&mut dyn core[df12db4294e9bfd3]::future::future::Future<Output = ()>>>>::{closure#0}, core[df12db4294e9bfd3]::option::Option<()>>::{closure#0}>::{closure#0}, (alloc[2182bb758b4b3781]::boxed::Box<tokio[22bd0e7c546f906c]::runtime::scheduler::current_thread::Core>, core[df12db4294e9bfd3]::option::Option<()>)>
[INFO] [stdout]                                at /rustc/dfb0accb7f508ae8be965d8629557221c889dd98/library/std/src/thread/local.rs:427:20
[INFO] [stdout]   36:     0x557734f4a73d - tokio[22bd0e7c546f906c]::runtime::context::set_scheduler::<(alloc[2182bb758b4b3781]::boxed::Box<tokio[22bd0e7c546f906c]::runtime::scheduler::current_thread::Core>, core[df12db4294e9bfd3]::option::Option<()>), <tokio[22bd0e7c546f906c]::runtime::scheduler::current_thread::CoreGuard>::enter<<tokio[22bd0e7c546f906c]::runtime::scheduler::current_thread::CoreGuard>::block_on<core[df12db4294e9bfd3]::pin::Pin<&mut core[df12db4294e9bfd3]::pin::Pin<&mut dyn core[df12db4294e9bfd3]::future::future::Future<Output = ()>>>>::{closure#0}, core[df12db4294e9bfd3]::option::Option<()>>::{closure#0}>
[INFO] [stdout]                                at /opt/rustwide/cargo-home/registry/src/index.crates.io-1949cf8c6b5b557f/tokio-1.47.1/src/runtime/context.rs:176:17
[INFO] [stdout]   37:     0x557734f8e9d0 - <tokio[22bd0e7c546f906c]::runtime::scheduler::current_thread::CoreGuard>::enter::<<tokio[22bd0e7c546f906c]::runtime::scheduler::current_thread::CoreGuard>::block_on<core[df12db4294e9bfd3]::pin::Pin<&mut core[df12db4294e9bfd3]::pin::Pin<&mut dyn core[df12db4294e9bfd3]::future::future::Future<Output = ()>>>>::{closure#0}, core[df12db4294e9bfd3]::option::Option<()>>
[INFO] [stdout]                                at /opt/rustwide/cargo-home/registry/src/index.crates.io-1949cf8c6b5b557f/tokio-1.47.1/src/runtime/scheduler/current_thread/mod.rs:829:27
[INFO] [stdout]   38:     0x557734f8ecc6 - <tokio[22bd0e7c546f906c]::runtime::scheduler::current_thread::CoreGuard>::block_on::<core[df12db4294e9bfd3]::pin::Pin<&mut core[df12db4294e9bfd3]::pin::Pin<&mut dyn core[df12db4294e9bfd3]::future::future::Future<Output = ()>>>>
[INFO] [stdout]                                at /opt/rustwide/cargo-home/registry/src/index.crates.io-1949cf8c6b5b557f/tokio-1.47.1/src/runtime/scheduler/current_thread/mod.rs:729:24
[INFO] [stdout]   39:     0x557734f97c10 - <tokio[22bd0e7c546f906c]::runtime::scheduler::current_thread::CurrentThread>::block_on::<core[df12db4294e9bfd3]::pin::Pin<&mut dyn core[df12db4294e9bfd3]::future::future::Future<Output = ()>>>::{closure#0}
[INFO] [stdout]                                at /opt/rustwide/cargo-home/registry/src/index.crates.io-1949cf8c6b5b557f/tokio-1.47.1/src/runtime/scheduler/current_thread/mod.rs:200:33
[INFO] [stdout]   40:     0x557734fda2b8 - tokio[22bd0e7c546f906c]::runtime::context::runtime::enter_runtime::<<tokio[22bd0e7c546f906c]::runtime::scheduler::current_thread::CurrentThread>::block_on<core[df12db4294e9bfd3]::pin::Pin<&mut dyn core[df12db4294e9bfd3]::future::future::Future<Output = ()>>>::{closure#0}, ()>
[INFO] [stdout]                                at /opt/rustwide/cargo-home/registry/src/index.crates.io-1949cf8c6b5b557f/tokio-1.47.1/src/runtime/context/runtime.rs:65:16
[INFO] [stdout]   41:     0x557734f8b0d4 - <tokio[22bd0e7c546f906c]::runtime::scheduler::current_thread::CurrentThread>::block_on::<core[df12db4294e9bfd3]::pin::Pin<&mut dyn core[df12db4294e9bfd3]::future::future::Future<Output = ()>>>
[INFO] [stdout]                                at /opt/rustwide/cargo-home/registry/src/index.crates.io-1949cf8c6b5b557f/tokio-1.47.1/src/runtime/scheduler/current_thread/mod.rs:188:9
[INFO] [stdout]   42:     0x557734f8ad4f - <tokio[22bd0e7c546f906c]::runtime::runtime::Runtime>::block_on_inner::<core[df12db4294e9bfd3]::pin::Pin<&mut dyn core[df12db4294e9bfd3]::future::future::Future<Output = ()>>>
[INFO] [stdout]                                at /opt/rustwide/cargo-home/registry/src/index.crates.io-1949cf8c6b5b557f/tokio-1.47.1/src/runtime/runtime.rs:356:52
[INFO] [stdout]   43:     0x557734f8ae9b - <tokio[22bd0e7c546f906c]::runtime::runtime::Runtime>::block_on::<core[df12db4294e9bfd3]::pin::Pin<&mut dyn core[df12db4294e9bfd3]::future::future::Future<Output = ()>>>
[INFO] [stdout]                                at /opt/rustwide/cargo-home/registry/src/index.crates.io-1949cf8c6b5b557f/tokio-1.47.1/src/runtime/runtime.rs:330:18
[INFO] [stdout]   44:     0x557734f53763 - secrets_integration[295c0884db343130]::test_secrets_service_empty_when_no_oramacore_secrets
[INFO] [stdout]                                at /opt/rustwide/workdir/tests/secrets_integration.rs:121:6
[INFO] [stdout]   45:     0x557734f4edf7 - secrets_integration[295c0884db343130]::test_secrets_service_empty_when_no_oramacore_secrets::{closure#0}
[INFO] [stdout]                                at /opt/rustwide/workdir/tests/secrets_integration.rs:105:64
[INFO] [stdout]   46:     0x557734ed27f6 - <secrets_integration[295c0884db343130]::test_secrets_service_empty_when_no_oramacore_secrets::{closure#0} as core[df12db4294e9bfd3]::ops::function::FnOnce<()>>::call_once
[INFO] [stdout]                                at /rustc/dfb0accb7f508ae8be965d8629557221c889dd98/library/core/src/ops/function.rs:250:5
[INFO] [stdout]   47:     0x557734fe2beb - <fn() -> core[df12db4294e9bfd3]::result::Result<(), alloc[2182bb758b4b3781]::string::String> as core[df12db4294e9bfd3]::ops::function::FnOnce<()>>::call_once
[INFO] [stdout]                                at /rustc/dfb0accb7f508ae8be965d8629557221c889dd98/library/core/src/ops/function.rs:250:5
[INFO] [stdout]   48:     0x557734fe2beb - test[9d35eded1c95d3be]::__rust_begin_short_backtrace::<core[df12db4294e9bfd3]::result::Result<(), alloc[2182bb758b4b3781]::string::String>, fn() -> core[df12db4294e9bfd3]::result::Result<(), alloc[2182bb758b4b3781]::string::String>>
[INFO] [stdout]                                at /rustc/dfb0accb7f508ae8be965d8629557221c889dd98/library/test/src/lib.rs:733:18
[INFO] [stdout]   49:     0x557734ff0255 - test[9d35eded1c95d3be]::run_test_in_process::{closure#0}
[INFO] [stdout]                                at /rustc/dfb0accb7f508ae8be965d8629557221c889dd98/library/test/src/lib.rs:756:74
[INFO] [stdout]   50:     0x557734ff0255 - <core[df12db4294e9bfd3]::panic::unwind_safe::AssertUnwindSafe<test[9d35eded1c95d3be]::run_test_in_process::{closure#0}> as core[df12db4294e9bfd3]::ops::function::FnOnce<()>>::call_once
[INFO] [stdout]                                at /rustc/dfb0accb7f508ae8be965d8629557221c889dd98/library/core/src/panic/unwind_safe.rs:275:9
[INFO] [stdout]   51:     0x557734ff0255 - std[70759c8f55707aa4]::panicking::catch_unwind::do_call::<core[df12db4294e9bfd3]::panic::unwind_safe::AssertUnwindSafe<test[9d35eded1c95d3be]::run_test_in_process::{closure#0}>, core[df12db4294e9bfd3]::result::Result<(), alloc[2182bb758b4b3781]::string::String>>
[INFO] [stdout]                                at /rustc/dfb0accb7f508ae8be965d8629557221c889dd98/library/std/src/panicking.rs:576:43
[INFO] [stdout]   52:     0x557734ff0255 - std[70759c8f55707aa4]::panicking::catch_unwind::<core[df12db4294e9bfd3]::result::Result<(), alloc[2182bb758b4b3781]::string::String>, core[df12db4294e9bfd3]::panic::unwind_safe::AssertUnwindSafe<test[9d35eded1c95d3be]::run_test_in_process::{closure#0}>>
[INFO] [stdout]                                at /rustc/dfb0accb7f508ae8be965d8629557221c889dd98/library/std/src/panicking.rs:544:19
[INFO] [stdout]   53:     0x557734ff0255 - std[70759c8f55707aa4]::panic::catch_unwind::<core[df12db4294e9bfd3]::panic::unwind_safe::AssertUnwindSafe<test[9d35eded1c95d3be]::run_test_in_process::{closure#0}>, core[df12db4294e9bfd3]::result::Result<(), alloc[2182bb758b4b3781]::string::String>>
[INFO] [stdout]                                at /rustc/dfb0accb7f508ae8be965d8629557221c889dd98/library/std/src/panic.rs:359:14
[INFO] [stdout]   54:     0x557734ff0255 - test[9d35eded1c95d3be]::run_test_in_process
[INFO] [stdout]                                at /rustc/dfb0accb7f508ae8be965d8629557221c889dd98/library/test/src/lib.rs:756:27
[INFO] [stdout]   55:     0x557734ff0255 - test[9d35eded1c95d3be]::run_test::{closure#0}
[INFO] [stdout]                                at /rustc/dfb0accb7f508ae8be965d8629557221c889dd98/library/test/src/lib.rs:677:43
[INFO] [stdout]   56:     0x557734fe9b14 - test[9d35eded1c95d3be]::run_test::{closure#1}
[INFO] [stdout]                                at /rustc/dfb0accb7f508ae8be965d8629557221c889dd98/library/test/src/lib.rs:707:41
[INFO] [stdout]   57:     0x557734fe9b14 - std[70759c8f55707aa4]::sys::backtrace::__rust_begin_short_backtrace::<test[9d35eded1c95d3be]::run_test::{closure#1}, ()>
[INFO] [stdout]                                at /rustc/dfb0accb7f508ae8be965d8629557221c889dd98/library/std/src/sys/backtrace.rs:166:18
[INFO] [stdout]   58:     0x557734ff33b2 - std[70759c8f55707aa4]::thread::lifecycle::spawn_unchecked::<test[9d35eded1c95d3be]::run_test::{closure#1}, ()>::{closure#1}::{closure#0}
[INFO] [stdout]                                at /rustc/dfb0accb7f508ae8be965d8629557221c889dd98/library/std/src/thread/lifecycle.rs:70:13
[INFO] [stdout]   59:     0x557734ff33b2 - <core[df12db4294e9bfd3]::panic::unwind_safe::AssertUnwindSafe<std[70759c8f55707aa4]::thread::lifecycle::spawn_unchecked<test[9d35eded1c95d3be]::run_test::{closure#1}, ()>::{closure#1}::{closure#0}> as core[df12db4294e9bfd3]::ops::function::FnOnce<()>>::call_once
[INFO] [stdout]                                at /rustc/dfb0accb7f508ae8be965d8629557221c889dd98/library/core/src/panic/unwind_safe.rs:275:9
[INFO] [stdout]   60:     0x557734ff33b2 - std[70759c8f55707aa4]::panicking::catch_unwind::do_call::<core[df12db4294e9bfd3]::panic::unwind_safe::AssertUnwindSafe<std[70759c8f55707aa4]::thread::lifecycle::spawn_unchecked<test[9d35eded1c95d3be]::run_test::{closure#1}, ()>::{closure#1}::{closure#0}>, ()>
[INFO] [stdout]                                at /rustc/dfb0accb7f508ae8be965d8629557221c889dd98/library/std/src/panicking.rs:576:43
[INFO] [stdout]   61:     0x557734ff33b2 - std[70759c8f55707aa4]::panicking::catch_unwind::<(), core[df12db4294e9bfd3]::panic::unwind_safe::AssertUnwindSafe<std[70759c8f55707aa4]::thread::lifecycle::spawn_unchecked<test[9d35eded1c95d3be]::run_test::{closure#1}, ()>::{closure#1}::{closure#0}>>
[INFO] [stdout]                                at /rustc/dfb0accb7f508ae8be965d8629557221c889dd98/library/std/src/panicking.rs:544:19
[INFO] [stdout]   62:     0x557734ff33b2 - std[70759c8f55707aa4]::panic::catch_unwind::<core[df12db4294e9bfd3]::panic::unwind_safe::AssertUnwindSafe<std[70759c8f55707aa4]::thread::lifecycle::spawn_unchecked<test[9d35eded1c95d3be]::run_test::{closure#1}, ()>::{closure#1}::{closure#0}>, ()>
[INFO] [stdout]                                at /rustc/dfb0accb7f508ae8be965d8629557221c889dd98/library/std/src/panic.rs:359:14
[INFO] [stdout]   63:     0x557734ff33b2 - std[70759c8f55707aa4]::thread::lifecycle::spawn_unchecked::<test[9d35eded1c95d3be]::run_test::{closure#1}, ()>::{closure#1}
[INFO] [stdout]                                at /rustc/dfb0accb7f508ae8be965d8629557221c889dd98/library/std/src/thread/lifecycle.rs:68:26
[INFO] [stdout]   64:     0x557734ff33b2 - <std[70759c8f55707aa4]::thread::lifecycle::spawn_unchecked<test[9d35eded1c95d3be]::run_test::{closure#1}, ()>::{closure#1} as core[df12db4294e9bfd3]::ops::function::FnOnce<()>>::call_once::{shim:vtable#0}
[INFO] [stdout]                                at /rustc/dfb0accb7f508ae8be965d8629557221c889dd98/library/core/src/ops/function.rs:250:5
[INFO] [stdout]   65:     0x5577365d5809 - <alloc[2182bb758b4b3781]::boxed::Box<dyn core[df12db4294e9bfd3]::ops::function::FnOnce<(), Output = ()> + core[df12db4294e9bfd3]::marker::Send> as core[df12db4294e9bfd3]::ops::function::FnOnce<()>>::call_once
[INFO] [stdout]                                at /rustc/dfb0accb7f508ae8be965d8629557221c889dd98/library/alloc/src/boxed.rs:2320:9
[INFO] [stdout]   66:     0x5577365d5809 - <std[70759c8f55707aa4]::sys::thread::unix::Thread>::new::thread_start
[INFO] [stdout]                                at /rustc/dfb0accb7f508ae8be965d8629557221c889dd98/library/std/src/sys/thread/unix.rs:123:17
[INFO] [stdout]   67:     0x76f4ffb96dfa - <unknown>
[INFO] [stdout]   68:     0x76f4ffc2a3d4 - clone
[INFO] [stdout]   69:                0x0 - <unknown>
[INFO] [stdout] 
[INFO] [stdout] ---- test_secrets_service_picks_up_updated_value_after_ttl stdout ----
[INFO] [stdout] 
[INFO] [stdout] thread 'test_secrets_service_picks_up_updated_value_after_ttl' (7196) panicked at tests/secrets_integration.rs:29:10:
[INFO] [stdout] Failed to start LocalStack container: Client(Init(SocketNotFoundError("/var/run/docker.sock")))
[INFO] [stdout] stack backtrace:
[INFO] [stdout]    0:     0x5577365d6b61 - std[70759c8f55707aa4]::backtrace_rs::backtrace::libunwind::trace
[INFO] [stdout]                                at /rustc/dfb0accb7f508ae8be965d8629557221c889dd98/library/std/src/../../backtrace/src/backtrace/libunwind.rs:117:9
[INFO] [stdout]    1:     0x5577365d6b61 - std[70759c8f55707aa4]::backtrace_rs::backtrace::trace_unsynchronized::<std[70759c8f55707aa4]::sys::backtrace::_print_fmt::{closure#1}>
[INFO] [stdout]                                at /rustc/dfb0accb7f508ae8be965d8629557221c889dd98/library/std/src/../../backtrace/src/backtrace/mod.rs:66:14
[INFO] [stdout]    2:     0x5577365d6b61 - std[70759c8f55707aa4]::sys::backtrace::_print_fmt
[INFO] [stdout]                                at /rustc/dfb0accb7f508ae8be965d8629557221c889dd98/library/std/src/sys/backtrace.rs:74:9
[INFO] [stdout]    3:     0x5577365d6b61 - <<std[70759c8f55707aa4]::sys::backtrace::BacktraceLock>::print::DisplayBacktrace as core[df12db4294e9bfd3]::fmt::Display>::fmt
[INFO] [stdout]                                at /rustc/dfb0accb7f508ae8be965d8629557221c889dd98/library/std/src/sys/backtrace.rs:44:26
[INFO] [stdout]    4:     0x5577365f13fa - <core[df12db4294e9bfd3]::fmt::rt::Argument>::fmt
[INFO] [stdout]                                at /rustc/dfb0accb7f508ae8be965d8629557221c889dd98/library/core/src/fmt/rt.rs:152:76
[INFO] [stdout]    5:     0x5577365f13fa - core[df12db4294e9bfd3]::fmt::write
[INFO] [stdout]    6:     0x5577365dc48c - core[df12db4294e9bfd3]::io::write::default_write_fmt::<alloc[2182bb758b4b3781]::vec::Vec<u8>>
[INFO] [stdout]                                at /rustc/dfb0accb7f508ae8be965d8629557221c889dd98/library/core/src/io/write.rs:402:11
[INFO] [stdout]    7:     0x5577365dc48c - <alloc[2182bb758b4b3781]::vec::Vec<u8> as core[df12db4294e9bfd3]::io::write::Write>::write_fmt
[INFO] [stdout]                                at /rustc/dfb0accb7f508ae8be965d8629557221c889dd98/library/core/src/io/write.rs:335:13
[INFO] [stdout]    8:     0x5577365aff66 - <std[70759c8f55707aa4]::sys::backtrace::BacktraceLock>::print
[INFO] [stdout]                                at /rustc/dfb0accb7f508ae8be965d8629557221c889dd98/library/std/src/sys/backtrace.rs:47:9
[INFO] [stdout]    9:     0x5577365aff66 - std[70759c8f55707aa4]::panicking::default_hook::{closure#0}
[INFO] [stdout]                                at /rustc/dfb0accb7f508ae8be965d8629557221c889dd98/library/std/src/panicking.rs:292:27
[INFO] [stdout]   10:     0x5577365cddb9 - std[70759c8f55707aa4]::panicking::default_hook
[INFO] [stdout]                                at /rustc/dfb0accb7f508ae8be965d8629557221c889dd98/library/std/src/panicking.rs:316:9
[INFO] [stdout]   11:     0x557734fef900 - <alloc[2182bb758b4b3781]::boxed::Box<dyn for<'a, 'b> core[df12db4294e9bfd3]::ops::function::Fn<(&'a std[70759c8f55707aa4]::panic::PanicHookInfo<'b>,), Output = ()> + core[df12db4294e9bfd3]::marker::Send + core[df12db4294e9bfd3]::marker::Sync> as core[df12db4294e9bfd3]::ops::function::Fn<(&std[70759c8f55707aa4]::panic::PanicHookInfo,)>>::call
[INFO] [stdout]                                at /rustc/dfb0accb7f508ae8be965d8629557221c889dd98/library/alloc/src/boxed.rs:2334:9
[INFO] [stdout]   12:     0x557734fef900 - test[9d35eded1c95d3be]::test_main_inner::<test[9d35eded1c95d3be]::test_main_static::{closure#0}>::{closure#0}
[INFO] [stdout]                                at /rustc/dfb0accb7f508ae8be965d8629557221c889dd98/library/test/src/lib.rs:155:21
[INFO] [stdout]   13:     0x5577365ce0e2 - <alloc[2182bb758b4b3781]::boxed::Box<dyn for<'a, 'b> core[df12db4294e9bfd3]::ops::function::Fn<(&'a std[70759c8f55707aa4]::panic::PanicHookInfo<'b>,), Output = ()> + core[df12db4294e9bfd3]::marker::Send + core[df12db4294e9bfd3]::marker::Sync> as core[df12db4294e9bfd3]::ops::function::Fn<(&std[70759c8f55707aa4]::panic::PanicHookInfo,)>>::call
[INFO] [stdout]                                at /rustc/dfb0accb7f508ae8be965d8629557221c889dd98/library/alloc/src/boxed.rs:2334:9
[INFO] [stdout]   14:     0x5577365ce0e2 - std[70759c8f55707aa4]::panicking::panic_with_hook
[INFO] [stdout]                                at /rustc/dfb0accb7f508ae8be965d8629557221c889dd98/library/std/src/panicking.rs:823:13
[INFO] [stdout]   15:     0x5577365b0012 - std[70759c8f55707aa4]::panicking::panic_handler::{closure#0}
[INFO] [stdout]                                at /rustc/dfb0accb7f508ae8be965d8629557221c889dd98/library/std/src/panicking.rs:688:13
[INFO] [stdout]   16:     0x5577365a84f9 - std[70759c8f55707aa4]::sys::backtrace::__rust_end_short_backtrace::<std[70759c8f55707aa4]::panicking::panic_handler::{closure#0}, !>
[INFO] [stdout]                                at /rustc/dfb0accb7f508ae8be965d8629557221c889dd98/library/std/src/sys/backtrace.rs:182:18
[INFO] [stdout]   17:     0x5577365b0f0d - __rustc[8fa7c3cbc660c2b3]::rust_begin_unwind
[INFO] [stdout]                                at /rustc/dfb0accb7f508ae8be965d8629557221c889dd98/library/std/src/panicking.rs:679:5
[INFO] [stdout]   18:     0x5577365f1c9c - core[df12db4294e9bfd3]::panicking::panic_fmt
[INFO] [stdout]                                at /rustc/dfb0accb7f508ae8be965d8629557221c889dd98/library/core/src/panicking.rs:80:14
[INFO] [stdout]   19:     0x5577365f19f2 - core[df12db4294e9bfd3]::result::unwrap_failed
[INFO] [stdout]                                at /rustc/dfb0accb7f508ae8be965d8629557221c889dd98/library/core/src/result.rs:1871:5
[INFO] [stdout]   20:     0x557734f7f97c - <core[df12db4294e9bfd3]::result::Result<testcontainers[4e35620463ece257]::core::containers::async_container::ContainerAsync<testcontainers[4e35620463ece257]::images::generic::GenericImage>, testcontainers[4e35620463ece257]::core::error::TestcontainersError>>::expect
[INFO] [stdout]                                at /rustc/dfb0accb7f508ae8be965d8629557221c889dd98/library/core/src/result.rs:1184:23
[INFO] [stdout]   21:     0x557734f4da82 - secrets_integration[295c0884db343130]::setup_localstack_secrets::{closure#0}
[INFO] [stdout]                                at /opt/rustwide/workdir/tests/secrets_integration.rs:29:10
[INFO] [stdout]   22:     0x557734f4fdb4 - secrets_integration[295c0884db343130]::test_secrets_service_picks_up_updated_value_after_ttl::{closure#0}
[INFO] [stdout]                                at /opt/rustwide/workdir/tests/secrets_integration.rs:129:76
[INFO] [stdout]   23:     0x557734f581e2 - <core[df12db4294e9bfd3]::pin::Pin<&mut dyn core[df12db4294e9bfd3]::future::future::Future<Output = ()>> as core[df12db4294e9bfd3]::future::future::Future>::poll
[INFO] [stdout]                                at /rustc/dfb0accb7f508ae8be965d8629557221c889dd98/library/core/src/future/future.rs:133:9
[INFO] [stdout]   24:     0x557734f5825d - <core[df12db4294e9bfd3]::pin::Pin<&mut core[df12db4294e9bfd3]::pin::Pin<&mut dyn core[df12db4294e9bfd3]::future::future::Future<Output = ()>>> as core[df12db4294e9bfd3]::future::future::Future>::poll
[INFO] [stdout]                                at /rustc/dfb0accb7f508ae8be965d8629557221c889dd98/library/core/src/future/future.rs:133:9
[INFO] [stdout]   25:     0x557734f99dfd - <tokio[22bd0e7c546f906c]::runtime::scheduler::current_thread::CoreGuard>::block_on::<core[df12db4294e9bfd3]::pin::Pin<&mut core[df12db4294e9bfd3]::pin::Pin<&mut dyn core[df12db4294e9bfd3]::future::future::Future<Output = ()>>>>::{closure#0}::{closure#0}::{closure#0}
[INFO] [stdout]                                at /opt/rustwide/cargo-home/registry/src/index.crates.io-1949cf8c6b5b557f/tokio-1.47.1/src/runtime/scheduler/current_thread/mod.rs:742:70
[INFO] [stdout]   26:     0x557734f99d25 - tokio[22bd0e7c546f906c]::task::coop::with_budget::<core[df12db4294e9bfd3]::task::poll::Poll<()>, <tokio[22bd0e7c546f906c]::runtime::scheduler::current_thread::CoreGuard>::block_on<core[df12db4294e9bfd3]::pin::Pin<&mut core[df12db4294e9bfd3]::pin::Pin<&mut dyn core[df12db4294e9bfd3]::future::future::Future<Output = ()>>>>::{closure#0}::{closure#0}::{closure#0}>
[INFO] [stdout]                                at /opt/rustwide/cargo-home/registry/src/index.crates.io-1949cf8c6b5b557f/tokio-1.47.1/src/task/coop/mod.rs:167:5
[INFO] [stdout]   27:     0x557734f99d25 - tokio[22bd0e7c546f906c]::task::coop::budget::<core[df12db4294e9bfd3]::task::poll::Poll<()>, <tokio[22bd0e7c546f906c]::runtime::scheduler::current_thread::CoreGuard>::block_on<core[df12db4294e9bfd3]::pin::Pin<&mut core[df12db4294e9bfd3]::pin::Pin<&mut dyn core[df12db4294e9bfd3]::future::future::Future<Output = ()>>>>::{closure#0}::{closure#0}::{closure#0}>
[INFO] [stdout]                                at /opt/rustwide/cargo-home/registry/src/index.crates.io-1949cf8c6b5b557f/tokio-1.47.1/src/task/coop/mod.rs:133:5
[INFO] [stdout]   28:     0x557734f99d25 - <tokio[22bd0e7c546f906c]::runtime::scheduler::current_thread::CoreGuard>::block_on::<core[df12db4294e9bfd3]::pin::Pin<&mut core[df12db4294e9bfd3]::pin::Pin<&mut dyn core[df12db4294e9bfd3]::future::future::Future<Output = ()>>>>::{closure#0}::{closure#0}
[INFO] [stdout]                                at /opt/rustwide/cargo-home/registry/src/index.crates.io-1949cf8c6b5b557f/tokio-1.47.1/src/runtime/scheduler/current_thread/mod.rs:742:25
[INFO] [stdout]   29:     0x557734f8b512 - <tokio[22bd0e7c546f906c]::runtime::scheduler::current_thread::Context>::enter::<core[df12db4294e9bfd3]::task::poll::Poll<()>, <tokio[22bd0e7c546f906c]::runtime::scheduler::current_thread::CoreGuard>::block_on<core[df12db4294e9bfd3]::pin::Pin<&mut core[df12db4294e9bfd3]::pin::Pin<&mut dyn core[df12db4294e9bfd3]::future::future::Future<Output = ()>>>>::{closure#0}::{closure#0}>
[INFO] [stdout]                                at /opt/rustwide/cargo-home/registry/src/index.crates.io-1949cf8c6b5b557f/tokio-1.47.1/src/runtime/scheduler/current_thread/mod.rs:432:19
[INFO] [stdout]   30:     0x557734f98e9d - <tokio[22bd0e7c546f906c]::runtime::scheduler::current_thread::CoreGuard>::block_on::<core[df12db4294e9bfd3]::pin::Pin<&mut core[df12db4294e9bfd3]::pin::Pin<&mut dyn core[df12db4294e9bfd3]::future::future::Future<Output = ()>>>>::{closure#0}
[INFO] [stdout]                                at /opt/rustwide/cargo-home/registry/src/index.crates.io-1949cf8c6b5b557f/tokio-1.47.1/src/runtime/scheduler/current_thread/mod.rs:741:44
[INFO] [stdout]   31:     0x557734f98184 - <tokio[22bd0e7c546f906c]::runtime::scheduler::current_thread::CoreGuard>::enter::<<tokio[22bd0e7c546f906c]::runtime::scheduler::current_thread::CoreGuard>::block_on<core[df12db4294e9bfd3]::pin::Pin<&mut core[df12db4294e9bfd3]::pin::Pin<&mut dyn core[df12db4294e9bfd3]::future::future::Future<Output = ()>>>>::{closure#0}, core[df12db4294e9bfd3]::option::Option<()>>::{closure#0}
[INFO] [stdout]                                at /opt/rustwide/cargo-home/registry/src/index.crates.io-1949cf8c6b5b557f/tokio-1.47.1/src/runtime/scheduler/current_thread/mod.rs:829:68
[INFO] [stdout]   32:     0x557734fbb15b - <tokio[22bd0e7c546f906c]::runtime::context::scoped::Scoped<tokio[22bd0e7c546f906c]::runtime::scheduler::Context>>::set::<<tokio[22bd0e7c546f906c]::runtime::scheduler::current_thread::CoreGuard>::enter<<tokio[22bd0e7c546f906c]::runtime::scheduler::current_thread::CoreGuard>::block_on<core[df12db4294e9bfd3]::pin::Pin<&mut core[df12db4294e9bfd3]::pin::Pin<&mut dyn core[df12db4294e9bfd3]::future::future::Future<Output = ()>>>>::{closure#0}, core[df12db4294e9bfd3]::option::Option<()>>::{closure#0}, (alloc[2182bb758b4b3781]::boxed::Box<tokio[22bd0e7c546f906c]::runtime::scheduler::current_thread::Core>, core[df12db4294e9bfd3]::option::Option<()>)>
[INFO] [stdout]                                at /opt/rustwide/cargo-home/registry/src/index.crates.io-1949cf8c6b5b557f/tokio-1.47.1/src/runtime/context/scoped.rs:40:9
[INFO] [stdout]   33:     0x557734f4d1e9 - tokio[22bd0e7c546f906c]::runtime::context::set_scheduler::<(alloc[2182bb758b4b3781]::boxed::Box<tokio[22bd0e7c546f906c]::runtime::scheduler::current_thread::Core>, core[df12db4294e9bfd3]::option::Option<()>), <tokio[22bd0e7c546f906c]::runtime::scheduler::current_thread::CoreGuard>::enter<<tokio[22bd0e7c546f906c]::runtime::scheduler::current_thread::CoreGuard>::block_on<core[df12db4294e9bfd3]::pin::Pin<&mut core[df12db4294e9bfd3]::pin::Pin<&mut dyn core[df12db4294e9bfd3]::future::future::Future<Output = ()>>>>::{closure#0}, core[df12db4294e9bfd3]::option::Option<()>>::{closure#0}>::{closure#0}
[INFO] [stdout]                                at /opt/rustwide/cargo-home/registry/src/index.crates.io-1949cf8c6b5b557f/tokio-1.47.1/src/runtime/context.rs:176:38
[INFO] [stdout]   34:     0x557734fbba2f - <std[70759c8f55707aa4]::thread::local::LocalKey<tokio[22bd0e7c546f906c]::runtime::context::Context>>::try_with::<tokio[22bd0e7c546f906c]::runtime::context::set_scheduler<(alloc[2182bb758b4b3781]::boxed::Box<tokio[22bd0e7c546f906c]::runtime::scheduler::current_thread::Core>, core[df12db4294e9bfd3]::option::Option<()>), <tokio[22bd0e7c546f906c]::runtime::scheduler::current_thread::CoreGuard>::enter<<tokio[22bd0e7c546f906c]::runtime::scheduler::current_thread::CoreGuard>::block_on<core[df12db4294e9bfd3]::pin::Pin<&mut core[df12db4294e9bfd3]::pin::Pin<&mut dyn core[df12db4294e9bfd3]::future::future::Future<Output = ()>>>>::{closure#0}, core[df12db4294e9bfd3]::option::Option<()>>::{closure#0}>::{closure#0}, (alloc[2182bb758b4b3781]::boxed::Box<tokio[22bd0e7c546f906c]::runtime::scheduler::current_thread::Core>, core[df12db4294e9bfd3]::option::Option<()>)>
[INFO] [stdout]                                at /rustc/dfb0accb7f508ae8be965d8629557221c889dd98/library/std/src/thread/local.rs:463:12
[INFO] [stdout]   35:     0x557734fbb48e - <std[70759c8f55707aa4]::thread::local::LocalKey<tokio[22bd0e7c546f906c]::runtime::context::Context>>::with::<tokio[22bd0e7c546f906c]::runtime::context::set_scheduler<(alloc[2182bb758b4b3781]::boxed::Box<tokio[22bd0e7c546f906c]::runtime::scheduler::current_thread::Core>, core[df12db4294e9bfd3]::option::Option<()>), <tokio[22bd0e7c546f906c]::runtime::scheduler::current_thread::CoreGuard>::enter<<tokio[22bd0e7c546f906c]::runtime::scheduler::current_thread::CoreGuard>::block_on<core[df12db4294e9bfd3]::pin::Pin<&mut core[df12db4294e9bfd3]::pin::Pin<&mut dyn core[df12db4294e9bfd3]::future::future::Future<Output = ()>>>>::{closure#0}, core[df12db4294e9bfd3]::option::Option<()>>::{closure#0}>::{closure#0}, (alloc[2182bb758b4b3781]::boxed::Box<tokio[22bd0e7c546f906c]::runtime::scheduler::current_thread::Core>, core[df12db4294e9bfd3]::option::Option<()>)>
[INFO] [stdout]                                at /rustc/dfb0accb7f508ae8be965d8629557221c889dd98/library/std/src/thread/local.rs:427:20
[INFO] [stdout]   36:     0x557734f4a73d - tokio[22bd0e7c546f906c]::runtime::context::set_scheduler::<(alloc[2182bb758b4b3781]::boxed::Box<tokio[22bd0e7c546f906c]::runtime::scheduler::current_thread::Core>, core[df12db4294e9bfd3]::option::Option<()>), <tokio[22bd0e7c546f906c]::runtime::scheduler::current_thread::CoreGuard>::enter<<tokio[22bd0e7c546f906c]::runtime::scheduler::current_thread::CoreGuard>::block_on<core[df12db4294e9bfd3]::pin::Pin<&mut core[df12db4294e9bfd3]::pin::Pin<&mut dyn core[df12db4294e9bfd3]::future::future::Future<Output = ()>>>>::{closure#0}, core[df12db4294e9bfd3]::option::Option<()>>::{closure#0}>
[INFO] [stdout]                                at /opt/rustwide/cargo-home/registry/src/index.crates.io-1949cf8c6b5b557f/tokio-1.47.1/src/runtime/context.rs:176:17
[INFO] [stdout]   37:     0x557734f8e9d0 - <tokio[22bd0e7c546f906c]::runtime::scheduler::current_thread::CoreGuard>::enter::<<tokio[22bd0e7c546f906c]::runtime::scheduler::current_thread::CoreGuard>::block_on<core[df12db4294e9bfd3]::pin::Pin<&mut core[df12db4294e9bfd3]::pin::Pin<&mut dyn core[df12db4294e9bfd3]::future::future::Future<Output = ()>>>>::{closure#0}, core[df12db4294e9bfd3]::option::Option<()>>
[INFO] [stdout]                                at /opt/rustwide/cargo-home/registry/src/index.crates.io-1949cf8c6b5b557f/tokio-1.47.1/src/runtime/scheduler/current_thread/mod.rs:829:27
[INFO] [stdout]   38:     0x557734f8ecc6 - <tokio[22bd0e7c546f906c]::runtime::scheduler::current_thread::CoreGuard>::block_on::<core[df12db4294e9bfd3]::pin::Pin<&mut core[df12db4294e9bfd3]::pin::Pin<&mut dyn core[df12db4294e9bfd3]::future::future::Future<Output = ()>>>>
[INFO] [stdout]                                at /opt/rustwide/cargo-home/registry/src/index.crates.io-1949cf8c6b5b557f/tokio-1.47.1/src/runtime/scheduler/current_thread/mod.rs:729:24
[INFO] [stdout]   39:     0x557734f97c10 - <tokio[22bd0e7c546f906c]::runtime::scheduler::current_thread::CurrentThread>::block_on::<core[df12db4294e9bfd3]::pin::Pin<&mut dyn core[df12db4294e9bfd3]::future::future::Future<Output = ()>>>::{closure#0}
[INFO] [stdout]                                at /opt/rustwide/cargo-home/registry/src/index.crates.io-1949cf8c6b5b557f/tokio-1.47.1/src/runtime/scheduler/current_thread/mod.rs:200:33
[INFO] [stdout]   40:     0x557734fda2b8 - tokio[22bd0e7c546f906c]::runtime::context::runtime::enter_runtime::<<tokio[22bd0e7c546f906c]::runtime::scheduler::current_thread::CurrentThread>::block_on<core[df12db4294e9bfd3]::pin::Pin<&mut dyn core[df12db4294e9bfd3]::future::future::Future<Output = ()>>>::{closure#0}, ()>
[INFO] [stdout]                                at /opt/rustwide/cargo-home/registry/src/index.crates.io-1949cf8c6b5b557f/tokio-1.47.1/src/runtime/context/runtime.rs:65:16
[INFO] [stdout]   41:     0x557734f8b0d4 - <tokio[22bd0e7c546f906c]::runtime::scheduler::current_thread::CurrentThread>::block_on::<core[df12db4294e9bfd3]::pin::Pin<&mut dyn core[df12db4294e9bfd3]::future::future::Future<Output = ()>>>
[INFO] [stdout]                                at /opt/rustwide/cargo-home/registry/src/index.crates.io-1949cf8c6b5b557f/tokio-1.47.1/src/runtime/scheduler/current_thread/mod.rs:188:9
[INFO] [stdout]   42:     0x557734f8ad4f - <tokio[22bd0e7c546f906c]::runtime::runtime::Runtime>::block_on_inner::<core[df12db4294e9bfd3]::pin::Pin<&mut dyn core[df12db4294e9bfd3]::future::future::Future<Output = ()>>>
[INFO] [stdout]                                at /opt/rustwide/cargo-home/registry/src/index.crates.io-1949cf8c6b5b557f/tokio-1.47.1/src/runtime/runtime.rs:356:52
[INFO] [stdout]   43:     0x557734f8ae9b - <tokio[22bd0e7c546f906c]::runtime::runtime::Runtime>::block_on::<core[df12db4294e9bfd3]::pin::Pin<&mut dyn core[df12db4294e9bfd3]::future::future::Future<Output = ()>>>
[INFO] [stdout]                                at /opt/rustwide/cargo-home/registry/src/index.crates.io-1949cf8c6b5b557f/tokio-1.47.1/src/runtime/runtime.rs:330:18
[INFO] [stdout]   44:     0x557734f53963 - secrets_integration[295c0884db343130]::test_secrets_service_picks_up_updated_value_after_ttl
[INFO] [stdout]                                at /opt/rustwide/workdir/tests/secrets_integration.rs:155:6
[INFO] [stdout]   45:     0x557734f4ee27 - secrets_integration[295c0884db343130]::test_secrets_service_picks_up_updated_value_after_ttl::{closure#0}
[INFO] [stdout]                                at /opt/rustwide/workdir/tests/secrets_integration.rs:125:65
[INFO] [stdout]   46:     0x557734ed2816 - <secrets_integration[295c0884db343130]::test_secrets_service_picks_up_updated_value_after_ttl::{closure#0} as core[df12db4294e9bfd3]::ops::function::FnOnce<()>>::call_once
[INFO] [stdout]                                at /rustc/dfb0accb7f508ae8be965d8629557221c889dd98/library/core/src/ops/function.rs:250:5
[INFO] [stdout]   47:     0x557734fe2beb - <fn() -> core[df12db4294e9bfd3]::result::Result<(), alloc[2182bb758b4b3781]::string::String> as core[df12db4294e9bfd3]::ops::function::FnOnce<()>>::call_once
[INFO] [stdout]                                at /rustc/dfb0accb7f508ae8be965d8629557221c889dd98/library/core/src/ops/function.rs:250:5
[INFO] [stdout]   48:     0x557734fe2beb - test[9d35eded1c95d3be]::__rust_begin_short_backtrace::<core[df12db4294e9bfd3]::result::Result<(), alloc[2182bb758b4b3781]::string::String>, fn() -> core[df12db4294e9bfd3]::result::Result<(), alloc[2182bb758b4b3781]::string::String>>
[INFO] [stdout]                                at /rustc/dfb0accb7f508ae8be965d8629557221c889dd98/library/test/src/lib.rs:733:18
[INFO] [stdout]   49:     0x557734ff0255 - test[9d35eded1c95d3be]::run_test_in_process::{closure#0}
[INFO] [stdout]                                at /rustc/dfb0accb7f508ae8be965d8629557221c889dd98/library/test/src/lib.rs:756:74
[INFO] [stdout]   50:     0x557734ff0255 - <core[df12db4294e9bfd3]::panic::unwind_safe::AssertUnwindSafe<test[9d35eded1c95d3be]::run_test_in_process::{closure#0}> as core[df12db4294e9bfd3]::ops::function::FnOnce<()>>::call_once
[INFO] [stdout]                                at /rustc/dfb0accb7f508ae8be965d8629557221c889dd98/library/core/src/panic/unwind_safe.rs:275:9
[INFO] [stdout]   51:     0x557734ff0255 - std[70759c8f55707aa4]::panicking::catch_unwind::do_call::<core[df12db4294e9bfd3]::panic::unwind_safe::AssertUnwindSafe<test[9d35eded1c95d3be]::run_test_in_process::{closure#0}>, core[df12db4294e9bfd3]::result::Result<(), alloc[2182bb758b4b3781]::string::String>>
[INFO] [stdout]                                at /rustc/dfb0accb7f508ae8be965d8629557221c889dd98/library/std/src/panicking.rs:576:43
[INFO] [stdout]   52:     0x557734ff0255 - std[70759c8f55707aa4]::panicking::catch_unwind::<core[df12db4294e9bfd3]::result::Result<(), alloc[2182bb758b4b3781]::string::String>, core[df12db4294e9bfd3]::panic::unwind_safe::AssertUnwindSafe<test[9d35eded1c95d3be]::run_test_in_process::{closure#0}>>
[INFO] [stdout]                                at /rustc/dfb0accb7f508ae8be965d8629557221c889dd98/library/std/src/panicking.rs:544:19
[INFO] [stdout]   53:     0x557734ff0255 - std[70759c8f55707aa4]::panic::catch_unwind::<core[df12db4294e9bfd3]::panic::unwind_safe::AssertUnwindSafe<test[9d35eded1c95d3be]::run_test_in_process::{closure#0}>, core[df12db4294e9bfd3]::result::Result<(), alloc[2182bb758b4b3781]::string::String>>
[INFO] [stdout]                                at /rustc/dfb0accb7f508ae8be965d8629557221c889dd98/library/std/src/panic.rs:359:14
[INFO] [stdout]   54:     0x557734ff0255 - test[9d35eded1c95d3be]::run_test_in_process
[INFO] [stdout]                                at /rustc/dfb0accb7f508ae8be965d8629557221c889dd98/library/test/src/lib.rs:756:27
[INFO] [stdout]   55:     0x557734ff0255 - test[9d35eded1c95d3be]::run_test::{closure#0}
[INFO] [stdout]                                at /rustc/dfb0accb7f508ae8be965d8629557221c889dd98/library/test/src/lib.rs:677:43
[INFO] [stdout]   56:     0x557734fe9b14 - test[9d35eded1c95d3be]::run_test::{closure#1}
[INFO] [stdout]                                at /rustc/dfb0accb7f508ae8be965d8629557221c889dd98/library/test/src/lib.rs:707:41
[INFO] [stdout]   57:     0x557734fe9b14 - std[70759c8f55707aa4]::sys::backtrace::__rust_begin_short_backtrace::<test[9d35eded1c95d3be]::run_test::{closure#1}, ()>
[INFO] [stdout]                                at /rustc/dfb0accb7f508ae8be965d8629557221c889dd98/library/std/src/sys/backtrace.rs:166:18
[INFO] [stdout]   58:     0x557734ff33b2 - std[70759c8f55707aa4]::thread::lifecycle::spawn_unchecked::<test[9d35eded1c95d3be]::run_test::{closure#1}, ()>::{closure#1}::{closure#0}
[INFO] [stdout]                                at /rustc/dfb0accb7f508ae8be965d8629557221c889dd98/library/std/src/thread/lifecycle.rs:70:13
[INFO] [stdout]   59:     0x557734ff33b2 - <core[df12db4294e9bfd3]::panic::unwind_safe::AssertUnwindSafe<std[70759c8f55707aa4]::thread::lifecycle::spawn_unchecked<test[9d35eded1c95d3be]::run_test::{closure#1}, ()>::{closure#1}::{closure#0}> as core[df12db4294e9bfd3]::ops::function::FnOnce<()>>::call_once
[INFO] [stdout]                                at /rustc/dfb0accb7f508ae8be965d8629557221c889dd98/library/core/src/panic/unwind_safe.rs:275:9
[INFO] [stdout]   60:     0x557734ff33b2 - std[70759c8f55707aa4]::panicking::catch_unwind::do_call::<core[df12db4294e9bfd3]::panic::unwind_safe::AssertUnwindSafe<std[70759c8f55707aa4]::thread::lifecycle::spawn_unchecked<test[9d35eded1c95d3be]::run_test::{closure#1}, ()>::{closure#1}::{closure#0}>, ()>
[INFO] [stdout]                                at /rustc/dfb0accb7f508ae8be965d8629557221c889dd98/library/std/src/panicking.rs:576:43
[INFO] [stdout]   61:     0x557734ff33b2 - std[70759c8f55707aa4]::panicking::catch_unwind::<(), core[df12db4294e9bfd3]::panic::unwind_safe::AssertUnwindSafe<std[70759c8f55707aa4]::thread::lifecycle::spawn_unchecked<test[9d35eded1c95d3be]::run_test::{closure#1}, ()>::{closure#1}::{closure#0}>>
[INFO] [stdout]                                at /rustc/dfb0accb7f508ae8be965d8629557221c889dd98/library/std/src/panicking.rs:544:19
[INFO] [stdout]   62:     0x557734ff33b2 - std[70759c8f55707aa4]::panic::catch_unwind::<core[df12db4294e9bfd3]::panic::unwind_safe::AssertUnwindSafe<std[70759c8f55707aa4]::thread::lifecycle::spawn_unchecked<test[9d35eded1c95d3be]::run_test::{closure#1}, ()>::{closure#1}::{closure#0}>, ()>
[INFO] [stdout]                                at /rustc/dfb0accb7f508ae8be965d8629557221c889dd98/library/std/src/panic.rs:359:14
[INFO] [stdout]   63:     0x557734ff33b2 - std[70759c8f55707aa4]::thread::lifecycle::spawn_unchecked::<test[9d35eded1c95d3be]::run_test::{closure#1}, ()>::{closure#1}
[INFO] [stdout]                                at /rustc/dfb0accb7f508ae8be965d8629557221c889dd98/library/std/src/thread/lifecycle.rs:68:26
[INFO] [stdout]   64:     0x557734ff33b2 - <std[70759c8f55707aa4]::thread::lifecycle::spawn_unchecked<test[9d35eded1c95d3be]::run_test::{closure#1}, ()>::{closure#1} as core[df12db4294e9bfd3]::ops::function::FnOnce<()>>::call_once::{shim:vtable#0}
[INFO] [stdout]                                at /rustc/dfb0accb7f508ae8be965d8629557221c889dd98/library/core/src/ops/function.rs:250:5
[INFO] [stdout]   65:     0x5577365d5809 - <alloc[2182bb758b4b3781]::boxed::Box<dyn core[df12db4294e9bfd3]::ops::function::FnOnce<(), Output = ()> + core[df12db4294e9bfd3]::marker::Send> as core[df12db4294e9bfd3]::ops::function::FnOnce<()>>::call_once
[INFO] [stdout]                                at /rustc/dfb0accb7f508ae8be965d8629557221c889dd98/library/alloc/src/boxed.rs:2320:9
[INFO] [stdout]   66:     0x5577365d5809 - <std[70759c8f55707aa4]::sys::thread::unix::Thread>::new::thread_start
[INFO] [stdout]                                at /rustc/dfb0accb7f508ae8be965d8629557221c889dd98/library/std/src/sys/thread/unix.rs:123:17
[INFO] [stdout]   67:     0x76f4ffb96dfa - <unknown>
[INFO] [stdout]   68:     0x76f4ffc2a3d4 - clone
[INFO] [stdout]   69:                0x0 - <unknown>
[INFO] [stdout] 
[INFO] [stdout] ---- test_secrets_service_fetches_and_filters_by_collection stdout ----
[INFO] [stdout] 
[INFO] [stdout] thread 'test_secrets_service_fetches_and_filters_by_collection' (7194) panicked at tests/secrets_integration.rs:29:10:
[INFO] [stdout] Failed to start LocalStack container: Client(Init(SocketNotFoundError("/var/run/docker.sock")))
[INFO] [stdout] stack backtrace:
[INFO] [stdout]    0:     0x5577365d6b61 - std[70759c8f55707aa4]::backtrace_rs::backtrace::libunwind::trace
[INFO] [stdout]                                at /rustc/dfb0accb7f508ae8be965d8629557221c889dd98/library/std/src/../../backtrace/src/backtrace/libunwind.rs:117:9
[INFO] [stdout]    1:     0x5577365d6b61 - std[70759c8f55707aa4]::backtrace_rs::backtrace::trace_unsynchronized::<std[70759c8f55707aa4]::sys::backtrace::_print_fmt::{closure#1}>
[INFO] [stdout]                                at /rustc/dfb0accb7f508ae8be965d8629557221c889dd98/library/std/src/../../backtrace/src/backtrace/mod.rs:66:14
[INFO] [stdout]    2:     0x5577365d6b61 - std[70759c8f55707aa4]::sys::backtrace::_print_fmt
[INFO] [stdout]                                at /rustc/dfb0accb7f508ae8be965d8629557221c889dd98/library/std/src/sys/backtrace.rs:74:9
[INFO] [stdout]    3:     0x5577365d6b61 - <<std[70759c8f55707aa4]::sys::backtrace::BacktraceLock>::print::DisplayBacktrace as core[df12db4294e9bfd3]::fmt::Display>::fmt
[INFO] [stdout]                                at /rustc/dfb0accb7f508ae8be965d8629557221c889dd98/library/std/src/sys/backtrace.rs:44:26
[INFO] [stdout]    4:     0x5577365f13fa - <core[df12db4294e9bfd3]::fmt::rt::Argument>::fmt
[INFO] [stdout]                                at /rustc/dfb0accb7f508ae8be965d8629557221c889dd98/library/core/src/fmt/rt.rs:152:76
[INFO] [stdout]    5:     0x5577365f13fa - core[df12db4294e9bfd3]::fmt::write
[INFO] [stdout]    6:     0x5577365dc48c - core[df12db4294e9bfd3]::io::write::default_write_fmt::<alloc[2182bb758b4b3781]::vec::Vec<u8>>
[INFO] [stdout]                                at /rustc/dfb0accb7f508ae8be965d8629557221c889dd98/library/core/src/io/write.rs:402:11
[INFO] [stdout]    7:     0x5577365dc48c - <alloc[2182bb758b4b3781]::vec::Vec<u8> as core[df12db4294e9bfd3]::io::write::Write>::write_fmt
[INFO] [stdout]                                at /rustc/dfb0accb7f508ae8be965d8629557221c889dd98/library/core/src/io/write.rs:335:13
[INFO] [stdout]    8:     0x5577365aff66 - <std[70759c8f55707aa4]::sys::backtrace::BacktraceLock>::print
[INFO] [stdout]                                at /rustc/dfb0accb7f508ae8be965d8629557221c889dd98/library/std/src/sys/backtrace.rs:47:9
[INFO] [stdout]    9:     0x5577365aff66 - std[70759c8f55707aa4]::panicking::default_hook::{closure#0}
[INFO] [stdout]                                at /rustc/dfb0accb7f508ae8be965d8629557221c889dd98/library/std/src/panicking.rs:292:27
[INFO] [stdout]   10:     0x5577365cddb9 - std[70759c8f55707aa4]::panicking::default_hook
[INFO] [stdout]                                at /rustc/dfb0accb7f508ae8be965d8629557221c889dd98/library/std/src/panicking.rs:316:9
[INFO] [stdout]   11:     0x557734fef900 - <alloc[2182bb758b4b3781]::boxed::Box<dyn for<'a, 'b> core[df12db4294e9bfd3]::ops::function::Fn<(&'a std[70759c8f55707aa4]::panic::PanicHookInfo<'b>,), Output = ()> + core[df12db4294e9bfd3]::marker::Send + core[df12db4294e9bfd3]::marker::Sync> as core[df12db4294e9bfd3]::ops::function::Fn<(&std[70759c8f55707aa4]::panic::PanicHookInfo,)>>::call
[INFO] [stdout]                                at /rustc/dfb0accb7f508ae8be965d8629557221c889dd98/library/alloc/src/boxed.rs:2334:9
[INFO] [stdout]   12:     0x557734fef900 - test[9d35eded1c95d3be]::test_main_inner::<test[9d35eded1c95d3be]::test_main_static::{closure#0}>::{closure#0}
[INFO] [stdout]                                at /rustc/dfb0accb7f508ae8be965d8629557221c889dd98/library/test/src/lib.rs:155:21
[INFO] [stdout]   13:     0x5577365ce0e2 - <alloc[2182bb758b4b3781]::boxed::Box<dyn for<'a, 'b> core[df12db4294e9bfd3]::ops::function::Fn<(&'a std[70759c8f55707aa4]::panic::PanicHookInfo<'b>,), Output = ()> + core[df12db4294e9bfd3]::marker::Send + core[df12db4294e9bfd3]::marker::Sync> as core[df12db4294e9bfd3]::ops::function::Fn<(&std[70759c8f55707aa4]::panic::PanicHookInfo,)>>::call
[INFO] [stdout]                                at /rustc/dfb0accb7f508ae8be965d8629557221c889dd98/library/alloc/src/boxed.rs:2334:9
[INFO] [stdout]   14:     0x5577365ce0e2 - std[70759c8f55707aa4]::panicking::panic_with_hook
[INFO] [stdout]                                at /rustc/dfb0accb7f508ae8be965d8629557221c889dd98/library/std/src/panicking.rs:823:13
[INFO] [stdout]   15:     0x5577365b0012 - std[70759c8f55707aa4]::panicking::panic_handler::{closure#0}
[INFO] [stdout]                                at /rustc/dfb0accb7f508ae8be965d8629557221c889dd98/library/std/src/panicking.rs:688:13
[INFO] [stdout]   16:     0x5577365a84f9 - std[70759c8f55707aa4]::sys::backtrace::__rust_end_short_backtrace::<std[70759c8f55707aa4]::panicking::panic_handler::{closure#0}, !>
[INFO] [stdout]                                at /rustc/dfb0accb7f508ae8be965d8629557221c889dd98/library/std/src/sys/backtrace.rs:182:18
[INFO] [stdout]   17:     0x5577365b0f0d - __rustc[8fa7c3cbc660c2b3]::rust_begin_unwind
[INFO] [stdout]                                at /rustc/dfb0accb7f508ae8be965d8629557221c889dd98/library/std/src/panicking.rs:679:5
[INFO] [stdout]   18:     0x5577365f1c9c - core[df12db4294e9bfd3]::panicking::panic_fmt
[INFO] [stdout]                                at /rustc/dfb0accb7f508ae8be965d8629557221c889dd98/library/core/src/panicking.rs:80:14
[INFO] [stdout]   19:     0x5577365f19f2 - core[df12db4294e9bfd3]::result::unwrap_failed
[INFO] [stdout]                                at /rustc/dfb0accb7f508ae8be965d8629557221c889dd98/library/core/src/result.rs:1871:5
[INFO] [stdout]   20:     0x557734f7f97c - <core[df12db4294e9bfd3]::result::Result<testcontainers[4e35620463ece257]::core::containers::async_container::ContainerAsync<testcontainers[4e35620463ece257]::images::generic::GenericImage>, testcontainers[4e35620463ece257]::core::error::TestcontainersError>>::expect
[INFO] [stdout]                                at /rustc/dfb0accb7f508ae8be965d8629557221c889dd98/library/core/src/result.rs:1184:23
[INFO] [stdout]   21:     0x557734f4da82 - secrets_integration[295c0884db343130]::setup_localstack_secrets::{closure#0}
[INFO] [stdout]                                at /opt/rustwide/workdir/tests/secrets_integration.rs:29:10
[INFO] [stdout]   22:     0x557734f51038 - secrets_integration[295c0884db343130]::test_secrets_service_fetches_and_filters_by_collection::{closure#0}
[INFO] [stdout]                                at /opt/rustwide/workdir/tests/secrets_integration.rs:83:77
[INFO] [stdout]   23:     0x557734f581e2 - <core[df12db4294e9bfd3]::pin::Pin<&mut dyn core[df12db4294e9bfd3]::future::future::Future<Output = ()>> as core[df12db4294e9bfd3]::future::future::Future>::poll
[INFO] [stdout]                                at /rustc/dfb0accb7f508ae8be965d8629557221c889dd98/library/core/src/future/future.rs:133:9
[INFO] [stdout]   24:     0x557734f5825d - <core[df12db4294e9bfd3]::pin::Pin<&mut core[df12db4294e9bfd3]::pin::Pin<&mut dyn core[df12db4294e9bfd3]::future::future::Future<Output = ()>>> as core[df12db4294e9bfd3]::future::future::Future>::poll
[INFO] [stdout]                                at /rustc/dfb0accb7f508ae8be965d8629557221c889dd98/library/core/src/future/future.rs:133:9
[INFO] [stdout]   25:     0x557734f99dfd - <tokio[22bd0e7c546f906c]::runtime::scheduler::current_thread::CoreGuard>::block_on::<core[df12db4294e9bfd3]::pin::Pin<&mut core[df12db4294e9bfd3]::pin::Pin<&mut dyn core[df12db4294e9bfd3]::future::future::Future<Output = ()>>>>::{closure#0}::{closure#0}::{closure#0}
[INFO] [stdout]                                at /opt/rustwide/cargo-home/registry/src/index.crates.io-1949cf8c6b5b557f/tokio-1.47.1/src/runtime/scheduler/current_thread/mod.rs:742:70
[INFO] [stdout]   26:     0x557734f99d25 - tokio[22bd0e7c546f906c]::task::coop::with_budget::<core[df12db4294e9bfd3]::task::poll::Poll<()>, <tokio[22bd0e7c546f906c]::runtime::scheduler::current_thread::CoreGuard>::block_on<core[df12db4294e9bfd3]::pin::Pin<&mut core[df12db4294e9bfd3]::pin::Pin<&mut dyn core[df12db4294e9bfd3]::future::future::Future<Output = ()>>>>::{closure#0}::{closure#0}::{closure#0}>
[INFO] [stdout]                                at /opt/rustwide/cargo-home/registry/src/index.crates.io-1949cf8c6b5b557f/tokio-1.47.1/src/task/coop/mod.rs:167:5
[INFO] [stdout]   27:     0x557734f99d25 - tokio[22bd0e7c546f906c]::task::coop::budget::<core[df12db4294e9bfd3]::task::poll::Poll<()>, <tokio[22bd0e7c546f906c]::runtime::scheduler::current_thread::CoreGuard>::block_on<core[df12db4294e9bfd3]::pin::Pin<&mut core[df12db4294e9bfd3]::pin::Pin<&mut dyn core[df12db4294e9bfd3]::future::future::Future<Output = ()>>>>::{closure#0}::{closure#0}::{closure#0}>
[INFO] [stdout]                                at /opt/rustwide/cargo-home/registry/src/index.crates.io-1949cf8c6b5b557f/tokio-1.47.1/src/task/coop/mod.rs:133:5
[INFO] [stdout]   28:     0x557734f99d25 - <tokio[22bd0e7c546f906c]::runtime::scheduler::current_thread::CoreGuard>::block_on::<core[df12db4294e9bfd3]::pin::Pin<&mut core[df12db4294e9bfd3]::pin::Pin<&mut dyn core[df12db4294e9bfd3]::future::future::Future<Output = ()>>>>::{closure#0}::{closure#0}
[INFO] [stdout]                                at /opt/rustwide/cargo-home/registry/src/index.crates.io-1949cf8c6b5b557f/tokio-1.47.1/src/runtime/scheduler/current_thread/mod.rs:742:25
[INFO] [stdout]   29:     0x557734f8b512 - <tokio[22bd0e7c546f906c]::runtime::scheduler::current_thread::Context>::enter::<core[df12db4294e9bfd3]::task::poll::Poll<()>, <tokio[22bd0e7c546f906c]::runtime::scheduler::current_thread::CoreGuard>::block_on<core[df12db4294e9bfd3]::pin::Pin<&mut core[df12db4294e9bfd3]::pin::Pin<&mut dyn core[df12db4294e9bfd3]::future::future::Future<Output = ()>>>>::{closure#0}::{closure#0}>
[INFO] [stdout]                                at /opt/rustwide/cargo-home/registry/src/index.crates.io-1949cf8c6b5b557f/tokio-1.47.1/src/runtime/scheduler/current_thread/mod.rs:432:19
[INFO] [stdout]   30:     0x557734f98e9d - <tokio[22bd0e7c546f906c]::runtime::scheduler::current_thread::CoreGuard>::block_on::<core[df12db4294e9bfd3]::pin::Pin<&mut core[df12db4294e9bfd3]::pin::Pin<&mut dyn core[df12db4294e9bfd3]::future::future::Future<Output = ()>>>>::{closure#0}
[INFO] [stdout]                                at /opt/rustwide/cargo-home/registry/src/index.crates.io-1949cf8c6b5b557f/tokio-1.47.1/src/runtime/scheduler/current_thread/mod.rs:741:44
[INFO] [stdout]   31:     0x557734f98184 - <tokio[22bd0e7c546f906c]::runtime::scheduler::current_thread::CoreGuard>::enter::<<tokio[22bd0e7c546f906c]::runtime::scheduler::current_thread::CoreGuard>::block_on<core[df12db4294e9bfd3]::pin::Pin<&mut core[df12db4294e9bfd3]::pin::Pin<&mut dyn core[df12db4294e9bfd3]::future::future::Future<Output = ()>>>>::{closure#0}, core[df12db4294e9bfd3]::option::Option<()>>::{closure#0}
[INFO] [stdout]                                at /opt/rustwide/cargo-home/registry/src/index.crates.io-1949cf8c6b5b557f/tokio-1.47.1/src/runtime/scheduler/current_thread/mod.rs:829:68
[INFO] [stdout]   32:     0x557734fbb15b - <tokio[22bd0e7c546f906c]::runtime::context::scoped::Scoped<tokio[22bd0e7c546f906c]::runtime::scheduler::Context>>::set::<<tokio[22bd0e7c546f906c]::runtime::scheduler::current_thread::CoreGuard>::enter<<tokio[22bd0e7c546f906c]::runtime::scheduler::current_thread::CoreGuard>::block_on<core[df12db4294e9bfd3]::pin::Pin<&mut core[df12db4294e9bfd3]::pin::Pin<&mut dyn core[df12db4294e9bfd3]::future::future::Future<Output = ()>>>>::{closure#0}, core[df12db4294e9bfd3]::option::Option<()>>::{closure#0}, (alloc[2182bb758b4b3781]::boxed::Box<tokio[22bd0e7c546f906c]::runtime::scheduler::current_thread::Core>, core[df12db4294e9bfd3]::option::Option<()>)>
[INFO] [stdout]                                at /opt/rustwide/cargo-home/registry/src/index.crates.io-1949cf8c6b5b557f/tokio-1.47.1/src/runtime/context/scoped.rs:40:9
[INFO] [stdout]   33:     0x557734f4d1e9 - tokio[22bd0e7c546f906c]::runtime::context::set_scheduler::<(alloc[2182bb758b4b3781]::boxed::Box<tokio[22bd0e7c546f906c]::runtime::scheduler::current_thread::Core>, core[df12db4294e9bfd3]::option::Option<()>), <tokio[22bd0e7c546f906c]::runtime::scheduler::current_thread::CoreGuard>::enter<<tokio[22bd0e7c546f906c]::runtime::scheduler::current_thread::CoreGuard>::block_on<core[df12db4294e9bfd3]::pin::Pin<&mut core[df12db4294e9bfd3]::pin::Pin<&mut dyn core[df12db4294e9bfd3]::future::future::Future<Output = ()>>>>::{closure#0}, core[df12db4294e9bfd3]::option::Option<()>>::{closure#0}>::{closure#0}
[INFO] [stdout]                                at /opt/rustwide/cargo-home/registry/src/index.crates.io-1949cf8c6b5b557f/tokio-1.47.1/src/runtime/context.rs:176:38
[INFO] [stdout]   34:     0x557734fbba2f - <std[70759c8f55707aa4]::thread::local::LocalKey<tokio[22bd0e7c546f906c]::runtime::context::Context>>::try_with::<tokio[22bd0e7c546f906c]::runtime::context::set_scheduler<(alloc[2182bb758b4b3781]::boxed::Box<tokio[22bd0e7c546f906c]::runtime::scheduler::current_thread::Core>, core[df12db4294e9bfd3]::option::Option<()>), <tokio[22bd0e7c546f906c]::runtime::scheduler::current_thread::CoreGuard>::enter<<tokio[22bd0e7c546f906c]::runtime::scheduler::current_thread::CoreGuard>::block_on<core[df12db4294e9bfd3]::pin::Pin<&mut core[df12db4294e9bfd3]::pin::Pin<&mut dyn core[df12db4294e9bfd3]::future::future::Future<Output = ()>>>>::{closure#0}, core[df12db4294e9bfd3]::option::Option<()>>::{closure#0}>::{closure#0}, (alloc[2182bb758b4b3781]::boxed::Box<tokio[22bd0e7c546f906c]::runtime::scheduler::current_thread::Core>, core[df12db4294e9bfd3]::option::Option<()>)>
[INFO] [stdout]                                at /rustc/dfb0accb7f508ae8be965d8629557221c889dd98/library/std/src/thread/local.rs:463:12
[INFO] [stdout]   35:     0x557734fbb48e - <std[70759c8f55707aa4]::thread::local::LocalKey<tokio[22bd0e7c546f906c]::runtime::context::Context>>::with::<tokio[22bd0e7c546f906c]::runtime::context::set_scheduler<(alloc[2182bb758b4b3781]::boxed::Box<tokio[22bd0e7c546f906c]::runtime::scheduler::current_thread::Core>, core[df12db4294e9bfd3]::option::Option<()>), <tokio[22bd0e7c546f906c]::runtime::scheduler::current_thread::CoreGuard>::enter<<tokio[22bd0e7c546f906c]::runtime::scheduler::current_thread::CoreGuard>::block_on<core[df12db4294e9bfd3]::pin::Pin<&mut core[df12db4294e9bfd3]::pin::Pin<&mut dyn core[df12db4294e9bfd3]::future::future::Future<Output = ()>>>>::{closure#0}, core[df12db4294e9bfd3]::option::Option<()>>::{closure#0}>::{closure#0}, (alloc[2182bb758b4b3781]::boxed::Box<tokio[22bd0e7c546f906c]::runtime::scheduler::current_thread::Core>, core[df12db4294e9bfd3]::option::Option<()>)>
[INFO] [stdout]                                at /rustc/dfb0accb7f508ae8be965d8629557221c889dd98/library/std/src/thread/local.rs:427:20
[INFO] [stdout]   36:     0x557734f4a73d - tokio[22bd0e7c546f906c]::runtime::context::set_scheduler::<(alloc[2182bb758b4b3781]::boxed::Box<tokio[22bd0e7c546f906c]::runtime::scheduler::current_thread::Core>, core[df12db4294e9bfd3]::option::Option<()>), <tokio[22bd0e7c546f906c]::runtime::scheduler::current_thread::CoreGuard>::enter<<tokio[22bd0e7c546f906c]::runtime::scheduler::current_thread::CoreGuard>::block_on<core[df12db4294e9bfd3]::pin::Pin<&mut core[df12db4294e9bfd3]::pin::Pin<&mut dyn core[df12db4294e9bfd3]::future::future::Future<Output = ()>>>>::{closure#0}, core[df12db4294e9bfd3]::option::Option<()>>::{closure#0}>
[INFO] [stdout]                                at /opt/rustwide/cargo-home/registry/src/index.crates.io-1949cf8c6b5b557f/tokio-1.47.1/src/runtime/context.rs:176:17
[INFO] [stdout]   37:     0x557734f8e9d0 - <tokio[22bd0e7c546f906c]::runtime::scheduler::current_thread::CoreGuard>::enter::<<tokio[22bd0e7c546f906c]::runtime::scheduler::current_thread::CoreGuard>::block_on<core[df12db4294e9bfd3]::pin::Pin<&mut core[df12db4294e9bfd3]::pin::Pin<&mut dyn core[df12db4294e9bfd3]::future::future::Future<Output = ()>>>>::{closure#0}, core[df12db4294e9bfd3]::option::Option<()>>
[INFO] [stdout]                                at /opt/rustwide/cargo-home/registry/src/index.crates.io-1949cf8c6b5b557f/tokio-1.47.1/src/runtime/scheduler/current_thread/mod.rs:829:27
[INFO] [stdout]   38:     0x557734f8ecc6 - <tokio[22bd0e7c546f906c]::runtime::scheduler::current_thread::CoreGuard>::block_on::<core[df12db4294e9bfd3]::pin::Pin<&mut core[df12db4294e9bfd3]::pin::Pin<&mut dyn core[df12db4294e9bfd3]::future::future::Future<Output = ()>>>>
[INFO] [stdout]                                at /opt/rustwide/cargo-home/registry/src/index.crates.io-1949cf8c6b5b557f/tokio-1.47.1/src/runtime/scheduler/current_thread/mod.rs:729:24
[INFO] [stdout]   39:     0x557734f97c10 - <tokio[22bd0e7c546f906c]::runtime::scheduler::current_thread::CurrentThread>::block_on::<core[df12db4294e9bfd3]::pin::Pin<&mut dyn core[df12db4294e9bfd3]::future::future::Future<Output = ()>>>::{closure#0}
[INFO] [stdout]                                at /opt/rustwide/cargo-home/registry/src/index.crates.io-1949cf8c6b5b557f/tokio-1.47.1/src/runtime/scheduler/current_thread/mod.rs:200:33
[INFO] [stdout]   40:     0x557734fda2b8 - tokio[22bd0e7c546f906c]::runtime::context::runtime::enter_runtime::<<tokio[22bd0e7c546f906c]::runtime::scheduler::current_thread::CurrentThread>::block_on<core[df12db4294e9bfd3]::pin::Pin<&mut dyn core[df12db4294e9bfd3]::future::future::Future<Output = ()>>>::{closure#0}, ()>
[INFO] [stdout]                                at /opt/rustwide/cargo-home/registry/src/index.crates.io-1949cf8c6b5b557f/tokio-1.47.1/src/runtime/context/runtime.rs:65:16
[INFO] [stdout]   41:     0x557734f8b0d4 - <tokio[22bd0e7c546f906c]::runtime::scheduler::current_thread::CurrentThread>::block_on::<core[df12db4294e9bfd3]::pin::Pin<&mut dyn core[df12db4294e9bfd3]::future::future::Future<Output = ()>>>
[INFO] [stdout]                                at /opt/rustwide/cargo-home/registry/src/index.crates.io-1949cf8c6b5b557f/tokio-1.47.1/src/runtime/scheduler/current_thread/mod.rs:188:9
[INFO] [stdout]   42:     0x557734f8ad4f - <tokio[22bd0e7c546f906c]::runtime::runtime::Runtime>::block_on_inner::<core[df12db4294e9bfd3]::pin::Pin<&mut dyn core[df12db4294e9bfd3]::future::future::Future<Output = ()>>>
[INFO] [stdout]                                at /opt/rustwide/cargo-home/registry/src/index.crates.io-1949cf8c6b5b557f/tokio-1.47.1/src/runtime/runtime.rs:356:52
[INFO] [stdout]   43:     0x557734f8ae9b - <tokio[22bd0e7c546f906c]::runtime::runtime::Runtime>::block_on::<core[df12db4294e9bfd3]::pin::Pin<&mut dyn core[df12db4294e9bfd3]::future::future::Future<Output = ()>>>
[INFO] [stdout]                                at /opt/rustwide/cargo-home/registry/src/index.crates.io-1949cf8c6b5b557f/tokio-1.47.1/src/runtime/runtime.rs:330:18
[INFO] [stdout]   44:     0x557734f53b63 - secrets_integration[295c0884db343130]::test_secrets_service_fetches_and_filters_by_collection
[INFO] [stdout]                                at /opt/rustwide/workdir/tests/secrets_integration.rs:101:68
[INFO] [stdout]   45:     0x557734f4ee57 - secrets_integration[295c0884db343130]::test_secrets_service_fetches_and_filters_by_collection::{closure#0}
[INFO] [stdout]                                at /opt/rustwide/workdir/tests/secrets_integration.rs:74:66
[INFO] [stdout]   46:     0x557734ed2836 - <secrets_integration[295c0884db343130]::test_secrets_service_fetches_and_filters_by_collection::{closure#0} as core[df12db4294e9bfd3]::ops::function::FnOnce<()>>::call_once
[INFO] [stdout]                                at /rustc/dfb0accb7f508ae8be965d8629557221c889dd98/library/core/src/ops/function.rs:250:5
[INFO] [stdout]   47:     0x557734fe2beb - <fn() -> core[df12db4294e9bfd3]::result::Result<(), alloc[2182bb758b4b3781]::string::String> as core[df12db4294e9bfd3]::ops::function::FnOnce<()>>::call_once
[INFO] [stdout]                                at /rustc/dfb0accb7f508ae8be965d8629557221c889dd98/library/core/src/ops/function.rs:250:5
[INFO] [stdout]   48:     0x557734fe2beb - test[9d35eded1c95d3be]::__rust_begin_short_backtrace::<core[df12db4294e9bfd3]::result::Result<(), alloc[2182bb758b4b3781]::string::String>, fn() -> core[df12db4294e9bfd3]::result::Result<(), alloc[2182bb758b4b3781]::string::String>>
[INFO] [stdout]                                at /rustc/dfb0accb7f508ae8be965d8629557221c889dd98/library/test/src/lib.rs:733:18
[INFO] [stdout]   49:     0x557734ff0255 - test[9d35eded1c95d3be]::run_test_in_process::{closure#0}
[INFO] [stdout]                                at /rustc/dfb0accb7f508ae8be965d8629557221c889dd98/library/test/src/lib.rs:756:74
[INFO] [stdout]   50:     0x557734ff0255 - <core[df12db4294e9bfd3]::panic::unwind_safe::AssertUnwindSafe<test[9d35eded1c95d3be]::run_test_in_process::{closure#0}> as core[df12db4294e9bfd3]::ops::function::FnOnce<()>>::call_once
[INFO] [stdout]                                at /rustc/dfb0accb7f508ae8be965d8629557221c889dd98/library/core/src/panic/unwind_safe.rs:275:9
[INFO] [stdout]   51:     0x557734ff0255 - std[70759c8f55707aa4]::panicking::catch_unwind::do_call::<core[df12db4294e9bfd3]::panic::unwind_safe::AssertUnwindSafe<test[9d35eded1c95d3be]::run_test_in_process::{closure#0}>, core[df12db4294e9bfd3]::result::Result<(), alloc[2182bb758b4b3781]::string::String>>
[INFO] [stdout]                                at /rustc/dfb0accb7f508ae8be965d8629557221c889dd98/library/std/src/panicking.rs:576:43
[INFO] [stdout]   52:     0x557734ff0255 - std[70759c8f55707aa4]::panicking::catch_unwind::<core[df12db4294e9bfd3]::result::Result<(), alloc[2182bb758b4b3781]::string::String>, core[df12db4294e9bfd3]::panic::unwind_safe::AssertUnwindSafe<test[9d35eded1c95d3be]::run_test_in_process::{closure#0}>>
[INFO] [stdout]                                at /rustc/dfb0accb7f508ae8be965d8629557221c889dd98/library/std/src/panicking.rs:544:19
[INFO] [stdout]   53:     0x557734ff0255 - std[70759c8f55707aa4]::panic::catch_unwind::<core[df12db4294e9bfd3]::panic::unwind_safe::AssertUnwindSafe<test[9d35eded1c95d3be]::run_test_in_process::{closure#0}>, core[df12db4294e9bfd3]::result::Result<(), alloc[2182bb758b4b3781]::string::String>>
[INFO] [stdout]                                at /rustc/dfb0accb7f508ae8be965d8629557221c889dd98/library/std/src/panic.rs:359:14
[INFO] [stdout]   54:     0x557734ff0255 - test[9d35eded1c95d3be]::run_test_in_process
[INFO] [stdout]                                at /rustc/dfb0accb7f508ae8be965d8629557221c889dd98/library/test/src/lib.rs:756:27
[INFO] [stdout]   55:     0x557734ff0255 - test[9d35eded1c95d3be]::run_test::{closure#0}
[INFO] [stdout]                                at /rustc/dfb0accb7f508ae8be965d8629557221c889dd98/library/test/src/lib.rs:677:43
[INFO] [stdout]   56:     0x557734fe9b14 - test[9d35eded1c95d3be]::run_test::{closure#1}
[INFO] [stdout]                                at /rustc/dfb0accb7f508ae8be965d8629557221c889dd98/library/test/src/lib.rs:707:41
[INFO] [stdout]   57:     0x557734fe9b14 - std[70759c8f55707aa4]::sys::backtrace::__rust_begin_short_backtrace::<test[9d35eded1c95d3be]::run_test::{closure#1}, ()>
[INFO] [stdout]                                at /rustc/dfb0accb7f508ae8be965d8629557221c889dd98/library/std/src/sys/backtrace.rs:166:18
[INFO] [stdout]   58:     0x557734ff33b2 - std[70759c8f55707aa4]::thread::lifecycle::spawn_unchecked::<test[9d35eded1c95d3be]::run_test::{closure#1}, ()>::{closure#1}::{closure#0}
[INFO] [stdout]                                at /rustc/dfb0accb7f508ae8be965d8629557221c889dd98/library/std/src/thread/lifecycle.rs:70:13
[INFO] [stdout]   59:     0x557734ff33b2 - <core[df12db4294e9bfd3]::panic::unwind_safe::AssertUnwindSafe<std[70759c8f55707aa4]::thread::lifecycle::spawn_unchecked<test[9d35eded1c95d3be]::run_test::{closure#1}, ()>::{closure#1}::{closure#0}> as core[df12db4294e9bfd3]::ops::function::FnOnce<()>>::call_once
[INFO] [stdout]                                at /rustc/dfb0accb7f508ae8be965d8629557221c889dd98/library/core/src/panic/unwind_safe.rs:275:9
[INFO] [stdout]   60:     0x557734ff33b2 - std[70759c8f55707aa4]::panicking::catch_unwind::do_call::<core[df12db4294e9bfd3]::panic::unwind_safe::AssertUnwindSafe<std[70759c8f55707aa4]::thread::lifecycle::spawn_unchecked<test[9d35eded1c95d3be]::run_test::{closure#1}, ()>::{closure#1}::{closure#0}>, ()>
[INFO] [stdout]                                at /rustc/dfb0accb7f508ae8be965d8629557221c889dd98/library/std/src/panicking.rs:576:43
[INFO] [stdout]   61:     0x557734ff33b2 - std[70759c8f55707aa4]::panicking::catch_unwind::<(), core[df12db4294e9bfd3]::panic::unwind_safe::AssertUnwindSafe<std[70759c8f55707aa4]::thread::lifecycle::spawn_unchecked<test[9d35eded1c95d3be]::run_test::{closure#1}, ()>::{closure#1}::{closure#0}>>
[INFO] [stdout]                                at /rustc/dfb0accb7f508ae8be965d8629557221c889dd98/library/std/src/panicking.rs:544:19
[INFO] [stdout]   62:     0x557734ff33b2 - std[70759c8f55707aa4]::panic::catch_unwind::<core[df12db4294e9bfd3]::panic::unwind_safe::AssertUnwindSafe<std[70759c8f55707aa4]::thread::lifecycle::spawn_unchecked<test[9d35eded1c95d3be]::run_test::{closure#1}, ()>::{closure#1}::{closure#0}>, ()>
[INFO] [stdout]                                at /rustc/dfb0accb7f508ae8be965d8629557221c889dd98/library/std/src/panic.rs:359:14
[INFO] [stdout]   63:     0x557734ff33b2 - std[70759c8f55707aa4]::thread::lifecycle::spawn_unchecked::<test[9d35eded1c95d3be]::run_test::{closure#1}, ()>::{closure#1}
[INFO] [stdout]                                at /rustc/dfb0accb7f508ae8be965d8629557221c889dd98/library/std/src/thread/lifecycle.rs:68:26
[INFO] [stdout]   64:     0x557734ff33b2 - <std[70759c8f55707aa4]::thread::lifecycle::spawn_unchecked<test[9d35eded1c95d3be]::run_test::{closure#1}, ()>::{closure#1} as core[df12db4294e9bfd3]::ops::function::FnOnce<()>>::call_once::{shim:vtable#0}
[INFO] [stdout]                                at /rustc/dfb0accb7f508ae8be965d8629557221c889dd98/library/core/src/ops/function.rs:250:5
[INFO] [stdout]   65:     0x5577365d5809 - <alloc[2182bb758b4b3781]::boxed::Box<dyn core[df12db4294e9bfd3]::ops::function::FnOnce<(), Output = ()> + core[df12db4294e9bfd3]::marker::Send> as core[df12db4294e9bfd3]::ops::function::FnOnce<()>>::call_once
[INFO] [stdout]                                at /rustc/dfb0accb7f508ae8be965d8629557221c889dd98/library/alloc/src/boxed.rs:2320:9
[INFO] [stdout]   66:     0x5577365d5809 - <std[70759c8f55707aa4]::sys::thread::unix::Thread>::new::thread_start
[INFO] [stdout]                                at /rustc/dfb0accb7f508ae8be965d8629557221c889dd98/library/std/src/sys/thread/unix.rs:123:17
[INFO] [stdout]   67:     0x76f4ffb96dfa - <unknown>
[INFO] [stdout]   68:     0x76f4ffc2a3d4 - clone
[INFO] [stdout]   69:                0x0 - <unknown>
[INFO] [stdout] 
[INFO] [stdout] 
[INFO] [stdout] failures:
[INFO] [stdout]     test_secrets_service_empty_when_no_oramacore_secrets
[INFO] [stdout]     test_secrets_service_fetches_and_filters_by_collection
[INFO] [stdout]     test_secrets_service_picks_up_deleted_secret_after_ttl
[INFO] [stdout]     test_secrets_service_picks_up_updated_value_after_ttl
[INFO] [stdout] 
[INFO] [stdout] test result: FAILED. 0 passed; 4 failed; 0 ignored; 0 measured; 0 filtered out; finished in 1.53s
[INFO] [stdout] 
[INFO] [stderr] error: test failed, to rerun pass `--test secrets_integration`
[INFO] running `Command { std: "docker" "inspect" "6cf1f3f46f2eba0bbec0b873f906f01b1612267b3fd101772bb0440ba3ed9532", kill_on_drop: false }`
[INFO] running `Command { std: "docker" "rm" "-f" "6cf1f3f46f2eba0bbec0b873f906f01b1612267b3fd101772bb0440ba3ed9532", kill_on_drop: false }`
[INFO] [stdout] 6cf1f3f46f2eba0bbec0b873f906f01b1612267b3fd101772bb0440ba3ed9532
