[INFO] fetching crate mini-lsm 0.3.0...
[INFO] testing mini-lsm-0.3.0 against 1.100.0-beta.1 for beta-1.100-2
[INFO] extracting crate mini-lsm 0.3.0 into /workspace/builds/worker-5-tc2/source
[INFO] started tweaking crates.io crate mini-lsm 0.3.0
[INFO] finished tweaking crates.io crate mini-lsm 0.3.0
[INFO] tweaked toml for crates.io crate mini-lsm 0.3.0 written to /workspace/builds/worker-5-tc2/source/Cargo.toml
[INFO] validating manifest of crates.io crate mini-lsm 0.3.0 on toolchain 1.100.0-beta.1
[INFO] running `Command { std: CARGO_HOME="/workspace/cargo-home" RUSTUP_HOME="/workspace/rustup-home" "/workspace/cargo-home/bin/cargo" "+1.100.0-beta.1" "metadata" "--manifest-path" "Cargo.toml" "--no-deps", kill_on_drop: false }`
[INFO] crate crates.io crate mini-lsm 0.3.0 already has a lockfile, it will not be regenerated
[INFO] running `Command { std: CARGO_HOME="/workspace/cargo-home" RUSTUP_HOME="/workspace/rustup-home" "/workspace/cargo-home/bin/cargo" "+1.100.0-beta.1" "fetch" "--manifest-path" "Cargo.toml", kill_on_drop: false }`
[INFO] [stderr] warning: `package.homepage` is redundant with `package.repository`
[INFO] [stderr]   --> Cargo.toml:83:12
[INFO] [stderr]    |
[INFO] [stderr] 83 | homepage = "https://github.com/skyzh/mini-lsm"
[INFO] [stderr]    |            ^^^^^^^^^^^^^^^^^^^^^^^^^^^^^^^^^^^
[INFO] [stderr] ...
[INFO] [stderr] 88 | repository = "https://github.com/skyzh/mini-lsm"
[INFO] [stderr]    |              -----------------------------------
[INFO] [stderr]    |
[INFO] [stderr]    = note: `cargo::redundant_homepage` is set to `warn` by default
[INFO] [stderr] help: consider removing `package.homepage`
[INFO] [stderr] warning: `mini-lsm` (manifest) generated 1 warning
[INFO] running `Command { std: "docker" "create" "-v" "/var/lib/crater-agent-workspace/builds/worker-5-tc2/source:/opt/rustwide/workdir:ro,Z" "-v" "/var/lib/crater-agent-workspace/builds/worker-5-tc2/target:/opt/rustwide/target:rw,Z" "-v" "/var/lib/crater-agent-workspace/cargo-home:/opt/rustwide/cargo-home:ro,Z" "-v" "/var/lib/crater-agent-workspace/rustup-home:/opt/rustwide/rustup-home:ro,Z" "-m" "1610612736" "--network" "none" "ghcr.io/rust-lang/crates-build-env/linux@sha256:3111399a4047eeb3a02b7a90e478d715f38a8c6669b5c4b49d30a17385265909" "sleep" "infinity", kill_on_drop: false }`
[INFO] [stdout] 5587cbf36940593d392a6017c79821f592332a41680dfe0dc3c986dacbefebdb
[INFO] running `Command { std: "docker" "start" "5587cbf36940593d392a6017c79821f592332a41680dfe0dc3c986dacbefebdb", kill_on_drop: false }`
[INFO] running `Command { std: "docker" "inspect" "5587cbf36940593d392a6017c79821f592332a41680dfe0dc3c986dacbefebdb", kill_on_drop: false }`
[INFO] running `Command { std: "docker" "exec" "-e" "SOURCE_DIR=/opt/rustwide/workdir" "-e" "CARGO_HOME=/opt/rustwide/cargo-home" "-e" "RUSTUP_HOME=/opt/rustwide/rustup-home" "-e" "CARGO_TARGET_DIR=/opt/rustwide/target" "-w" "/opt/rustwide/workdir" "--user" "0:0" "5587cbf36940593d392a6017c79821f592332a41680dfe0dc3c986dacbefebdb" "/opt/rustwide/cargo-home/bin/cargo" "+1.100.0-beta.1" "metadata" "--no-deps" "--format-version=1", kill_on_drop: false }`
[INFO] running `Command { std: "docker" "inspect" "5587cbf36940593d392a6017c79821f592332a41680dfe0dc3c986dacbefebdb", kill_on_drop: false }`
[INFO] running `Command { std: "docker" "exec" "-e" "SOURCE_DIR=/opt/rustwide/workdir" "-e" "CARGO_HOME=/opt/rustwide/cargo-home" "-e" "RUSTUP_HOME=/opt/rustwide/rustup-home" "-e" "CARGO_TARGET_DIR=/opt/rustwide/target" "-e" "CARGO_INCREMENTAL=0" "-e" "RUST_BACKTRACE=full" "-e" "RUSTFLAGS=--cap-lints=warn" "-e" "RUSTDOCFLAGS=--cap-lints=warn" "-w" "/opt/rustwide/workdir" "--user" "0:0" "5587cbf36940593d392a6017c79821f592332a41680dfe0dc3c986dacbefebdb" "/opt/rustwide/cargo-home/bin/cargo" "+1.100.0-beta.1" "build" "--frozen" "--message-format=json", kill_on_drop: false }`
[INFO] [stderr] warning: `package.homepage` is redundant with `package.repository`
[INFO] [stderr]   --> Cargo.toml:83:12
[INFO] [stderr]    |
[INFO] [stderr] 83 | homepage = "https://github.com/skyzh/mini-lsm"
[INFO] [stderr]    |            ^^^^^^^^^^^^^^^^^^^^^^^^^^^^^^^^^^^
[INFO] [stderr] ...
[INFO] [stderr] 88 | repository = "https://github.com/skyzh/mini-lsm"
[INFO] [stderr]    |              -----------------------------------
[INFO] [stderr]    |
[INFO] [stderr]    = note: `cargo::redundant_homepage` is set to `warn` by default
[INFO] [stderr] help: consider removing `package.homepage`
[INFO] [stderr] warning: `mini-lsm` (manifest) generated 1 warning
[INFO] [stderr]    Compiling libc v0.2.186
[INFO] [stderr]    Compiling smallvec v1.15.2
[INFO] [stderr]    Compiling getrandom v0.4.3
[INFO] [stderr]    Compiling proc-macro2-diagnostics v0.10.1
[INFO] [stderr]    Compiling cfg_aliases v0.2.2
[INFO] [stderr]    Compiling syn v2.0.119
[INFO] [stderr]    Compiling anstyle-parse v1.0.0
[INFO] [stderr]    Compiling portable-atomic v1.14.0
[INFO] [stderr]    Compiling nix v0.31.3
[INFO] [stderr]    Compiling anstyle-query v1.1.5
[INFO] [stderr]    Compiling is_terminal_polyfill v1.70.2
[INFO] [stderr]    Compiling anstyle v1.0.14
[INFO] [stderr]    Compiling colorchoice v1.0.5
[INFO] [stderr]    Compiling yansi v1.0.1
[INFO] [stderr]    Compiling syn v3.0.2
[INFO] [stderr]    Compiling nibble_vec v0.1.0
[INFO] [stderr]    Compiling anstream v1.0.0
[INFO] [stderr]    Compiling cpufeatures v0.3.0
[INFO] [stderr]    Compiling heck v0.4.1
[INFO] [stderr]    Compiling clap_lex v1.1.0
[INFO] [stderr]    Compiling serde_json v1.0.150
[INFO] [stderr]    Compiling endian-type v0.2.0
[INFO] [stderr]    Compiling bitflags v2.13.1
[INFO] [stderr]    Compiling radix_trie v0.3.0
[INFO] [stderr]    Compiling clap_builder v4.6.2
[INFO] [stderr]    Compiling chacha20 v0.10.1
[INFO] [stderr]    Compiling unicode-width v0.2.2
[INFO] [stderr]    Compiling aliasable v0.1.3
[INFO] [stderr]    Compiling log v0.4.33
[INFO] [stderr]    Compiling crossbeam-skiplist v0.1.3
[INFO] [stderr]    Compiling nom v8.0.0
[INFO] [stderr]    Compiling farmhash v1.1.5
[INFO] [stderr]    Compiling bytes v1.12.1
[INFO] [stderr]    Compiling parking_lot_core v0.9.12
[INFO] [stderr]    Compiling uuid v1.24.0
[INFO] [stderr]    Compiling parking_lot v0.12.5
[INFO] [stderr]    Compiling rand v0.10.2
[INFO] [stderr]    Compiling moka v0.12.15
[INFO] [stderr]    Compiling serde_derive v1.0.229
[INFO] [stderr]    Compiling ouroboros_macro v0.18.5
[INFO] [stderr]    Compiling clap_derive v4.6.1
[INFO] [stderr]    Compiling rustyline v18.0.1
[INFO] [stderr]    Compiling ouroboros v0.18.5
[INFO] [stderr]    Compiling clap v4.6.2
[INFO] [stderr]    Compiling serde v1.0.229
[INFO] [stderr]    Compiling mini-lsm v0.3.0 (/opt/rustwide/workdir)
[INFO] [stderr] warning: unused dependency `arc-swap`
[INFO] [stderr]   --> Cargo.toml:16:15
[INFO] [stderr]    |
[INFO] [stderr] 16 | [dependencies.arc-swap]
[INFO] [stderr]    |               ^^^^^^^^^
[INFO] [stderr]    |
[INFO] [stderr]    = note: `cargo::unused_dependencies` is set to `warn` by default
[INFO] [stderr] help: consider removing the dependency on `arc-swap`
[INFO] [stderr] warning: `mini-lsm` (manifest) generated 1 warning
[INFO] [stderr]     Finished `dev` profile [unoptimized + debuginfo] target(s) in 43.86s
[INFO] running `Command { std: "docker" "inspect" "5587cbf36940593d392a6017c79821f592332a41680dfe0dc3c986dacbefebdb", kill_on_drop: false }`
[INFO] running `Command { std: "docker" "exec" "-e" "SOURCE_DIR=/opt/rustwide/workdir" "-e" "CARGO_HOME=/opt/rustwide/cargo-home" "-e" "RUSTUP_HOME=/opt/rustwide/rustup-home" "-e" "CARGO_TARGET_DIR=/opt/rustwide/target" "-e" "CARGO_INCREMENTAL=0" "-e" "RUST_BACKTRACE=full" "-e" "RUSTFLAGS=--cap-lints=warn" "-e" "RUSTDOCFLAGS=--cap-lints=warn" "-w" "/opt/rustwide/workdir" "--user" "0:0" "5587cbf36940593d392a6017c79821f592332a41680dfe0dc3c986dacbefebdb" "/opt/rustwide/cargo-home/bin/cargo" "+1.100.0-beta.1" "test" "--frozen" "--no-run" "--message-format=json", kill_on_drop: false }`
[INFO] [stderr] warning: `package.homepage` is redundant with `package.repository`
[INFO] [stderr]   --> Cargo.toml:83:12
[INFO] [stderr]    |
[INFO] [stderr] 83 | homepage = "https://github.com/skyzh/mini-lsm"
[INFO] [stderr]    |            ^^^^^^^^^^^^^^^^^^^^^^^^^^^^^^^^^^^
[INFO] [stderr] ...
[INFO] [stderr] 88 | repository = "https://github.com/skyzh/mini-lsm"
[INFO] [stderr]    |              -----------------------------------
[INFO] [stderr]    |
[INFO] [stderr]    = note: `cargo::redundant_homepage` is set to `warn` by default
[INFO] [stderr] help: consider removing `package.homepage`
[INFO] [stderr] warning: `mini-lsm` (manifest) generated 1 warning
[INFO] [stderr]    Compiling nix v0.31.3
[INFO] [stderr]    Compiling tempfile v3.27.0
[INFO] [stderr]    Compiling rustyline v18.0.1
[INFO] [stderr]    Compiling mini-lsm v0.3.0 (/opt/rustwide/workdir)
[INFO] [stderr] warning: unused dependency `arc-swap`
[INFO] [stderr]   --> Cargo.toml:16:15
[INFO] [stderr]    |
[INFO] [stderr] 16 | [dependencies.arc-swap]
[INFO] [stderr]    |               ^^^^^^^^^
[INFO] [stderr]    |
[INFO] [stderr]    = note: `cargo::unused_dependencies` is set to `warn` by default
[INFO] [stderr] help: consider removing the dependency on `arc-swap`
[INFO] [stderr] warning: `mini-lsm` (manifest) generated 1 warning
[INFO] [stderr]     Finished `test` profile [unoptimized + debuginfo] target(s) in 16.11s
[INFO] running `Command { std: "docker" "inspect" "5587cbf36940593d392a6017c79821f592332a41680dfe0dc3c986dacbefebdb", kill_on_drop: false }`
[INFO] running `Command { std: "docker" "exec" "-e" "SOURCE_DIR=/opt/rustwide/workdir" "-e" "CARGO_HOME=/opt/rustwide/cargo-home" "-e" "RUSTUP_HOME=/opt/rustwide/rustup-home" "-e" "CARGO_TARGET_DIR=/opt/rustwide/target" "-e" "CARGO_INCREMENTAL=0" "-e" "RUST_BACKTRACE=full" "-e" "RUSTFLAGS=--cap-lints=warn" "-e" "RUSTDOCFLAGS=--cap-lints=warn" "-w" "/opt/rustwide/workdir" "--user" "0:0" "5587cbf36940593d392a6017c79821f592332a41680dfe0dc3c986dacbefebdb" "/opt/rustwide/cargo-home/bin/cargo" "+1.100.0-beta.1" "test" "--frozen", kill_on_drop: false }`
[INFO] [stderr] warning: `package.homepage` is redundant with `package.repository`
[INFO] [stderr]   --> Cargo.toml:83:12
[INFO] [stderr]    |
[INFO] [stderr] 83 | homepage = "https://github.com/skyzh/mini-lsm"
[INFO] [stderr]    |            ^^^^^^^^^^^^^^^^^^^^^^^^^^^^^^^^^^^
[INFO] [stderr] ...
[INFO] [stderr] 88 | repository = "https://github.com/skyzh/mini-lsm"
[INFO] [stderr]    |              -----------------------------------
[INFO] [stderr]    |
[INFO] [stderr]    = note: `cargo::redundant_homepage` is set to `warn` by default
[INFO] [stderr] help: consider removing `package.homepage`
[INFO] [stderr] warning: `mini-lsm` (manifest) generated 1 warning
[INFO] [stdout] 
[INFO] [stderr] warning: unused dependency `arc-swap`
[INFO] [stdout] running 72 tests
[INFO] [stderr]   --> Cargo.toml:16:15
[INFO] [stdout] test tests::week1_day1::test_task1_memtable_get ... ok
[INFO] [stderr]    |
[INFO] [stdout] test tests::week1_day1::test_task1_memtable_overwrite ... ok
[INFO] [stderr] 16 | [dependencies.arc-swap]
[INFO] [stdout] test tests::week1_day1::test_task2_storage_integration ... ok
[INFO] [stderr]    |               ^^^^^^^^^
[INFO] [stdout] test tests::release_regressions::test_release_sst_corruption_and_truncation_never_panic ... ok
[INFO] [stderr]    |
[INFO] [stdout] test tests::release_regressions::test_release_wal_corruption_and_oversized_fields_fail_closed ... ok
[INFO] [stderr]    = note: `cargo::unused_dependencies` is set to `warn` by default
[INFO] [stderr] help: consider removing the dependency on `arc-swap`
[INFO] [stderr] warning: `mini-lsm` (manifest) generated 1 warning
[INFO] [stderr]     Finished `test` profile [unoptimized + debuginfo] target(s) in 0.13s
[INFO] [stderr]      Running unittests src/lib.rs (/opt/rustwide/target/debug/build/mini-lsm/6a6ea6fd9eee42b0/out/mini_lsm-6a6ea6fd9eee42b0)
[INFO] [stdout] test tests::week1_day1::test_task3_storage_integration ... ok
[INFO] [stdout] test tests::release_regressions::test_release_manifest_corruption_never_panics ... ok
[INFO] [stdout] test tests::week1_day2::test_task2_merge_1 ... ok
[INFO] [stdout] test tests::week1_day2::test_task2_merge_2 ... ok
[INFO] [stdout] test tests::week1_day2::test_task2_merge_empty ... ok
[INFO] [stdout] test tests::week1_day2::test_task2_merge_error ... ok
[INFO] [stdout] test tests::week1_day1::test_task4_storage_integration ... ok
[INFO] [stdout] test tests::week1_day2::test_task3_fused_iterator ... ok
[INFO] [stdout] test tests::week1_day3::test_block_build_all ... ok
[INFO] [stdout] test tests::week1_day3::test_block_build_full ... ok
[INFO] [stdout] test tests::week1_day3::test_block_build_large_1 ... ok
[INFO] [stdout] test tests::week1_day3::test_block_build_large_2 ... ok
[INFO] [stdout] test tests::week1_day3::test_block_build_single_key ... ok
[INFO] [stdout] test tests::week1_day3::test_block_decode ... ok
[INFO] [stdout] test tests::week1_day3::test_block_encode ... ok
[INFO] [stdout] test tests::week1_day3::test_block_iterator ... ok
[INFO] [stdout] test tests::week1_day1::test_task3_freeze_on_capacity ... ok
[INFO] [stdout] test tests::week1_day3::test_block_seek_key ... ok
[INFO] [stdout] test tests::week1_day4::test_sst_build_all ... ok
[INFO] [stdout] test tests::week1_day4::test_sst_build_single_key ... ok
[INFO] [stdout] test tests::week1_day2::test_task1_empty_memtable_iter ... ok
[INFO] [stdout] test tests::week1_day2::test_task1_memtable_iter ... ok
[INFO] [stdout] test tests::week1_day4::test_sst_build_two_blocks ... ok
[INFO] [stdout] test tests::week1_day4::test_sst_decode ... ok
[INFO] [stdout] test tests::week1_day5::test_task1_merge_1 ... ok
[INFO] [stdout] test tests::week1_day4::test_sst_block_metadata_matches_block_contents ... ok
[INFO] [stdout] test tests::week1_day2::test_task4_integration ... ok
[INFO] [stdout] test tests::week1_day5::test_task1_merge_2 ... ok
[INFO] [stdout] test tests::week1_day5::test_task1_merge_3 ... ok
[INFO] [stdout] test tests::week1_day5::test_task1_merge_5 ... ok
[INFO] [stdout] test tests::week1_day5::test_task1_merge_4 ... ok
[INFO] [stdout] test tests::week1_day4::test_sst_iterator ... ok
[INFO] [stdout] test tests::week1_day4::test_sst_seek_key ... ok
[INFO] [stdout] test tests::week1_day5::test_task2_storage_scan_end_bound_at_seek_position ... ok
[INFO] [stdout] test tests::week1_day6::test_force_flush_empty_imm_memtable ... ok
[INFO] [stdout] test tests::release_regressions::test_release_wal_torn_tail_preserves_durable_prefix ... ok
[INFO] [stdout] test tests::week1_day5::test_task2_storage_scan ... ok
[INFO] [stdout] test tests::week1_day5::test_task3_storage_get ... ok
[INFO] [stdout] test tests::week1_day7::test_task2_sst_decode ... ok
[INFO] [stdout] test tests::week1_day7::test_task3_block_key_compression ... ok
[INFO] [stdout] test tests::week1_day7::test_task1_bloom_filter ... ok
[INFO] [stdout] test tests::week1_day6::test_task1_storage_get ... ok
[INFO] [stdout] test tests::week1_day6::test_task1_storage_scan ... ok
[INFO] [stdout] test tests::week2_day1::test_task1_full_compaction_all_tombstones ... ok
[INFO] [stdout] test tests::week2_day1::test_task1_full_compaction ... ok
[INFO] [stdout] test tests::week2_day2::test_l0_compaction_preserves_newer_ssts_in_order ... ok
[INFO] [stdout] test tests::week2_day1::test_task2_concat_iterator ... ok
[INFO] [stdout] test tests::week2_day3::test_reduce_sorted_runs_respects_max_merge_width ... ok
[INFO] [stdout] test tests::week2_day3::test_tiered_compaction_accepts_empty_output ... ok
[INFO] [stdout] test tests::week2_day1::test_task3_integration ... ok
[INFO] [stdout] test tests::release_regressions::test_release_manifest_torn_tail_preserves_durable_prefix ... ok
[INFO] [stdout] test tests::week2_day4::test_l0_compaction_preserves_newer_ssts_in_order ... ok
[INFO] [stdout] test tests::week2_day3::test_tiered_compaction_rejects_l0_ssts - should panic ... ok
[INFO] [stdout] test tests::release_regressions::test_release_public_write_size_boundaries ... ok
[INFO] [stdout] test tests::week1_day6::test_task2_auto_flush ... FAILED
[INFO] [stdout] test tests::week2_day5::test_integration_leveled ... ok
[INFO] [stdout] test tests::week1_day6::test_task3_sst_filter ... ok
[INFO] [stdout] test tests::week2_day5::test_integration_simple ... ok
[INFO] [stdout] test tests::week2_day5::test_integration_tiered ... ok
[INFO] [stdout] test wal::tests::test_checksum_covers_encoded_record ... ok
[INFO] [stdout] test tests::week2_day6::test_integration_leveled ... ok
[INFO] [stdout] test tests::week2_day6::test_integration_simple ... ok
[INFO] [stdout] test tests::week2_day6::test_integration_tiered ... ok
[INFO] [stdout] test tests::week2_day5::test_multiple_compacted_ssts_leveled ... ok
[INFO] [stdout] test tests::week2_day3::test_integration ... ok
[INFO] [stdout] test tests::week2_day4::test_integration ... ok
[INFO] [stdout] test tests::week2_day2::test_integration ... ok
[INFO] [stdout] 
[INFO] [stdout] failures:
[INFO] [stdout] 
[INFO] [stdout] ---- tests::week1_day6::test_task2_auto_flush stdout ----
[INFO] [stdout] 
[INFO] [stdout] thread 'tests::week1_day6::test_task2_auto_flush' (995) panicked at src/tests/week1_day6.rs:163:5:
[INFO] [stdout] assertion failed: !storage.inner.state.read().l0_sstables.is_empty()
[INFO] [stdout] stack backtrace:
[INFO] [stdout]    0:     0x60e3d94e2511 - std[617be2ca0a6fd877]::backtrace_rs::backtrace::libunwind::trace
[INFO] [stdout]                                at /rustc/e3feeb59cd1bdd011a2bfcc0747b55125d9b8527/library/std/src/../../backtrace/src/backtrace/libunwind.rs:117:9
[INFO] [stdout]    1:     0x60e3d94e2511 - std[617be2ca0a6fd877]::backtrace_rs::backtrace::trace_unsynchronized::<std[617be2ca0a6fd877]::sys::backtrace::_print_fmt::{closure#1}>
[INFO] [stdout]                                at /rustc/e3feeb59cd1bdd011a2bfcc0747b55125d9b8527/library/std/src/../../backtrace/src/backtrace/mod.rs:66:14
[INFO] [stdout]    2:     0x60e3d94e2511 - std[617be2ca0a6fd877]::sys::backtrace::_print_fmt
[INFO] [stdout]                                at /rustc/e3feeb59cd1bdd011a2bfcc0747b55125d9b8527/library/std/src/sys/backtrace.rs:74:9
[INFO] [stdout]    3:     0x60e3d94e2511 - <<std[617be2ca0a6fd877]::sys::backtrace::BacktraceLock>::print::DisplayBacktrace as core[a373ad73a504971]::fmt::Display>::fmt
[INFO] [stdout]                                at /rustc/e3feeb59cd1bdd011a2bfcc0747b55125d9b8527/library/std/src/sys/backtrace.rs:44:26
[INFO] [stdout]    4:     0x60e3d94f7e4a - <core[a373ad73a504971]::fmt::rt::Argument>::fmt
[INFO] [stdout]                                at /rustc/e3feeb59cd1bdd011a2bfcc0747b55125d9b8527/library/core/src/fmt/rt.rs:152:76
[INFO] [stdout]    5:     0x60e3d94f7e4a - core[a373ad73a504971]::fmt::write
[INFO] [stdout]    6:     0x60e3d94e6fdc - core[a373ad73a504971]::io::write::default_write_fmt::<alloc[2e1b2a31b91974c5]::vec::Vec<u8>>
[INFO] [stdout]                                at /rustc/e3feeb59cd1bdd011a2bfcc0747b55125d9b8527/library/core/src/io/write.rs:402:11
[INFO] [stdout]    7:     0x60e3d94e6fdc - <alloc[2e1b2a31b91974c5]::vec::Vec<u8> as core[a373ad73a504971]::io::write::Write>::write_fmt
[INFO] [stdout]                                at /rustc/e3feeb59cd1bdd011a2bfcc0747b55125d9b8527/library/core/src/io/write.rs:335:13
[INFO] [stdout]    8:     0x60e3d94bbe96 - <std[617be2ca0a6fd877]::sys::backtrace::BacktraceLock>::print
[INFO] [stdout]                                at /rustc/e3feeb59cd1bdd011a2bfcc0747b55125d9b8527/library/std/src/sys/backtrace.rs:47:9
[INFO] [stdout]    9:     0x60e3d94bbe96 - std[617be2ca0a6fd877]::panicking::default_hook::{closure#0}
[INFO] [stdout]                                at /rustc/e3feeb59cd1bdd011a2bfcc0747b55125d9b8527/library/std/src/panicking.rs:289:27
[INFO] [stdout]   10:     0x60e3d94d9729 - std[617be2ca0a6fd877]::panicking::default_hook
[INFO] [stdout]                                at /rustc/e3feeb59cd1bdd011a2bfcc0747b55125d9b8527/library/std/src/panicking.rs:313:9
[INFO] [stdout]   11:     0x60e3d942ca00 - <alloc[2e1b2a31b91974c5]::boxed::Box<dyn for<'a, 'b> core[a373ad73a504971]::ops::function::Fn<(&'a std[617be2ca0a6fd877]::panic::PanicHookInfo<'b>,), Output = ()> + core[a373ad73a504971]::marker::Sync + core[a373ad73a504971]::marker::Send> as core[a373ad73a504971]::ops::function::Fn<(&std[617be2ca0a6fd877]::panic::PanicHookInfo,)>>::call
[INFO] [stdout]                                at /rustc/e3feeb59cd1bdd011a2bfcc0747b55125d9b8527/library/alloc/src/boxed.rs:2328:9
[INFO] [stdout]   12:     0x60e3d942ca00 - test[aada8e7e76ba119b]::test_main_inner::{closure#0}
[INFO] [stdout]                                at /rustc/e3feeb59cd1bdd011a2bfcc0747b55125d9b8527/library/test/src/lib.rs:137:21
[INFO] [stdout]   13:     0x60e3d94d9a52 - <alloc[2e1b2a31b91974c5]::boxed::Box<dyn for<'a, 'b> core[a373ad73a504971]::ops::function::Fn<(&'a std[617be2ca0a6fd877]::panic::PanicHookInfo<'b>,), Output = ()> + core[a373ad73a504971]::marker::Sync + core[a373ad73a504971]::marker::Send> as core[a373ad73a504971]::ops::function::Fn<(&std[617be2ca0a6fd877]::panic::PanicHookInfo,)>>::call
[INFO] [stdout]                                at /rustc/e3feeb59cd1bdd011a2bfcc0747b55125d9b8527/library/alloc/src/boxed.rs:2328:9
[INFO] [stdout]   14:     0x60e3d94d9a52 - std[617be2ca0a6fd877]::panicking::panic_with_hook
[INFO] [stdout]                                at /rustc/e3feeb59cd1bdd011a2bfcc0747b55125d9b8527/library/std/src/panicking.rs:819:13
[INFO] [stdout]   15:     0x60e3d94bbf74 - std[617be2ca0a6fd877]::panicking::panic_handler::{closure#0}
[INFO] [stdout]                                at /rustc/e3feeb59cd1bdd011a2bfcc0747b55125d9b8527/library/std/src/panicking.rs:678:13
[INFO] [stdout]   16:     0x60e3d94b4379 - std[617be2ca0a6fd877]::sys::backtrace::__rust_end_short_backtrace::<std[617be2ca0a6fd877]::panicking::panic_handler::{closure#0}, !>
[INFO] [stdout]                                at /rustc/e3feeb59cd1bdd011a2bfcc0747b55125d9b8527/library/std/src/sys/backtrace.rs:182:18
[INFO] [stdout]   17:     0x60e3d94bcc5d - __rustc[ea4f61d10b84890b]::rust_begin_unwind
[INFO] [stdout]                                at /rustc/e3feeb59cd1bdd011a2bfcc0747b55125d9b8527/library/std/src/panicking.rs:676:5
[INFO] [stdout]   18:     0x60e3d94f863c - core[a373ad73a504971]::panicking::panic_fmt
[INFO] [stdout]                                at /rustc/e3feeb59cd1bdd011a2bfcc0747b55125d9b8527/library/core/src/panicking.rs:80:14
[INFO] [stdout]   19:     0x60e3d94f8602 - core[a373ad73a504971]::panicking::panic
[INFO] [stdout]                                at /rustc/e3feeb59cd1bdd011a2bfcc0747b55125d9b8527/library/core/src/panicking.rs:150:5
[INFO] [stdout]   20:     0x60e3d93a40d4 - mini_lsm[7b537e06a6c0aa79]::tests::week1_day6::test_task2_auto_flush
[INFO] [stdout]                                at /opt/rustwide/workdir/src/tests/week1_day6.rs:163:5
[INFO] [stdout]   21:     0x60e3d9396077 - mini_lsm[7b537e06a6c0aa79]::tests::week1_day6::test_task2_auto_flush::{closure#0}
[INFO] [stdout]                                at /opt/rustwide/workdir/src/tests/week1_day6.rs:148:27
[INFO] [stdout]   22:     0x60e3d93fc936 - <mini_lsm[7b537e06a6c0aa79]::tests::week1_day6::test_task2_auto_flush::{closure#0} as core[a373ad73a504971]::ops::function::FnOnce<()>>::call_once
[INFO] [stdout]                                at /rustc/e3feeb59cd1bdd011a2bfcc0747b55125d9b8527/library/core/src/ops/function.rs:250:5
[INFO] [stdout]   23:     0x60e3d941fe4b - <fn() -> core[a373ad73a504971]::result::Result<(), alloc[2e1b2a31b91974c5]::string::String> as core[a373ad73a504971]::ops::function::FnOnce<()>>::call_once
[INFO] [stdout]                                at /rustc/e3feeb59cd1bdd011a2bfcc0747b55125d9b8527/library/core/src/ops/function.rs:250:5
[INFO] [stdout]   24:     0x60e3d941fe4b - test[aada8e7e76ba119b]::__rust_begin_short_backtrace::<core[a373ad73a504971]::result::Result<(), alloc[2e1b2a31b91974c5]::string::String>, fn() -> core[a373ad73a504971]::result::Result<(), alloc[2e1b2a31b91974c5]::string::String>>
[INFO] [stdout]                                at /rustc/e3feeb59cd1bdd011a2bfcc0747b55125d9b8527/library/test/src/lib.rs:701:18
[INFO] [stdout]   25:     0x60e3d942d025 - test[aada8e7e76ba119b]::run_test_in_process::{closure#0}
[INFO] [stdout]                                at /rustc/e3feeb59cd1bdd011a2bfcc0747b55125d9b8527/library/test/src/lib.rs:724:74
[INFO] [stdout]   26:     0x60e3d942d025 - <core[a373ad73a504971]::panic::unwind_safe::AssertUnwindSafe<test[aada8e7e76ba119b]::run_test_in_process::{closure#0}> as core[a373ad73a504971]::ops::function::FnOnce<()>>::call_once
[INFO] [stdout]                                at /rustc/e3feeb59cd1bdd011a2bfcc0747b55125d9b8527/library/core/src/panic/unwind_safe.rs:275:9
[INFO] [stdout]   27:     0x60e3d942d025 - std[617be2ca0a6fd877]::panicking::catch_unwind::do_call::<core[a373ad73a504971]::panic::unwind_safe::AssertUnwindSafe<test[aada8e7e76ba119b]::run_test_in_process::{closure#0}>, core[a373ad73a504971]::result::Result<(), alloc[2e1b2a31b91974c5]::string::String>>
[INFO] [stdout]                                at /rustc/e3feeb59cd1bdd011a2bfcc0747b55125d9b8527/library/std/src/panicking.rs:573:43
[INFO] [stdout]   28:     0x60e3d942d025 - std[617be2ca0a6fd877]::panicking::catch_unwind::<core[a373ad73a504971]::result::Result<(), alloc[2e1b2a31b91974c5]::string::String>, core[a373ad73a504971]::panic::unwind_safe::AssertUnwindSafe<test[aada8e7e76ba119b]::run_test_in_process::{closure#0}>>
[INFO] [stdout]                                at /rustc/e3feeb59cd1bdd011a2bfcc0747b55125d9b8527/library/std/src/panicking.rs:541:19
[INFO] [stdout]   29:     0x60e3d942d025 - std[617be2ca0a6fd877]::panic::catch_unwind::<core[a373ad73a504971]::panic::unwind_safe::AssertUnwindSafe<test[aada8e7e76ba119b]::run_test_in_process::{closure#0}>, core[a373ad73a504971]::result::Result<(), alloc[2e1b2a31b91974c5]::string::String>>
[INFO] [stdout]                                at /rustc/e3feeb59cd1bdd011a2bfcc0747b55125d9b8527/library/std/src/panic.rs:359:14
[INFO] [stdout]   30:     0x60e3d942d025 - test[aada8e7e76ba119b]::run_test_in_process
[INFO] [stdout]                                at /rustc/e3feeb59cd1bdd011a2bfcc0747b55125d9b8527/library/test/src/lib.rs:724:27
[INFO] [stdout]   31:     0x60e3d942d025 - test[aada8e7e76ba119b]::run_test::{closure#0}
[INFO] [stdout]                                at /rustc/e3feeb59cd1bdd011a2bfcc0747b55125d9b8527/library/test/src/lib.rs:645:43
[INFO] [stdout]   32:     0x60e3d9426914 - test[aada8e7e76ba119b]::run_test::{closure#1}
[INFO] [stdout]                                at /rustc/e3feeb59cd1bdd011a2bfcc0747b55125d9b8527/library/test/src/lib.rs:675:41
[INFO] [stdout]   33:     0x60e3d9426914 - std[617be2ca0a6fd877]::sys::backtrace::__rust_begin_short_backtrace::<test[aada8e7e76ba119b]::run_test::{closure#1}, ()>
[INFO] [stdout]                                at /rustc/e3feeb59cd1bdd011a2bfcc0747b55125d9b8527/library/std/src/sys/backtrace.rs:166:18
[INFO] [stdout]   34:     0x60e3d94300b2 - std[617be2ca0a6fd877]::thread::lifecycle::spawn_unchecked::<test[aada8e7e76ba119b]::run_test::{closure#1}, ()>::{closure#1}::{closure#0}
[INFO] [stdout]                                at /rustc/e3feeb59cd1bdd011a2bfcc0747b55125d9b8527/library/std/src/thread/lifecycle.rs:70:13
[INFO] [stdout]   35:     0x60e3d94300b2 - <core[a373ad73a504971]::panic::unwind_safe::AssertUnwindSafe<std[617be2ca0a6fd877]::thread::lifecycle::spawn_unchecked<test[aada8e7e76ba119b]::run_test::{closure#1}, ()>::{closure#1}::{closure#0}> as core[a373ad73a504971]::ops::function::FnOnce<()>>::call_once
[INFO] [stdout]                                at /rustc/e3feeb59cd1bdd011a2bfcc0747b55125d9b8527/library/core/src/panic/unwind_safe.rs:275:9
[INFO] [stdout]   36:     0x60e3d94300b2 - std[617be2ca0a6fd877]::panicking::catch_unwind::do_call::<core[a373ad73a504971]::panic::unwind_safe::AssertUnwindSafe<std[617be2ca0a6fd877]::thread::lifecycle::spawn_unchecked<test[aada8e7e76ba119b]::run_test::{closure#1}, ()>::{closure#1}::{closure#0}>, ()>
[INFO] [stdout]                                at /rustc/e3feeb59cd1bdd011a2bfcc0747b55125d9b8527/library/std/src/panicking.rs:573:43
[INFO] [stdout]   37:     0x60e3d94300b2 - std[617be2ca0a6fd877]::panicking::catch_unwind::<(), core[a373ad73a504971]::panic::unwind_safe::AssertUnwindSafe<std[617be2ca0a6fd877]::thread::lifecycle::spawn_unchecked<test[aada8e7e76ba119b]::run_test::{closure#1}, ()>::{closure#1}::{closure#0}>>
[INFO] [stdout]                                at /rustc/e3feeb59cd1bdd011a2bfcc0747b55125d9b8527/library/std/src/panicking.rs:541:19
[INFO] [stdout]   38:     0x60e3d94300b2 - std[617be2ca0a6fd877]::panic::catch_unwind::<core[a373ad73a504971]::panic::unwind_safe::AssertUnwindSafe<std[617be2ca0a6fd877]::thread::lifecycle::spawn_unchecked<test[aada8e7e76ba119b]::run_test::{closure#1}, ()>::{closure#1}::{closure#0}>, ()>
[INFO] [stdout]                                at /rustc/e3feeb59cd1bdd011a2bfcc0747b55125d9b8527/library/std/src/panic.rs:359:14
[INFO] [stdout]   39:     0x60e3d94300b2 - std[617be2ca0a6fd877]::thread::lifecycle::spawn_unchecked::<test[aada8e7e76ba119b]::run_test::{closure#1}, ()>::{closure#1}
[INFO] [stdout]                                at /rustc/e3feeb59cd1bdd011a2bfcc0747b55125d9b8527/library/std/src/thread/lifecycle.rs:68:26
[INFO] [stdout]   40:     0x60e3d94300b2 - <std[617be2ca0a6fd877]::thread::lifecycle::spawn_unchecked<test[aada8e7e76ba119b]::run_test::{closure#1}, ()>::{closure#1} as core[a373ad73a504971]::ops::function::FnOnce<()>>::call_once::{shim:vtable#0}
[INFO] [stdout]                                at /rustc/e3feeb59cd1bdd011a2bfcc0747b55125d9b8527/library/core/src/ops/function.rs:250:5
[INFO] [stdout]   41:     0x60e3d94e17cf - <alloc[2e1b2a31b91974c5]::boxed::Box<dyn core[a373ad73a504971]::ops::function::FnOnce<(), Output = ()> + core[a373ad73a504971]::marker::Send> as core[a373ad73a504971]::ops::function::FnOnce<()>>::call_once
[INFO] [stdout]                                at /rustc/e3feeb59cd1bdd011a2bfcc0747b55125d9b8527/library/alloc/src/boxed.rs:2314:9
[INFO] [stdout]   42:     0x60e3d94e17cf - <std[617be2ca0a6fd877]::sys::thread::unix::Thread>::new::thread_start
[INFO] [stdout]                                at /rustc/e3feeb59cd1bdd011a2bfcc0747b55125d9b8527/library/std/src/sys/thread/unix.rs:127:17
[INFO] [stdout]   43:     0x7af49f5b5dfa - <unknown>
[INFO] [stdout]   44:     0x7af49f6493d4 - clone
[INFO] [stdout]   45:                0x0 - <unknown>
[INFO] [stdout] 
[INFO] [stdout] 
[INFO] [stdout] failures:
[INFO] [stdout]     tests::week1_day6::test_task2_auto_flush
[INFO] [stdout] 
[INFO] [stdout] test result: FAILED. 71 passed; 1 failed; 0 ignored; 0 measured; 0 filtered out; finished in 27.68s
[INFO] [stdout] 
[INFO] [stderr] error: test failed, to rerun pass `--lib`
[INFO] running `Command { std: "docker" "inspect" "5587cbf36940593d392a6017c79821f592332a41680dfe0dc3c986dacbefebdb", kill_on_drop: false }`
[INFO] running `Command { std: "docker" "rm" "-f" "5587cbf36940593d392a6017c79821f592332a41680dfe0dc3c986dacbefebdb", kill_on_drop: false }`
[INFO] [stdout] 5587cbf36940593d392a6017c79821f592332a41680dfe0dc3c986dacbefebdb
