[INFO] fetching crate icepeek 0.1.0...
[INFO] testing icepeek-0.1.0 against 1.99.0-beta.8 for beta-1.100-2
[INFO] extracting crate icepeek 0.1.0 into /workspace/builds/worker-7-tc1/source
[INFO] started tweaking crates.io crate icepeek 0.1.0
[INFO] removed 0 missing examples
[INFO] finished tweaking crates.io crate icepeek 0.1.0
[INFO] tweaked toml for crates.io crate icepeek 0.1.0 written to /workspace/builds/worker-7-tc1/source/Cargo.toml
[INFO] validating manifest of crates.io crate icepeek 0.1.0 on toolchain 1.99.0-beta.8
[INFO] running `Command { std: CARGO_HOME="/workspace/cargo-home" RUSTUP_HOME="/workspace/rustup-home" "/workspace/cargo-home/bin/cargo" "+1.99.0-beta.8" "metadata" "--manifest-path" "Cargo.toml" "--no-deps", kill_on_drop: false }`
[INFO] crate crates.io crate icepeek 0.1.0 already has a lockfile, it will not be regenerated
[INFO] running `Command { std: CARGO_HOME="/workspace/cargo-home" RUSTUP_HOME="/workspace/rustup-home" "/workspace/cargo-home/bin/cargo" "+1.99.0-beta.8" "fetch" "--manifest-path" "Cargo.toml", kill_on_drop: false }`
[INFO] [stderr]     Updating crates.io index
[INFO] [stderr]  Downloading crates ...
[INFO] [stderr]   Downloaded deranged v0.5.6
[INFO] [stderr]   Downloaded syn v2.0.116
[INFO] [stderr]   Downloaded bumpalo v3.20.1
[INFO] [stderr]   Downloaded parquet v57.3.0
[INFO] [stderr]   Downloaded lz4_flex v0.12.0
[INFO] [stderr]   Downloaded zlib-rs v0.6.2
[INFO] [stderr]   Downloaded arrow-select v57.3.0
[INFO] [stderr]   Downloaded arrow-schema v57.3.0
[INFO] [stderr]   Downloaded arrow-data v57.3.0
[INFO] [stderr]   Downloaded lexical-core v1.0.6
[INFO] [stderr]   Downloaded arrow-buffer v57.3.0
[INFO] [stderr]   Downloaded flatbuffers v25.12.19
[INFO] [stderr]   Downloaded arrow-array v57.3.0
[INFO] [stderr]   Downloaded arrow-cast v57.3.0
[INFO] [stderr]   Downloaded lexical-util v1.0.7
[INFO] [stderr]   Downloaded lexical-parse-integer v1.0.6
[INFO] [stderr]   Downloaded arrow-ord v57.3.0
[INFO] [stderr]   Downloaded typed-builder-macro v0.20.1
[INFO] [stderr]   Downloaded lexical-write-integer v1.0.6
[INFO] [stderr]   Downloaded typed-builder v0.20.1
[INFO] [stderr]   Downloaded arrow-ipc v57.3.0
[INFO] [stderr]   Downloaded lexical-write-float v1.0.6
[INFO] [stderr]   Downloaded lexical-parse-float v1.0.6
[INFO] [stderr]   Downloaded iceberg-catalog-rest v0.8.0
[INFO] [stderr]   Downloaded iceberg v0.8.0
[INFO] [stderr]   Downloaded reqsign v0.16.5
[INFO] [stderr]   Downloaded roaring v0.11.3
[INFO] [stderr]   Downloaded jiff-static v0.2.20
[INFO] [stderr]   Downloaded crc32c v0.6.8
[INFO] [stderr]   Downloaded murmur3 v0.5.2
[INFO] [stderr]   Downloaded jiff v0.2.20
[INFO] [stderr]   Downloaded moka v0.12.13
[INFO] [stderr]   Downloaded as-any v0.3.2
[INFO] [stderr]   Downloaded opendal v0.55.0
[INFO] [stderr]   Downloaded arrow-arith v57.3.0
[INFO] [stderr]   Downloaded expect-test v1.5.1
[INFO] [stderr]   Downloaded array-init v2.1.0
[INFO] [stderr]   Downloaded dissimilar v1.0.10
[INFO] [stderr]   Downloaded clap v4.5.59
[INFO] [stderr]   Downloaded clap_builder v4.5.59
[INFO] [stderr]   Downloaded arrow-string v57.3.0
[INFO] [stderr]   Downloaded bon v3.9.0
[INFO] [stderr]   Downloaded bon-macros v3.9.0
[INFO] running `Command { std: "docker" "create" "-v" "/var/lib/crater-agent-workspace/builds/worker-7-tc1/source:/opt/rustwide/workdir:ro,Z" "-v" "/var/lib/crater-agent-workspace/builds/worker-7-tc1/target:/opt/rustwide/target:rw,Z" "-v" "/var/lib/crater-agent-workspace/cargo-home:/opt/rustwide/cargo-home:ro,Z" "-v" "/var/lib/crater-agent-workspace/rustup-home:/opt/rustwide/rustup-home:ro,Z" "-m" "1610612736" "--network" "none" "ghcr.io/rust-lang/crates-build-env/linux@sha256:3111399a4047eeb3a02b7a90e478d715f38a8c6669b5c4b49d30a17385265909" "sleep" "infinity", kill_on_drop: false }`
[INFO] [stdout] 13dfac934c83be4cb97f9ab402186b646dd619c6eeb8433a71fec6dc9a59f3ac
[INFO] running `Command { std: "docker" "start" "13dfac934c83be4cb97f9ab402186b646dd619c6eeb8433a71fec6dc9a59f3ac", kill_on_drop: false }`
[INFO] running `Command { std: "docker" "inspect" "13dfac934c83be4cb97f9ab402186b646dd619c6eeb8433a71fec6dc9a59f3ac", kill_on_drop: false }`
[INFO] running `Command { std: "docker" "exec" "-e" "SOURCE_DIR=/opt/rustwide/workdir" "-e" "CARGO_HOME=/opt/rustwide/cargo-home" "-e" "RUSTUP_HOME=/opt/rustwide/rustup-home" "-e" "CARGO_TARGET_DIR=/opt/rustwide/target" "-w" "/opt/rustwide/workdir" "--user" "0:0" "13dfac934c83be4cb97f9ab402186b646dd619c6eeb8433a71fec6dc9a59f3ac" "/opt/rustwide/cargo-home/bin/cargo" "+1.99.0-beta.8" "metadata" "--no-deps" "--format-version=1", kill_on_drop: false }`
[INFO] running `Command { std: "docker" "inspect" "13dfac934c83be4cb97f9ab402186b646dd619c6eeb8433a71fec6dc9a59f3ac", kill_on_drop: false }`
[INFO] running `Command { std: "docker" "exec" "-e" "SOURCE_DIR=/opt/rustwide/workdir" "-e" "CARGO_HOME=/opt/rustwide/cargo-home" "-e" "RUSTUP_HOME=/opt/rustwide/rustup-home" "-e" "CARGO_TARGET_DIR=/opt/rustwide/target" "-e" "CARGO_INCREMENTAL=0" "-e" "RUST_BACKTRACE=full" "-e" "RUSTFLAGS=--cap-lints=warn" "-e" "RUSTDOCFLAGS=--cap-lints=warn" "-w" "/opt/rustwide/workdir" "--user" "0:0" "13dfac934c83be4cb97f9ab402186b646dd619c6eeb8433a71fec6dc9a59f3ac" "/opt/rustwide/cargo-home/bin/cargo" "+1.99.0-beta.8" "build" "--frozen" "--message-format=json", kill_on_drop: false }`
[INFO] [stderr]    Compiling quote v1.0.44
[INFO] [stderr]    Compiling libc v0.2.182
[INFO] [stderr]    Compiling num-traits v0.2.19
[INFO] [stderr]    Compiling smallvec v1.15.1
[INFO] [stderr]    Compiling zerocopy v0.8.39
[INFO] [stderr]    Compiling serde v1.0.228
[INFO] [stderr]    Compiling bitflags v2.11.0
[INFO] [stderr]    Compiling futures-channel v0.3.32
[INFO] [stderr]    Compiling futures-io v0.3.32
[INFO] [stderr]    Compiling slab v0.4.12
[INFO] [stderr]    Compiling ahash v0.8.12
[INFO] [stderr]    Compiling litemap v0.8.1
[INFO] [stderr]    Compiling crunchy v0.2.4
[INFO] [stderr]    Compiling syn v2.0.116
[INFO] [stderr]    Compiling writeable v0.6.2
[INFO] [stderr]    Compiling http v1.4.0
[INFO] [stderr]    Compiling arrow-schema v57.3.0
[INFO] [stderr]    Compiling icu_normalizer_data v2.1.1
[INFO] [stderr]    Compiling tiny-keccak v2.0.2
[INFO] [stderr]    Compiling thiserror v2.0.18
[INFO] [stderr]    Compiling icu_properties_data v2.1.2
[INFO] [stderr]    Compiling zeroize v1.8.2
[INFO] [stderr]    Compiling rustls-pki-types v1.14.0
[INFO] [stderr]    Compiling either v1.15.0
[INFO] [stderr]    Compiling const-oid v0.9.6
[INFO] [stderr]    Compiling digest v0.10.7
[INFO] [stderr]    Compiling num-integer v0.1.46
[INFO] [stderr]    Compiling chrono v0.4.43
[INFO] [stderr]    Compiling num-complex v0.4.6
[INFO] [stderr]    Compiling http-body v1.0.1
[INFO] [stderr]    Compiling jobserver v0.1.34
[INFO] [stderr]    Compiling errno v0.3.14
[INFO] [stderr]    Compiling signal-hook-registry v1.4.8
[INFO] [stderr]    Compiling parking_lot_core v0.9.12
[INFO] [stderr]    Compiling cc v1.2.56
[INFO] [stderr]    Compiling parking_lot v0.12.5
[INFO] [stderr]    Compiling mio v1.1.1
[INFO] [stderr]    Compiling getrandom v0.3.4
[INFO] [stderr]    Compiling socket2 v0.6.2
[INFO] [stderr]    Compiling getrandom v0.2.17
[INFO] [stderr]    Compiling lexical-util v1.0.7
[INFO] [stderr]    Compiling rustls v0.23.36
[INFO] [stderr]    Compiling once_cell v1.21.3
[INFO] [stderr]    Compiling tracing-core v0.1.36
[INFO] [stderr]    Compiling const-random-macro v0.1.16
[INFO] [stderr]    Compiling getrandom v0.4.1
[INFO] [stderr]    Compiling serde_json v1.0.149
[INFO] [stderr]    Compiling sync_wrapper v1.0.2
[INFO] [stderr]    Compiling ipnet v2.11.0
[INFO] [stderr]    Compiling const-random v0.1.18
[INFO] [stderr]    Compiling prettyplease v0.2.37
[INFO] [stderr]    Compiling dlv-list v0.5.2
[INFO] [stderr]    Compiling lexical-write-integer v1.0.6
[INFO] [stderr]    Compiling lexical-parse-integer v1.0.6
[INFO] [stderr]    Compiling concurrent-queue v2.5.0
[INFO] [stderr]    Compiling rand_core v0.6.4
[INFO] [stderr]    Compiling webpki-roots v1.0.6
[INFO] [stderr]    Compiling itertools v0.14.0
[INFO] [stderr]    Compiling flatbuffers v25.12.19
[INFO] [stderr]    Compiling castaway v0.2.4
[INFO] [stderr]    Compiling instability v0.3.11
[INFO] [stderr]    Compiling unicode-width v0.2.2
[INFO] [stderr]    Compiling hashbrown v0.14.5
[INFO] [stderr]    Compiling iri-string v0.7.10
[INFO] [stderr]    Compiling anyhow v1.0.101
[INFO] [stderr]    Compiling ring v0.17.14
[INFO] [stderr]    Compiling zstd-sys v2.0.16+zstd.1.5.7
[INFO] [stderr]    Compiling simd-adler32 v0.3.8
[INFO] [stderr]    Compiling indoc v2.0.7
[INFO] [stderr]    Compiling miniz_oxide v0.8.9
[INFO] [stderr]    Compiling ordered-multimap v0.7.3
[INFO] [stderr]    Compiling compact_str v0.9.0
[INFO] [stderr]    Compiling synstructure v0.13.2
[INFO] [stderr]    Compiling darling_core v0.23.0
[INFO] [stderr]    Compiling darling_core v0.20.11
[INFO] [stderr]    Compiling darling_core v0.21.3
[INFO] [stderr]    Compiling unicode-truncate v2.0.1
[INFO] [stderr]    Compiling event-listener v5.4.1
[INFO] [stderr]    Compiling lexical-write-float v1.0.6
[INFO] [stderr]    Compiling uuid v1.21.0
[INFO] [stderr]    Compiling zerocopy-derive v0.8.39
[INFO] [stderr]    Compiling serde_derive v1.0.228
[INFO] [stderr]    Compiling zerofrom-derive v0.1.6
[INFO] [stderr]    Compiling yoke-derive v0.8.1
[INFO] [stderr]    Compiling zerovec-derive v0.11.2
[INFO] [stderr]    Compiling zerofrom v0.1.6
[INFO] [stderr]    Compiling displaydoc v0.2.5
[INFO] [stderr]    Compiling tokio-macros v2.6.0
[INFO] [stderr]    Compiling yoke v0.8.1
[INFO] [stderr]    Compiling futures-macro v0.3.32
[INFO] [stderr]    Compiling darling_macro v0.23.0
[INFO] [stderr]    Compiling zerovec v0.11.5
[INFO] [stderr]    Compiling darling v0.23.0
[INFO] [stderr]    Compiling tokio v1.49.0
[INFO] [stderr]    Compiling thiserror-impl v2.0.18
[INFO] [stderr]    Compiling zerotrie v0.2.3
[INFO] [stderr]    Compiling tinystr v0.8.2
[INFO] [stderr]    Compiling potential_utf v0.1.4
[INFO] [stderr]    Compiling futures-util v0.3.32
[INFO] [stderr]    Compiling icu_collections v2.1.1
[INFO] [stderr]    Compiling icu_locale_core v2.1.1
[INFO] [stderr]    Compiling strum_macros v0.27.2
[INFO] [stderr]    Compiling icu_provider v2.1.1
[INFO] [stderr]    Compiling icu_properties v2.1.2
[INFO] [stderr]    Compiling num-bigint v0.4.6
[INFO] [stderr]    Compiling rustls-webpki v0.103.9
[INFO] [stderr]    Compiling strum v0.27.2
[INFO] [stderr]    Compiling icu_normalizer v2.1.1
[INFO] [stderr]    Compiling tracing-attributes v0.1.31
[INFO] [stderr]    Compiling idna_adapter v1.2.1
[INFO] [stderr]    Compiling idna v1.1.0
[INFO] [stderr]    Compiling darling_macro v0.20.11
[INFO] [stderr]    Compiling half v2.7.1
[INFO] [stderr]    Compiling ppv-lite86 v0.2.21
[INFO] [stderr]    Compiling arrow-buffer v57.3.0
[INFO] [stderr]    Compiling darling v0.20.11
[INFO] [stderr]    Compiling url v2.5.8
[INFO] [stderr]    Compiling rand_chacha v0.3.1
[INFO] [stderr]    Compiling futures-executor v0.3.32
[INFO] [stderr]    Compiling serde_urlencoded v0.7.1
[INFO] [stderr]    Compiling tracing v0.1.44
[INFO] [stderr]    Compiling kasuari v0.4.11
[INFO] [stderr]    Compiling darling_macro v0.21.3
[INFO] [stderr]    Compiling lexical-parse-float v1.0.6
[INFO] [stderr]    Compiling rand_core v0.9.5
[INFO] [stderr]    Compiling arrow-data v57.3.0
[INFO] [stderr]    Compiling http-body-util v0.1.3
[INFO] [stderr]    Compiling hyper v1.8.1
[INFO] [stderr]    Compiling tower v0.5.3
[INFO] [stderr]    Compiling tokio-util v0.7.18
[INFO] [stderr]    Compiling convert_case v0.10.0
[INFO] [stderr]    Compiling crc32c v0.6.8
[INFO] [stderr]    Compiling lru v0.16.3
[INFO] [stderr]    Compiling bigdecimal v0.4.10
[INFO] [stderr]    Compiling arrow-array v57.3.0
[INFO] [stderr]    Compiling tower-http v0.6.8
[INFO] [stderr]    Compiling hyper-util v0.1.20
[INFO] [stderr]    Compiling rustix v1.1.3
[INFO] [stderr]    Compiling regex-syntax v0.8.9
[INFO] [stderr]    Compiling snap v1.1.1
[INFO] [stderr]    Compiling deranged v0.5.6
[INFO] [stderr]    Compiling portable-atomic v1.13.1
[INFO] [stderr]    Compiling ratatui-core v0.1.0
[INFO] [stderr]    Compiling tokio-rustls v0.26.4
[INFO] [stderr]    Compiling hyper-rustls v0.27.7
[INFO] [stderr]    Compiling reqwest v0.12.28
[INFO] [stderr]    Compiling derive_more-impl v2.1.1
[INFO] [stderr]    Compiling arrow-select v57.3.0
[INFO] [stderr]    Compiling regex-automata v0.4.14
[INFO] [stderr]    Compiling lexical-core v1.0.6
[INFO] [stderr]    Compiling rand_chacha v0.9.0
[INFO] [stderr]    Compiling darling v0.21.3
[INFO] [stderr]    Compiling rand v0.8.5
[INFO] [stderr]    Compiling futures v0.3.32
[INFO] [stderr]    Compiling derive_builder_core v0.20.2
[INFO] [stderr]    Compiling zstd-safe v7.2.4
[INFO] [stderr]    Compiling zstd v0.13.3
[INFO] [stderr]    Compiling quick-xml v0.37.5
[INFO] [stderr]    Compiling arrow-ord v57.3.0
[INFO] [stderr]    Compiling bon-macros v3.9.0
[INFO] [stderr]    Compiling async-trait v0.1.89
[INFO] [stderr]    Compiling event-listener-strategy v0.5.4
[INFO] [stderr]    Compiling signal-hook v0.3.18
[INFO] [stderr]    Compiling rust-ini v0.21.3
[INFO] [stderr]    Compiling sha1 v0.10.6
[INFO] [stderr]    Compiling sha2 v0.10.9
[INFO] [stderr]    Compiling hmac v0.12.1
[INFO] [stderr]    Compiling atoi v2.0.0
[INFO] [stderr]    Compiling ordered-float v2.10.1
[INFO] [stderr]    Compiling linux-raw-sys v0.11.0
[INFO] [stderr]    Compiling zlib-rs v0.6.2
[INFO] [stderr]    Compiling rust_decimal v1.40.0
[INFO] [stderr]    Compiling num-conv v0.2.0
[INFO] [stderr]    Compiling integer-encoding v3.0.4
[INFO] [stderr]    Compiling twox-hash v2.1.2
[INFO] [stderr]    Compiling home v0.5.12
[INFO] [stderr]    Compiling fastrand v2.3.0
[INFO] [stderr]    Compiling litrs v1.0.0
[INFO] [stderr]    Compiling num_threads v0.1.7
[INFO] [stderr]    Compiling backon v1.6.0
[INFO] [stderr]    Compiling lz4_flex v0.12.0
[INFO] [stderr]    Compiling time v0.3.47
[INFO] [stderr]    Compiling reqsign v0.16.5
[INFO] [stderr]    Compiling thrift v0.17.0
[INFO] [stderr]    Compiling document-features v0.2.12
[INFO] [stderr]    Compiling arrow-cast v57.3.0
[INFO] [stderr]    Compiling signal-hook-mio v0.2.5
[INFO] [stderr]    Compiling brotli v8.0.2
[INFO] [stderr]    Compiling arrow-ipc v57.3.0
[INFO] [stderr]    Compiling bon v3.9.0
[INFO] [stderr]    Compiling async-lock v3.4.2
[INFO] [stderr]    Compiling regex v1.12.3
[INFO] [stderr]    Compiling derive_builder_macro v0.20.2
[INFO] [stderr]    Compiling serde_with_macros v3.16.1
[INFO] [stderr]    Compiling rand v0.9.2
[INFO] [stderr]    Compiling derive_more v2.1.1
[INFO] [stderr]    Compiling flate2 v1.1.9
[INFO] [stderr]    Compiling quick-xml v0.38.4
[INFO] [stderr]    Compiling typed-builder-macro v0.20.1
[INFO] [stderr]    Compiling crossbeam-epoch v0.9.18
[INFO] [stderr]    Compiling md-5 v0.10.6
[INFO] [stderr]    Compiling line-clipping v0.3.5
[INFO] [stderr]    Compiling serde_bytes v0.11.19
[INFO] [stderr]    Compiling jiff v0.2.20
[INFO] [stderr]    Compiling regex-lite v0.1.9
[INFO] [stderr]    Compiling seq-macro v0.3.6
[INFO] [stderr]    Compiling tagptr v0.2.0
[INFO] [stderr]    Compiling bytemuck v1.25.0
[INFO] [stderr]    Compiling simdutf8 v0.1.5
[INFO] [stderr]    Compiling arrayvec v0.7.6
[INFO] [stderr]    Compiling dissimilar v1.0.10
[INFO] [stderr]    Compiling typed-builder v0.20.1
[INFO] [stderr]    Compiling parquet v57.3.0
[INFO] [stderr]    Compiling expect-test v1.5.1
[INFO] [stderr]    Compiling roaring v0.11.3
[INFO] [stderr]    Compiling apache-avro v0.21.0
[INFO] [stderr]    Compiling moka v0.12.13
[INFO] [stderr]    Compiling ratatui-widgets v0.3.0
[INFO] [stderr]    Compiling serde_with v3.16.1
[INFO] [stderr]    Compiling crossterm v0.29.0
[INFO] [stderr]    Compiling derive_builder v0.20.2
[INFO] [stderr]    Compiling arrow-string v57.3.0
[INFO] [stderr]    Compiling opendal v0.55.0
[INFO] [stderr]    Compiling arrow-arith v57.3.0
[INFO] [stderr]    Compiling serde_repr v0.1.20
[INFO] [stderr]    Compiling ordered-float v4.6.0
[INFO] [stderr]    Compiling itertools v0.13.0
[INFO] [stderr]    Compiling murmur3 v0.5.2
[INFO] [stderr]    Compiling array-init v2.1.0
[INFO] [stderr]    Compiling clap_lex v1.0.0
[INFO] [stderr]    Compiling bimap v0.6.3
[INFO] [stderr]    Compiling as-any v0.3.2
[INFO] [stderr]    Compiling clap_builder v4.5.59
[INFO] [stderr]    Compiling ratatui-crossterm v0.1.0
[INFO] [stderr]    Compiling ratatui-macros v0.7.0
[INFO] [stderr]    Compiling clap_derive v4.5.55
[INFO] [stderr]    Compiling ratatui v0.30.0
[INFO] [stderr]    Compiling clap v4.5.59
[INFO] [stderr]    Compiling iceberg v0.8.0
[INFO] [stderr]    Compiling iceberg-catalog-rest v0.8.0
[INFO] [stderr]    Compiling icepeek v0.1.0 (/opt/rustwide/workdir)
[INFO] [stderr]     Finished `dev` profile [unoptimized + debuginfo] target(s) in 5m 44s
[INFO] running `Command { std: "docker" "inspect" "13dfac934c83be4cb97f9ab402186b646dd619c6eeb8433a71fec6dc9a59f3ac", kill_on_drop: false }`
[INFO] running `Command { std: "docker" "exec" "-e" "SOURCE_DIR=/opt/rustwide/workdir" "-e" "CARGO_HOME=/opt/rustwide/cargo-home" "-e" "RUSTUP_HOME=/opt/rustwide/rustup-home" "-e" "CARGO_TARGET_DIR=/opt/rustwide/target" "-e" "CARGO_INCREMENTAL=0" "-e" "RUST_BACKTRACE=full" "-e" "RUSTFLAGS=--cap-lints=warn" "-e" "RUSTDOCFLAGS=--cap-lints=warn" "-w" "/opt/rustwide/workdir" "--user" "0:0" "13dfac934c83be4cb97f9ab402186b646dd619c6eeb8433a71fec6dc9a59f3ac" "/opt/rustwide/cargo-home/bin/cargo" "+1.99.0-beta.8" "test" "--frozen" "--no-run" "--message-format=json", kill_on_drop: false }`
[INFO] [stderr]    Compiling icepeek v0.1.0 (/opt/rustwide/workdir)
[INFO] [stderr]     Finished `test` profile [unoptimized + debuginfo] target(s) in 22.64s
[INFO] running `Command { std: "docker" "inspect" "13dfac934c83be4cb97f9ab402186b646dd619c6eeb8433a71fec6dc9a59f3ac", kill_on_drop: false }`
[INFO] running `Command { std: "docker" "exec" "-e" "SOURCE_DIR=/opt/rustwide/workdir" "-e" "CARGO_HOME=/opt/rustwide/cargo-home" "-e" "RUSTUP_HOME=/opt/rustwide/rustup-home" "-e" "CARGO_TARGET_DIR=/opt/rustwide/target" "-e" "CARGO_INCREMENTAL=0" "-e" "RUST_BACKTRACE=full" "-e" "RUSTFLAGS=--cap-lints=warn" "-e" "RUSTDOCFLAGS=--cap-lints=warn" "-w" "/opt/rustwide/workdir" "--user" "0:0" "13dfac934c83be4cb97f9ab402186b646dd619c6eeb8433a71fec6dc9a59f3ac" "/opt/rustwide/cargo-home/bin/cargo" "+1.99.0-beta.8" "test" "--frozen", kill_on_drop: false }`
[INFO] [stderr]     Finished `test` profile [unoptimized + debuginfo] target(s) in 0.63s
[INFO] [stderr]      Running unittests src/main.rs (/opt/rustwide/target/debug/deps/icepeek-9e454f8fcd2cbddb)
[INFO] [stdout] 
[INFO] [stdout] running 127 tests
[INFO] [stdout] test app::tests::handle_key_quit ... ok
[INFO] [stdout] test app::tests::handle_key_increase_limit ... ok
[INFO] [stdout] test app::tests::app_new_default_state ... ok
[INFO] [stdout] test app::tests::app_new_with_limit ... ok
[INFO] [stdout] test app::tests::handle_key_reload ... ok
[INFO] [stdout] test app::tests::handle_key_focus_next_prev ... ok
[INFO] [stdout] test app::tests::app_new_with_columns ... ok
[INFO] [stdout] test app::tests::handle_key_tab_switch ... ok
[INFO] [stdout] test app::tests::handle_message_data_ready_updates_has_more ... ok
[INFO] [stdout] test app::tests::table_handle_static_starts_none ... ok
[INFO] [stdout] test cli::tests::effective_limit_no_limit ... ok
[INFO] [stdout] test cli::tests::effective_limit_explicit ... ok
[INFO] [stdout] test app::tests::handle_key_help ... ok
[INFO] [stdout] test cli::tests::effective_limit_default ... ok
[INFO] [stdout] test cli::tests::effective_limit_no_limit_overrides_explicit ... ok
[INFO] [stdout] test cli::tests::parse_catalog_with_limit ... ok
[INFO] [stdout] test cli::tests::parse_catalog_no_limit_flag ... ok
[INFO] [stdout] test components::column_selector::tests::column_selector_initial ... ok
[INFO] [stdout] test components::column_selector::tests::escape_closes ... ok
[INFO] [stdout] test cli::tests::parse_catalog_with_storage_config ... ok
[INFO] [stdout] test cli::tests::parse_open_no_limit_flag ... ok
[INFO] [stdout] test cli::tests::parse_catalog_without_limit ... ok
[INFO] [stdout] test cli::tests::parse_open_with_limit ... ok
[INFO] [stdout] test components::column_selector::tests::popup_area_centered ... ok
[INFO] [stdout] test cli::tests::parse_open_limit_short_flag ... ok
[INFO] [stdout] test cli::tests::parse_open_with_s3_endpoint ... ok
[INFO] [stdout] test cli::tests::parse_open_without_limit ... ok
[INFO] [stdout] test components::column_selector::tests::set_columns_and_enabled ... ok
[INFO] [stdout] test components::data_view::tests::data_view_initial_state ... ok
[INFO] [stdout] test components::filter_bar::tests::escape_reverts ... ok
[INFO] [stdout] test components::filter_bar::tests::backspace_deletes ... ok
[INFO] [stdout] test components::column_selector::tests::toggle_column ... ok
[INFO] [stdout] test components::data_view::tests::data_view_resets_visible_columns_on_schema_change ... ok
[INFO] [stdout] test components::data_view::tests::data_view_navigation ... ok
[INFO] [stdout] test components::data_view::tests::data_view_column_filtering ... ok
[INFO] [stdout] test components::data_view::tests::data_view_handles_data_ready ... ok
[INFO] [stdout] test components::filter_bar::tests::typing_in_filter ... ok
[INFO] [stdout] test components::help_popup::tests::help_popup_escape_closes ... ok
[INFO] [stdout] test components::data_view::tests::data_view_keeps_visible_columns_when_schema_unchanged ... ok
[INFO] [stdout] test components::help_popup::tests::keybindings_not_empty ... ok
[INFO] [stdout] test components::manifest_panel::tests::manifest_info_with_none_counts ... ok
[INFO] [stdout] test components::help_popup::tests::help_popup_toggle ... ok
[INFO] [stdout] test components::filter_bar::tests::filter_bar_initial_state ... ok
[INFO] [stdout] test components::manifest_panel::tests::format_size_works ... ok
[INFO] [stdout] test components::filter_bar::tests::is_input_mode_when_editing ... ok
[INFO] [stdout] test components::filter_bar::tests::submit_filter ... ok
[INFO] [stdout] test components::manifest_panel::tests::manifest_panel_handles_multiple_manifests ... ok
[INFO] [stdout] test components::manifest_panel::tests::manifest_panel_invalidate_resets_state ... ok
[INFO] [stdout] test components::manifest_panel::tests::manifest_panel_handles_delete_manifest ... ok
[INFO] [stdout] test components::manifest_panel::tests::manifest_panel_handles_manifests_ready ... ok
[INFO] [stdout] test components::manifest_panel::tests::manifest_panel_initial ... ok
[INFO] [stdout] test components::properties_panel::tests::build_lines_snapshot_with_parent_and_schema ... ok
[INFO] [stdout] test components::properties_panel::tests::scroll_navigation ... ok
[INFO] [stdout] test components::schema_panel::tests::schema_panel_metadata_ready ... ok
[INFO] [stdout] test components::properties_panel::tests::set_viewed_snapshot_updates_state ... ok
[INFO] [stdout] test components::properties_panel::tests::build_lines_no_snapshot_section_by_default ... ok
[INFO] [stdout] test components::properties_panel::tests::build_lines_shows_snapshot_section_when_selected ... ok
[INFO] [stdout] test components::properties_panel::tests::build_lines_snapshot_not_found ... ok
[INFO] [stdout] test components::properties_panel::tests::properties_panel_initial ... ok
[INFO] [stdout] test components::schema_panel::tests::set_viewed_schema_switches_to_snapshot_schema ... ok
[INFO] [stdout] test components::manifest_panel::tests::selected_files_follows_manifest_cursor ... ok
[INFO] [stdout] test components::schema_panel::tests::schema_panel_navigation ... ok
[INFO] [stdout] test components::snapshot_panel::tests::schema_id_for_snapshot_found ... ok
[INFO] [stdout] test components::schema_panel::tests::set_viewed_schema_none_restores_head ... ok
[INFO] [stdout] test components::schema_panel::tests::set_viewed_schema_same_id_is_noop ... ok
[INFO] [stdout] test components::snapshot_panel::tests::schema_id_for_snapshot_none_when_missing ... ok
[INFO] [stdout] test components::snapshot_panel::tests::format_timestamp_valid ... ok
[INFO] [stdout] test components::snapshot_panel::tests::schema_id_for_snapshot_none_when_no_schema ... ok
[INFO] [stdout] test components::snapshot_panel::tests::set_viewed_snapshot_updates_state ... ok
[INFO] [stdout] test components::snapshot_panel::tests::snapshot_panel_initial ... ok
[INFO] [stdout] test components::status_bar::tests::clear_snapshot_view_stops_time_travel ... ok
[INFO] [stdout] test components::status_bar::tests::handle_loading_messages ... ok
[INFO] [stdout] test components::status_bar::tests::handle_error_clears_loading ... ok
[INFO] [stdout] test components::status_bar::tests::handle_total_row_count ... ok
[INFO] [stdout] test components::status_bar::tests::new_status_bar_defaults ... ok
[INFO] [stdout] test components::status_bar::tests::same_snapshot_is_not_time_traveling ... ok
[INFO] [stdout] test loader::arrow_convert::tests::basic_conversion ... ok
[INFO] [stdout] test components::status_bar::tests::set_highlighted_snapshot ... ok
[INFO] [stdout] test loader::arrow_convert::tests::pagination_offset ... ok
[INFO] [stdout] test components::status_bar::tests::set_snapshot_view_enables_time_travel ... ok
[INFO] [stdout] test loader::arrow_convert::tests::column_names_works ... ok
[INFO] [stdout] test loader::catalog_loader::tests::invalid_table_name_errors ... ok
[INFO] [stdout] test loader::direct_loader::tests::normalize_converts_relative_to_absolute ... ok
[INFO] [stdout] test loader::arrow_convert::tests::total_row_count_works ... ok
[INFO] [stdout] test loader::arrow_convert::tests::empty_batches ... ok
[INFO] [stdout] test loader::direct_loader::tests::normalize_leaves_remote_paths_unchanged ... ok
[INFO] [stdout] test loader::arrow_convert::tests::pagination_limit ... ok
[INFO] [stdout] test loader::direct_loader::tests::direct_json_path_nonexistent ... ok
[INFO] [stdout] test loader::file_io::tests::gcs_not_yet_implemented ... ok
[INFO] [stdout] test loader::file_io::tests::local_fs_file_io ... ok
[INFO] [stdout] test loader::file_io::tests::storage_props_includes_region ... ok
[INFO] [stdout] test loader::file_io::tests::storage_props_omits_none_fields ... ok
[INFO] [stdout] test loader::file_io::tests::storage_props_with_credentials ... ok
[INFO] [stdout] test loader::direct_loader::tests::load_from_nonexistent_path_errors ... ok
[INFO] [stdout] test loader::file_io::tests::storage_props_with_endpoint ... ok
[INFO] [stdout] test loader::direct_loader::tests::normalize_nonexistent_falls_back_to_original ... ok
[INFO] [stdout] test loader::scan::tests::limit_batches_across_multiple ... ok
[INFO] [stdout] test loader::scan::tests::limit_batches_empty ... ok
[INFO] [stdout] test loader::scan::tests::limit_batches_with_arrow_data ... ok
[INFO] [stdout] test loader::tests::table_handle_is_clone ... ok
[INFO] [stdout] test loader::direct_loader::tests::remote_path_detection ... ok
[INFO] [stdout] test model::filter::tests::parse_and_combinator ... ok
[INFO] [stdout] test loader::file_io::tests::s3_file_io_with_endpoint ... ok
[INFO] [stdout] test model::filter::tests::parse_in_list ... ok
[INFO] [stdout] test model::filter::tests::parse_is_not_null ... ok
[INFO] [stdout] test loader::scan::tests::scan_request_default ... ok
[INFO] [stdout] test loader::tests::load_and_scan_sample_table ... ok
[INFO] [stdout] test model::filter::tests::parse_is_null ... ok
[INFO] [stdout] test loader::file_io::tests::s3_file_io_minimal ... ok
[INFO] [stdout] test model::filter::tests::parse_string_equality ... ok
[INFO] [stdout] test model::filter::tests::string_to_datum_types ... ok
[INFO] [stdout] test model::table_info::tests::manifest_info_data_manifest ... ok
[INFO] [stdout] test model::filter::tests::parse_or_combinator ... ok
[INFO] [stdout] test model::filter::tests::parse_simple_greater_than ... ok
[INFO] [stdout] test model::table_info::tests::field_info_can_have_children ... ok
[INFO] [stdout] test model::table_info::tests::manifest_info_deletes_manifest ... ok
[INFO] [stdout] test model::table_info::tests::snapshot_info_defaults ... ok
[INFO] [stdout] test ui::layout::tests::data_tab_layout_has_filter_and_table ... ok
[INFO] [stdout] test ui::layout::tests::split_layout_divides_horizontally ... ok
[INFO] [stdout] test ui::layout::tests::app_layout_splits_correctly ... ok
[INFO] [stdout] test ui::tests::tab_labels ... ok
[INFO] [stdout] test ui::tests::tab_round_trip ... ok
[INFO] [stdout] test ui::theme::tests::theme_styles_are_distinct ... ok
[INFO] [stdout] test loader::direct_loader::tests::normalize_preserves_absolute_paths ... FAILED
[INFO] [stdout] test model::filter::tests::parse_empty_filter_fails ... ok
[INFO] [stdout] test model::filter::tests::parse_invalid_filter_fails ... ok
[INFO] [stdout] test loader::direct_loader::tests::s3_nonexistent_path_errors ... ok
[INFO] [stdout] 
[INFO] [stdout] failures:
[INFO] [stdout] 
[INFO] [stdout] ---- loader::direct_loader::tests::normalize_preserves_absolute_paths stdout ----
[INFO] [stdout] 
[INFO] [stdout] thread 'loader::direct_loader::tests::normalize_preserves_absolute_paths' (3855) panicked at src/loader/direct_loader.rs:178:9:
[INFO] [stdout] assertion `left == right` failed
[INFO] [stdout]   left: "/tmp"
[INFO] [stdout]  right: "/private/tmp"
[INFO] [stdout] stack backtrace:
[INFO] [stdout]    0:     0x5a058436bb91 - std[70759c8f55707aa4]::backtrace_rs::backtrace::libunwind::trace
[INFO] [stdout]                                at /rustc/dfb0accb7f508ae8be965d8629557221c889dd98/library/std/src/../../backtrace/src/backtrace/libunwind.rs:117:9
[INFO] [stdout]    1:     0x5a058436bb91 - std[70759c8f55707aa4]::backtrace_rs::backtrace::trace_unsynchronized::<std[70759c8f55707aa4]::sys::backtrace::_print_fmt::{closure#1}>
[INFO] [stdout]                                at /rustc/dfb0accb7f508ae8be965d8629557221c889dd98/library/std/src/../../backtrace/src/backtrace/mod.rs:66:14
[INFO] [stdout]    2:     0x5a058436bb91 - std[70759c8f55707aa4]::sys::backtrace::_print_fmt
[INFO] [stdout]                                at /rustc/dfb0accb7f508ae8be965d8629557221c889dd98/library/std/src/sys/backtrace.rs:74:9
[INFO] [stdout]    3:     0x5a058436bb91 - <<std[70759c8f55707aa4]::sys::backtrace::BacktraceLock>::print::DisplayBacktrace as core[df12db4294e9bfd3]::fmt::Display>::fmt
[INFO] [stdout]                                at /rustc/dfb0accb7f508ae8be965d8629557221c889dd98/library/std/src/sys/backtrace.rs:44:26
[INFO] [stdout]    4:     0x5a05843871ba - <core[df12db4294e9bfd3]::fmt::rt::Argument>::fmt
[INFO] [stdout]                                at /rustc/dfb0accb7f508ae8be965d8629557221c889dd98/library/core/src/fmt/rt.rs:152:76
[INFO] [stdout]    5:     0x5a05843871ba - core[df12db4294e9bfd3]::fmt::write
[INFO] [stdout]    6:     0x5a05843722dc - core[df12db4294e9bfd3]::io::write::default_write_fmt::<alloc[2182bb758b4b3781]::vec::Vec<u8>>
[INFO] [stdout]                                at /rustc/dfb0accb7f508ae8be965d8629557221c889dd98/library/core/src/io/write.rs:402:11
[INFO] [stdout]    7:     0x5a05843722dc - <alloc[2182bb758b4b3781]::vec::Vec<u8> as core[df12db4294e9bfd3]::io::write::Write>::write_fmt
[INFO] [stdout]                                at /rustc/dfb0accb7f508ae8be965d8629557221c889dd98/library/core/src/io/write.rs:335:13
[INFO] [stdout]    8:     0x5a0584343506 - <std[70759c8f55707aa4]::sys::backtrace::BacktraceLock>::print
[INFO] [stdout]                                at /rustc/dfb0accb7f508ae8be965d8629557221c889dd98/library/std/src/sys/backtrace.rs:47:9
[INFO] [stdout]    9:     0x5a0584343506 - std[70759c8f55707aa4]::panicking::default_hook::{closure#0}
[INFO] [stdout]                                at /rustc/dfb0accb7f508ae8be965d8629557221c889dd98/library/std/src/panicking.rs:292:27
[INFO] [stdout]   10:     0x5a0584361a99 - std[70759c8f55707aa4]::panicking::default_hook
[INFO] [stdout]                                at /rustc/dfb0accb7f508ae8be965d8629557221c889dd98/library/std/src/panicking.rs:316:9
[INFO] [stdout]   11:     0x5a0581b6a2f0 - <alloc[2182bb758b4b3781]::boxed::Box<dyn for<'a, 'b> core[df12db4294e9bfd3]::ops::function::Fn<(&'a std[70759c8f55707aa4]::panic::PanicHookInfo<'b>,), Output = ()> + core[df12db4294e9bfd3]::marker::Send + core[df12db4294e9bfd3]::marker::Sync> as core[df12db4294e9bfd3]::ops::function::Fn<(&std[70759c8f55707aa4]::panic::PanicHookInfo,)>>::call
[INFO] [stdout]                                at /rustc/dfb0accb7f508ae8be965d8629557221c889dd98/library/alloc/src/boxed.rs:2334:9
[INFO] [stdout]   12:     0x5a0581b6a2f0 - test[9d35eded1c95d3be]::test_main_inner::<test[9d35eded1c95d3be]::test_main_static::{closure#0}>::{closure#0}
[INFO] [stdout]                                at /rustc/dfb0accb7f508ae8be965d8629557221c889dd98/library/test/src/lib.rs:155:21
[INFO] [stdout]   13:     0x5a0584361dc2 - <alloc[2182bb758b4b3781]::boxed::Box<dyn for<'a, 'b> core[df12db4294e9bfd3]::ops::function::Fn<(&'a std[70759c8f55707aa4]::panic::PanicHookInfo<'b>,), Output = ()> + core[df12db4294e9bfd3]::marker::Send + core[df12db4294e9bfd3]::marker::Sync> as core[df12db4294e9bfd3]::ops::function::Fn<(&std[70759c8f55707aa4]::panic::PanicHookInfo,)>>::call
[INFO] [stdout]                                at /rustc/dfb0accb7f508ae8be965d8629557221c889dd98/library/alloc/src/boxed.rs:2334:9
[INFO] [stdout]   14:     0x5a0584361dc2 - std[70759c8f55707aa4]::panicking::panic_with_hook
[INFO] [stdout]                                at /rustc/dfb0accb7f508ae8be965d8629557221c889dd98/library/std/src/panicking.rs:823:13
[INFO] [stdout]   15:     0x5a05843435b2 - std[70759c8f55707aa4]::panicking::panic_handler::{closure#0}
[INFO] [stdout]                                at /rustc/dfb0accb7f508ae8be965d8629557221c889dd98/library/std/src/panicking.rs:688:13
[INFO] [stdout]   16:     0x5a058433b919 - std[70759c8f55707aa4]::sys::backtrace::__rust_end_short_backtrace::<std[70759c8f55707aa4]::panicking::panic_handler::{closure#0}, !>
[INFO] [stdout]                                at /rustc/dfb0accb7f508ae8be965d8629557221c889dd98/library/std/src/sys/backtrace.rs:182:18
[INFO] [stdout]   17:     0x5a058434459d - __rustc[8fa7c3cbc660c2b3]::rust_begin_unwind
[INFO] [stdout]                                at /rustc/dfb0accb7f508ae8be965d8629557221c889dd98/library/std/src/panicking.rs:679:5
[INFO] [stdout]   18:     0x5a0584387a5c - core[df12db4294e9bfd3]::panicking::panic_fmt
[INFO] [stdout]                                at /rustc/dfb0accb7f508ae8be965d8629557221c889dd98/library/core/src/panicking.rs:80:14
[INFO] [stdout]   19:     0x5a05843878f3 - core[df12db4294e9bfd3]::panicking::assert_failed_inner
[INFO] [stdout]                                at /rustc/dfb0accb7f508ae8be965d8629557221c889dd98/library/core/src/panicking.rs:452:17
[INFO] [stdout]   20:     0x5a0581b4c6e7 - core[df12db4294e9bfd3]::panicking::assert_failed::<alloc[2182bb758b4b3781]::string::String, &str>
[INFO] [stdout]                                at /rustc/dfb0accb7f508ae8be965d8629557221c889dd98/library/core/src/panicking.rs:407:5
[INFO] [stdout]   21:     0x5a0581b48b4b - icepeek[612c6e15d4a8a570]::loader::direct_loader::tests::normalize_preserves_absolute_paths
[INFO] [stdout]                                at /opt/rustwide/workdir/src/loader/direct_loader.rs:178:9
[INFO] [stdout]   22:     0x5a0581b3a9f7 - icepeek[612c6e15d4a8a570]::loader::direct_loader::tests::normalize_preserves_absolute_paths::{closure#0}
[INFO] [stdout]                                at /opt/rustwide/workdir/src/loader/direct_loader.rs:176:44
[INFO] [stdout]   23:     0x5a0581a4f2f6 - <icepeek[612c6e15d4a8a570]::loader::direct_loader::tests::normalize_preserves_absolute_paths::{closure#0} as core[df12db4294e9bfd3]::ops::function::FnOnce<()>>::call_once
[INFO] [stdout]                                at /rustc/dfb0accb7f508ae8be965d8629557221c889dd98/library/core/src/ops/function.rs:250:5
[INFO] [stdout]   24:     0x5a0581b5d5db - <fn() -> core[df12db4294e9bfd3]::result::Result<(), alloc[2182bb758b4b3781]::string::String> as core[df12db4294e9bfd3]::ops::function::FnOnce<()>>::call_once
[INFO] [stdout]                                at /rustc/dfb0accb7f508ae8be965d8629557221c889dd98/library/core/src/ops/function.rs:250:5
[INFO] [stdout]   25:     0x5a0581b5d5db - test[9d35eded1c95d3be]::__rust_begin_short_backtrace::<core[df12db4294e9bfd3]::result::Result<(), alloc[2182bb758b4b3781]::string::String>, fn() -> core[df12db4294e9bfd3]::result::Result<(), alloc[2182bb758b4b3781]::string::String>>
[INFO] [stdout]                                at /rustc/dfb0accb7f508ae8be965d8629557221c889dd98/library/test/src/lib.rs:733:18
[INFO] [stdout]   26:     0x5a0581b6ac45 - test[9d35eded1c95d3be]::run_test_in_process::{closure#0}
[INFO] [stdout]                                at /rustc/dfb0accb7f508ae8be965d8629557221c889dd98/library/test/src/lib.rs:756:74
[INFO] [stdout]   27:     0x5a0581b6ac45 - <core[df12db4294e9bfd3]::panic::unwind_safe::AssertUnwindSafe<test[9d35eded1c95d3be]::run_test_in_process::{closure#0}> as core[df12db4294e9bfd3]::ops::function::FnOnce<()>>::call_once
[INFO] [stdout]                                at /rustc/dfb0accb7f508ae8be965d8629557221c889dd98/library/core/src/panic/unwind_safe.rs:275:9
[INFO] [stdout]   28:     0x5a0581b6ac45 - std[70759c8f55707aa4]::panicking::catch_unwind::do_call::<core[df12db4294e9bfd3]::panic::unwind_safe::AssertUnwindSafe<test[9d35eded1c95d3be]::run_test_in_process::{closure#0}>, core[df12db4294e9bfd3]::result::Result<(), alloc[2182bb758b4b3781]::string::String>>
[INFO] [stdout]                                at /rustc/dfb0accb7f508ae8be965d8629557221c889dd98/library/std/src/panicking.rs:576:43
[INFO] [stdout]   29:     0x5a0581b6ac45 - std[70759c8f55707aa4]::panicking::catch_unwind::<core[df12db4294e9bfd3]::result::Result<(), alloc[2182bb758b4b3781]::string::String>, core[df12db4294e9bfd3]::panic::unwind_safe::AssertUnwindSafe<test[9d35eded1c95d3be]::run_test_in_process::{closure#0}>>
[INFO] [stdout]                                at /rustc/dfb0accb7f508ae8be965d8629557221c889dd98/library/std/src/panicking.rs:544:19
[INFO] [stdout]   30:     0x5a0581b6ac45 - std[70759c8f55707aa4]::panic::catch_unwind::<core[df12db4294e9bfd3]::panic::unwind_safe::AssertUnwindSafe<test[9d35eded1c95d3be]::run_test_in_process::{closure#0}>, core[df12db4294e9bfd3]::result::Result<(), alloc[2182bb758b4b3781]::string::String>>
[INFO] [stdout]                                at /rustc/dfb0accb7f508ae8be965d8629557221c889dd98/library/std/src/panic.rs:359:14
[INFO] [stdout]   31:     0x5a0581b6ac45 - test[9d35eded1c95d3be]::run_test_in_process
[INFO] [stdout]                                at /rustc/dfb0accb7f508ae8be965d8629557221c889dd98/library/test/src/lib.rs:756:27
[INFO] [stdout]   32:     0x5a0581b6ac45 - test[9d35eded1c95d3be]::run_test::{closure#0}
[INFO] [stdout]                                at /rustc/dfb0accb7f508ae8be965d8629557221c889dd98/library/test/src/lib.rs:677:43
[INFO] [stdout]   33:     0x5a0581b64504 - test[9d35eded1c95d3be]::run_test::{closure#1}
[INFO] [stdout]                                at /rustc/dfb0accb7f508ae8be965d8629557221c889dd98/library/test/src/lib.rs:707:41
[INFO] [stdout]   34:     0x5a0581b64504 - std[70759c8f55707aa4]::sys::backtrace::__rust_begin_short_backtrace::<test[9d35eded1c95d3be]::run_test::{closure#1}, ()>
[INFO] [stdout]                                at /rustc/dfb0accb7f508ae8be965d8629557221c889dd98/library/std/src/sys/backtrace.rs:166:18
[INFO] [stdout]   35:     0x5a0581b6dda2 - std[70759c8f55707aa4]::thread::lifecycle::spawn_unchecked::<test[9d35eded1c95d3be]::run_test::{closure#1}, ()>::{closure#1}::{closure#0}
[INFO] [stdout]                                at /rustc/dfb0accb7f508ae8be965d8629557221c889dd98/library/std/src/thread/lifecycle.rs:70:13
[INFO] [stdout]   36:     0x5a0581b6dda2 - <core[df12db4294e9bfd3]::panic::unwind_safe::AssertUnwindSafe<std[70759c8f55707aa4]::thread::lifecycle::spawn_unchecked<test[9d35eded1c95d3be]::run_test::{closure#1}, ()>::{closure#1}::{closure#0}> as core[df12db4294e9bfd3]::ops::function::FnOnce<()>>::call_once
[INFO] [stdout]                                at /rustc/dfb0accb7f508ae8be965d8629557221c889dd98/library/core/src/panic/unwind_safe.rs:275:9
[INFO] [stdout]   37:     0x5a0581b6dda2 - std[70759c8f55707aa4]::panicking::catch_unwind::do_call::<core[df12db4294e9bfd3]::panic::unwind_safe::AssertUnwindSafe<std[70759c8f55707aa4]::thread::lifecycle::spawn_unchecked<test[9d35eded1c95d3be]::run_test::{closure#1}, ()>::{closure#1}::{closure#0}>, ()>
[INFO] [stdout]                                at /rustc/dfb0accb7f508ae8be965d8629557221c889dd98/library/std/src/panicking.rs:576:43
[INFO] [stdout]   38:     0x5a0581b6dda2 - std[70759c8f55707aa4]::panicking::catch_unwind::<(), core[df12db4294e9bfd3]::panic::unwind_safe::AssertUnwindSafe<std[70759c8f55707aa4]::thread::lifecycle::spawn_unchecked<test[9d35eded1c95d3be]::run_test::{closure#1}, ()>::{closure#1}::{closure#0}>>
[INFO] [stdout]                                at /rustc/dfb0accb7f508ae8be965d8629557221c889dd98/library/std/src/panicking.rs:544:19
[INFO] [stdout]   39:     0x5a0581b6dda2 - std[70759c8f55707aa4]::panic::catch_unwind::<core[df12db4294e9bfd3]::panic::unwind_safe::AssertUnwindSafe<std[70759c8f55707aa4]::thread::lifecycle::spawn_unchecked<test[9d35eded1c95d3be]::run_test::{closure#1}, ()>::{closure#1}::{closure#0}>, ()>
[INFO] [stdout]                                at /rustc/dfb0accb7f508ae8be965d8629557221c889dd98/library/std/src/panic.rs:359:14
[INFO] [stdout]   40:     0x5a0581b6dda2 - std[70759c8f55707aa4]::thread::lifecycle::spawn_unchecked::<test[9d35eded1c95d3be]::run_test::{closure#1}, ()>::{closure#1}
[INFO] [stdout]                                at /rustc/dfb0accb7f508ae8be965d8629557221c889dd98/library/std/src/thread/lifecycle.rs:68:26
[INFO] [stdout]   41:     0x5a0581b6dda2 - <std[70759c8f55707aa4]::thread::lifecycle::spawn_unchecked<test[9d35eded1c95d3be]::run_test::{closure#1}, ()>::{closure#1} as core[df12db4294e9bfd3]::ops::function::FnOnce<()>>::call_once::{shim:vtable#0}
[INFO] [stdout]                                at /rustc/dfb0accb7f508ae8be965d8629557221c889dd98/library/core/src/ops/function.rs:250:5
[INFO] [stdout]   42:     0x5a058436aa69 - <alloc[2182bb758b4b3781]::boxed::Box<dyn core[df12db4294e9bfd3]::ops::function::FnOnce<(), Output = ()> + core[df12db4294e9bfd3]::marker::Send> as core[df12db4294e9bfd3]::ops::function::FnOnce<()>>::call_once
[INFO] [stdout]                                at /rustc/dfb0accb7f508ae8be965d8629557221c889dd98/library/alloc/src/boxed.rs:2320:9
[INFO] [stdout]   43:     0x5a058436aa69 - <std[70759c8f55707aa4]::sys::thread::unix::Thread>::new::thread_start
[INFO] [stdout]                                at /rustc/dfb0accb7f508ae8be965d8629557221c889dd98/library/std/src/sys/thread/unix.rs:123:17
[INFO] [stdout]   44:     0x7011ae7fedfa - <unknown>
[INFO] [stdout]   45:     0x7011ae8923d4 - clone
[INFO] [stdout]   46:                0x0 - <unknown>
[INFO] [stdout] 
[INFO] [stdout] 
[INFO] [stdout] failures:
[INFO] [stdout]     loader::direct_loader::tests::normalize_preserves_absolute_paths
[INFO] [stdout] 
[INFO] [stdout] test result: FAILED. 126 passed; 1 failed; 0 ignored; 0 measured; 0 filtered out; finished in 7.27s
[INFO] [stdout] 
[INFO] [stderr] error: test failed, to rerun pass `--bin icepeek`
[INFO] running `Command { std: "docker" "inspect" "13dfac934c83be4cb97f9ab402186b646dd619c6eeb8433a71fec6dc9a59f3ac", kill_on_drop: false }`
[INFO] running `Command { std: "docker" "rm" "-f" "13dfac934c83be4cb97f9ab402186b646dd619c6eeb8433a71fec6dc9a59f3ac", kill_on_drop: false }`
[INFO] [stdout] 13dfac934c83be4cb97f9ab402186b646dd619c6eeb8433a71fec6dc9a59f3ac
