[INFO] fetching crate ftr 0.10.0...
[INFO] testing ftr-0.10.0 against 1.100.0-beta.1 for beta-1.100-2
[INFO] extracting crate ftr 0.10.0 into /workspace/builds/worker-4-tc2/source
[INFO] started tweaking crates.io crate ftr 0.10.0
[INFO] removed 0 missing examples
[INFO] removed 0 missing tests
[INFO] finished tweaking crates.io crate ftr 0.10.0
[INFO] tweaked toml for crates.io crate ftr 0.10.0 written to /workspace/builds/worker-4-tc2/source/Cargo.toml
[INFO] validating manifest of crates.io crate ftr 0.10.0 on toolchain 1.100.0-beta.1
[INFO] running `Command { std: CARGO_HOME="/workspace/cargo-home" RUSTUP_HOME="/workspace/rustup-home" "/workspace/cargo-home/bin/cargo" "+1.100.0-beta.1" "metadata" "--manifest-path" "Cargo.toml" "--no-deps", kill_on_drop: false }`
[INFO] crate crates.io crate ftr 0.10.0 already has a lockfile, it will not be regenerated
[INFO] running `Command { std: CARGO_HOME="/workspace/cargo-home" RUSTUP_HOME="/workspace/rustup-home" "/workspace/cargo-home/bin/cargo" "+1.100.0-beta.1" "fetch" "--manifest-path" "Cargo.toml", kill_on_drop: false }`
[INFO] [stderr] warning: `package.homepage` is redundant with `package.repository`
[INFO] [stderr]    --> Cargo.toml:162:12
[INFO] [stderr]     |
[INFO] [stderr] 162 | homepage = "https://github.com/dweekly/ftr"
[INFO] [stderr]     |            ^^^^^^^^^^^^^^^^^^^^^^^^^^^^^^^^
[INFO] [stderr] ...
[INFO] [stderr] 167 | repository = "https://github.com/dweekly/ftr"
[INFO] [stderr]     |              --------------------------------
[INFO] [stderr]     |
[INFO] [stderr]     = note: `cargo::redundant_homepage` is set to `warn` by default
[INFO] [stderr] help: consider removing `package.homepage`
[INFO] [stderr] warning: `ftr` (manifest) generated 1 warning
[INFO] running `Command { std: "docker" "create" "-v" "/var/lib/crater-agent-workspace/builds/worker-4-tc2/source:/opt/rustwide/workdir:ro,Z" "-v" "/var/lib/crater-agent-workspace/builds/worker-4-tc2/target:/opt/rustwide/target:rw,Z" "-v" "/var/lib/crater-agent-workspace/cargo-home:/opt/rustwide/cargo-home:ro,Z" "-v" "/var/lib/crater-agent-workspace/rustup-home:/opt/rustwide/rustup-home:ro,Z" "-m" "1610612736" "--network" "none" "ghcr.io/rust-lang/crates-build-env/linux@sha256:3111399a4047eeb3a02b7a90e478d715f38a8c6669b5c4b49d30a17385265909" "sleep" "infinity", kill_on_drop: false }`
[INFO] [stdout] f3e9784ad87860beb5a3ec6eca9e4c9f64970a22f6f586fe1f3372a5260b6f07
[INFO] running `Command { std: "docker" "start" "f3e9784ad87860beb5a3ec6eca9e4c9f64970a22f6f586fe1f3372a5260b6f07", kill_on_drop: false }`
[INFO] running `Command { std: "docker" "inspect" "f3e9784ad87860beb5a3ec6eca9e4c9f64970a22f6f586fe1f3372a5260b6f07", kill_on_drop: false }`
[INFO] running `Command { std: "docker" "exec" "-e" "SOURCE_DIR=/opt/rustwide/workdir" "-e" "CARGO_HOME=/opt/rustwide/cargo-home" "-e" "RUSTUP_HOME=/opt/rustwide/rustup-home" "-e" "CARGO_TARGET_DIR=/opt/rustwide/target" "-w" "/opt/rustwide/workdir" "--user" "0:0" "f3e9784ad87860beb5a3ec6eca9e4c9f64970a22f6f586fe1f3372a5260b6f07" "/opt/rustwide/cargo-home/bin/cargo" "+1.100.0-beta.1" "metadata" "--no-deps" "--format-version=1", kill_on_drop: false }`
[INFO] running `Command { std: "docker" "inspect" "f3e9784ad87860beb5a3ec6eca9e4c9f64970a22f6f586fe1f3372a5260b6f07", kill_on_drop: false }`
[INFO] running `Command { std: "docker" "exec" "-e" "SOURCE_DIR=/opt/rustwide/workdir" "-e" "CARGO_HOME=/opt/rustwide/cargo-home" "-e" "RUSTUP_HOME=/opt/rustwide/rustup-home" "-e" "CARGO_TARGET_DIR=/opt/rustwide/target" "-e" "CARGO_INCREMENTAL=0" "-e" "RUST_BACKTRACE=full" "-e" "RUSTFLAGS=--cap-lints=warn" "-e" "RUSTDOCFLAGS=--cap-lints=warn" "-w" "/opt/rustwide/workdir" "--user" "0:0" "f3e9784ad87860beb5a3ec6eca9e4c9f64970a22f6f586fe1f3372a5260b6f07" "/opt/rustwide/cargo-home/bin/cargo" "+1.100.0-beta.1" "build" "--frozen" "--message-format=json", kill_on_drop: false }`
[INFO] [stderr] warning: `package.homepage` is redundant with `package.repository`
[INFO] [stderr]    --> Cargo.toml:162:12
[INFO] [stderr]     |
[INFO] [stderr] 162 | homepage = "https://github.com/dweekly/ftr"
[INFO] [stderr]     |            ^^^^^^^^^^^^^^^^^^^^^^^^^^^^^^^^
[INFO] [stderr] ...
[INFO] [stderr] 167 | repository = "https://github.com/dweekly/ftr"
[INFO] [stderr]     |              --------------------------------
[INFO] [stderr]     |
[INFO] [stderr]     = note: `cargo::redundant_homepage` is set to `warn` by default
[INFO] [stderr] help: consider removing `package.homepage`
[INFO] [stderr] warning: `ftr` (manifest) generated 1 warning
[INFO] [stderr]    Compiling syn v2.0.118
[INFO] [stderr]    Compiling openssl v0.10.81
[INFO] [stderr]    Compiling httparse v1.10.1
[INFO] [stderr]    Compiling base64ct v1.8.3
[INFO] [stderr]    Compiling cc v1.2.66
[INFO] [stderr]    Compiling smallvec v1.15.2
[INFO] [stderr]    Compiling log v0.4.33
[INFO] [stderr]    Compiling bitflags v2.13.0
[INFO] [stderr]    Compiling native-tls v0.2.18
[INFO] [stderr]    Compiling rustls-pki-types v1.15.0
[INFO] [stderr]    Compiling http v1.4.2
[INFO] [stderr]    Compiling serde_json v1.0.150
[INFO] [stderr]    Compiling clap_builder v4.6.2
[INFO] [stderr]    Compiling mio v1.2.1
[INFO] [stderr]    Compiling utf8-zero v0.8.1
[INFO] [stderr]    Compiling ip_network_table-deps-treebitmap v0.5.0
[INFO] [stderr]    Compiling ftr v0.10.0 (/opt/rustwide/workdir)
[INFO] [stderr]    Compiling ip_network v0.4.1
[INFO] [stderr]    Compiling pem-rfc7468 v1.0.0
[INFO] [stderr]    Compiling ip_network_table v0.2.0
[INFO] [stderr]    Compiling parking_lot_core v0.9.12
[INFO] [stderr]    Compiling webpki-root-certs v1.0.8
[INFO] [stderr]    Compiling der v0.8.1
[INFO] [stderr]    Compiling openssl-src v300.6.1+3.6.3
[INFO] [stderr]    Compiling parking_lot v0.12.5
[INFO] [stderr]    Compiling ureq-proto v0.6.0
[INFO] [stderr]    Compiling openssl-sys v0.9.117
[INFO] [stderr]    Compiling openssl-macros v0.1.1
[INFO] [stderr]    Compiling tokio-macros v2.7.0
[INFO] [stderr]    Compiling serde_derive v1.0.228
[INFO] [stderr]    Compiling thiserror-impl v2.0.18
[INFO] [stderr]    Compiling clap_derive v4.6.1
[INFO] [stderr]    Compiling thiserror v2.0.18
[INFO] [stderr]    Compiling tokio v1.53.0
[INFO] [stderr]    Compiling clap v4.6.2
[INFO] [stderr]    Compiling serde v1.0.228
[INFO] [stderr]    Compiling ureq v3.3.0
[INFO] [stderr]     Finished `dev` profile [unoptimized + debuginfo] target(s) in 1m 00s
[INFO] running `Command { std: "docker" "inspect" "f3e9784ad87860beb5a3ec6eca9e4c9f64970a22f6f586fe1f3372a5260b6f07", kill_on_drop: false }`
[INFO] running `Command { std: "docker" "exec" "-e" "SOURCE_DIR=/opt/rustwide/workdir" "-e" "CARGO_HOME=/opt/rustwide/cargo-home" "-e" "RUSTUP_HOME=/opt/rustwide/rustup-home" "-e" "CARGO_TARGET_DIR=/opt/rustwide/target" "-e" "CARGO_INCREMENTAL=0" "-e" "RUST_BACKTRACE=full" "-e" "RUSTFLAGS=--cap-lints=warn" "-e" "RUSTDOCFLAGS=--cap-lints=warn" "-w" "/opt/rustwide/workdir" "--user" "0:0" "f3e9784ad87860beb5a3ec6eca9e4c9f64970a22f6f586fe1f3372a5260b6f07" "/opt/rustwide/cargo-home/bin/cargo" "+1.100.0-beta.1" "test" "--frozen" "--no-run" "--message-format=json", kill_on_drop: false }`
[INFO] [stderr] warning: `package.homepage` is redundant with `package.repository`
[INFO] [stderr]    --> Cargo.toml:162:12
[INFO] [stderr]     |
[INFO] [stderr] 162 | homepage = "https://github.com/dweekly/ftr"
[INFO] [stderr]     |            ^^^^^^^^^^^^^^^^^^^^^^^^^^^^^^^^
[INFO] [stderr] ...
[INFO] [stderr] 167 | repository = "https://github.com/dweekly/ftr"
[INFO] [stderr]     |              --------------------------------
[INFO] [stderr]     |
[INFO] [stderr]     = note: `cargo::redundant_homepage` is set to `warn` by default
[INFO] [stderr] help: consider removing `package.homepage`
[INFO] [stderr] warning: `ftr` (manifest) generated 1 warning
[INFO] [stderr]    Compiling serde v1.0.228
[INFO] [stderr]    Compiling num-traits v0.2.19
[INFO] [stderr]    Compiling aho-corasick v1.1.4
[INFO] [stderr]    Compiling zerocopy v0.8.54
[INFO] [stderr]    Compiling crossbeam-epoch v0.9.20
[INFO] [stderr]    Compiling zerocopy-derive v0.8.54
[INFO] [stderr]    Compiling crossbeam-deque v0.8.7
[INFO] [stderr]    Compiling serde_json v1.0.150
[INFO] [stderr]    Compiling plotters-backend v0.3.7
[INFO] [stderr]    Compiling ciborium-io v0.2.2
[INFO] [stderr]    Compiling itertools v0.13.0
[INFO] [stderr]    Compiling cast v0.3.0
[INFO] [stderr]    Compiling oorandom v11.1.5
[INFO] [stderr]    Compiling anes v0.1.6
[INFO] [stderr]    Compiling plotters-svg v0.3.7
[INFO] [stderr]    Compiling rayon-core v1.13.0
[INFO] [stderr]    Compiling rayon v1.12.0
[INFO] [stderr]    Compiling criterion-plot v0.6.0
[INFO] [stderr]    Compiling regex-automata v0.4.15
[INFO] [stderr]    Compiling tinytemplate v1.2.1
[INFO] [stderr]    Compiling ftr v0.10.0 (/opt/rustwide/workdir)
[INFO] [stderr]    Compiling float-cmp v0.10.0
[INFO] [stderr]    Compiling plotters v0.3.7
[INFO] [stderr]    Compiling regex v1.13.0
[INFO] [stderr]    Compiling bstr v1.12.3
[INFO] [stderr]    Compiling predicates v3.1.4
[INFO] [stderr]    Compiling assert_cmd v2.2.2
[INFO] [stderr]    Compiling half v2.7.1
[INFO] [stderr]    Compiling ciborium-ll v0.2.2
[INFO] [stderr]    Compiling ciborium v0.2.2
[INFO] [stderr]    Compiling criterion v0.7.0
[INFO] [stderr]     Finished `test` profile [unoptimized + debuginfo] target(s) in 32.68s
[INFO] running `Command { std: "docker" "inspect" "f3e9784ad87860beb5a3ec6eca9e4c9f64970a22f6f586fe1f3372a5260b6f07", kill_on_drop: false }`
[INFO] running `Command { std: "docker" "exec" "-e" "SOURCE_DIR=/opt/rustwide/workdir" "-e" "CARGO_HOME=/opt/rustwide/cargo-home" "-e" "RUSTUP_HOME=/opt/rustwide/rustup-home" "-e" "CARGO_TARGET_DIR=/opt/rustwide/target" "-e" "CARGO_INCREMENTAL=0" "-e" "RUST_BACKTRACE=full" "-e" "RUSTFLAGS=--cap-lints=warn" "-e" "RUSTDOCFLAGS=--cap-lints=warn" "-w" "/opt/rustwide/workdir" "--user" "0:0" "f3e9784ad87860beb5a3ec6eca9e4c9f64970a22f6f586fe1f3372a5260b6f07" "/opt/rustwide/cargo-home/bin/cargo" "+1.100.0-beta.1" "test" "--frozen", kill_on_drop: false }`
[INFO] [stderr] warning: `package.homepage` is redundant with `package.repository`
[INFO] [stderr]    --> Cargo.toml:162:12
[INFO] [stderr]     |
[INFO] [stderr] 162 | homepage = "https://github.com/dweekly/ftr"
[INFO] [stderr]     |            ^^^^^^^^^^^^^^^^^^^^^^^^^^^^^^^^
[INFO] [stderr] ...
[INFO] [stderr] 167 | repository = "https://github.com/dweekly/ftr"
[INFO] [stderr]     |              --------------------------------
[INFO] [stderr]     |
[INFO] [stderr]     = note: `cargo::redundant_homepage` is set to `warn` by default
[INFO] [stderr] help: consider removing `package.homepage`
[INFO] [stderr] warning: `ftr` (manifest) generated 1 warning
[INFO] [stderr]     Finished `test` profile [unoptimized + debuginfo] target(s) in 0.20s
[INFO] [stderr]      Running unittests src/lib.rs (/opt/rustwide/target/debug/build/ftr/5f0071f3a52e96ce/out/ftr-5f0071f3a52e96ce)
[INFO] [stdout] 
[INFO] [stdout] running 233 tests
[INFO] [stdout] test asn::cache::tests::test_asn_cache ... ok
[INFO] [stdout] test asn::cache::tests::test_overlapping_prefixes ... ok
[INFO] [stdout] test asn::cache::tests::test_asn_cache_ipv6 ... ok
[INFO] [stdout] test asn::cache::tests::test_overlapping_prefixes_ipv6 ... ok
[INFO] [stdout] test asn::lookup::tests::test_error_display ... ok
[INFO] [stdout] test asn::lookup::tests::test_lookup_cgnat_ip ... ok
[INFO] [stdout] test asn::lookup::tests::test_cache_multiple_ips_same_prefix ... ok
[INFO] [stdout] test asn::lookup::tests::test_cache_usage ... ok
[INFO] [stdout] test asn::lookup::tests::test_lookup_private_ip ... ok
[INFO] [stdout] test asn::lookup::tests::test_lookup_loopback ... ok
[INFO] [stdout] test asn::lookup::tests::test_concurrent_lookups ... ok
[INFO] [stdout] test asn::lookup::tests::test_origin6_query_name_loopback ... ok
[INFO] [stdout] test asn::lookup::tests::test_parse_cymru_origin_txt ... ok
[INFO] [stdout] test asn::lookup::tests::test_lookup_v6_v4_mapped_defers_to_v4_path ... ok
[INFO] [stdout] test asn::lookup::tests::test_lookup_v6_special_ranges_no_network ... ok
[INFO] [stdout] test asn::lookup::tests::test_special_ips ... ok
[INFO] [stdout] test asn::lookup::tests::test_special_ipv6_classification ... ok
[INFO] [stdout] test asn::lookup::tests::test_lookup_v6_uses_cached_prefix_no_network ... ok
[INFO] [stdout] test asn::service::tests::test_cache_operations ... ok
[INFO] [stdout] test dns::cache::tests::test_rdns_cache ... ok
[INFO] [stdout] test asn::lookup::tests::test_origin6_query_name_full_expansion ... ok
[INFO] [stdout] test dns::resolver::tests::test_build_query_single_label ... ok
[INFO] [stdout] test dns::resolver::tests::test_build_query_structure ... ok
[INFO] [stdout] test dns::resolver::tests::test_error_display ... ok
[INFO] [stdout] test asn::service::tests::test_asn_lookup_service ... ok
[INFO] [stdout] test dns::resolver::tests::test_build_query_labels ... ok
[INFO] [stdout] test dns::resolver::tests::test_ipv4_ptr_name ... ok
[INFO] [stdout] test dns::resolver::tests::test_parse_a_record ... ok
[INFO] [stdout] test dns::resolver::tests::test_ipv6_ptr_name ... ok
[INFO] [stdout] test asn::service::tests::test_public_ip_lookup ... ok
[INFO] [stdout] test dns::resolver::tests::test_parse_a_wrong_rdlength ... ok
[INFO] [stdout] test dns::resolver::tests::test_parse_multiple_a_records ... ok
[INFO] [stdout] test dns::resolver::tests::test_default_config_includes_fallbacks_without_duplicates ... ok
[INFO] [stdout] test dns::resolver::tests::test_parse_servfail ... ok
[INFO] [stdout] test dns::resolver::tests::test_parse_skips_wrong_rtype ... ok
[INFO] [stdout] test dns::resolver::tests::test_parse_too_short ... ok
[INFO] [stdout] test dns::resolver::tests::test_parse_txt_record_multiple_strings ... ok
[INFO] [stdout] test dns::resolver::tests::test_parse_txt_empty_string ... ok
[INFO] [stdout] test dns::resolver::tests::test_parse_zero_answers ... ok
[INFO] [stdout] test dns::resolver::tests::test_parse_txt_record_single_string ... ok
[INFO] [stdout] test dns::resolver::tests::test_query_packet_not_accepted_as_response ... ok
[INFO] [stdout] test dns::resolver::tests::test_parse_nxdomain ... ok
[INFO] [stdout] test dns::resolver::tests::test_read_name_chained_pointers ... ok
[INFO] [stdout] test dns::resolver::tests::test_default_timing_matches_previous_behavior ... ok
[INFO] [stdout] test dns::resolver::tests::test_parse_ptr_record ... ok
[INFO] [stdout] test dns::resolver::tests::test_read_name_plain ... ok
[INFO] [stdout] test dns::resolver::tests::test_read_name_pointer_loop_detection ... ok
[INFO] [stdout] test dns::resolver::tests::test_read_name_truncated ... ok
[INFO] [stdout] test dns::resolver::tests::test_read_name_with_compression ... ok
[INFO] [stdout] test dns::resolver::tests::test_refresh_system_dns_swaps_config ... ok
[INFO] [stdout] test dns::resolver::tests::test_resolve_a_nonexistent ... ok
[INFO] [stdout] test dns::resolver::tests::test_resolve_ptr_with_explicit_ipv6_server ... ok
[INFO] [stdout] test dns::resolver::tests::test_resolve_a_google ... ok
[INFO] [stdout] test dns::resolver::tests::test_resolve_ptr_google ... ok
[INFO] [stdout] test dns::resolver::tests::test_resolve_txt_cymru ... ok
[INFO] [stdout] test dns::resolver::tests::test_resolve_with_empty_server_list_times_out ... ok
[INFO] [stdout] test dns::resolver::tests::test_resolve_via_first_system_resolver ... ok
[INFO] [stdout] test dns::resolver::tests::test_short_datagram_not_accepted_as_response ... ok
[INFO] [stdout] test dns::resolver::tests::test_skip_name_empty ... ok
[INFO] [stdout] test dns::resolver::tests::test_response_id_mismatch_rejected ... ok
[INFO] [stdout] test dns::resolver::tests::test_skip_name_plain ... ok
[INFO] [stdout] test dns::resolver::tests::test_truncated_response_detected ... ok
[INFO] [stdout] test dns::resolver::tests::test_skip_name_truncated_label ... ok
[INFO] [stdout] test dns::resolver::tests::test_skip_name_compression_pointer ... ok
[INFO] [stdout] test dns::reverse::tests::test_error_types ... ok
[INFO] [stdout] test dns::reverse::tests::test_concurrent_reverse_lookups ... ok
[INFO] [stdout] test dns::reverse::tests::test_reverse_dns_ipv6 ... ok
[INFO] [stdout] test dns::system::tests::test_comments_hash_and_semicolon ... ok
[INFO] [stdout] test dns::reverse::tests::test_reverse_dns_private_ip ... ok
[INFO] [stdout] test dns::reverse::tests::test_reverse_dns_localhost ... ok
[INFO] [stdout] test dns::service::tests::test_cache_operations ... ok
[INFO] [stdout] test dns::system::tests::test_empty_file ... ok
[INFO] [stdout] test dns::service::tests::test_rdns_lookup_service ... ok
[INFO] [stdout] test dns::system::tests::test_garbage_lines_ignored ... ok
[INFO] [stdout] test dns::system::tests::test_leading_whitespace_tolerated ... ok
[INFO] [stdout] test dns::system::tests::test_duplicate_nameserver_dropped ... ok
[INFO] [stdout] test dns::system::tests::test_mixed_v4_v6 ... ok
[INFO] [stdout] test dns::system::tests::test_more_than_maxns_truncated ... ok
[INFO] [stdout] test dns::system::tests::test_multiple_nameservers_in_order ... ok
[INFO] [stdout] test dns::system::tests::test_options_clamped ... ok
[INFO] [stdout] test dns::system::tests::test_options_garbage_values_ignored ... ok
[INFO] [stdout] test dns::system::tests::test_options_timeout_and_attempts ... ok
[INFO] [stdout] test dns::system::tests::test_realistic_macos_tailscale_file ... ok
[INFO] [stdout] test dns::system::tests::test_single_v4_nameserver ... ok
[INFO] [stdout] test dns::system::tests::test_v6_nameserver ... ok
[INFO] [stdout] test dns::system::tests::test_zone_scoped_link_local_skipped ... ok
[INFO] [stdout] test dns::test_utils::tests::test_dns_counter ... ok
[INFO] [stdout] test enrichment::service::tests::test_enrichment_result_fields ... ok
[INFO] [stdout] test probe::tests::test_destination_response ... ok
[INFO] [stdout] test enrichment::service::tests::test_enrichment_service_creation ... ok
[INFO] [stdout] test enrichment::service::tests::test_enrichment_uses_injected_services ... ok
[INFO] [stdout] test probe::tests::test_probe_info_copy ... ok
[INFO] [stdout] test probe::tests::test_probe_response_clone ... ok
[INFO] [stdout] test probe::tests::test_probe_info_creation ... ok
[INFO] [stdout] test probe::tests::test_probe_response_creation ... ok
[INFO] [stdout] test probe::tests::test_probe_info_debug ... ok
[INFO] [stdout] test probe::tests::test_probe_response_debug ... ok
[INFO] [stdout] test enrichment::service::tests::test_ipv6_enrichment ... ok
[INFO] [stdout] test public_ip::providers::tests::test_default_provider ... ok
[INFO] [stdout] test public_ip::providers::tests::test_error_display ... ok
[INFO] [stdout] test probe::tests::test_timeout_response ... ok
[INFO] [stdout] test enrichment::service::tests::test_private_ip_enrichment ... ok
[INFO] [stdout] test public_ip::providers::tests::test_provider_equality ... ok
[INFO] [stdout] test public_ip::providers::tests::test_provider_urls ... ok
[INFO] [stdout] test public_ip::providers::tests::test_provider_all ... ok
[INFO] [stdout] test public_ip::service::tests::test_stun_client_custom_servers ... ok
[INFO] [stdout] test public_ip::stun::tests::test_build_binding_request ... ok
[INFO] [stdout] test public_ip::service::tests::test_stun_client_timeout ... ok
[INFO] [stdout] test public_ip::service::tests::test_stun_client_default ... ok
[INFO] [stdout] test public_ip::service::tests::test_custom_servers_are_queried ... ok
[INFO] [stdout] test public_ip::stun::tests::test_parse_mapped_address_v6_legacy ... ok
[INFO] [stdout] test public_ip::stun::tests::test_parse_xor_mapped_address_v6_synthetic ... ok
[INFO] [stdout] test public_ip::stun::tests::test_parse_xor_mapped_address_v4_still_works ... ok
[INFO] [stdout] test public_ip::stun_cache::tests::test_cache_ttl_constant ... ok
[INFO] [stdout] test public_ip::service::tests::test_cache_operations ... ok
[INFO] [stdout] test public_ip::service::tests::test_public_ip_detection ... ok
[INFO] [stdout] test public_ip::stun::tests::test_parse_xor_mapped_address_v6_truncated ... ok
[INFO] [stdout] test public_ip::stun::tests::test_parse_xor_mapped_address_v6_wrong_transaction_id_garbles_address ... ok
[INFO] [stdout] test public_ip::providers::tests::test_provider_failover ... ok
[INFO] [stdout] test public_ip::providers::tests::test_get_public_ip ... ok
[INFO] [stdout] test services::tests::test_services_clone ... ok
[INFO] [stdout] test public_ip::stun_cache::tests::test_stun_cache_ttl ... ok
[INFO] [stdout] test public_ip::providers::tests::test_get_public_ip_from_each_provider ... ok
[INFO] [stdout] test services::tests::test_services_creation ... ok
[INFO] [stdout] test public_ip::stun_cache::tests::test_stun_cache_error_handling ... ok
[INFO] [stdout] test public_ip::stun_cache::tests::test_stun_cache ... ok
[INFO] [stdout] test socket::icmp::tests::test_build_echo_request ... ok
[INFO] [stdout] test socket::icmp::tests::test_internet_checksum ... ok
[INFO] [stdout] test socket::icmp::tests::test_ipv4_payload ... ok
[INFO] [stdout] test socket::icmp::tests::test_parse_echo_reply ... ok
[INFO] [stdout] test public_ip::stun::tests::test_stun_google ... ok
[INFO] [stdout] test socket::icmp::tests::test_parse_echo_reply_too_short ... ok
[INFO] [stdout] test services::tests::test_services_with_custom ... ok
[INFO] [stdout] test socket::icmp::tests::test_parse_icmp_header ... ok
[INFO] [stdout] test socket::icmp::tests::test_parse_ipv4_header ... ok
[INFO] [stdout] test socket::icmp::tests::test_parse_ipv4_header_too_short ... ok
[INFO] [stdout] test socket::icmpv6::tests::test_build_echo_request_v6_empty_payload ... ok
[INFO] [stdout] test socket::icmp::tests::test_internet_checksum_odd_length ... ok
[INFO] [stdout] test socket::icmpv6::tests::test_format_ipv6_with_zone ... ok
[INFO] [stdout] test socket::icmpv6::tests::test_build_echo_request_v6_layout ... ok
[INFO] [stdout] test socket::icmpv6::tests::test_is_ndp_covers_discovery_types_only ... ok
[INFO] [stdout] test socket::icmpv6::tests::test_parse_echo_reply_v6 ... ok
[INFO] [stdout] test socket::icmp::tests::test_parse_ipv4_header_with_options ... ok
[INFO] [stdout] test socket::icmpv6::tests::test_parse_embedded_probe_dest_unreachable ... ok
[INFO] [stdout] test socket::icmpv6::tests::test_parse_embedded_probe_rejects_bad_version ... ok
[INFO] [stdout] test socket::icmpv6::tests::test_ipv6_display_is_rfc5952_canonical ... ok
[INFO] [stdout] test socket::icmpv6::tests::test_parse_embedded_probe_rejects_echo_reply_outer_type ... ok
[INFO] [stdout] test socket::icmpv6::tests::test_parse_echo_reply_v6_rejects_wrong_type_and_short ... ok
[INFO] [stdout] test socket::icmpv6::tests::test_parse_embedded_probe_rejects_non_echo_inner ... ok
[INFO] [stdout] test socket::icmpv6::tests::test_parse_embedded_probe_rejects_non_icmpv6_next_header ... ok
[INFO] [stdout] test socket::icmpv6::tests::test_parse_embedded_probe_rejects_truncated ... ok
[INFO] [stdout] test socket::icmpv6::tests::test_parse_embedded_probe_time_exceeded ... ok
[INFO] [stdout] test socket::icmpv6::tests::test_parse_icmpv6_header ... ok
[INFO] [stdout] test socket::linux_v6::tests::test_icmp6_filter_linux_inverted_semantics ... ok
[INFO] [stdout] test socket::linux_v6::tests::test_parse_raw_response_demux ... ok
[INFO] [stdout] test socket::linux_v6::tests::test_parse_recverr_destination_port_unreachable ... ok
[INFO] [stdout] test socket::linux_v6::tests::test_parse_recverr_no_offender ... ok
[INFO] [stdout] test socket::linux_v6::tests::test_parse_recverr_non_icmp6_origin_still_parses ... ok
[INFO] [stdout] test socket::linux_v6::tests::test_parse_recverr_offender_scope_id_preserved ... ok
[INFO] [stdout] test socket::linux_v6::tests::test_parse_recverr_time_exceeded ... ok
[INFO] [stdout] test public_ip::tests::test_detect_isp ... ok
[INFO] [stdout] test socket::linux_v6::tests::test_parse_recverr_truncated ... ok
[INFO] [stdout] test socket::tests::test_probe_mode_description ... ok
[INFO] [stdout] test socket::tests::test_ip_version ... ok
[INFO] [stdout] test socket::linux_v6::tests::test_parse_recverr_wrong_family_offender_ignored ... ok
[INFO] [stdout] test traceroute::api::tests::test_async_traceroute_creation ... ok
[INFO] [stdout] test traceroute::api::tests::test_async_traceroute_hostname_resolution ... ok
[INFO] [stdout] test traceroute::api::tests::test_async_traceroute_ipv6_literal_resolves ... ok
[INFO] [stdout] test traceroute::api::tests::test_resolve_ip_literals_by_family ... ok
[INFO] [stdout] test traceroute::api::tests::test_async_traceroute_with_ip ... ok
[INFO] [stdout] test traceroute::api::tests::test_resolve_localhost_by_family ... ok
[INFO] [stdout] test traceroute::api::tests::test_resolve_rejects_zone_scoped_literal ... ok
[INFO] [stdout] test traceroute::caching_test::tests::test_asn_caching ... ok
[INFO] [stdout] test traceroute::api::tests::test_async_traceroute_invalid_hostname ... ok
[INFO] [stdout] test traceroute::config::tests::test_config_builder ... ok
[INFO] [stdout] test traceroute::config::tests::test_config_validation ... ok
[INFO] [stdout] test traceroute::caching_test::tests::test_cache_thread_safety ... ok
[INFO] [stdout] test traceroute::config::tests::test_config_with_ip ... ok
[INFO] [stdout] test traceroute::config::tests::test_default_config ... ok
[INFO] [stdout] test traceroute::engine::engine_test::classify_v6_hop::different_slash64_same_isp_is_isp ... ok
[INFO] [stdout] test traceroute::engine::engine_test::classify_v6_hop::gateway_in_same_slash64_is_lan ... ok
[INFO] [stdout] test traceroute::engine::engine_test::classify_v6_hop::link_local_is_lan_regardless_of_source ... ok
[INFO] [stdout] test traceroute::engine::engine_test::classify_v6_hop::no_local_source_falls_back_to_asn_logic ... ok
[INFO] [stdout] test traceroute::engine::engine_test::classify_v6_hop::prefix_match_is_exactly_64_bits ... ok
[INFO] [stdout] test traceroute::caching_test::tests::test_rdns_caching ... ok
[INFO] [stdout] test traceroute::caching_test::tests::test_repeated_traces_use_cache ... ok
[INFO] [stdout] test traceroute::api::tests::test_trace_with_config_async ... ok
[INFO] [stdout] test traceroute::caching_test::tests::test_public_ip_parameter ... ok
[INFO] [stdout] test traceroute::api::tests::test_verbose_config_does_not_touch_environment ... ok
[INFO] [stdout] test traceroute::api::tests::test_trace_async_localhost ... ok
[INFO] [stdout] test traceroute::engine::sandwich_test::tests::test_sandwich_logic_destination ... ok
[INFO] [stdout] test traceroute::engine::sandwich_test::tests::test_sandwich_logic_edge_cases ... ok
[INFO] [stdout] test traceroute::engine::sandwich_test::tests::test_sandwich_logic_isp ... ok
[INFO] [stdout] test traceroute::engine::sandwich_test::tests::test_sandwich_logic_isp_precedence ... ok
[INFO] [stdout] test traceroute::engine::sandwich_test::tests::test_sandwich_logic_lan_not_affected ... ok
[INFO] [stdout] test traceroute::engine::sandwich_test::tests::test_sandwich_logic_mixed_silent_and_responsive ... ok
[INFO] [stdout] test traceroute::engine::sandwich_test::tests::test_sandwich_logic_multiple_unknowns ... ok
[INFO] [stdout] test traceroute::engine::sandwich_test::tests::test_sandwich_logic_no_address ... ok
[INFO] [stdout] test traceroute::result::tests::test_segments_destination_and_transit ... ok
[INFO] [stdout] test traceroute::result::tests::test_traceroute_progress ... ok
[INFO] [stdout] test traceroute::result::tests::test_traceroute_result ... ok
[INFO] [stdout] test traceroute::segment_classification_test::tests::test_destination_segment_with_matching_asn ... ok
[INFO] [stdout] test traceroute::segment_classification_test::tests::test_isp_segment_classification ... ok
[INFO] [stdout] test traceroute::segment_classification_test::tests::test_lan_segment_classification ... ok
[INFO] [stdout] test traceroute::segment_classification_test::tests::test_segment_priority_in_classification ... ok
[INFO] [stdout] test traceroute::segment_classification_test::tests::test_transit_classification_no_asn_public_ip ... ok
[INFO] [stdout] test traceroute::segment_classification_test::tests::test_transit_segment_different_asn ... ok
[INFO] [stdout] test traceroute::tests::test_asn_info ... ok
[INFO] [stdout] test traceroute::tests::test_asn_info_display ... ok
[INFO] [stdout] test traceroute::tests::test_is_cgnat ... ok
[INFO] [stdout] test traceroute::tests::test_is_internal_ip ... ok
[INFO] [stdout] test traceroute::tests::test_is_internal_ipv6 ... ok
[INFO] [stdout] test traceroute::tests::test_parse_asn ... ok
[INFO] [stdout] test traceroute::tests::test_parse_cidr ... ok
[INFO] [stdout] test traceroute::tests::test_segment_type_display ... ok
[INFO] [stdout] test traceroute::types::tests::test_classified_hop_info ... ok
[INFO] [stdout] test traceroute::types::tests::test_isp_info ... ok
[INFO] [stdout] test traceroute::types::tests::test_raw_hop_info ... ok
[INFO] [stdout] test traceroute::engine::engine_test::test_engine_sends_correct_number_of_probes ... ok
[INFO] [stdout] test dns::cache::tests::test_evict_expired ... ok
[INFO] [stdout] test dns::cache::tests::test_cache_expiration ... ok
[INFO] [stdout] test traceroute::engine::engine_test::test_engine_result_metadata ... ok
[INFO] [stdout] test asn::lookup::tests::test_lookup_public_ip ... FAILED
[INFO] [stdout] test dns::service::tests::test_custom_ttl ... ok
[INFO] [stdout] test dns::reverse::tests::test_reverse_dns_caching_with_known_ips ... FAILED
[INFO] [stdout] test enrichment::service::tests::test_enrich_addresses ... FAILED
[INFO] [stdout] test traceroute::engine::engine_test::test_engine_no_destination_reached ... ok
[INFO] [stdout] test traceroute::engine::engine_test::test_engine_single_hop_destination ... ok
[INFO] [stdout] test traceroute::engine::engine_test::test_engine_three_hop_path ... ok
[INFO] [stdout] test traceroute::engine::engine_test::test_engine_uses_injected_services_for_enrichment ... ok
[INFO] [stdout] test traceroute::engine::engine_test::test_engine_handles_timeout_hops ... ok
[INFO] [stdout] test public_ip::providers::tests::test_timeout_handling ... ok
[INFO] [stdout] test traceroute::engine::engine_test::test_engine_overall_timeout ... ok
[INFO] [stdout] 
[INFO] [stdout] failures:
[INFO] [stdout] 
[INFO] [stdout] ---- asn::lookup::tests::test_lookup_public_ip stdout ----
[INFO] [stdout] 
[INFO] [stdout] thread 'asn::lookup::tests::test_lookup_public_ip' (12931) panicked at src/asn/lookup_tests.rs:87:13:
[INFO] [stdout] ASN lookup failed for 8.8.8.8: Err(DnsError("DNS I/O error: Network is unreachable (os error 101)"))
[INFO] [stdout] stack backtrace:
[INFO] [stdout]    0:     0x5dd7acf8d571 - std[617be2ca0a6fd877]::backtrace_rs::backtrace::libunwind::trace
[INFO] [stdout]                                at /rustc/e3feeb59cd1bdd011a2bfcc0747b55125d9b8527/library/std/src/../../backtrace/src/backtrace/libunwind.rs:117:9
[INFO] [stdout]    1:     0x5dd7acf8d571 - std[617be2ca0a6fd877]::backtrace_rs::backtrace::trace_unsynchronized::<std[617be2ca0a6fd877]::sys::backtrace::_print_fmt::{closure#1}>
[INFO] [stdout]                                at /rustc/e3feeb59cd1bdd011a2bfcc0747b55125d9b8527/library/std/src/../../backtrace/src/backtrace/mod.rs:66:14
[INFO] [stdout]    2:     0x5dd7acf8d571 - std[617be2ca0a6fd877]::sys::backtrace::_print_fmt
[INFO] [stdout]                                at /rustc/e3feeb59cd1bdd011a2bfcc0747b55125d9b8527/library/std/src/sys/backtrace.rs:74:9
[INFO] [stdout]    3:     0x5dd7acf8d571 - <<std[617be2ca0a6fd877]::sys::backtrace::BacktraceLock>::print::DisplayBacktrace as core[a373ad73a504971]::fmt::Display>::fmt
[INFO] [stdout]                                at /rustc/e3feeb59cd1bdd011a2bfcc0747b55125d9b8527/library/std/src/sys/backtrace.rs:44:26
[INFO] [stdout]    4:     0x5dd7acfa462a - <core[a373ad73a504971]::fmt::rt::Argument>::fmt
[INFO] [stdout]                                at /rustc/e3feeb59cd1bdd011a2bfcc0747b55125d9b8527/library/core/src/fmt/rt.rs:152:76
[INFO] [stdout]    5:     0x5dd7acfa462a - core[a373ad73a504971]::fmt::write
[INFO] [stdout]    6:     0x5dd7acf91ffc - core[a373ad73a504971]::io::write::default_write_fmt::<alloc[2e1b2a31b91974c5]::vec::Vec<u8>>
[INFO] [stdout]                                at /rustc/e3feeb59cd1bdd011a2bfcc0747b55125d9b8527/library/core/src/io/write.rs:402:11
[INFO] [stdout]    7:     0x5dd7acf91ffc - <alloc[2e1b2a31b91974c5]::vec::Vec<u8> as core[a373ad73a504971]::io::write::Write>::write_fmt
[INFO] [stdout]                                at /rustc/e3feeb59cd1bdd011a2bfcc0747b55125d9b8527/library/core/src/io/write.rs:335:13
[INFO] [stdout]    8:     0x5dd7acf674f6 - <std[617be2ca0a6fd877]::sys::backtrace::BacktraceLock>::print
[INFO] [stdout]                                at /rustc/e3feeb59cd1bdd011a2bfcc0747b55125d9b8527/library/std/src/sys/backtrace.rs:47:9
[INFO] [stdout]    9:     0x5dd7acf674f6 - std[617be2ca0a6fd877]::panicking::default_hook::{closure#0}
[INFO] [stdout]                                at /rustc/e3feeb59cd1bdd011a2bfcc0747b55125d9b8527/library/std/src/panicking.rs:289:27
[INFO] [stdout]   10:     0x5dd7acf84c19 - std[617be2ca0a6fd877]::panicking::default_hook
[INFO] [stdout]                                at /rustc/e3feeb59cd1bdd011a2bfcc0747b55125d9b8527/library/std/src/panicking.rs:313:9
[INFO] [stdout]   11:     0x5dd7ace6d210 - <alloc[2e1b2a31b91974c5]::boxed::Box<dyn for<'a, 'b> core[a373ad73a504971]::ops::function::Fn<(&'a std[617be2ca0a6fd877]::panic::PanicHookInfo<'b>,), Output = ()> + core[a373ad73a504971]::marker::Sync + core[a373ad73a504971]::marker::Send> as core[a373ad73a504971]::ops::function::Fn<(&std[617be2ca0a6fd877]::panic::PanicHookInfo,)>>::call
[INFO] [stdout]                                at /rustc/e3feeb59cd1bdd011a2bfcc0747b55125d9b8527/library/alloc/src/boxed.rs:2328:9
[INFO] [stdout]   12:     0x5dd7ace6d210 - test[aada8e7e76ba119b]::test_main_inner::{closure#0}
[INFO] [stdout]                                at /rustc/e3feeb59cd1bdd011a2bfcc0747b55125d9b8527/library/test/src/lib.rs:137:21
[INFO] [stdout]   13:     0x5dd7acf84f42 - <alloc[2e1b2a31b91974c5]::boxed::Box<dyn for<'a, 'b> core[a373ad73a504971]::ops::function::Fn<(&'a std[617be2ca0a6fd877]::panic::PanicHookInfo<'b>,), Output = ()> + core[a373ad73a504971]::marker::Sync + core[a373ad73a504971]::marker::Send> as core[a373ad73a504971]::ops::function::Fn<(&std[617be2ca0a6fd877]::panic::PanicHookInfo,)>>::call
[INFO] [stdout]                                at /rustc/e3feeb59cd1bdd011a2bfcc0747b55125d9b8527/library/alloc/src/boxed.rs:2328:9
[INFO] [stdout]   14:     0x5dd7acf84f42 - std[617be2ca0a6fd877]::panicking::panic_with_hook
[INFO] [stdout]                                at /rustc/e3feeb59cd1bdd011a2bfcc0747b55125d9b8527/library/std/src/panicking.rs:819:13
[INFO] [stdout]   15:     0x5dd7acf675a2 - std[617be2ca0a6fd877]::panicking::panic_handler::{closure#0}
[INFO] [stdout]                                at /rustc/e3feeb59cd1bdd011a2bfcc0747b55125d9b8527/library/std/src/panicking.rs:685:13
[INFO] [stdout]   16:     0x5dd7acf60049 - std[617be2ca0a6fd877]::sys::backtrace::__rust_end_short_backtrace::<std[617be2ca0a6fd877]::panicking::panic_handler::{closure#0}, !>
[INFO] [stdout]                                at /rustc/e3feeb59cd1bdd011a2bfcc0747b55125d9b8527/library/std/src/sys/backtrace.rs:182:18
[INFO] [stdout]   17:     0x5dd7acf6839d - __rustc[ea4f61d10b84890b]::rust_begin_unwind
[INFO] [stdout]                                at /rustc/e3feeb59cd1bdd011a2bfcc0747b55125d9b8527/library/std/src/panicking.rs:676:5
[INFO] [stdout]   18:     0x5dd7acfa4e4c - core[a373ad73a504971]::panicking::panic_fmt
[INFO] [stdout]                                at /rustc/e3feeb59cd1bdd011a2bfcc0747b55125d9b8527/library/core/src/panicking.rs:80:14
[INFO] [stdout]   19:     0x5dd7ac9e6106 - ftr[2b781d3eba5aaa6b]::asn::lookup::tests::test_lookup_public_ip::{closure#0}::{closure#0}
[INFO] [stdout]                                at /opt/rustwide/workdir/src/asn/lookup_tests.rs:87:13
[INFO] [stdout]   20:     0x5dd7ac8e7ab9 - <tokio[5d3050f64468d11f]::time::timeout::Timeout<ftr[2b781d3eba5aaa6b]::asn::lookup::tests::test_lookup_public_ip::{closure#0}::{closure#0}> as core[a373ad73a504971]::future::future::Future>::poll
[INFO] [stdout]                                at /opt/rustwide/cargo-home/registry/src/index.crates.io-1949cf8c6b5b557f/tokio-1.53.0/src/time/timeout.rs:217:42
[INFO] [stdout]   21:     0x5dd7ac9eab15 - ftr[2b781d3eba5aaa6b]::asn::lookup::tests::test_lookup_public_ip::{closure#0}
[INFO] [stdout]                                at /opt/rustwide/workdir/src/asn/lookup_tests.rs:100:6
[INFO] [stdout]   22:     0x5dd7aca163e2 - <core[a373ad73a504971]::pin::Pin<&mut dyn core[a373ad73a504971]::future::future::Future<Output = ()>> as core[a373ad73a504971]::future::future::Future>::poll
[INFO] [stdout]                                at /rustc/e3feeb59cd1bdd011a2bfcc0747b55125d9b8527/library/core/src/future/future.rs:133:9
[INFO] [stdout]   23:     0x5dd7aca1645d - <core[a373ad73a504971]::pin::Pin<&mut core[a373ad73a504971]::pin::Pin<&mut dyn core[a373ad73a504971]::future::future::Future<Output = ()>>> as core[a373ad73a504971]::future::future::Future>::poll
[INFO] [stdout]                                at /rustc/e3feeb59cd1bdd011a2bfcc0747b55125d9b8527/library/core/src/future/future.rs:133:9
[INFO] [stdout]   24:     0x5dd7ac991aad - <tokio[5d3050f64468d11f]::runtime::scheduler::current_thread::CoreGuard>::block_on::<core[a373ad73a504971]::pin::Pin<&mut core[a373ad73a504971]::pin::Pin<&mut dyn core[a373ad73a504971]::future::future::Future<Output = ()>>>>::{closure#0}::{closure#0}::{closure#0}
[INFO] [stdout]                                at /opt/rustwide/cargo-home/registry/src/index.crates.io-1949cf8c6b5b557f/tokio-1.53.0/src/runtime/scheduler/current_thread/mod.rs:830:70
[INFO] [stdout]   25:     0x5dd7ac9919e5 - tokio[5d3050f64468d11f]::task::coop::with_budget::<core[a373ad73a504971]::task::poll::Poll<()>, <tokio[5d3050f64468d11f]::runtime::scheduler::current_thread::CoreGuard>::block_on<core[a373ad73a504971]::pin::Pin<&mut core[a373ad73a504971]::pin::Pin<&mut dyn core[a373ad73a504971]::future::future::Future<Output = ()>>>>::{closure#0}::{closure#0}::{closure#0}>
[INFO] [stdout]                                at /opt/rustwide/cargo-home/registry/src/index.crates.io-1949cf8c6b5b557f/tokio-1.53.0/src/task/coop/mod.rs:167:5
[INFO] [stdout]   26:     0x5dd7ac9919e5 - tokio[5d3050f64468d11f]::task::coop::budget::<core[a373ad73a504971]::task::poll::Poll<()>, <tokio[5d3050f64468d11f]::runtime::scheduler::current_thread::CoreGuard>::block_on<core[a373ad73a504971]::pin::Pin<&mut core[a373ad73a504971]::pin::Pin<&mut dyn core[a373ad73a504971]::future::future::Future<Output = ()>>>>::{closure#0}::{closure#0}::{closure#0}>
[INFO] [stdout]                                at /opt/rustwide/cargo-home/registry/src/index.crates.io-1949cf8c6b5b557f/tokio-1.53.0/src/task/coop/mod.rs:133:5
[INFO] [stdout]   27:     0x5dd7ac9919e5 - <tokio[5d3050f64468d11f]::runtime::scheduler::current_thread::CoreGuard>::block_on::<core[a373ad73a504971]::pin::Pin<&mut core[a373ad73a504971]::pin::Pin<&mut dyn core[a373ad73a504971]::future::future::Future<Output = ()>>>>::{closure#0}::{closure#0}
[INFO] [stdout]                                at /opt/rustwide/cargo-home/registry/src/index.crates.io-1949cf8c6b5b557f/tokio-1.53.0/src/runtime/scheduler/current_thread/mod.rs:830:25
[INFO] [stdout]   28:     0x5dd7ac985912 - <tokio[5d3050f64468d11f]::runtime::scheduler::current_thread::Context>::enter::<core[a373ad73a504971]::task::poll::Poll<()>, <tokio[5d3050f64468d11f]::runtime::scheduler::current_thread::CoreGuard>::block_on<core[a373ad73a504971]::pin::Pin<&mut core[a373ad73a504971]::pin::Pin<&mut dyn core[a373ad73a504971]::future::future::Future<Output = ()>>>>::{closure#0}::{closure#0}>
[INFO] [stdout]                                at /opt/rustwide/cargo-home/registry/src/index.crates.io-1949cf8c6b5b557f/tokio-1.53.0/src/runtime/scheduler/current_thread/mod.rs:488:19
[INFO] [stdout]   29:     0x5dd7ac99080d - <tokio[5d3050f64468d11f]::runtime::scheduler::current_thread::CoreGuard>::block_on::<core[a373ad73a504971]::pin::Pin<&mut core[a373ad73a504971]::pin::Pin<&mut dyn core[a373ad73a504971]::future::future::Future<Output = ()>>>>::{closure#0}
[INFO] [stdout]                                at /opt/rustwide/cargo-home/registry/src/index.crates.io-1949cf8c6b5b557f/tokio-1.53.0/src/runtime/scheduler/current_thread/mod.rs:829:44
[INFO] [stdout]   30:     0x5dd7ac98faa4 - <tokio[5d3050f64468d11f]::runtime::scheduler::current_thread::CoreGuard>::enter::<<tokio[5d3050f64468d11f]::runtime::scheduler::current_thread::CoreGuard>::block_on<core[a373ad73a504971]::pin::Pin<&mut core[a373ad73a504971]::pin::Pin<&mut dyn core[a373ad73a504971]::future::future::Future<Output = ()>>>>::{closure#0}, core[a373ad73a504971]::option::Option<()>>::{closure#0}
[INFO] [stdout]                                at /opt/rustwide/cargo-home/registry/src/index.crates.io-1949cf8c6b5b557f/tokio-1.53.0/src/runtime/scheduler/current_thread/mod.rs:906:68
[INFO] [stdout]   31:     0x5dd7ac9992ab - <tokio[5d3050f64468d11f]::runtime::context::scoped::Scoped<tokio[5d3050f64468d11f]::runtime::scheduler::Context>>::set::<<tokio[5d3050f64468d11f]::runtime::scheduler::current_thread::CoreGuard>::enter<<tokio[5d3050f64468d11f]::runtime::scheduler::current_thread::CoreGuard>::block_on<core[a373ad73a504971]::pin::Pin<&mut core[a373ad73a504971]::pin::Pin<&mut dyn core[a373ad73a504971]::future::future::Future<Output = ()>>>>::{closure#0}, core[a373ad73a504971]::option::Option<()>>::{closure#0}, (alloc[2e1b2a31b91974c5]::boxed::Box<tokio[5d3050f64468d11f]::runtime::scheduler::current_thread::Core>, core[a373ad73a504971]::option::Option<()>)>
[INFO] [stdout]                                at /opt/rustwide/cargo-home/registry/src/index.crates.io-1949cf8c6b5b557f/tokio-1.53.0/src/runtime/context/scoped.rs:40:9
[INFO] [stdout]   32:     0x5dd7ac901399 - tokio[5d3050f64468d11f]::runtime::context::set_scheduler::<(alloc[2e1b2a31b91974c5]::boxed::Box<tokio[5d3050f64468d11f]::runtime::scheduler::current_thread::Core>, core[a373ad73a504971]::option::Option<()>), <tokio[5d3050f64468d11f]::runtime::scheduler::current_thread::CoreGuard>::enter<<tokio[5d3050f64468d11f]::runtime::scheduler::current_thread::CoreGuard>::block_on<core[a373ad73a504971]::pin::Pin<&mut core[a373ad73a504971]::pin::Pin<&mut dyn core[a373ad73a504971]::future::future::Future<Output = ()>>>>::{closure#0}, core[a373ad73a504971]::option::Option<()>>::{closure#0}>::{closure#0}
[INFO] [stdout]                                at /opt/rustwide/cargo-home/registry/src/index.crates.io-1949cf8c6b5b557f/tokio-1.53.0/src/runtime/context.rs:187:38
[INFO] [stdout]   33:     0x5dd7ac986c8f - <std[617be2ca0a6fd877]::thread::local::LocalKey<tokio[5d3050f64468d11f]::runtime::context::Context>>::try_with::<tokio[5d3050f64468d11f]::runtime::context::set_scheduler<(alloc[2e1b2a31b91974c5]::boxed::Box<tokio[5d3050f64468d11f]::runtime::scheduler::current_thread::Core>, core[a373ad73a504971]::option::Option<()>), <tokio[5d3050f64468d11f]::runtime::scheduler::current_thread::CoreGuard>::enter<<tokio[5d3050f64468d11f]::runtime::scheduler::current_thread::CoreGuard>::block_on<core[a373ad73a504971]::pin::Pin<&mut core[a373ad73a504971]::pin::Pin<&mut dyn core[a373ad73a504971]::future::future::Future<Output = ()>>>>::{closure#0}, core[a373ad73a504971]::option::Option<()>>::{closure#0}>::{closure#0}, (alloc[2e1b2a31b91974c5]::boxed::Box<tokio[5d3050f64468d11f]::runtime::scheduler::current_thread::Core>, core[a373ad73a504971]::option::Option<()>)>
[INFO] [stdout]                                at /rustc/e3feeb59cd1bdd011a2bfcc0747b55125d9b8527/library/std/src/thread/local.rs:463:12
[INFO] [stdout]   34:     0x5dd7ac98683e - <std[617be2ca0a6fd877]::thread::local::LocalKey<tokio[5d3050f64468d11f]::runtime::context::Context>>::with::<tokio[5d3050f64468d11f]::runtime::context::set_scheduler<(alloc[2e1b2a31b91974c5]::boxed::Box<tokio[5d3050f64468d11f]::runtime::scheduler::current_thread::Core>, core[a373ad73a504971]::option::Option<()>), <tokio[5d3050f64468d11f]::runtime::scheduler::current_thread::CoreGuard>::enter<<tokio[5d3050f64468d11f]::runtime::scheduler::current_thread::CoreGuard>::block_on<core[a373ad73a504971]::pin::Pin<&mut core[a373ad73a504971]::pin::Pin<&mut dyn core[a373ad73a504971]::future::future::Future<Output = ()>>>>::{closure#0}, core[a373ad73a504971]::option::Option<()>>::{closure#0}>::{closure#0}, (alloc[2e1b2a31b91974c5]::boxed::Box<tokio[5d3050f64468d11f]::runtime::scheduler::current_thread::Core>, core[a373ad73a504971]::option::Option<()>)>
[INFO] [stdout]                                at /rustc/e3feeb59cd1bdd011a2bfcc0747b55125d9b8527/library/std/src/thread/local.rs:427:20
[INFO] [stdout]   35:     0x5dd7ac90080d - tokio[5d3050f64468d11f]::runtime::context::set_scheduler::<(alloc[2e1b2a31b91974c5]::boxed::Box<tokio[5d3050f64468d11f]::runtime::scheduler::current_thread::Core>, core[a373ad73a504971]::option::Option<()>), <tokio[5d3050f64468d11f]::runtime::scheduler::current_thread::CoreGuard>::enter<<tokio[5d3050f64468d11f]::runtime::scheduler::current_thread::CoreGuard>::block_on<core[a373ad73a504971]::pin::Pin<&mut core[a373ad73a504971]::pin::Pin<&mut dyn core[a373ad73a504971]::future::future::Future<Output = ()>>>>::{closure#0}, core[a373ad73a504971]::option::Option<()>>::{closure#0}>
[INFO] [stdout]                                at /opt/rustwide/cargo-home/registry/src/index.crates.io-1949cf8c6b5b557f/tokio-1.53.0/src/runtime/context.rs:187:17
[INFO] [stdout]   36:     0x5dd7ac98d650 - <tokio[5d3050f64468d11f]::runtime::scheduler::current_thread::CoreGuard>::enter::<<tokio[5d3050f64468d11f]::runtime::scheduler::current_thread::CoreGuard>::block_on<core[a373ad73a504971]::pin::Pin<&mut core[a373ad73a504971]::pin::Pin<&mut dyn core[a373ad73a504971]::future::future::Future<Output = ()>>>>::{closure#0}, core[a373ad73a504971]::option::Option<()>>
[INFO] [stdout]                                at /opt/rustwide/cargo-home/registry/src/index.crates.io-1949cf8c6b5b557f/tokio-1.53.0/src/runtime/scheduler/current_thread/mod.rs:906:27
[INFO] [stdout]   37:     0x5dd7ac98d946 - <tokio[5d3050f64468d11f]::runtime::scheduler::current_thread::CoreGuard>::block_on::<core[a373ad73a504971]::pin::Pin<&mut core[a373ad73a504971]::pin::Pin<&mut dyn core[a373ad73a504971]::future::future::Future<Output = ()>>>>
[INFO] [stdout]                                at /opt/rustwide/cargo-home/registry/src/index.crates.io-1949cf8c6b5b557f/tokio-1.53.0/src/runtime/scheduler/current_thread/mod.rs:817:24
[INFO] [stdout]   38:     0x5dd7ac98f850 - <tokio[5d3050f64468d11f]::runtime::scheduler::current_thread::CurrentThread>::block_on::<core[a373ad73a504971]::pin::Pin<&mut dyn core[a373ad73a504971]::future::future::Future<Output = ()>>>::{closure#0}
[INFO] [stdout]                                at /opt/rustwide/cargo-home/registry/src/index.crates.io-1949cf8c6b5b557f/tokio-1.53.0/src/runtime/scheduler/current_thread/mod.rs:218:33
[INFO] [stdout]   39:     0x5dd7ac9e2238 - tokio[5d3050f64468d11f]::runtime::context::runtime::enter_runtime::<<tokio[5d3050f64468d11f]::runtime::scheduler::current_thread::CurrentThread>::block_on<core[a373ad73a504971]::pin::Pin<&mut dyn core[a373ad73a504971]::future::future::Future<Output = ()>>>::{closure#0}, ()>
[INFO] [stdout]                                at /opt/rustwide/cargo-home/registry/src/index.crates.io-1949cf8c6b5b557f/tokio-1.53.0/src/runtime/context/runtime.rs:65:16
[INFO] [stdout]   40:     0x5dd7ac9818d4 - <tokio[5d3050f64468d11f]::runtime::scheduler::current_thread::CurrentThread>::block_on::<core[a373ad73a504971]::pin::Pin<&mut dyn core[a373ad73a504971]::future::future::Future<Output = ()>>>
[INFO] [stdout]                                at /opt/rustwide/cargo-home/registry/src/index.crates.io-1949cf8c6b5b557f/tokio-1.53.0/src/runtime/scheduler/current_thread/mod.rs:206:9
[INFO] [stdout]   41:     0x5dd7ac998ebf - <tokio[5d3050f64468d11f]::runtime::runtime::Runtime>::block_on_inner::<core[a373ad73a504971]::pin::Pin<&mut dyn core[a373ad73a504971]::future::future::Future<Output = ()>>>
[INFO] [stdout]                                at /opt/rustwide/cargo-home/registry/src/index.crates.io-1949cf8c6b5b557f/tokio-1.53.0/src/runtime/runtime.rs:376:52
[INFO] [stdout]   42:     0x5dd7ac99900b - <tokio[5d3050f64468d11f]::runtime::runtime::Runtime>::block_on::<core[a373ad73a504971]::pin::Pin<&mut dyn core[a373ad73a504971]::future::future::Future<Output = ()>>>
[INFO] [stdout]                                at /opt/rustwide/cargo-home/registry/src/index.crates.io-1949cf8c6b5b557f/tokio-1.53.0/src/runtime/runtime.rs:345:18
[INFO] [stdout]   43:     0x5dd7ac9f1fe1 - ftr[2b781d3eba5aaa6b]::asn::lookup::tests::test_lookup_public_ip
[INFO] [stdout]                                at /opt/rustwide/workdir/src/asn/lookup_tests.rs:102:24
[INFO] [stdout]   44:     0x5dd7ac9e8907 - ftr[2b781d3eba5aaa6b]::asn::lookup::tests::test_lookup_public_ip::{closure#0}
[INFO] [stdout]                                at /opt/rustwide/workdir/src/asn/lookup_tests.rs:73:33
[INFO] [stdout]   45:     0x5dd7ac8c79e6 - <ftr[2b781d3eba5aaa6b]::asn::lookup::tests::test_lookup_public_ip::{closure#0} as core[a373ad73a504971]::ops::function::FnOnce<()>>::call_once
[INFO] [stdout]                                at /rustc/e3feeb59cd1bdd011a2bfcc0747b55125d9b8527/library/core/src/ops/function.rs:250:5
[INFO] [stdout]   46:     0x5dd7ace6065b - <fn() -> core[a373ad73a504971]::result::Result<(), alloc[2e1b2a31b91974c5]::string::String> as core[a373ad73a504971]::ops::function::FnOnce<()>>::call_once
[INFO] [stdout]                                at /rustc/e3feeb59cd1bdd011a2bfcc0747b55125d9b8527/library/core/src/ops/function.rs:250:5
[INFO] [stdout]   47:     0x5dd7ace6065b - test[aada8e7e76ba119b]::__rust_begin_short_backtrace::<core[a373ad73a504971]::result::Result<(), alloc[2e1b2a31b91974c5]::string::String>, fn() -> core[a373ad73a504971]::result::Result<(), alloc[2e1b2a31b91974c5]::string::String>>
[INFO] [stdout]                                at /rustc/e3feeb59cd1bdd011a2bfcc0747b55125d9b8527/library/test/src/lib.rs:701:18
[INFO] [stdout]   48:     0x5dd7ace6d835 - test[aada8e7e76ba119b]::run_test_in_process::{closure#0}
[INFO] [stdout]                                at /rustc/e3feeb59cd1bdd011a2bfcc0747b55125d9b8527/library/test/src/lib.rs:724:74
[INFO] [stdout]   49:     0x5dd7ace6d835 - <core[a373ad73a504971]::panic::unwind_safe::AssertUnwindSafe<test[aada8e7e76ba119b]::run_test_in_process::{closure#0}> as core[a373ad73a504971]::ops::function::FnOnce<()>>::call_once
[INFO] [stdout]                                at /rustc/e3feeb59cd1bdd011a2bfcc0747b55125d9b8527/library/core/src/panic/unwind_safe.rs:275:9
[INFO] [stdout]   50:     0x5dd7ace6d835 - std[617be2ca0a6fd877]::panicking::catch_unwind::do_call::<core[a373ad73a504971]::panic::unwind_safe::AssertUnwindSafe<test[aada8e7e76ba119b]::run_test_in_process::{closure#0}>, core[a373ad73a504971]::result::Result<(), alloc[2e1b2a31b91974c5]::string::String>>
[INFO] [stdout]                                at /rustc/e3feeb59cd1bdd011a2bfcc0747b55125d9b8527/library/std/src/panicking.rs:573:43
[INFO] [stdout]   51:     0x5dd7ace6d835 - std[617be2ca0a6fd877]::panicking::catch_unwind::<core[a373ad73a504971]::result::Result<(), alloc[2e1b2a31b91974c5]::string::String>, core[a373ad73a504971]::panic::unwind_safe::AssertUnwindSafe<test[aada8e7e76ba119b]::run_test_in_process::{closure#0}>>
[INFO] [stdout]                                at /rustc/e3feeb59cd1bdd011a2bfcc0747b55125d9b8527/library/std/src/panicking.rs:541:19
[INFO] [stdout]   52:     0x5dd7ace6d835 - std[617be2ca0a6fd877]::panic::catch_unwind::<core[a373ad73a504971]::panic::unwind_safe::AssertUnwindSafe<test[aada8e7e76ba119b]::run_test_in_process::{closure#0}>, core[a373ad73a504971]::result::Result<(), alloc[2e1b2a31b91974c5]::string::String>>
[INFO] [stdout]                                at /rustc/e3feeb59cd1bdd011a2bfcc0747b55125d9b8527/library/std/src/panic.rs:359:14
[INFO] [stdout]   53:     0x5dd7ace6d835 - test[aada8e7e76ba119b]::run_test_in_process
[INFO] [stdout]                                at /rustc/e3feeb59cd1bdd011a2bfcc0747b55125d9b8527/library/test/src/lib.rs:724:27
[INFO] [stdout]   54:     0x5dd7ace6d835 - test[aada8e7e76ba119b]::run_test::{closure#0}
[INFO] [stdout]                                at /rustc/e3feeb59cd1bdd011a2bfcc0747b55125d9b8527/library/test/src/lib.rs:645:43
[INFO] [stdout]   55:     0x5dd7ace67124 - test[aada8e7e76ba119b]::run_test::{closure#1}
[INFO] [stdout]                                at /rustc/e3feeb59cd1bdd011a2bfcc0747b55125d9b8527/library/test/src/lib.rs:675:41
[INFO] [stdout]   56:     0x5dd7ace67124 - std[617be2ca0a6fd877]::sys::backtrace::__rust_begin_short_backtrace::<test[aada8e7e76ba119b]::run_test::{closure#1}, ()>
[INFO] [stdout]                                at /rustc/e3feeb59cd1bdd011a2bfcc0747b55125d9b8527/library/std/src/sys/backtrace.rs:166:18
[INFO] [stdout]   57:     0x5dd7ace708c2 - std[617be2ca0a6fd877]::thread::lifecycle::spawn_unchecked::<test[aada8e7e76ba119b]::run_test::{closure#1}, ()>::{closure#1}::{closure#0}
[INFO] [stdout]                                at /rustc/e3feeb59cd1bdd011a2bfcc0747b55125d9b8527/library/std/src/thread/lifecycle.rs:70:13
[INFO] [stdout]   58:     0x5dd7ace708c2 - <core[a373ad73a504971]::panic::unwind_safe::AssertUnwindSafe<std[617be2ca0a6fd877]::thread::lifecycle::spawn_unchecked<test[aada8e7e76ba119b]::run_test::{closure#1}, ()>::{closure#1}::{closure#0}> as core[a373ad73a504971]::ops::function::FnOnce<()>>::call_once
[INFO] [stdout]                                at /rustc/e3feeb59cd1bdd011a2bfcc0747b55125d9b8527/library/core/src/panic/unwind_safe.rs:275:9
[INFO] [stdout]   59:     0x5dd7ace708c2 - std[617be2ca0a6fd877]::panicking::catch_unwind::do_call::<core[a373ad73a504971]::panic::unwind_safe::AssertUnwindSafe<std[617be2ca0a6fd877]::thread::lifecycle::spawn_unchecked<test[aada8e7e76ba119b]::run_test::{closure#1}, ()>::{closure#1}::{closure#0}>, ()>
[INFO] [stdout]                                at /rustc/e3feeb59cd1bdd011a2bfcc0747b55125d9b8527/library/std/src/panicking.rs:573:43
[INFO] [stdout]   60:     0x5dd7ace708c2 - std[617be2ca0a6fd877]::panicking::catch_unwind::<(), core[a373ad73a504971]::panic::unwind_safe::AssertUnwindSafe<std[617be2ca0a6fd877]::thread::lifecycle::spawn_unchecked<test[aada8e7e76ba119b]::run_test::{closure#1}, ()>::{closure#1}::{closure#0}>>
[INFO] [stdout]                                at /rustc/e3feeb59cd1bdd011a2bfcc0747b55125d9b8527/library/std/src/panicking.rs:541:19
[INFO] [stdout]   61:     0x5dd7ace708c2 - std[617be2ca0a6fd877]::panic::catch_unwind::<core[a373ad73a504971]::panic::unwind_safe::AssertUnwindSafe<std[617be2ca0a6fd877]::thread::lifecycle::spawn_unchecked<test[aada8e7e76ba119b]::run_test::{closure#1}, ()>::{closure#1}::{closure#0}>, ()>
[INFO] [stdout]                                at /rustc/e3feeb59cd1bdd011a2bfcc0747b55125d9b8527/library/std/src/panic.rs:359:14
[INFO] [stdout]   62:     0x5dd7ace708c2 - std[617be2ca0a6fd877]::thread::lifecycle::spawn_unchecked::<test[aada8e7e76ba119b]::run_test::{closure#1}, ()>::{closure#1}
[INFO] [stdout]                                at /rustc/e3feeb59cd1bdd011a2bfcc0747b55125d9b8527/library/std/src/thread/lifecycle.rs:68:26
[INFO] [stdout]   63:     0x5dd7ace708c2 - <std[617be2ca0a6fd877]::thread::lifecycle::spawn_unchecked<test[aada8e7e76ba119b]::run_test::{closure#1}, ()>::{closure#1} as core[a373ad73a504971]::ops::function::FnOnce<()>>::call_once::{shim:vtable#0}
[INFO] [stdout]                                at /rustc/e3feeb59cd1bdd011a2bfcc0747b55125d9b8527/library/core/src/ops/function.rs:250:5
[INFO] [stdout]   64:     0x5dd7acf8c06f - <alloc[2e1b2a31b91974c5]::boxed::Box<dyn core[a373ad73a504971]::ops::function::FnOnce<(), Output = ()> + core[a373ad73a504971]::marker::Send> as core[a373ad73a504971]::ops::function::FnOnce<()>>::call_once
[INFO] [stdout]                                at /rustc/e3feeb59cd1bdd011a2bfcc0747b55125d9b8527/library/alloc/src/boxed.rs:2314:9
[INFO] [stdout]   65:     0x5dd7acf8c06f - <std[617be2ca0a6fd877]::sys::thread::unix::Thread>::new::thread_start
[INFO] [stdout]                                at /rustc/e3feeb59cd1bdd011a2bfcc0747b55125d9b8527/library/std/src/sys/thread/unix.rs:127:17
[INFO] [stdout]   66:     0x77f2813eedfa - <unknown>
[INFO] [stdout]   67:     0x77f2814823d4 - clone
[INFO] [stdout]   68:                0x0 - <unknown>
[INFO] [stdout] 
[INFO] [stdout] ---- dns::reverse::tests::test_reverse_dns_caching_with_known_ips stdout ----
[INFO] [stdout] 
[INFO] [stdout] thread 'dns::reverse::tests::test_reverse_dns_caching_with_known_ips' (12989) panicked at src/dns/reverse.rs:91:18:
[INFO] [stdout] first rDNS lookup for 8.8.8.8 should succeed: ResolutionError("DNS I/O error: Network is unreachable (os error 101)")
[INFO] [stdout] stack backtrace:
[INFO] [stdout]    0:     0x5dd7acf8d571 - std[617be2ca0a6fd877]::backtrace_rs::backtrace::libunwind::trace
[INFO] [stdout]                                at /rustc/e3feeb59cd1bdd011a2bfcc0747b55125d9b8527/library/std/src/../../backtrace/src/backtrace/libunwind.rs:117:9
[INFO] [stdout]    1:     0x5dd7acf8d571 - std[617be2ca0a6fd877]::backtrace_rs::backtrace::trace_unsynchronized::<std[617be2ca0a6fd877]::sys::backtrace::_print_fmt::{closure#1}>
[INFO] [stdout]                                at /rustc/e3feeb59cd1bdd011a2bfcc0747b55125d9b8527/library/std/src/../../backtrace/src/backtrace/mod.rs:66:14
[INFO] [stdout]    2:     0x5dd7acf8d571 - std[617be2ca0a6fd877]::sys::backtrace::_print_fmt
[INFO] [stdout]                                at /rustc/e3feeb59cd1bdd011a2bfcc0747b55125d9b8527/library/std/src/sys/backtrace.rs:74:9
[INFO] [stdout]    3:     0x5dd7acf8d571 - <<std[617be2ca0a6fd877]::sys::backtrace::BacktraceLock>::print::DisplayBacktrace as core[a373ad73a504971]::fmt::Display>::fmt
[INFO] [stdout]                                at /rustc/e3feeb59cd1bdd011a2bfcc0747b55125d9b8527/library/std/src/sys/backtrace.rs:44:26
[INFO] [stdout]    4:     0x5dd7acfa462a - <core[a373ad73a504971]::fmt::rt::Argument>::fmt
[INFO] [stdout]                                at /rustc/e3feeb59cd1bdd011a2bfcc0747b55125d9b8527/library/core/src/fmt/rt.rs:152:76
[INFO] [stdout]    5:     0x5dd7acfa462a - core[a373ad73a504971]::fmt::write
[INFO] [stdout]    6:     0x5dd7acf91ffc - core[a373ad73a504971]::io::write::default_write_fmt::<alloc[2e1b2a31b91974c5]::vec::Vec<u8>>
[INFO] [stdout]                                at /rustc/e3feeb59cd1bdd011a2bfcc0747b55125d9b8527/library/core/src/io/write.rs:402:11
[INFO] [stdout]    7:     0x5dd7acf91ffc - <alloc[2e1b2a31b91974c5]::vec::Vec<u8> as core[a373ad73a504971]::io::write::Write>::write_fmt
[INFO] [stdout]                                at /rustc/e3feeb59cd1bdd011a2bfcc0747b55125d9b8527/library/core/src/io/write.rs:335:13
[INFO] [stdout]    8:     0x5dd7acf674f6 - <std[617be2ca0a6fd877]::sys::backtrace::BacktraceLock>::print
[INFO] [stdout]                                at /rustc/e3feeb59cd1bdd011a2bfcc0747b55125d9b8527/library/std/src/sys/backtrace.rs:47:9
[INFO] [stdout]    9:     0x5dd7acf674f6 - std[617be2ca0a6fd877]::panicking::default_hook::{closure#0}
[INFO] [stdout]                                at /rustc/e3feeb59cd1bdd011a2bfcc0747b55125d9b8527/library/std/src/panicking.rs:289:27
[INFO] [stdout]   10:     0x5dd7acf84c19 - std[617be2ca0a6fd877]::panicking::default_hook
[INFO] [stdout]                                at /rustc/e3feeb59cd1bdd011a2bfcc0747b55125d9b8527/library/std/src/panicking.rs:313:9
[INFO] [stdout]   11:     0x5dd7ace6d210 - <alloc[2e1b2a31b91974c5]::boxed::Box<dyn for<'a, 'b> core[a373ad73a504971]::ops::function::Fn<(&'a std[617be2ca0a6fd877]::panic::PanicHookInfo<'b>,), Output = ()> + core[a373ad73a504971]::marker::Sync + core[a373ad73a504971]::marker::Send> as core[a373ad73a504971]::ops::function::Fn<(&std[617be2ca0a6fd877]::panic::PanicHookInfo,)>>::call
[INFO] [stdout]                                at /rustc/e3feeb59cd1bdd011a2bfcc0747b55125d9b8527/library/alloc/src/boxed.rs:2328:9
[INFO] [stdout]   12:     0x5dd7ace6d210 - test[aada8e7e76ba119b]::test_main_inner::{closure#0}
[INFO] [stdout]                                at /rustc/e3feeb59cd1bdd011a2bfcc0747b55125d9b8527/library/test/src/lib.rs:137:21
[INFO] [stdout]   13:     0x5dd7acf84f42 - <alloc[2e1b2a31b91974c5]::boxed::Box<dyn for<'a, 'b> core[a373ad73a504971]::ops::function::Fn<(&'a std[617be2ca0a6fd877]::panic::PanicHookInfo<'b>,), Output = ()> + core[a373ad73a504971]::marker::Sync + core[a373ad73a504971]::marker::Send> as core[a373ad73a504971]::ops::function::Fn<(&std[617be2ca0a6fd877]::panic::PanicHookInfo,)>>::call
[INFO] [stdout]                                at /rustc/e3feeb59cd1bdd011a2bfcc0747b55125d9b8527/library/alloc/src/boxed.rs:2328:9
[INFO] [stdout]   14:     0x5dd7acf84f42 - std[617be2ca0a6fd877]::panicking::panic_with_hook
[INFO] [stdout]                                at /rustc/e3feeb59cd1bdd011a2bfcc0747b55125d9b8527/library/std/src/panicking.rs:819:13
[INFO] [stdout]   15:     0x5dd7acf675a2 - std[617be2ca0a6fd877]::panicking::panic_handler::{closure#0}
[INFO] [stdout]                                at /rustc/e3feeb59cd1bdd011a2bfcc0747b55125d9b8527/library/std/src/panicking.rs:685:13
[INFO] [stdout]   16:     0x5dd7acf60049 - std[617be2ca0a6fd877]::sys::backtrace::__rust_end_short_backtrace::<std[617be2ca0a6fd877]::panicking::panic_handler::{closure#0}, !>
[INFO] [stdout]                                at /rustc/e3feeb59cd1bdd011a2bfcc0747b55125d9b8527/library/std/src/sys/backtrace.rs:182:18
[INFO] [stdout]   17:     0x5dd7acf6839d - __rustc[ea4f61d10b84890b]::rust_begin_unwind
[INFO] [stdout]                                at /rustc/e3feeb59cd1bdd011a2bfcc0747b55125d9b8527/library/std/src/panicking.rs:676:5
[INFO] [stdout]   18:     0x5dd7acfa4e4c - core[a373ad73a504971]::panicking::panic_fmt
[INFO] [stdout]                                at /rustc/e3feeb59cd1bdd011a2bfcc0747b55125d9b8527/library/core/src/panicking.rs:80:14
[INFO] [stdout]   19:     0x5dd7acfa4ba2 - core[a373ad73a504971]::result::unwrap_failed
[INFO] [stdout]                                at /rustc/e3feeb59cd1bdd011a2bfcc0747b55125d9b8527/library/core/src/result.rs:1870:5
[INFO] [stdout]   20:     0x5dd7ac97098e - <core[a373ad73a504971]::result::Result<alloc[2e1b2a31b91974c5]::string::String, ftr[2b781d3eba5aaa6b]::dns::reverse::ReverseDnsError>>::expect
[INFO] [stdout]                                at /rustc/e3feeb59cd1bdd011a2bfcc0747b55125d9b8527/library/core/src/result.rs:1184:23
[INFO] [stdout]   21:     0x5dd7ac8ed98a - ftr[2b781d3eba5aaa6b]::dns::reverse::tests::test_reverse_dns_caching_with_known_ips::{closure#0}::{closure#0}
[INFO] [stdout]                                at /opt/rustwide/workdir/src/dns/reverse.rs:91:18
[INFO] [stdout]   22:     0x5dd7ac8e7b69 - <tokio[5d3050f64468d11f]::time::timeout::Timeout<ftr[2b781d3eba5aaa6b]::dns::reverse::tests::test_reverse_dns_caching_with_known_ips::{closure#0}::{closure#0}> as core[a373ad73a504971]::future::future::Future>::poll
[INFO] [stdout]                                at /opt/rustwide/cargo-home/registry/src/index.crates.io-1949cf8c6b5b557f/tokio-1.53.0/src/time/timeout.rs:217:42
[INFO] [stdout]   23:     0x5dd7ac8f0825 - ftr[2b781d3eba5aaa6b]::dns::reverse::tests::test_reverse_dns_caching_with_known_ips::{closure#0}
[INFO] [stdout]                                at /opt/rustwide/workdir/src/dns/reverse.rs:112:10
[INFO] [stdout]   24:     0x5dd7aca163e2 - <core[a373ad73a504971]::pin::Pin<&mut dyn core[a373ad73a504971]::future::future::Future<Output = ()>> as core[a373ad73a504971]::future::future::Future>::poll
[INFO] [stdout]                                at /rustc/e3feeb59cd1bdd011a2bfcc0747b55125d9b8527/library/core/src/future/future.rs:133:9
[INFO] [stdout]   25:     0x5dd7aca1645d - <core[a373ad73a504971]::pin::Pin<&mut core[a373ad73a504971]::pin::Pin<&mut dyn core[a373ad73a504971]::future::future::Future<Output = ()>>> as core[a373ad73a504971]::future::future::Future>::poll
[INFO] [stdout]                                at /rustc/e3feeb59cd1bdd011a2bfcc0747b55125d9b8527/library/core/src/future/future.rs:133:9
[INFO] [stdout]   26:     0x5dd7ac991aad - <tokio[5d3050f64468d11f]::runtime::scheduler::current_thread::CoreGuard>::block_on::<core[a373ad73a504971]::pin::Pin<&mut core[a373ad73a504971]::pin::Pin<&mut dyn core[a373ad73a504971]::future::future::Future<Output = ()>>>>::{closure#0}::{closure#0}::{closure#0}
[INFO] [stdout]                                at /opt/rustwide/cargo-home/registry/src/index.crates.io-1949cf8c6b5b557f/tokio-1.53.0/src/runtime/scheduler/current_thread/mod.rs:830:70
[INFO] [stdout]   27:     0x5dd7ac9919e5 - tokio[5d3050f64468d11f]::task::coop::with_budget::<core[a373ad73a504971]::task::poll::Poll<()>, <tokio[5d3050f64468d11f]::runtime::scheduler::current_thread::CoreGuard>::block_on<core[a373ad73a504971]::pin::Pin<&mut core[a373ad73a504971]::pin::Pin<&mut dyn core[a373ad73a504971]::future::future::Future<Output = ()>>>>::{closure#0}::{closure#0}::{closure#0}>
[INFO] [stdout]                                at /opt/rustwide/cargo-home/registry/src/index.crates.io-1949cf8c6b5b557f/tokio-1.53.0/src/task/coop/mod.rs:167:5
[INFO] [stdout]   28:     0x5dd7ac9919e5 - tokio[5d3050f64468d11f]::task::coop::budget::<core[a373ad73a504971]::task::poll::Poll<()>, <tokio[5d3050f64468d11f]::runtime::scheduler::current_thread::CoreGuard>::block_on<core[a373ad73a504971]::pin::Pin<&mut core[a373ad73a504971]::pin::Pin<&mut dyn core[a373ad73a504971]::future::future::Future<Output = ()>>>>::{closure#0}::{closure#0}::{closure#0}>
[INFO] [stdout]                                at /opt/rustwide/cargo-home/registry/src/index.crates.io-1949cf8c6b5b557f/tokio-1.53.0/src/task/coop/mod.rs:133:5
[INFO] [stdout]   29:     0x5dd7ac9919e5 - <tokio[5d3050f64468d11f]::runtime::scheduler::current_thread::CoreGuard>::block_on::<core[a373ad73a504971]::pin::Pin<&mut core[a373ad73a504971]::pin::Pin<&mut dyn core[a373ad73a504971]::future::future::Future<Output = ()>>>>::{closure#0}::{closure#0}
[INFO] [stdout]                                at /opt/rustwide/cargo-home/registry/src/index.crates.io-1949cf8c6b5b557f/tokio-1.53.0/src/runtime/scheduler/current_thread/mod.rs:830:25
[INFO] [stdout]   30:     0x5dd7ac985912 - <tokio[5d3050f64468d11f]::runtime::scheduler::current_thread::Context>::enter::<core[a373ad73a504971]::task::poll::Poll<()>, <tokio[5d3050f64468d11f]::runtime::scheduler::current_thread::CoreGuard>::block_on<core[a373ad73a504971]::pin::Pin<&mut core[a373ad73a504971]::pin::Pin<&mut dyn core[a373ad73a504971]::future::future::Future<Output = ()>>>>::{closure#0}::{closure#0}>
[INFO] [stdout]                                at /opt/rustwide/cargo-home/registry/src/index.crates.io-1949cf8c6b5b557f/tokio-1.53.0/src/runtime/scheduler/current_thread/mod.rs:488:19
[INFO] [stdout]   31:     0x5dd7ac99080d - <tokio[5d3050f64468d11f]::runtime::scheduler::current_thread::CoreGuard>::block_on::<core[a373ad73a504971]::pin::Pin<&mut core[a373ad73a504971]::pin::Pin<&mut dyn core[a373ad73a504971]::future::future::Future<Output = ()>>>>::{closure#0}
[INFO] [stdout]                                at /opt/rustwide/cargo-home/registry/src/index.crates.io-1949cf8c6b5b557f/tokio-1.53.0/src/runtime/scheduler/current_thread/mod.rs:829:44
[INFO] [stdout]   32:     0x5dd7ac98faa4 - <tokio[5d3050f64468d11f]::runtime::scheduler::current_thread::CoreGuard>::enter::<<tokio[5d3050f64468d11f]::runtime::scheduler::current_thread::CoreGuard>::block_on<core[a373ad73a504971]::pin::Pin<&mut core[a373ad73a504971]::pin::Pin<&mut dyn core[a373ad73a504971]::future::future::Future<Output = ()>>>>::{closure#0}, core[a373ad73a504971]::option::Option<()>>::{closure#0}
[INFO] [stdout]                                at /opt/rustwide/cargo-home/registry/src/index.crates.io-1949cf8c6b5b557f/tokio-1.53.0/src/runtime/scheduler/current_thread/mod.rs:906:68
[INFO] [stdout]   33:     0x5dd7ac9992ab - <tokio[5d3050f64468d11f]::runtime::context::scoped::Scoped<tokio[5d3050f64468d11f]::runtime::scheduler::Context>>::set::<<tokio[5d3050f64468d11f]::runtime::scheduler::current_thread::CoreGuard>::enter<<tokio[5d3050f64468d11f]::runtime::scheduler::current_thread::CoreGuard>::block_on<core[a373ad73a504971]::pin::Pin<&mut core[a373ad73a504971]::pin::Pin<&mut dyn core[a373ad73a504971]::future::future::Future<Output = ()>>>>::{closure#0}, core[a373ad73a504971]::option::Option<()>>::{closure#0}, (alloc[2e1b2a31b91974c5]::boxed::Box<tokio[5d3050f64468d11f]::runtime::scheduler::current_thread::Core>, core[a373ad73a504971]::option::Option<()>)>
[INFO] [stdout]                                at /opt/rustwide/cargo-home/registry/src/index.crates.io-1949cf8c6b5b557f/tokio-1.53.0/src/runtime/context/scoped.rs:40:9
[INFO] [stdout]   34:     0x5dd7ac901399 - tokio[5d3050f64468d11f]::runtime::context::set_scheduler::<(alloc[2e1b2a31b91974c5]::boxed::Box<tokio[5d3050f64468d11f]::runtime::scheduler::current_thread::Core>, core[a373ad73a504971]::option::Option<()>), <tokio[5d3050f64468d11f]::runtime::scheduler::current_thread::CoreGuard>::enter<<tokio[5d3050f64468d11f]::runtime::scheduler::current_thread::CoreGuard>::block_on<core[a373ad73a504971]::pin::Pin<&mut core[a373ad73a504971]::pin::Pin<&mut dyn core[a373ad73a504971]::future::future::Future<Output = ()>>>>::{closure#0}, core[a373ad73a504971]::option::Option<()>>::{closure#0}>::{closure#0}
[INFO] [stdout]                                at /opt/rustwide/cargo-home/registry/src/index.crates.io-1949cf8c6b5b557f/tokio-1.53.0/src/runtime/context.rs:187:38
[INFO] [stdout]   35:     0x5dd7ac986c8f - <std[617be2ca0a6fd877]::thread::local::LocalKey<tokio[5d3050f64468d11f]::runtime::context::Context>>::try_with::<tokio[5d3050f64468d11f]::runtime::context::set_scheduler<(alloc[2e1b2a31b91974c5]::boxed::Box<tokio[5d3050f64468d11f]::runtime::scheduler::current_thread::Core>, core[a373ad73a504971]::option::Option<()>), <tokio[5d3050f64468d11f]::runtime::scheduler::current_thread::CoreGuard>::enter<<tokio[5d3050f64468d11f]::runtime::scheduler::current_thread::CoreGuard>::block_on<core[a373ad73a504971]::pin::Pin<&mut core[a373ad73a504971]::pin::Pin<&mut dyn core[a373ad73a504971]::future::future::Future<Output = ()>>>>::{closure#0}, core[a373ad73a504971]::option::Option<()>>::{closure#0}>::{closure#0}, (alloc[2e1b2a31b91974c5]::boxed::Box<tokio[5d3050f64468d11f]::runtime::scheduler::current_thread::Core>, core[a373ad73a504971]::option::Option<()>)>
[INFO] [stdout]                                at /rustc/e3feeb59cd1bdd011a2bfcc0747b55125d9b8527/library/std/src/thread/local.rs:463:12
[INFO] [stdout]   36:     0x5dd7ac98683e - <std[617be2ca0a6fd877]::thread::local::LocalKey<tokio[5d3050f64468d11f]::runtime::context::Context>>::with::<tokio[5d3050f64468d11f]::runtime::context::set_scheduler<(alloc[2e1b2a31b91974c5]::boxed::Box<tokio[5d3050f64468d11f]::runtime::scheduler::current_thread::Core>, core[a373ad73a504971]::option::Option<()>), <tokio[5d3050f64468d11f]::runtime::scheduler::current_thread::CoreGuard>::enter<<tokio[5d3050f64468d11f]::runtime::scheduler::current_thread::CoreGuard>::block_on<core[a373ad73a504971]::pin::Pin<&mut core[a373ad73a504971]::pin::Pin<&mut dyn core[a373ad73a504971]::future::future::Future<Output = ()>>>>::{closure#0}, core[a373ad73a504971]::option::Option<()>>::{closure#0}>::{closure#0}, (alloc[2e1b2a31b91974c5]::boxed::Box<tokio[5d3050f64468d11f]::runtime::scheduler::current_thread::Core>, core[a373ad73a504971]::option::Option<()>)>
[INFO] [stdout]                                at /rustc/e3feeb59cd1bdd011a2bfcc0747b55125d9b8527/library/std/src/thread/local.rs:427:20
[INFO] [stdout]   37:     0x5dd7ac90080d - tokio[5d3050f64468d11f]::runtime::context::set_scheduler::<(alloc[2e1b2a31b91974c5]::boxed::Box<tokio[5d3050f64468d11f]::runtime::scheduler::current_thread::Core>, core[a373ad73a504971]::option::Option<()>), <tokio[5d3050f64468d11f]::runtime::scheduler::current_thread::CoreGuard>::enter<<tokio[5d3050f64468d11f]::runtime::scheduler::current_thread::CoreGuard>::block_on<core[a373ad73a504971]::pin::Pin<&mut core[a373ad73a504971]::pin::Pin<&mut dyn core[a373ad73a504971]::future::future::Future<Output = ()>>>>::{closure#0}, core[a373ad73a504971]::option::Option<()>>::{closure#0}>
[INFO] [stdout]                                at /opt/rustwide/cargo-home/registry/src/index.crates.io-1949cf8c6b5b557f/tokio-1.53.0/src/runtime/context.rs:187:17
[INFO] [stdout]   38:     0x5dd7ac98d650 - <tokio[5d3050f64468d11f]::runtime::scheduler::current_thread::CoreGuard>::enter::<<tokio[5d3050f64468d11f]::runtime::scheduler::current_thread::CoreGuard>::block_on<core[a373ad73a504971]::pin::Pin<&mut core[a373ad73a504971]::pin::Pin<&mut dyn core[a373ad73a504971]::future::future::Future<Output = ()>>>>::{closure#0}, core[a373ad73a504971]::option::Option<()>>
[INFO] [stdout]                                at /opt/rustwide/cargo-home/registry/src/index.crates.io-1949cf8c6b5b557f/tokio-1.53.0/src/runtime/scheduler/current_thread/mod.rs:906:27
[INFO] [stdout]   39:     0x5dd7ac98d946 - <tokio[5d3050f64468d11f]::runtime::scheduler::current_thread::CoreGuard>::block_on::<core[a373ad73a504971]::pin::Pin<&mut core[a373ad73a504971]::pin::Pin<&mut dyn core[a373ad73a504971]::future::future::Future<Output = ()>>>>
[INFO] [stdout]                                at /opt/rustwide/cargo-home/registry/src/index.crates.io-1949cf8c6b5b557f/tokio-1.53.0/src/runtime/scheduler/current_thread/mod.rs:817:24
[INFO] [stdout]   40:     0x5dd7ac98f850 - <tokio[5d3050f64468d11f]::runtime::scheduler::current_thread::CurrentThread>::block_on::<core[a373ad73a504971]::pin::Pin<&mut dyn core[a373ad73a504971]::future::future::Future<Output = ()>>>::{closure#0}
[INFO] [stdout]                                at /opt/rustwide/cargo-home/registry/src/index.crates.io-1949cf8c6b5b557f/tokio-1.53.0/src/runtime/scheduler/current_thread/mod.rs:218:33
[INFO] [stdout]   41:     0x5dd7ac9e2238 - tokio[5d3050f64468d11f]::runtime::context::runtime::enter_runtime::<<tokio[5d3050f64468d11f]::runtime::scheduler::current_thread::CurrentThread>::block_on<core[a373ad73a504971]::pin::Pin<&mut dyn core[a373ad73a504971]::future::future::Future<Output = ()>>>::{closure#0}, ()>
[INFO] [stdout]                                at /opt/rustwide/cargo-home/registry/src/index.crates.io-1949cf8c6b5b557f/tokio-1.53.0/src/runtime/context/runtime.rs:65:16
[INFO] [stdout]   42:     0x5dd7ac9818d4 - <tokio[5d3050f64468d11f]::runtime::scheduler::current_thread::CurrentThread>::block_on::<core[a373ad73a504971]::pin::Pin<&mut dyn core[a373ad73a504971]::future::future::Future<Output = ()>>>
[INFO] [stdout]                                at /opt/rustwide/cargo-home/registry/src/index.crates.io-1949cf8c6b5b557f/tokio-1.53.0/src/runtime/scheduler/current_thread/mod.rs:206:9
[INFO] [stdout]   43:     0x5dd7ac998ebf - <tokio[5d3050f64468d11f]::runtime::runtime::Runtime>::block_on_inner::<core[a373ad73a504971]::pin::Pin<&mut dyn core[a373ad73a504971]::future::future::Future<Output = ()>>>
[INFO] [stdout]                                at /opt/rustwide/cargo-home/registry/src/index.crates.io-1949cf8c6b5b557f/tokio-1.53.0/src/runtime/runtime.rs:376:52
[INFO] [stdout]   44:     0x5dd7ac99900b - <tokio[5d3050f64468d11f]::runtime::runtime::Runtime>::block_on::<core[a373ad73a504971]::pin::Pin<&mut dyn core[a373ad73a504971]::future::future::Future<Output = ()>>>
[INFO] [stdout]                                at /opt/rustwide/cargo-home/registry/src/index.crates.io-1949cf8c6b5b557f/tokio-1.53.0/src/runtime/runtime.rs:345:18
[INFO] [stdout]   45:     0x5dd7ac8f78c1 - ftr[2b781d3eba5aaa6b]::dns::reverse::tests::test_reverse_dns_caching_with_known_ips
[INFO] [stdout]                                at /opt/rustwide/workdir/src/dns/reverse.rs:114:28
[INFO] [stdout]   46:     0x5dd7ac8ef057 - ftr[2b781d3eba5aaa6b]::dns::reverse::tests::test_reverse_dns_caching_with_known_ips::{closure#0}
[INFO] [stdout]                                at /opt/rustwide/workdir/src/dns/reverse.rs:80:55
[INFO] [stdout]   47:     0x5dd7ac8c7ea6 - <ftr[2b781d3eba5aaa6b]::dns::reverse::tests::test_reverse_dns_caching_with_known_ips::{closure#0} as core[a373ad73a504971]::ops::function::FnOnce<()>>::call_once
[INFO] [stdout]                                at /rustc/e3feeb59cd1bdd011a2bfcc0747b55125d9b8527/library/core/src/ops/function.rs:250:5
[INFO] [stdout]   48:     0x5dd7ace6065b - <fn() -> core[a373ad73a504971]::result::Result<(), alloc[2e1b2a31b91974c5]::string::String> as core[a373ad73a504971]::ops::function::FnOnce<()>>::call_once
[INFO] [stdout]                                at /rustc/e3feeb59cd1bdd011a2bfcc0747b55125d9b8527/library/core/src/ops/function.rs:250:5
[INFO] [stdout]   49:     0x5dd7ace6065b - test[aada8e7e76ba119b]::__rust_begin_short_backtrace::<core[a373ad73a504971]::result::Result<(), alloc[2e1b2a31b91974c5]::string::String>, fn() -> core[a373ad73a504971]::result::Result<(), alloc[2e1b2a31b91974c5]::string::String>>
[INFO] [stdout]                                at /rustc/e3feeb59cd1bdd011a2bfcc0747b55125d9b8527/library/test/src/lib.rs:701:18
[INFO] [stdout]   50:     0x5dd7ace6d835 - test[aada8e7e76ba119b]::run_test_in_process::{closure#0}
[INFO] [stdout]                                at /rustc/e3feeb59cd1bdd011a2bfcc0747b55125d9b8527/library/test/src/lib.rs:724:74
[INFO] [stdout]   51:     0x5dd7ace6d835 - <core[a373ad73a504971]::panic::unwind_safe::AssertUnwindSafe<test[aada8e7e76ba119b]::run_test_in_process::{closure#0}> as core[a373ad73a504971]::ops::function::FnOnce<()>>::call_once
[INFO] [stdout]                                at /rustc/e3feeb59cd1bdd011a2bfcc0747b55125d9b8527/library/core/src/panic/unwind_safe.rs:275:9
[INFO] [stdout]   52:     0x5dd7ace6d835 - std[617be2ca0a6fd877]::panicking::catch_unwind::do_call::<core[a373ad73a504971]::panic::unwind_safe::AssertUnwindSafe<test[aada8e7e76ba119b]::run_test_in_process::{closure#0}>, core[a373ad73a504971]::result::Result<(), alloc[2e1b2a31b91974c5]::string::String>>
[INFO] [stdout]                                at /rustc/e3feeb59cd1bdd011a2bfcc0747b55125d9b8527/library/std/src/panicking.rs:573:43
[INFO] [stdout]   53:     0x5dd7ace6d835 - std[617be2ca0a6fd877]::panicking::catch_unwind::<core[a373ad73a504971]::result::Result<(), alloc[2e1b2a31b91974c5]::string::String>, core[a373ad73a504971]::panic::unwind_safe::AssertUnwindSafe<test[aada8e7e76ba119b]::run_test_in_process::{closure#0}>>
[INFO] [stdout]                                at /rustc/e3feeb59cd1bdd011a2bfcc0747b55125d9b8527/library/std/src/panicking.rs:541:19
[INFO] [stdout]   54:     0x5dd7ace6d835 - std[617be2ca0a6fd877]::panic::catch_unwind::<core[a373ad73a504971]::panic::unwind_safe::AssertUnwindSafe<test[aada8e7e76ba119b]::run_test_in_process::{closure#0}>, core[a373ad73a504971]::result::Result<(), alloc[2e1b2a31b91974c5]::string::String>>
[INFO] [stdout]                                at /rustc/e3feeb59cd1bdd011a2bfcc0747b55125d9b8527/library/std/src/panic.rs:359:14
[INFO] [stdout]   55:     0x5dd7ace6d835 - test[aada8e7e76ba119b]::run_test_in_process
[INFO] [stdout]                                at /rustc/e3feeb59cd1bdd011a2bfcc0747b55125d9b8527/library/test/src/lib.rs:724:27
[INFO] [stdout]   56:     0x5dd7ace6d835 - test[aada8e7e76ba119b]::run_test::{closure#0}
[INFO] [stdout]                                at /rustc/e3feeb59cd1bdd011a2bfcc0747b55125d9b8527/library/test/src/lib.rs:645:43
[INFO] [stdout]   57:     0x5dd7ace67124 - test[aada8e7e76ba119b]::run_test::{closure#1}
[INFO] [stdout]                                at /rustc/e3feeb59cd1bdd011a2bfcc0747b55125d9b8527/library/test/src/lib.rs:675:41
[INFO] [stdout]   58:     0x5dd7ace67124 - std[617be2ca0a6fd877]::sys::backtrace::__rust_begin_short_backtrace::<test[aada8e7e76ba119b]::run_test::{closure#1}, ()>
[INFO] [stdout]                                at /rustc/e3feeb59cd1bdd011a2bfcc0747b55125d9b8527/library/std/src/sys/backtrace.rs:166:18
[INFO] [stdout]   59:     0x5dd7ace708c2 - std[617be2ca0a6fd877]::thread::lifecycle::spawn_unchecked::<test[aada8e7e76ba119b]::run_test::{closure#1}, ()>::{closure#1}::{closure#0}
[INFO] [stdout]                                at /rustc/e3feeb59cd1bdd011a2bfcc0747b55125d9b8527/library/std/src/thread/lifecycle.rs:70:13
[INFO] [stdout]   60:     0x5dd7ace708c2 - <core[a373ad73a504971]::panic::unwind_safe::AssertUnwindSafe<std[617be2ca0a6fd877]::thread::lifecycle::spawn_unchecked<test[aada8e7e76ba119b]::run_test::{closure#1}, ()>::{closure#1}::{closure#0}> as core[a373ad73a504971]::ops::function::FnOnce<()>>::call_once
[INFO] [stdout]                                at /rustc/e3feeb59cd1bdd011a2bfcc0747b55125d9b8527/library/core/src/panic/unwind_safe.rs:275:9
[INFO] [stdout]   61:     0x5dd7ace708c2 - std[617be2ca0a6fd877]::panicking::catch_unwind::do_call::<core[a373ad73a504971]::panic::unwind_safe::AssertUnwindSafe<std[617be2ca0a6fd877]::thread::lifecycle::spawn_unchecked<test[aada8e7e76ba119b]::run_test::{closure#1}, ()>::{closure#1}::{closure#0}>, ()>
[INFO] [stdout]                                at /rustc/e3feeb59cd1bdd011a2bfcc0747b55125d9b8527/library/std/src/panicking.rs:573:43
[INFO] [stdout]   62:     0x5dd7ace708c2 - std[617be2ca0a6fd877]::panicking::catch_unwind::<(), core[a373ad73a504971]::panic::unwind_safe::AssertUnwindSafe<std[617be2ca0a6fd877]::thread::lifecycle::spawn_unchecked<test[aada8e7e76ba119b]::run_test::{closure#1}, ()>::{closure#1}::{closure#0}>>
[INFO] [stdout]                                at /rustc/e3feeb59cd1bdd011a2bfcc0747b55125d9b8527/library/std/src/panicking.rs:541:19
[INFO] [stdout]   63:     0x5dd7ace708c2 - std[617be2ca0a6fd877]::panic::catch_unwind::<core[a373ad73a504971]::panic::unwind_safe::AssertUnwindSafe<std[617be2ca0a6fd877]::thread::lifecycle::spawn_unchecked<test[aada8e7e76ba119b]::run_test::{closure#1}, ()>::{closure#1}::{closure#0}>, ()>
[INFO] [stdout]                                at /rustc/e3feeb59cd1bdd011a2bfcc0747b55125d9b8527/library/std/src/panic.rs:359:14
[INFO] [stdout]   64:     0x5dd7ace708c2 - std[617be2ca0a6fd877]::thread::lifecycle::spawn_unchecked::<test[aada8e7e76ba119b]::run_test::{closure#1}, ()>::{closure#1}
[INFO] [stdout]                                at /rustc/e3feeb59cd1bdd011a2bfcc0747b55125d9b8527/library/std/src/thread/lifecycle.rs:68:26
[INFO] [stdout]   65:     0x5dd7ace708c2 - <std[617be2ca0a6fd877]::thread::lifecycle::spawn_unchecked<test[aada8e7e76ba119b]::run_test::{closure#1}, ()>::{closure#1} as core[a373ad73a504971]::ops::function::FnOnce<()>>::call_once::{shim:vtable#0}
[INFO] [stdout]                                at /rustc/e3feeb59cd1bdd011a2bfcc0747b55125d9b8527/library/core/src/ops/function.rs:250:5
[INFO] [stdout]   66:     0x5dd7acf8c06f - <alloc[2e1b2a31b91974c5]::boxed::Box<dyn core[a373ad73a504971]::ops::function::FnOnce<(), Output = ()> + core[a373ad73a504971]::marker::Send> as core[a373ad73a504971]::ops::function::FnOnce<()>>::call_once
[INFO] [stdout]                                at /rustc/e3feeb59cd1bdd011a2bfcc0747b55125d9b8527/library/alloc/src/boxed.rs:2314:9
[INFO] [stdout]   67:     0x5dd7acf8c06f - <std[617be2ca0a6fd877]::sys::thread::unix::Thread>::new::thread_start
[INFO] [stdout]                                at /rustc/e3feeb59cd1bdd011a2bfcc0747b55125d9b8527/library/std/src/sys/thread/unix.rs:127:17
[INFO] [stdout]   68:     0x77f2813eedfa - <unknown>
[INFO] [stdout]   69:     0x77f2814823d4 - clone
[INFO] [stdout]   70:                0x0 - <unknown>
[INFO] [stdout] 
[INFO] [stdout] ---- enrichment::service::tests::test_enrich_addresses stdout ----
[INFO] [stdout] 
[INFO] [stdout] thread 'enrichment::service::tests::test_enrich_addresses' (13012) panicked at src/enrichment/service.rs:127:9:
[INFO] [stdout] assertion failed: google_dns.asn_info.is_some()
[INFO] [stdout] stack backtrace:
[INFO] [stdout]    0:     0x5dd7acf8d571 - std[617be2ca0a6fd877]::backtrace_rs::backtrace::libunwind::trace
[INFO] [stdout]                                at /rustc/e3feeb59cd1bdd011a2bfcc0747b55125d9b8527/library/std/src/../../backtrace/src/backtrace/libunwind.rs:117:9
[INFO] [stdout]    1:     0x5dd7acf8d571 - std[617be2ca0a6fd877]::backtrace_rs::backtrace::trace_unsynchronized::<std[617be2ca0a6fd877]::sys::backtrace::_print_fmt::{closure#1}>
[INFO] [stdout]                                at /rustc/e3feeb59cd1bdd011a2bfcc0747b55125d9b8527/library/std/src/../../backtrace/src/backtrace/mod.rs:66:14
[INFO] [stdout]    2:     0x5dd7acf8d571 - std[617be2ca0a6fd877]::sys::backtrace::_print_fmt
[INFO] [stdout]                                at /rustc/e3feeb59cd1bdd011a2bfcc0747b55125d9b8527/library/std/src/sys/backtrace.rs:74:9
[INFO] [stdout]    3:     0x5dd7acf8d571 - <<std[617be2ca0a6fd877]::sys::backtrace::BacktraceLock>::print::DisplayBacktrace as core[a373ad73a504971]::fmt::Display>::fmt
[INFO] [stdout]                                at /rustc/e3feeb59cd1bdd011a2bfcc0747b55125d9b8527/library/std/src/sys/backtrace.rs:44:26
[INFO] [stdout]    4:     0x5dd7acfa462a - <core[a373ad73a504971]::fmt::rt::Argument>::fmt
[INFO] [stdout]                                at /rustc/e3feeb59cd1bdd011a2bfcc0747b55125d9b8527/library/core/src/fmt/rt.rs:152:76
[INFO] [stdout]    5:     0x5dd7acfa462a - core[a373ad73a504971]::fmt::write
[INFO] [stdout]    6:     0x5dd7acf91ffc - core[a373ad73a504971]::io::write::default_write_fmt::<alloc[2e1b2a31b91974c5]::vec::Vec<u8>>
[INFO] [stdout]                                at /rustc/e3feeb59cd1bdd011a2bfcc0747b55125d9b8527/library/core/src/io/write.rs:402:11
[INFO] [stdout]    7:     0x5dd7acf91ffc - <alloc[2e1b2a31b91974c5]::vec::Vec<u8> as core[a373ad73a504971]::io::write::Write>::write_fmt
[INFO] [stdout]                                at /rustc/e3feeb59cd1bdd011a2bfcc0747b55125d9b8527/library/core/src/io/write.rs:335:13
[INFO] [stdout]    8:     0x5dd7acf674f6 - <std[617be2ca0a6fd877]::sys::backtrace::BacktraceLock>::print
[INFO] [stdout]                                at /rustc/e3feeb59cd1bdd011a2bfcc0747b55125d9b8527/library/std/src/sys/backtrace.rs:47:9
[INFO] [stdout]    9:     0x5dd7acf674f6 - std[617be2ca0a6fd877]::panicking::default_hook::{closure#0}
[INFO] [stdout]                                at /rustc/e3feeb59cd1bdd011a2bfcc0747b55125d9b8527/library/std/src/panicking.rs:289:27
[INFO] [stdout]   10:     0x5dd7acf84c19 - std[617be2ca0a6fd877]::panicking::default_hook
[INFO] [stdout]                                at /rustc/e3feeb59cd1bdd011a2bfcc0747b55125d9b8527/library/std/src/panicking.rs:313:9
[INFO] [stdout]   11:     0x5dd7ace6d210 - <alloc[2e1b2a31b91974c5]::boxed::Box<dyn for<'a, 'b> core[a373ad73a504971]::ops::function::Fn<(&'a std[617be2ca0a6fd877]::panic::PanicHookInfo<'b>,), Output = ()> + core[a373ad73a504971]::marker::Sync + core[a373ad73a504971]::marker::Send> as core[a373ad73a504971]::ops::function::Fn<(&std[617be2ca0a6fd877]::panic::PanicHookInfo,)>>::call
[INFO] [stdout]                                at /rustc/e3feeb59cd1bdd011a2bfcc0747b55125d9b8527/library/alloc/src/boxed.rs:2328:9
[INFO] [stdout]   12:     0x5dd7ace6d210 - test[aada8e7e76ba119b]::test_main_inner::{closure#0}
[INFO] [stdout]                                at /rustc/e3feeb59cd1bdd011a2bfcc0747b55125d9b8527/library/test/src/lib.rs:137:21
[INFO] [stdout]   13:     0x5dd7acf84f42 - <alloc[2e1b2a31b91974c5]::boxed::Box<dyn for<'a, 'b> core[a373ad73a504971]::ops::function::Fn<(&'a std[617be2ca0a6fd877]::panic::PanicHookInfo<'b>,), Output = ()> + core[a373ad73a504971]::marker::Sync + core[a373ad73a504971]::marker::Send> as core[a373ad73a504971]::ops::function::Fn<(&std[617be2ca0a6fd877]::panic::PanicHookInfo,)>>::call
[INFO] [stdout]                                at /rustc/e3feeb59cd1bdd011a2bfcc0747b55125d9b8527/library/alloc/src/boxed.rs:2328:9
[INFO] [stdout]   14:     0x5dd7acf84f42 - std[617be2ca0a6fd877]::panicking::panic_with_hook
[INFO] [stdout]                                at /rustc/e3feeb59cd1bdd011a2bfcc0747b55125d9b8527/library/std/src/panicking.rs:819:13
[INFO] [stdout]   15:     0x5dd7acf675d4 - std[617be2ca0a6fd877]::panicking::panic_handler::{closure#0}
[INFO] [stdout]                                at /rustc/e3feeb59cd1bdd011a2bfcc0747b55125d9b8527/library/std/src/panicking.rs:678:13
[INFO] [stdout]   16:     0x5dd7acf60049 - std[617be2ca0a6fd877]::sys::backtrace::__rust_end_short_backtrace::<std[617be2ca0a6fd877]::panicking::panic_handler::{closure#0}, !>
[INFO] [stdout]                                at /rustc/e3feeb59cd1bdd011a2bfcc0747b55125d9b8527/library/std/src/sys/backtrace.rs:182:18
[INFO] [stdout]   17:     0x5dd7acf6839d - __rustc[ea4f61d10b84890b]::rust_begin_unwind
[INFO] [stdout]                                at /rustc/e3feeb59cd1bdd011a2bfcc0747b55125d9b8527/library/std/src/panicking.rs:676:5
[INFO] [stdout]   18:     0x5dd7acfa4e4c - core[a373ad73a504971]::panicking::panic_fmt
[INFO] [stdout]                                at /rustc/e3feeb59cd1bdd011a2bfcc0747b55125d9b8527/library/core/src/panicking.rs:80:14
[INFO] [stdout]   19:     0x5dd7acfa4e12 - core[a373ad73a504971]::panicking::panic
[INFO] [stdout]                                at /rustc/e3feeb59cd1bdd011a2bfcc0747b55125d9b8527/library/core/src/panicking.rs:150:5
[INFO] [stdout]   20:     0x5dd7ac8db206 - ftr[2b781d3eba5aaa6b]::enrichment::service::tests::test_enrich_addresses::{closure#0}
[INFO] [stdout]                                at /opt/rustwide/workdir/src/enrichment/service.rs:127:9
[INFO] [stdout]   21:     0x5dd7aca163e2 - <core[a373ad73a504971]::pin::Pin<&mut dyn core[a373ad73a504971]::future::future::Future<Output = ()>> as core[a373ad73a504971]::future::future::Future>::poll
[INFO] [stdout]                                at /rustc/e3feeb59cd1bdd011a2bfcc0747b55125d9b8527/library/core/src/future/future.rs:133:9
[INFO] [stdout]   22:     0x5dd7aca1645d - <core[a373ad73a504971]::pin::Pin<&mut core[a373ad73a504971]::pin::Pin<&mut dyn core[a373ad73a504971]::future::future::Future<Output = ()>>> as core[a373ad73a504971]::future::future::Future>::poll
[INFO] [stdout]                                at /rustc/e3feeb59cd1bdd011a2bfcc0747b55125d9b8527/library/core/src/future/future.rs:133:9
[INFO] [stdout]   23:     0x5dd7ac991aad - <tokio[5d3050f64468d11f]::runtime::scheduler::current_thread::CoreGuard>::block_on::<core[a373ad73a504971]::pin::Pin<&mut core[a373ad73a504971]::pin::Pin<&mut dyn core[a373ad73a504971]::future::future::Future<Output = ()>>>>::{closure#0}::{closure#0}::{closure#0}
[INFO] [stdout]                                at /opt/rustwide/cargo-home/registry/src/index.crates.io-1949cf8c6b5b557f/tokio-1.53.0/src/runtime/scheduler/current_thread/mod.rs:830:70
[INFO] [stdout]   24:     0x5dd7ac9919e5 - tokio[5d3050f64468d11f]::task::coop::with_budget::<core[a373ad73a504971]::task::poll::Poll<()>, <tokio[5d3050f64468d11f]::runtime::scheduler::current_thread::CoreGuard>::block_on<core[a373ad73a504971]::pin::Pin<&mut core[a373ad73a504971]::pin::Pin<&mut dyn core[a373ad73a504971]::future::future::Future<Output = ()>>>>::{closure#0}::{closure#0}::{closure#0}>
[INFO] [stdout]                                at /opt/rustwide/cargo-home/registry/src/index.crates.io-1949cf8c6b5b557f/tokio-1.53.0/src/task/coop/mod.rs:167:5
[INFO] [stdout]   25:     0x5dd7ac9919e5 - tokio[5d3050f64468d11f]::task::coop::budget::<core[a373ad73a504971]::task::poll::Poll<()>, <tokio[5d3050f64468d11f]::runtime::scheduler::current_thread::CoreGuard>::block_on<core[a373ad73a504971]::pin::Pin<&mut core[a373ad73a504971]::pin::Pin<&mut dyn core[a373ad73a504971]::future::future::Future<Output = ()>>>>::{closure#0}::{closure#0}::{closure#0}>
[INFO] [stdout]                                at /opt/rustwide/cargo-home/registry/src/index.crates.io-1949cf8c6b5b557f/tokio-1.53.0/src/task/coop/mod.rs:133:5
[INFO] [stdout]   26:     0x5dd7ac9919e5 - <tokio[5d3050f64468d11f]::runtime::scheduler::current_thread::CoreGuard>::block_on::<core[a373ad73a504971]::pin::Pin<&mut core[a373ad73a504971]::pin::Pin<&mut dyn core[a373ad73a504971]::future::future::Future<Output = ()>>>>::{closure#0}::{closure#0}
[INFO] [stdout]                                at /opt/rustwide/cargo-home/registry/src/index.crates.io-1949cf8c6b5b557f/tokio-1.53.0/src/runtime/scheduler/current_thread/mod.rs:830:25
[INFO] [stdout]   27:     0x5dd7ac985912 - <tokio[5d3050f64468d11f]::runtime::scheduler::current_thread::Context>::enter::<core[a373ad73a504971]::task::poll::Poll<()>, <tokio[5d3050f64468d11f]::runtime::scheduler::current_thread::CoreGuard>::block_on<core[a373ad73a504971]::pin::Pin<&mut core[a373ad73a504971]::pin::Pin<&mut dyn core[a373ad73a504971]::future::future::Future<Output = ()>>>>::{closure#0}::{closure#0}>
[INFO] [stdout]                                at /opt/rustwide/cargo-home/registry/src/index.crates.io-1949cf8c6b5b557f/tokio-1.53.0/src/runtime/scheduler/current_thread/mod.rs:488:19
[INFO] [stdout]   28:     0x5dd7ac99080d - <tokio[5d3050f64468d11f]::runtime::scheduler::current_thread::CoreGuard>::block_on::<core[a373ad73a504971]::pin::Pin<&mut core[a373ad73a504971]::pin::Pin<&mut dyn core[a373ad73a504971]::future::future::Future<Output = ()>>>>::{closure#0}
[INFO] [stdout]                                at /opt/rustwide/cargo-home/registry/src/index.crates.io-1949cf8c6b5b557f/tokio-1.53.0/src/runtime/scheduler/current_thread/mod.rs:829:44
[INFO] [stdout]   29:     0x5dd7ac98faa4 - <tokio[5d3050f64468d11f]::runtime::scheduler::current_thread::CoreGuard>::enter::<<tokio[5d3050f64468d11f]::runtime::scheduler::current_thread::CoreGuard>::block_on<core[a373ad73a504971]::pin::Pin<&mut core[a373ad73a504971]::pin::Pin<&mut dyn core[a373ad73a504971]::future::future::Future<Output = ()>>>>::{closure#0}, core[a373ad73a504971]::option::Option<()>>::{closure#0}
[INFO] [stdout]                                at /opt/rustwide/cargo-home/registry/src/index.crates.io-1949cf8c6b5b557f/tokio-1.53.0/src/runtime/scheduler/current_thread/mod.rs:906:68
[INFO] [stdout]   30:     0x5dd7ac9992ab - <tokio[5d3050f64468d11f]::runtime::context::scoped::Scoped<tokio[5d3050f64468d11f]::runtime::scheduler::Context>>::set::<<tokio[5d3050f64468d11f]::runtime::scheduler::current_thread::CoreGuard>::enter<<tokio[5d3050f64468d11f]::runtime::scheduler::current_thread::CoreGuard>::block_on<core[a373ad73a504971]::pin::Pin<&mut core[a373ad73a504971]::pin::Pin<&mut dyn core[a373ad73a504971]::future::future::Future<Output = ()>>>>::{closure#0}, core[a373ad73a504971]::option::Option<()>>::{closure#0}, (alloc[2e1b2a31b91974c5]::boxed::Box<tokio[5d3050f64468d11f]::runtime::scheduler::current_thread::Core>, core[a373ad73a504971]::option::Option<()>)>
[INFO] [stdout]                                at /opt/rustwide/cargo-home/registry/src/index.crates.io-1949cf8c6b5b557f/tokio-1.53.0/src/runtime/context/scoped.rs:40:9
[INFO] [stdout]   31:     0x5dd7ac901399 - tokio[5d3050f64468d11f]::runtime::context::set_scheduler::<(alloc[2e1b2a31b91974c5]::boxed::Box<tokio[5d3050f64468d11f]::runtime::scheduler::current_thread::Core>, core[a373ad73a504971]::option::Option<()>), <tokio[5d3050f64468d11f]::runtime::scheduler::current_thread::CoreGuard>::enter<<tokio[5d3050f64468d11f]::runtime::scheduler::current_thread::CoreGuard>::block_on<core[a373ad73a504971]::pin::Pin<&mut core[a373ad73a504971]::pin::Pin<&mut dyn core[a373ad73a504971]::future::future::Future<Output = ()>>>>::{closure#0}, core[a373ad73a504971]::option::Option<()>>::{closure#0}>::{closure#0}
[INFO] [stdout]                                at /opt/rustwide/cargo-home/registry/src/index.crates.io-1949cf8c6b5b557f/tokio-1.53.0/src/runtime/context.rs:187:38
[INFO] [stdout]   32:     0x5dd7ac986c8f - <std[617be2ca0a6fd877]::thread::local::LocalKey<tokio[5d3050f64468d11f]::runtime::context::Context>>::try_with::<tokio[5d3050f64468d11f]::runtime::context::set_scheduler<(alloc[2e1b2a31b91974c5]::boxed::Box<tokio[5d3050f64468d11f]::runtime::scheduler::current_thread::Core>, core[a373ad73a504971]::option::Option<()>), <tokio[5d3050f64468d11f]::runtime::scheduler::current_thread::CoreGuard>::enter<<tokio[5d3050f64468d11f]::runtime::scheduler::current_thread::CoreGuard>::block_on<core[a373ad73a504971]::pin::Pin<&mut core[a373ad73a504971]::pin::Pin<&mut dyn core[a373ad73a504971]::future::future::Future<Output = ()>>>>::{closure#0}, core[a373ad73a504971]::option::Option<()>>::{closure#0}>::{closure#0}, (alloc[2e1b2a31b91974c5]::boxed::Box<tokio[5d3050f64468d11f]::runtime::scheduler::current_thread::Core>, core[a373ad73a504971]::option::Option<()>)>
[INFO] [stdout]                                at /rustc/e3feeb59cd1bdd011a2bfcc0747b55125d9b8527/library/std/src/thread/local.rs:463:12
[INFO] [stdout]   33:     0x5dd7ac98683e - <std[617be2ca0a6fd877]::thread::local::LocalKey<tokio[5d3050f64468d11f]::runtime::context::Context>>::with::<tokio[5d3050f64468d11f]::runtime::context::set_scheduler<(alloc[2e1b2a31b91974c5]::boxed::Box<tokio[5d3050f64468d11f]::runtime::scheduler::current_thread::Core>, core[a373ad73a504971]::option::Option<()>), <tokio[5d3050f64468d11f]::runtime::scheduler::current_thread::CoreGuard>::enter<<tokio[5d3050f64468d11f]::runtime::scheduler::current_thread::CoreGuard>::block_on<core[a373ad73a504971]::pin::Pin<&mut core[a373ad73a504971]::pin::Pin<&mut dyn core[a373ad73a504971]::future::future::Future<Output = ()>>>>::{closure#0}, core[a373ad73a504971]::option::Option<()>>::{closure#0}>::{closure#0}, (alloc[2e1b2a31b91974c5]::boxed::Box<tokio[5d3050f64468d11f]::runtime::scheduler::current_thread::Core>, core[a373ad73a504971]::option::Option<()>)>
[INFO] [stdout]                                at /rustc/e3feeb59cd1bdd011a2bfcc0747b55125d9b8527/library/std/src/thread/local.rs:427:20
[INFO] [stdout]   34:     0x5dd7ac90080d - tokio[5d3050f64468d11f]::runtime::context::set_scheduler::<(alloc[2e1b2a31b91974c5]::boxed::Box<tokio[5d3050f64468d11f]::runtime::scheduler::current_thread::Core>, core[a373ad73a504971]::option::Option<()>), <tokio[5d3050f64468d11f]::runtime::scheduler::current_thread::CoreGuard>::enter<<tokio[5d3050f64468d11f]::runtime::scheduler::current_thread::CoreGuard>::block_on<core[a373ad73a504971]::pin::Pin<&mut core[a373ad73a504971]::pin::Pin<&mut dyn core[a373ad73a504971]::future::future::Future<Output = ()>>>>::{closure#0}, core[a373ad73a504971]::option::Option<()>>::{closure#0}>
[INFO] [stdout]                                at /opt/rustwide/cargo-home/registry/src/index.crates.io-1949cf8c6b5b557f/tokio-1.53.0/src/runtime/context.rs:187:17
[INFO] [stdout]   35:     0x5dd7ac98d650 - <tokio[5d3050f64468d11f]::runtime::scheduler::current_thread::CoreGuard>::enter::<<tokio[5d3050f64468d11f]::runtime::scheduler::current_thread::CoreGuard>::block_on<core[a373ad73a504971]::pin::Pin<&mut core[a373ad73a504971]::pin::Pin<&mut dyn core[a373ad73a504971]::future::future::Future<Output = ()>>>>::{closure#0}, core[a373ad73a504971]::option::Option<()>>
[INFO] [stdout]                                at /opt/rustwide/cargo-home/registry/src/index.crates.io-1949cf8c6b5b557f/tokio-1.53.0/src/runtime/scheduler/current_thread/mod.rs:906:27
[INFO] [stdout]   36:     0x5dd7ac98d946 - <tokio[5d3050f64468d11f]::runtime::scheduler::current_thread::CoreGuard>::block_on::<core[a373ad73a504971]::pin::Pin<&mut core[a373ad73a504971]::pin::Pin<&mut dyn core[a373ad73a504971]::future::future::Future<Output = ()>>>>
[INFO] [stdout]                                at /opt/rustwide/cargo-home/registry/src/index.crates.io-1949cf8c6b5b557f/tokio-1.53.0/src/runtime/scheduler/current_thread/mod.rs:817:24
[INFO] [stdout]   37:     0x5dd7ac98f850 - <tokio[5d3050f64468d11f]::runtime::scheduler::current_thread::CurrentThread>::block_on::<core[a373ad73a504971]::pin::Pin<&mut dyn core[a373ad73a504971]::future::future::Future<Output = ()>>>::{closure#0}
[INFO] [stdout]                                at /opt/rustwide/cargo-home/registry/src/index.crates.io-1949cf8c6b5b557f/tokio-1.53.0/src/runtime/scheduler/current_thread/mod.rs:218:33
[INFO] [stdout]   38:     0x5dd7ac9e2238 - tokio[5d3050f64468d11f]::runtime::context::runtime::enter_runtime::<<tokio[5d3050f64468d11f]::runtime::scheduler::current_thread::CurrentThread>::block_on<core[a373ad73a504971]::pin::Pin<&mut dyn core[a373ad73a504971]::future::future::Future<Output = ()>>>::{closure#0}, ()>
[INFO] [stdout]                                at /opt/rustwide/cargo-home/registry/src/index.crates.io-1949cf8c6b5b557f/tokio-1.53.0/src/runtime/context/runtime.rs:65:16
[INFO] [stdout]   39:     0x5dd7ac9818d4 - <tokio[5d3050f64468d11f]::runtime::scheduler::current_thread::CurrentThread>::block_on::<core[a373ad73a504971]::pin::Pin<&mut dyn core[a373ad73a504971]::future::future::Future<Output = ()>>>
[INFO] [stdout]                                at /opt/rustwide/cargo-home/registry/src/index.crates.io-1949cf8c6b5b557f/tokio-1.53.0/src/runtime/scheduler/current_thread/mod.rs:206:9
[INFO] [stdout]   40:     0x5dd7ac998ebf - <tokio[5d3050f64468d11f]::runtime::runtime::Runtime>::block_on_inner::<core[a373ad73a504971]::pin::Pin<&mut dyn core[a373ad73a504971]::future::future::Future<Output = ()>>>
[INFO] [stdout]                                at /opt/rustwide/cargo-home/registry/src/index.crates.io-1949cf8c6b5b557f/tokio-1.53.0/src/runtime/runtime.rs:376:52
[INFO] [stdout]   41:     0x5dd7ac99900b - <tokio[5d3050f64468d11f]::runtime::runtime::Runtime>::block_on::<core[a373ad73a504971]::pin::Pin<&mut dyn core[a373ad73a504971]::future::future::Future<Output = ()>>>
[INFO] [stdout]                                at /opt/rustwide/cargo-home/registry/src/index.crates.io-1949cf8c6b5b557f/tokio-1.53.0/src/runtime/runtime.rs:345:18
[INFO] [stdout]   42:     0x5dd7ac8e0aae - ftr[2b781d3eba5aaa6b]::enrichment::service::tests::test_enrich_addresses
[INFO] [stdout]                                at /opt/rustwide/workdir/src/enrichment/service.rs:127:47
[INFO] [stdout]   43:     0x5dd7ac8d9e77 - ftr[2b781d3eba5aaa6b]::enrichment::service::tests::test_enrich_addresses::{closure#0}
[INFO] [stdout]                                at /opt/rustwide/workdir/src/enrichment/service.rs:92:37
[INFO] [stdout]   44:     0x5dd7ac8c7326 - <ftr[2b781d3eba5aaa6b]::enrichment::service::tests::test_enrich_addresses::{closure#0} as core[a373ad73a504971]::ops::function::FnOnce<()>>::call_once
[INFO] [stdout]                                at /rustc/e3feeb59cd1bdd011a2bfcc0747b55125d9b8527/library/core/src/ops/function.rs:250:5
[INFO] [stdout]   45:     0x5dd7ace6065b - <fn() -> core[a373ad73a504971]::result::Result<(), alloc[2e1b2a31b91974c5]::string::String> as core[a373ad73a504971]::ops::function::FnOnce<()>>::call_once
[INFO] [stdout]                                at /rustc/e3feeb59cd1bdd011a2bfcc0747b55125d9b8527/library/core/src/ops/function.rs:250:5
[INFO] [stdout]   46:     0x5dd7ace6065b - test[aada8e7e76ba119b]::__rust_begin_short_backtrace::<core[a373ad73a504971]::result::Result<(), alloc[2e1b2a31b91974c5]::string::String>, fn() -> core[a373ad73a504971]::result::Result<(), alloc[2e1b2a31b91974c5]::string::String>>
[INFO] [stdout]                                at /rustc/e3feeb59cd1bdd011a2bfcc0747b55125d9b8527/library/test/src/lib.rs:701:18
[INFO] [stdout]   47:     0x5dd7ace6d835 - test[aada8e7e76ba119b]::run_test_in_process::{closure#0}
[INFO] [stdout]                                at /rustc/e3feeb59cd1bdd011a2bfcc0747b55125d9b8527/library/test/src/lib.rs:724:74
[INFO] [stdout]   48:     0x5dd7ace6d835 - <core[a373ad73a504971]::panic::unwind_safe::AssertUnwindSafe<test[aada8e7e76ba119b]::run_test_in_process::{closure#0}> as core[a373ad73a504971]::ops::function::FnOnce<()>>::call_once
[INFO] [stdout]                                at /rustc/e3feeb59cd1bdd011a2bfcc0747b55125d9b8527/library/core/src/panic/unwind_safe.rs:275:9
[INFO] [stdout]   49:     0x5dd7ace6d835 - std[617be2ca0a6fd877]::panicking::catch_unwind::do_call::<core[a373ad73a504971]::panic::unwind_safe::AssertUnwindSafe<test[aada8e7e76ba119b]::run_test_in_process::{closure#0}>, core[a373ad73a504971]::result::Result<(), alloc[2e1b2a31b91974c5]::string::String>>
[INFO] [stdout]                                at /rustc/e3feeb59cd1bdd011a2bfcc0747b55125d9b8527/library/std/src/panicking.rs:573:43
[INFO] [stdout]   50:     0x5dd7ace6d835 - std[617be2ca0a6fd877]::panicking::catch_unwind::<core[a373ad73a504971]::result::Result<(), alloc[2e1b2a31b91974c5]::string::String>, core[a373ad73a504971]::panic::unwind_safe::AssertUnwindSafe<test[aada8e7e76ba119b]::run_test_in_process::{closure#0}>>
[INFO] [stdout]                                at /rustc/e3feeb59cd1bdd011a2bfcc0747b55125d9b8527/library/std/src/panicking.rs:541:19
[INFO] [stdout]   51:     0x5dd7ace6d835 - std[617be2ca0a6fd877]::panic::catch_unwind::<core[a373ad73a504971]::panic::unwind_safe::AssertUnwindSafe<test[aada8e7e76ba119b]::run_test_in_process::{closure#0}>, core[a373ad73a504971]::result::Result<(), alloc[2e1b2a31b91974c5]::string::String>>
[INFO] [stdout]                                at /rustc/e3feeb59cd1bdd011a2bfcc0747b55125d9b8527/library/std/src/panic.rs:359:14
[INFO] [stdout]   52:     0x5dd7ace6d835 - test[aada8e7e76ba119b]::run_test_in_process
[INFO] [stdout]                                at /rustc/e3feeb59cd1bdd011a2bfcc0747b55125d9b8527/library/test/src/lib.rs:724:27
[INFO] [stdout]   53:     0x5dd7ace6d835 - test[aada8e7e76ba119b]::run_test::{closure#0}
[INFO] [stdout]                                at /rustc/e3feeb59cd1bdd011a2bfcc0747b55125d9b8527/library/test/src/lib.rs:645:43
[INFO] [stdout]   54:     0x5dd7ace67124 - test[aada8e7e76ba119b]::run_test::{closure#1}
[INFO] [stdout]                                at /rustc/e3feeb59cd1bdd011a2bfcc0747b55125d9b8527/library/test/src/lib.rs:675:41
[INFO] [stdout]   55:     0x5dd7ace67124 - std[617be2ca0a6fd877]::sys::backtrace::__rust_begin_short_backtrace::<test[aada8e7e76ba119b]::run_test::{closure#1}, ()>
[INFO] [stdout]                                at /rustc/e3feeb59cd1bdd011a2bfcc0747b55125d9b8527/library/std/src/sys/backtrace.rs:166:18
[INFO] [stdout]   56:     0x5dd7ace708c2 - std[617be2ca0a6fd877]::thread::lifecycle::spawn_unchecked::<test[aada8e7e76ba119b]::run_test::{closure#1}, ()>::{closure#1}::{closure#0}
[INFO] [stdout]                                at /rustc/e3feeb59cd1bdd011a2bfcc0747b55125d9b8527/library/std/src/thread/lifecycle.rs:70:13
[INFO] [stdout]   57:     0x5dd7ace708c2 - <core[a373ad73a504971]::panic::unwind_safe::AssertUnwindSafe<std[617be2ca0a6fd877]::thread::lifecycle::spawn_unchecked<test[aada8e7e76ba119b]::run_test::{closure#1}, ()>::{closure#1}::{closure#0}> as core[a373ad73a504971]::ops::function::FnOnce<()>>::call_once
[INFO] [stdout]                                at /rustc/e3feeb59cd1bdd011a2bfcc0747b55125d9b8527/library/core/src/panic/unwind_safe.rs:275:9
[INFO] [stdout]   58:     0x5dd7ace708c2 - std[617be2ca0a6fd877]::panicking::catch_unwind::do_call::<core[a373ad73a504971]::panic::unwind_safe::AssertUnwindSafe<std[617be2ca0a6fd877]::thread::lifecycle::spawn_unchecked<test[aada8e7e76ba119b]::run_test::{closure#1}, ()>::{closure#1}::{closure#0}>, ()>
[INFO] [stdout]                                at /rustc/e3feeb59cd1bdd011a2bfcc0747b55125d9b8527/library/std/src/panicking.rs:573:43
[INFO] [stdout]   59:     0x5dd7ace708c2 - std[617be2ca0a6fd877]::panicking::catch_unwind::<(), core[a373ad73a504971]::panic::unwind_safe::AssertUnwindSafe<std[617be2ca0a6fd877]::thread::lifecycle::spawn_unchecked<test[aada8e7e76ba119b]::run_test::{closure#1}, ()>::{closure#1}::{closure#0}>>
[INFO] [stdout]                                at /rustc/e3feeb59cd1bdd011a2bfcc0747b55125d9b8527/library/std/src/panicking.rs:541:19
[INFO] [stdout]   60:     0x5dd7ace708c2 - std[617be2ca0a6fd877]::panic::catch_unwind::<core[a373ad73a504971]::panic::unwind_safe::AssertUnwindSafe<std[617be2ca0a6fd877]::thread::lifecycle::spawn_unchecked<test[aada8e7e76ba119b]::run_test::{closure#1}, ()>::{closure#1}::{closure#0}>, ()>
[INFO] [stdout]                                at /rustc/e3feeb59cd1bdd011a2bfcc0747b55125d9b8527/library/std/src/panic.rs:359:14
[INFO] [stdout]   61:     0x5dd7ace708c2 - std[617be2ca0a6fd877]::thread::lifecycle::spawn_unchecked::<test[aada8e7e76ba119b]::run_test::{closure#1}, ()>::{closure#1}
[INFO] [stdout]                                at /rustc/e3feeb59cd1bdd011a2bfcc0747b55125d9b8527/library/std/src/thread/lifecycle.rs:68:26
[INFO] [stdout]   62:     0x5dd7ace708c2 - <std[617be2ca0a6fd877]::thread::lifecycle::spawn_unchecked<test[aada8e7e76ba119b]::run_test::{closure#1}, ()>::{closure#1} as core[a373ad73a504971]::ops::function::FnOnce<()>>::call_once::{shim:vtable#0}
[INFO] [stdout]                                at /rustc/e3feeb59cd1bdd011a2bfcc0747b55125d9b8527/library/core/src/ops/function.rs:250:5
[INFO] [stdout]   63:     0x5dd7acf8c06f - <alloc[2e1b2a31b91974c5]::boxed::Box<dyn core[a373ad73a504971]::ops::function::FnOnce<(), Output = ()> + core[a373ad73a504971]::marker::Send> as core[a373ad73a504971]::ops::function::FnOnce<()>>::call_once
[INFO] [stdout]                                at /rustc/e3feeb59cd1bdd011a2bfcc0747b55125d9b8527/library/alloc/src/boxed.rs:2314:9
[INFO] [stdout]   64:     0x5dd7acf8c06f - <std[617be2ca0a6fd877]::sys::thread::unix::Thread>::new::thread_start
[INFO] [stdout]                                at /rustc/e3feeb59cd1bdd011a2bfcc0747b55125d9b8527/library/std/src/sys/thread/unix.rs:127:17
[INFO] [stdout]   65:     0x77f2813eedfa - <unknown>
[INFO] [stdout]   66:     0x77f2814823d4 - clone
[INFO] [stdout]   67:                0x0 - <unknown>
[INFO] [stdout] 
[INFO] [stdout] 
[INFO] [stdout] failures:
[INFO] [stdout]     asn::lookup::tests::test_lookup_public_ip
[INFO] [stdout]     dns::reverse::tests::test_reverse_dns_caching_with_known_ips
[INFO] [stdout]     enrichment::service::tests::test_enrich_addresses
[INFO] [stdout] 
[INFO] [stdout] test result: FAILED. 230 passed; 3 failed; 0 ignored; 0 measured; 0 filtered out; finished in 0.22s
[INFO] [stdout] 
[INFO] [stderr] error: test failed, to rerun pass `--lib`
[INFO] running `Command { std: "docker" "inspect" "f3e9784ad87860beb5a3ec6eca9e4c9f64970a22f6f586fe1f3372a5260b6f07", kill_on_drop: false }`
[INFO] running `Command { std: "docker" "rm" "-f" "f3e9784ad87860beb5a3ec6eca9e4c9f64970a22f6f586fe1f3372a5260b6f07", kill_on_drop: false }`
[INFO] [stdout] f3e9784ad87860beb5a3ec6eca9e4c9f64970a22f6f586fe1f3372a5260b6f07
