[INFO] fetching crate frf-fuzz 0.8.3...
[INFO] testing frf-fuzz-0.8.3 against 1.100.0-beta.1 for beta-1.100-2
[INFO] extracting crate frf-fuzz 0.8.3 into /workspace/builds/worker-4-tc2/source
[INFO] started tweaking crates.io crate frf-fuzz 0.8.3
[INFO] removed 0 missing examples
[INFO] removed 0 missing tests
[INFO] finished tweaking crates.io crate frf-fuzz 0.8.3
[INFO] tweaked toml for crates.io crate frf-fuzz 0.8.3 written to /workspace/builds/worker-4-tc2/source/Cargo.toml
[INFO] validating manifest of crates.io crate frf-fuzz 0.8.3 on toolchain 1.100.0-beta.1
[INFO] running `Command { std: CARGO_HOME="/workspace/cargo-home" RUSTUP_HOME="/workspace/rustup-home" "/workspace/cargo-home/bin/cargo" "+1.100.0-beta.1" "metadata" "--manifest-path" "Cargo.toml" "--no-deps", kill_on_drop: false }`
[INFO] crate crates.io crate frf-fuzz 0.8.3 already has a lockfile, it will not be regenerated
[INFO] running `Command { std: CARGO_HOME="/workspace/cargo-home" RUSTUP_HOME="/workspace/rustup-home" "/workspace/cargo-home/bin/cargo" "+1.100.0-beta.1" "fetch" "--manifest-path" "Cargo.toml", kill_on_drop: false }`
[INFO] running `Command { std: "docker" "create" "-v" "/var/lib/crater-agent-workspace/builds/worker-4-tc2/source:/opt/rustwide/workdir:ro,Z" "-v" "/var/lib/crater-agent-workspace/builds/worker-4-tc2/target:/opt/rustwide/target:rw,Z" "-v" "/var/lib/crater-agent-workspace/cargo-home:/opt/rustwide/cargo-home:ro,Z" "-v" "/var/lib/crater-agent-workspace/rustup-home:/opt/rustwide/rustup-home:ro,Z" "-m" "1610612736" "--network" "none" "ghcr.io/rust-lang/crates-build-env/linux@sha256:3111399a4047eeb3a02b7a90e478d715f38a8c6669b5c4b49d30a17385265909" "sleep" "infinity", kill_on_drop: false }`
[INFO] [stdout] f8b7376a60c0a729257021d07847652c4cd81dc06c35a0f5d049239bf8427840
[INFO] running `Command { std: "docker" "start" "f8b7376a60c0a729257021d07847652c4cd81dc06c35a0f5d049239bf8427840", kill_on_drop: false }`
[INFO] running `Command { std: "docker" "inspect" "f8b7376a60c0a729257021d07847652c4cd81dc06c35a0f5d049239bf8427840", kill_on_drop: false }`
[INFO] running `Command { std: "docker" "exec" "-e" "SOURCE_DIR=/opt/rustwide/workdir" "-e" "CARGO_HOME=/opt/rustwide/cargo-home" "-e" "RUSTUP_HOME=/opt/rustwide/rustup-home" "-e" "CARGO_TARGET_DIR=/opt/rustwide/target" "-w" "/opt/rustwide/workdir" "--user" "0:0" "f8b7376a60c0a729257021d07847652c4cd81dc06c35a0f5d049239bf8427840" "/opt/rustwide/cargo-home/bin/cargo" "+1.100.0-beta.1" "metadata" "--no-deps" "--format-version=1", kill_on_drop: false }`
[INFO] running `Command { std: "docker" "inspect" "f8b7376a60c0a729257021d07847652c4cd81dc06c35a0f5d049239bf8427840", kill_on_drop: false }`
[INFO] running `Command { std: "docker" "exec" "-e" "SOURCE_DIR=/opt/rustwide/workdir" "-e" "CARGO_HOME=/opt/rustwide/cargo-home" "-e" "RUSTUP_HOME=/opt/rustwide/rustup-home" "-e" "CARGO_TARGET_DIR=/opt/rustwide/target" "-e" "CARGO_INCREMENTAL=0" "-e" "RUST_BACKTRACE=full" "-e" "RUSTFLAGS=--cap-lints=warn" "-e" "RUSTDOCFLAGS=--cap-lints=warn" "-w" "/opt/rustwide/workdir" "--user" "0:0" "f8b7376a60c0a729257021d07847652c4cd81dc06c35a0f5d049239bf8427840" "/opt/rustwide/cargo-home/bin/cargo" "+1.100.0-beta.1" "build" "--frozen" "--message-format=json", kill_on_drop: false }`
[INFO] [stderr]    Compiling cc v1.4.4
[INFO] [stderr]    Compiling hashbrown v0.17.1
[INFO] [stderr]    Compiling libc v0.2.177
[INFO] [stderr]    Compiling syn v3.0.4
[INFO] [stderr]    Compiling rustix v1.1.3
[INFO] [stderr]    Compiling curve25519-dalek v4.1.3
[INFO] [stderr]    Compiling syn v2.0.119
[INFO] [stderr]    Compiling clap_builder v4.6.6
[INFO] [stderr]    Compiling zeroize v1.9.0
[INFO] [stderr]    Compiling memchr v2.8.3
[INFO] [stderr]    Compiling signature v2.2.0
[INFO] [stderr]    Compiling serde_json v1.0.151
[INFO] [stderr]    Compiling filetime v0.2.29
[INFO] [stderr]    Compiling ed25519 v2.2.3
[INFO] [stderr]    Compiling hashlink v0.12.1
[INFO] [stderr]    Compiling indexmap v2.14.0
[INFO] [stderr]    Compiling smallvec v1.15.2
[INFO] [stderr]    Compiling unsafe-libyaml v0.2.11
[INFO] [stderr]    Compiling libsqlite3-sys v0.38.2
[INFO] [stderr]    Compiling blake3 v1.8.7
[INFO] [stderr]    Compiling xattr v1.6.1
[INFO] [stderr]    Compiling tar v0.4.46
[INFO] [stderr]    Compiling fd-lock v4.0.4
[INFO] [stderr]    Compiling sha1 v0.10.7
[INFO] [stderr]    Compiling frf-fuzz v0.8.3 (/opt/rustwide/workdir)
[INFO] [stderr]    Compiling memmap2 v0.9.11
[INFO] [stderr]    Compiling dsfb-debug v0.1.0
[INFO] [stderr]    Compiling curve25519-dalek-derive v0.1.1
[INFO] [stderr]    Compiling clap_derive v4.6.4
[INFO] [stderr]    Compiling serde_derive v1.0.229
[INFO] [stderr]    Compiling ed25519-dalek v2.2.0
[INFO] [stderr]    Compiling clap v4.6.6
[INFO] [stderr]    Compiling serde v1.0.229
[INFO] [stderr]    Compiling serde_yaml v0.9.34+deprecated
[INFO] [stderr]    Compiling frf v0.1.86
[INFO] [stderr]    Compiling rusqlite v0.40.2
[INFO] [stderr]    Compiling gemel v0.11.1
[INFO] [stderr]     Finished `dev` profile [unoptimized + debuginfo] target(s) in 1m 23s
[INFO] running `Command { std: "docker" "inspect" "f8b7376a60c0a729257021d07847652c4cd81dc06c35a0f5d049239bf8427840", kill_on_drop: false }`
[INFO] running `Command { std: "docker" "exec" "-e" "SOURCE_DIR=/opt/rustwide/workdir" "-e" "CARGO_HOME=/opt/rustwide/cargo-home" "-e" "RUSTUP_HOME=/opt/rustwide/rustup-home" "-e" "CARGO_TARGET_DIR=/opt/rustwide/target" "-e" "CARGO_INCREMENTAL=0" "-e" "RUST_BACKTRACE=full" "-e" "RUSTFLAGS=--cap-lints=warn" "-e" "RUSTDOCFLAGS=--cap-lints=warn" "-w" "/opt/rustwide/workdir" "--user" "0:0" "f8b7376a60c0a729257021d07847652c4cd81dc06c35a0f5d049239bf8427840" "/opt/rustwide/cargo-home/bin/cargo" "+1.100.0-beta.1" "test" "--frozen" "--no-run" "--message-format=json", kill_on_drop: false }`
[INFO] [stderr]    Compiling frf-fuzz v0.8.3 (/opt/rustwide/workdir)
[INFO] [stderr]     Finished `test` profile [unoptimized + debuginfo] target(s) in 14.79s
[INFO] running `Command { std: "docker" "inspect" "f8b7376a60c0a729257021d07847652c4cd81dc06c35a0f5d049239bf8427840", kill_on_drop: false }`
[INFO] running `Command { std: "docker" "exec" "-e" "SOURCE_DIR=/opt/rustwide/workdir" "-e" "CARGO_HOME=/opt/rustwide/cargo-home" "-e" "RUSTUP_HOME=/opt/rustwide/rustup-home" "-e" "CARGO_TARGET_DIR=/opt/rustwide/target" "-e" "CARGO_INCREMENTAL=0" "-e" "RUST_BACKTRACE=full" "-e" "RUSTFLAGS=--cap-lints=warn" "-e" "RUSTDOCFLAGS=--cap-lints=warn" "-w" "/opt/rustwide/workdir" "--user" "0:0" "f8b7376a60c0a729257021d07847652c4cd81dc06c35a0f5d049239bf8427840" "/opt/rustwide/cargo-home/bin/cargo" "+1.100.0-beta.1" "test" "--frozen", kill_on_drop: false }`
[INFO] [stderr]     Finished `test` profile [unoptimized + debuginfo] target(s) in 0.21s
[INFO] [stderr]      Running unittests src/lib.rs (/opt/rustwide/target/debug/build/frf-fuzz/eddd2d846e9952c3/out/frf_fuzz-eddd2d846e9952c3)
[INFO] [stdout] 
[INFO] [stdout] running 315 tests
[INFO] [stdout] test boundary::witness::tests::witness_rejects_malformed ... ok
[INFO] [stdout] test boundary::minimize::tests::byte_distance_law ... ok
[INFO] [stdout] test boundary::minimize::tests::budget_binds ... ok
[INFO] [stdout] test boundary::witness::tests::witness_roundtrip ... ok
[INFO] [stdout] test boundary::witness::tests::codes_are_stable ... ok
[INFO] [stdout] test boundary::minimize::tests::minimization_is_deterministic ... ok
[INFO] [stdout] test boundary::minimize::tests::identical_inputs_are_rejected_by_convergence ... ok
[INFO] [stdout] test canon::tests::frame_unframe_roundtrip ... ok
[INFO] [stdout] test canon::tests::rejects_truncation_and_trailing_bytes ... ok
[INFO] [stdout] test canon::tests::rejects_unknown_family ... ok
[INFO] [stdout] test canon::tests::header_layout_is_exact ... ok
[INFO] [stdout] test canon::tests::header_roundtrip ... ok
[INFO] [stdout] test boundary::minimize::tests::minimization_shrinks_distance_and_preserves_distinction ... ok
[INFO] [stdout] test canon::tests::encode_rejects_oversized_length ... ok
[INFO] [stdout] test corpus::admission::tests::novel_feature_admits ... ok
[INFO] [stdout] test corpus::admission::tests::residual_off_is_coverage_only ... ok
[INFO] [stdout] test corpus::admission::tests::structured_unknown_admits_as_unknown ... ok
[INFO] [stdout] test corpus::admission::tests::state_feature_admits ... ok
[INFO] [stdout] test corpus::admission::tests::finding_always_admits ... ok
[INFO] [stdout] test corpus::admission::tests::no_novel_feature_rejects ... ok
[INFO] [stdout] test corpus::entry::tests::admission_reason_codes_are_stable ... ok
[INFO] [stdout] test canon::tests::rejects_impossible_length ... ok
[INFO] [stdout] test corpus::admission::tests::trivial_morphology_does_not_admit ... ok
[INFO] [stdout] test canon::tests::rejects_unknown_major_version ... ok
[INFO] [stdout] test canon::tests::rejects_bad_magic ... ok
[INFO] [stdout] test corpus::entry::tests::meta_rejects_truncation_and_trailing ... ok
[INFO] [stdout] test corpus::entry::tests::meta_rejects_unknown_version ... ok
[INFO] [stdout] test corpus::entry::tests::meta_roundtrip ... ok
[INFO] [stdout] test corpus::entry::tests::seed_meta_roundtrip ... ok
[INFO] [stdout] test corpus::minimize::tests::cmin_preserves_coverage ... ok
[INFO] [stdout] test corpus::minimize::tests::tmin_empty_if_predicate_holds_empty ... ok
[INFO] [stdout] test corpus::minimize::tests::cmin_is_deterministic ... ok
[INFO] [stdout] test dsfb::debug_bridge::tests::discrete_axis_first_movement_is_silent_not_violation ... ok
[INFO] [stdout] test corpus::minimize::tests::tmin_is_deterministic ... ok
[INFO] [stdout] test corpus::minimize::tests::tmin_noop_when_nothing_removable ... ok
[INFO] [stdout] test corpus::minimize::tests::tmin_removes_irrelevant_bytes ... ok
[INFO] [stdout] test corpus::tests::pick_parent_is_deterministic ... ok
[INFO] [stdout] test corpus::tests::duplicate_entry_meta_is_refused ... ok
[INFO] [stdout] test dsfb::debug_bridge::tests::frozen_review_axis_keeps_episode_open ... ok
[INFO] [stdout] test dsfb::debug_bridge::tests::flat_series_never_escalates ... ok
[INFO] [stdout] test dsfb::fuzz_bank::tests::abrupt_slew_names_only_with_abrupt_evidence ... ok
[INFO] [stdout] test dsfb::debug_bridge::tests::verdict_and_episode_payloads_roundtrip ... ok
[INFO] [stdout] test dsfb::debug_bridge::tests::recovery_from_drift_is_inward_direction ... ok
[INFO] [stdout] test dsfb::debug_bridge::tests::monotone_outward_drift_escalates_and_forms_an_episode ... ok
[INFO] [stdout] test dsfb::debug_bridge::tests::noise_within_calibration_span_stays_silent ... ok
[INFO] [stdout] test dsfb::fuzz_bank::tests::allocation_creep_requires_allocation_role ... ok
[INFO] [stdout] test dsfb::fuzz_bank::tests::codes_are_stable_and_table_is_consistent ... ok
[INFO] [stdout] test dsfb::fuzz_bank::tests::escalation_alone_is_not_abrupt_slew ... ok
[INFO] [stdout] test dsfb::debug_bridge::tests::replay_is_deterministic ... ok
[INFO] [stdout] test dsfb::fuzz_bank::tests::recurrent_zone_oscillation_is_boundary_grazing ... ok
[INFO] [stdout] test dsfb::fuzz_bank::tests::classify_is_deterministic ... ok
[INFO] [stdout] test dsfb::fuzz_bank::tests::same_tier_tie_stays_unknown ... ok
[INFO] [stdout] test dsfb::morphology::tests::coactivation_masks_co_movers ... ok
[INFO] [stdout] test dsfb::morphology::tests::drift_accumulates_structured_unknown ... ok
[INFO] [stdout] test dsfb::morphology::tests::replay_is_deterministic ... ok
[INFO] [stdout] test dsfb::morphology::tests::signature_encoding_roundtrip_and_stable_size ... ok
[INFO] [stdout] test dsfb::morphology::tests::slew_counts_direction_flips ... ok
[INFO] [stdout] test dsfb::fuzz_bank::tests::structured_unknown_when_no_gate_passes ... ok
[INFO] [stdout] test dsfb::morphology::tests::trivial_signature_for_baseline_and_no_movement ... ok
[INFO] [stdout] test dsfb::morphology::tests::state_change_classes ... ok
[INFO] [stdout] test dsfb::morphology::tests::structural_identity_ignores_magnitude_bins ... ok
[INFO] [stdout] test dsfb::regime::tests::episode_encoding_roundtrip ... ok
[INFO] [stdout] test dsfb::regime::tests::flat_series_stays_stable_no_episode ... ok
[INFO] [stdout] test dsfb::regime::tests::monotonic_ramp_opens_and_closes_episode ... ok
[INFO] [stdout] test dsfb::regime::tests::long_episode_closes_by_max_dwell ... ok
[INFO] [stdout] test dsfb::regime::tests::noise_around_constant_stays_stable ... ok
[INFO] [stdout] test dsfb::regime::tests::observer_exposes_state_machine ... ok
[INFO] [stdout] test dsfb::regime::tests::slew_direction_reversal_recovers ... ok
[INFO] [stdout] test dsfb::regime::tests::state_and_close_codes_are_stable ... ok
[INFO] [stdout] test dsfb::regime::tests::second_episode_can_open_after_recovery ... ok
[INFO] [stdout] test execute::crash_ledger::tests::both_slots_corrupt_reports_error_when_magic_present ... ok
[INFO] [stdout] test execute::crash_ledger::tests::commit_then_read_roundtrip ... ok
[INFO] [stdout] test execute::crash_ledger::tests::garbage_magic_is_ignored ... ok
[INFO] [stdout] test execute::crash_ledger::tests::latest_wins_after_ping_pong ... ok
[INFO] [stdout] test execute::crash_ledger::tests::reader_on_fresh_ledger_returns_none ... ok
[INFO] [stdout] test corpus::tests::index_rebuilds_from_store ... ok
[INFO] [stdout] test execute::crash_ledger::tests::seq_is_monotonic ... ok
[INFO] [stdout] test execute::crash_ledger::tests::torn_slot_never_wins ... ok
[INFO] [stdout] test execute::finding::tests::finding_rejects_truncation_and_bad_kind ... ok
[INFO] [stdout] test execute::finding::tests::finding_roundtrip ... ok
[INFO] [stdout] test execute::finding::tests::kind_codes_are_stable ... ok
[INFO] [stdout] test execute::finding::tests::override_marker_coordinate_is_recognized ... ok
[INFO] [stdout] test execute::protocol::tests::checksum_mismatch_is_rejected ... ok
[INFO] [stdout] test execute::protocol::tests::hostile_length_is_rejected_without_allocation ... ok
[INFO] [stdout] test execute::protocol::tests::crc32_known_vector ... ok
[INFO] [stdout] test execute::protocol::tests::multiple_frames_in_one_stream ... ok
[INFO] [stdout] test execute::protocol::tests::oversize_payload_is_rejected_at_encode ... ok
[INFO] [stdout] test execute::protocol::tests::roundtrip_all_kinds ... ok
[INFO] [stdout] test execute::protocol::tests::truncation_is_rejected ... ok
[INFO] [stdout] test execute::protocol::tests::unknown_kind_byte_is_rejected ... ok
[INFO] [stdout] test execute::protocol::tests::unknown_major_fails_closed ... ok
[INFO] [stdout] test experiment::stats::tests::a12_known_values ... ok
[INFO] [stdout] test experiment::stats::tests::erfc_sanity ... ok
[INFO] [stdout] test experiment::stats::tests::mann_whitney_identical_and_separated ... ok
[INFO] [stdout] test experiment::stats::tests::mann_whitney_with_ties_is_stable ... ok
[INFO] [stdout] test experiment::stats::tests::medians_and_quartiles ... ok
[INFO] [stdout] test experiment::tests::analyze_is_pure_and_censoring_is_preserved ... ok
[INFO] [stdout] test experiment::tests::analyze_separates_arms_and_reports_medians ... ok
[INFO] [stdout] test experiment::tests::arm_table_is_stable_and_frozen ... ok
[INFO] [stdout] test experiment::tests::experiment_id_excludes_paths_and_time ... ok
[INFO] [stdout] test experiment::tests::held_out_split_is_disjoint_deterministic_and_recorded ... ok
[INFO] [stdout] test dsfb::fuzz_bank::tests::noise_edges_never_produce_named_classes ... ok
[INFO] [stdout] test dsfb::fuzz_bank::tests::persistent_depth_drift_is_named_state_depth_expansion ... ok
[INFO] [stdout] test dsfb::fuzz_bank::tests::role_assignment_is_deterministic_and_specific ... ok
[INFO] [stdout] test dsfb::fuzz_bank::tests::roleless_sustained_drift_is_persistent_behavioral_drift ... ok
[INFO] [stdout] test frf_bridge::tests::decoder_rejects_truncation_and_bad_outcome ... ok
[INFO] [stdout] test dsfb::regime::tests::deterministic_replay_of_series ... ok
[INFO] [stdout] test execute::protocol::tests::bad_magic_is_rejected ... ok
[INFO] [stdout] test frf_bridge::tests::failed_record_roundtrip_with_note ... ok
[INFO] [stdout] test experiment::tests::metric_codes_are_stable_and_unique ... ok
[INFO] [stdout] test experiment::tests::series_csv_refuses_malformed_rows ... ok
[INFO] [stdout] test frf_bridge::tests::manifest_emits_expected_shape ... ok
[INFO] [stdout] test frf_bridge::tests::record_roundtrip ... ok
[INFO] [stdout] test frf_bridge::tests::yaml_quoting_escapes_hostile_text ... ok
[INFO] [stdout] test experiment::tests::trial_seeds_are_distinct_and_deterministic ... ok
[INFO] [stdout] test frf_bridge::tests::bound_text_is_deterministic_and_distinct ... ok
[INFO] [stdout] test gemel_bridge::tests::decoder_rejects_corruption ... ok
[INFO] [stdout] test gemel_bridge::tests::failed_record_roundtrip ... ok
[INFO] [stdout] test gemel_bridge::tests::kinds_and_failures_encode_stably ... ok
[INFO] [stdout] test gpu::cpu::tests::compact_batch_validation ... ok
[INFO] [stdout] test gpu::cpu::tests::compact_descriptors_are_deterministic_and_distinct ... ok
[INFO] [stdout] test gpu::cpu::tests::influence_masks_are_deterministic_and_covered ... ok
[INFO] [stdout] test gpu::cpu::tests::kind_is_cpu ... ok
[INFO] [stdout] test gpu::cpu::tests::morphology_distance_is_exact_and_symmetric ... ok
[INFO] [stdout] test gpu::cpu::tests::morphology_distance_validation ... ok
[INFO] [stdout] test gemel_bridge::tests::record_roundtrip ... ok
[INFO] [stdout] test gpu::cpu::tests::plans_respect_priority_shares_deterministically ... ok
[INFO] [stdout] test gpu::cpu::tests::plan_requests_are_validated ... ok
[INFO] [stdout] test gpu::cpu::tests::plans_with_zero_priorities_split_evenly ... ok
[INFO] [stdout] test gpu::cpu::tests::precedent_rank_orders_by_fixed_point_proximity ... ok
[INFO] [stdout] test gpu::tests::backend_kind_codes_are_stable ... ok
[INFO] [stdout] test gpu::cpu::tests::precedent_rank_validation ... ok
[INFO] [stdout] test gpu::tests::cpu_backend_is_a_valid_compute_backend ... ok
[INFO] [stdout] test frf_bridge::tests::manifest_parses_with_frfs_own_deserializer ... ok
[INFO] [stdout] test gemel_bridge::tests::discovery_is_absent_outside_a_repo ... ok
[INFO] [stdout] test gpu::tests::cpu_probes_available_and_resolve_defaults_to_it ... ok
[INFO] [stdout] test experiment::tests::series_csv_round_trips_exactly ... ok
[INFO] [stdout] test gpu::tests::rank_desc_sorts_scores_descending_with_deterministic_ties ... ok
[INFO] [stdout] test gpu::tests::unavailable_accelerators_fall_back_to_the_cpu_oracle_with_a_note ... ok
[INFO] [stdout] test id::tests::hex_roundtrip ... ok
[INFO] [stdout] test id::tests::rejects_bad_hex ... ok
[INFO] [stdout] test id::tests::known_vector_empty ... ok
[INFO] [stdout] test id::tests::short_is_first_eight_bytes ... ok
[INFO] [stdout] test mutation::cmp::tests::deterministic ... ok
[INFO] [stdout] test mutation::cmp::tests::no_hits_is_noop ... ok
[INFO] [stdout] test mutation::cmp::tests::short_parent_wider_hit_is_total ... ok
[INFO] [stdout] test mutation::cmp::tests::substitutes_magic_value ... ok
[INFO] [stdout] test mutation::coordinate::tests::derived_stream_depends_on_mutator_id ... ok
[INFO] [stdout] test mutation::coordinate::tests::deterministic_encoding ... ok
[INFO] [stdout] test mutation::coordinate::tests::encode_decode_roundtrip ... ok
[INFO] [stdout] test mutation::coordinate::tests::hex_roundtrip ... ok
[INFO] [stdout] test mutation::coordinate::tests::rejects_bad_length_and_unknown_mutator ... ok
[INFO] [stdout] test mutation::coordinate::tests::rejects_unknown_version ... ok
[INFO] [stdout] test mutation::dictionary::tests::empty_dictionary_is_noop ... ok
[INFO] [stdout] test mutation::dictionary::tests::insert_grows_input ... ok
[INFO] [stdout] test mutation::dictionary::tests::overwrite_uses_entry_bytes ... ok
[INFO] [stdout] test mutation::influence::tests::mask_length_mismatch_is_error ... ok
[INFO] [stdout] test mutation::influence::tests::no_mask_equals_byte_flip ... ok
[INFO] [stdout] test mutation::influence::tests::empty_mask_is_noop ... ok
[INFO] [stdout] test mutation::influence::tests::restricted_to_mask ... ok
[INFO] [stdout] test mutation::integer::tests::boundary_respects_width ... ok
[INFO] [stdout] test mutation::integer::tests::interesting_values_are_in_table ... ok
[INFO] [stdout] test mutation::prng::tests::coordinate_derivation_is_bijective_in_fields ... ok
[INFO] [stdout] test mutation::integer::tests::add_sub_preserves_length ... ok
[INFO] [stdout] test mutation::integer::tests::deterministic_across_replays ... ok
[INFO] [stdout] test mutation::prng::tests::counter_encode_decode_roundtrip ... ok
[INFO] [stdout] test mutation::prng::tests::official_kat_vectors ... ok
[INFO] [stdout] test mutation::prng::tests::stream_matches_reference ... ok
[INFO] [stdout] test mutation::prng::tests::verified_additional_vectors ... ok
[INFO] [stdout] test mutation::splice::tests::splice_copies_partner_bytes ... ok
[INFO] [stdout] test mutation::prng::tests::fill_bytes_is_little_endian_u32_writes ... ok
[INFO] [stdout] test mutation::prng::tests::gen_range_is_in_bounds_and_deterministic ... ok
[INFO] [stdout] test mutation::splice::tests::splice_short_parent_never_overflows ... ok
[INFO] [stdout] test gemel_bridge::tests::absent_repo_writes_nothing ... ok
[INFO] [stdout] test mutation::tests::cmp_free_table_is_a_stable_subset ... ok
[INFO] [stdout] test mutation::splice::tests::splice_without_partner_is_noop ... ok
[INFO] [stdout] test mutation::tests::cmp_hit_bytes ... ok
[INFO] [stdout] test mutation::tests::mutator_id_table_is_stable ... ok
[INFO] [stdout] test observe::residual::tests::mutation_residual_wrapping_does_not_invert_sign ... ok
[INFO] [stdout] test observe::residual::tests::revision_residual_mirrors_mutation_semantics ... ok
[INFO] [stdout] test observe::residual::tests::temporal_residual_first_sample_has_zero_instantaneous ... ok
[INFO] [stdout] test observe::signals::tests::schema_object_rejects_malformed ... ok
[INFO] [stdout] test observe::signals::tests::schema_object_roundtrip ... ok
[INFO] [stdout] test observe::signals::tests::wire_entries_convert ... ok
[INFO] [stdout] test observe::sketch::tests::batch_drifts_fires_on_persistent_batch ... ok
[INFO] [stdout] test observe::sketch::tests::batch_drifts_stays_silent_on_noise ... ok
[INFO] [stdout] test observe::sketch::tests::state_buckets_of_observation ... ok
[INFO] [stdout] test mutation::tests::noop_on_empty_input_is_deterministic ... ok
[INFO] [stdout] test observe::residual::tests::mutation_residual_computes_exact_deltas ... ok
[INFO] [stdout] test observe::residual::tests::revision_residual_never_inverts_sign_on_wraparound ... ok
[INFO] [stdout] test precedent::admission::tests::duplicate_family_is_detected ... ok
[INFO] [stdout] test precedent::admission::tests::creation_requires_structured_precursor_and_lead ... ok
[INFO] [stdout] test precedent::admission::tests::precursor_choice_takes_early_persisting_shape ... ok
[INFO] [stdout] test precedent::matching::tests::contradicted_precedents_do_not_match ... ok
[INFO] [stdout] test precedent::matching::tests::match_requires_family_and_shape ... ok
[INFO] [stdout] test precedent::matching::tests::matching_across_roots_is_allowed ... ok
[INFO] [stdout] test precedent::matching::tests::selection_is_deterministic_and_specificity_ordered ... ok
[INFO] [stdout] test precedent::model::tests::identity_and_render_are_stable ... ok
[INFO] [stdout] test precedent::model::tests::precedent_roundtrip ... ok
[INFO] [stdout] test precedent::model::tests::precedent_with_evidence_roundtrip ... ok
[INFO] [stdout] test precedent::probe::tests::abates_expectation_support_and_contradict ... ok
[INFO] [stdout] test precedent::model::tests::profile_subsumption_is_deterministic ... ok
[INFO] [stdout] test precedent::model::tests::status_transitions_are_documented ... ok
[INFO] [stdout] test precedent::probe::tests::contradiction_weight_detects_direct_refutation ... ok
[INFO] [stdout] test precedent::probe::tests::evidence_record_roundtrip ... ok
[INFO] [stdout] test precedent::probe::tests::out_of_range_axis_is_ambiguous ... ok
[INFO] [stdout] test precedent::probe::tests::outcome_codes_are_stable ... ok
[INFO] [stdout] test precedent::probe::tests::recipe_encoding_roundtrip ... ok
[INFO] [stdout] test precedent::probe::tests::persists_expectation_support_and_contradict ... ok
[INFO] [stdout] test scheduler::policy::tests::amplify_plan_uses_the_drifting_family ... ok
[INFO] [stdout] test scheduler::policy::tests::build_order_carries_plan_fields ... ok
[INFO] [stdout] test scheduler::policy::tests::cmp_off_rotation_never_picks_cmp_guided_families ... ok
[INFO] [stdout] test scheduler::policy::tests::partner_never_self_splices ... ok
[INFO] [stdout] test scheduler::policy::tests::planner_rotates_all_families_deterministically ... ok
[INFO] [stdout] test scheduler::policy::tests::probe_classes_require_the_precedent_switch ... ok
[INFO] [stdout] test scheduler::policy::tests::probe_plan_carries_the_recipe ... ok
[INFO] [stdout] test scheduler::policy::tests::scheduling_class_codes_are_stable ... ok
[INFO] [stdout] test scheduler::policy::tests::wrr_is_deterministic_and_respects_weights ... ok
[INFO] [stdout] test scheduler::policy::tests::wrr_with_probe_classes_is_deterministic ... ok
[INFO] [stdout] test scheduler::work_order::tests::batch_summary_roundtrip_with_max_run ... ok
[INFO] [stdout] test scheduler::policy::tests::wrr_degrades_to_explore_without_queues_or_residual ... ok
[INFO] [stdout] test scheduler::work_order::tests::cmp_hit_wire_converts ... ok
[INFO] [stdout] test scheduler::work_order::tests::batch_summary_wire_is_bounded ... ok
[INFO] [stdout] test scheduler::work_order::tests::discovery_rejects_bad_status ... ok
[INFO] [stdout] test scheduler::work_order::tests::discovery_roundtrip ... ok
[INFO] [stdout] test scheduler::work_order::tests::execution_status_codes_are_stable ... ok
[INFO] [stdout] test scheduler::work_order::tests::hello_roundtrip_with_schema ... ok
[INFO] [stdout] test scheduler::work_order::tests::input_override_roundtrip ... ok
[INFO] [stdout] test scheduler::work_order::tests::signal_vector_wire_is_fixed_size ... ok
[INFO] [stdout] test scheduler::work_order::tests::wire_to_schema_refuses_duplicates_and_bad_ids ... ok
[INFO] [stdout] test scheduler::work_order::tests::schema_wire_conversion_roundtrip ... ok
[INFO] [stdout] test scheduler::work_order::tests::work_order_encoding_is_canonical ... ok
[INFO] [stdout] test scheduler::work_order::tests::work_order_rejects_oversize_dictionary_entry ... ok
[INFO] [stdout] test scheduler::work_order::tests::work_order_rejects_oversize_parent ... ok
[INFO] [stdout] test scheduler::work_order::tests::work_order_rejects_trailing_bytes ... ok
[INFO] [stdout] test precedent::tests::verify_links_reports_missing_terminal ... ok
[INFO] [stdout] test scheduler::work_order::tests::work_order_rejects_unknown_version ... ok
[INFO] [stdout] test scheduler::work_order::tests::work_order_rejects_truncation ... ok
[INFO] [stdout] test scheduler::work_order::tests::work_order_rejects_zero_count_without_override ... ok
[INFO] [stdout] test scheduler::work_order::tests::work_order_roundtrip ... ok
[INFO] [stdout] test precedent::tests::current_revision_resolution_picks_highest_updated_seq ... ok
[INFO] [stdout] test scheduler::work_order::tests::work_result_roundtrip ... ok
[INFO] [stdout] test simd::scalar::tests::chunk_mask_semantics ... ok
[INFO] [stdout] test simd::tests::count_newly_set_semantics ... ok
[INFO] [stdout] test simd::tests::public_api_dispatch_is_consistent ... ok
[INFO] [stdout] test simd::tests::scalar_matches_avx2_chunk_present_mask ... ok
[INFO] [stdout] test simd::tests::public_scan_nonzero_clear_dispatch_is_consistent ... ok
[INFO] [stdout] test gemel_bridge::tests::verified_finding_needs_a_head_state ... ok
[INFO] [stdout] test simd::tests::scalar_matches_avx2_bitmap_ops ... ok
[INFO] [stdout] test simd::tests::scalar_matches_avx2_clear_and_nonzero_indices ... ok
[INFO] [stdout] test macros::tests::duplicate_optional_hook_is_refused ... ok
[INFO] [stdout] test macros::tests::builder_defaults_and_requirements ... ok
[INFO] [stdout] test store::fsck::tests::empty_store_is_clean ... ok
[INFO] [stdout] test simd::tests::signature_ops ... ok
[INFO] [stdout] test simd::tests::unequal_lengths_are_refused ... ok
[INFO] [stdout] test store::fsck::tests::tampered_object_is_reported ... ok
[INFO] [stdout] test store::fsck::tests::dangling_ref_is_reported ... ok
[INFO] [stdout] test store::fsck::tests::valid_objects_and_refs_are_clean ... ok
[INFO] [stdout] test simd::tests::scalar_matches_avx2_count_nonzero ... ok
[INFO] [stdout] test store::object::tests::missing_object_is_none ... ok
[INFO] [stdout] test store::refs::tests::bad_ref_name_is_refused ... ok
[INFO] [stdout] test store::refs::tests::corrupt_ref_content_is_error ... ok
[INFO] [stdout] test store::refs::tests::missing_ref_is_none ... ok
[INFO] [stdout] test store::object::tests::list_object_ids_is_sorted ... ok
[INFO] [stdout] test store::object::tests::identity_is_content_only ... ok
[INFO] [stdout] test store::object::tests::tampered_object_is_corruption ... ok
[INFO] [stdout] test tape::model::tests::crash_tape_roundtrip_no_observation ... ok
[INFO] [stdout] test tape::model::tests::tape_rejects_malformed ... ok
[INFO] [stdout] test tape::model::tests::termination_and_source_codes_are_stable ... ok
[INFO] [stdout] test tape::replay::tests::crash_tape_checks_termination ... ok
[INFO] [stdout] test tape::replay::tests::differing_signal_diverges_and_is_preserved ... ok
[INFO] [stdout] test tape::replay::tests::matching_observation_returns_matches ... ok
[INFO] [stdout] test tape::replay::tests::touched_set_divergence_is_caught ... ok
[INFO] [stdout] test tape::model::tests::digests_are_canonical_and_distinct ... ok
[INFO] [stdout] test tape::revision::tests::decoder_rejects_bad_version_and_truncation ... ok
[INFO] [stdout] test tape::revision::tests::pair_with_termination_change_has_no_residual ... ok
[INFO] [stdout] test tape::model::tests::tape_roundtrip ... ok
[INFO] [stdout] test tape::revision::tests::pair_roundtrip_and_delta_derivation ... ok
[INFO] [stdout] test tape::revision::tests::replay_across_states_orders_observations ... ok
[INFO] [stdout] test store::object::tests::put_is_idempotent_and_collision_is_fatal ... ok
[INFO] [stdout] test target_runtime::cmp::tests::exact_full_boundary_marks_overflow ... ok
[INFO] [stdout] test simd::tests::scalar_matches_avx2_scan_nonzero_clear ... ok
[INFO] [stdout] test target_runtime::cmp::tests::overflow_is_reported ... ok
[INFO] [stdout] test target_runtime::cmp::tests::snapshot_respects_buffer ... ok
[INFO] [stdout] test store::object::tests::put_get_roundtrip ... ok
[INFO] [stdout] test store::refs::tests::ref_roundtrip ... ok
[INFO] [stdout] test target_runtime::fixture::tests::execute_once_propagates_hook_errors ... ok
[INFO] [stdout] test target_runtime::fixture::tests::execute_once_runs_full_hook_sequence ... ok
[INFO] [stdout] test tape::revision::tests::persist_pairs_writes_adjacent_edges_and_verifies ... ok
[INFO] [stdout] test target_runtime::sancov::tests::calibration_returns_stable_footprint ... ok
[INFO] [stdout] test target_runtime::sancov::tests::packed_index_layout ... ok
[INFO] [stdout] test target_runtime::sancov::tests::refuses_zero_length_range ... ok
[INFO] [stdout] test target_runtime::sancov::tests::scan_clears_so_second_scan_is_clean ... ok
[INFO] [stdout] test target_runtime::sancov::tests::scan_reports_and_clears ... ok
[INFO] [stdout] test target_runtime::sancov::tests::scan_respects_cap_and_still_clears ... ok
[INFO] [stdout] test target_runtime::fixture::tests::fixture_flag_detection ... ok
[INFO] [stdout] test target_runtime::signals::tests::context_roundtrip ... ok
[INFO] [stdout] test target_runtime::signals::tests::batch_summary_aggregates ... ok
[INFO] [stdout] test target_runtime::signals::tests::observe_and_read ... ok
[INFO] [stdout] test target_runtime::signals::tests::out_of_schema_id_is_refused ... ok
[INFO] [stdout] test target_runtime::signals::tests::reset_clears ... ok
[INFO] [stdout] test target_runtime::signals::tests::schema_registration_is_idempotent_and_conflict_refused ... ok
[INFO] [stdout] test target_runtime::signals::tests::schema_validates_bounds ... ok
[INFO] [stdout] test target_runtime::signals::tests::sketch_computes_buckets_dirs_and_touched ... ok
[INFO] [stdout] test target_runtime::signals::tests::sketch_direction_signs ... ok
[INFO] [stdout] test target_runtime::signals::tests::sketch_untouched_parent_baseline_is_zero ... ok
[INFO] [stdout] test target_runtime::signals::tests::tracker_persists_same_direction_and_resets_on_flip ... ok
[INFO] [stdout] test target_runtime::signals::tests::value_bucket_law ... ok
[INFO] [stdout] test target_runtime::signals::tests::magnitude_bucket_law ... ok
[INFO] [stdout] test gemel_bridge::tests::discovery_and_checkpoint_on_a_fresh_repo ... ok
[INFO] [stdout] test target_runtime::cmp::tests::push_snapshot_roundtrip ... ok
[INFO] [stdout] test target_runtime::cmp::tests::switch_case_count_is_bounded ... ok
[INFO] [stdout] test target_runtime::cmp::tests::snapshot_wrap_is_contiguous_and_ordered ... ok
[INFO] [stdout] test target_runtime::cmp::tests::reset_clears ... ok
[INFO] [stdout] test target_runtime::cmp::tests::switch_parsing ... ok
[INFO] [stdout] 
[INFO] [stdout] test result: ok. 315 passed; 0 failed; 0 ignored; 0 measured; 0 filtered out; finished in 0.68s
[INFO] [stdout] 
[INFO] [stderr]      Running unittests src/bin/cargo-frf-fuzz.rs (/opt/rustwide/target/debug/build/frf-fuzz/6ad4b4f47c7ed860/out/cargo_frf_fuzz-6ad4b4f47c7ed860)
[INFO] [stderr]      Running unittests src/bin/frf-fuzz.rs (/opt/rustwide/target/debug/build/frf-fuzz/0be919533ef3a6ac/out/frf_fuzz-0be919533ef3a6ac)
[INFO] [stdout] 
[INFO] [stdout] running 0 tests
[INFO] [stdout] 
[INFO] [stdout] test result: ok. 0 passed; 0 failed; 0 ignored; 0 measured; 0 filtered out; finished in 0.00s
[INFO] [stdout] 
[INFO] [stdout] 
[INFO] [stdout] running 0 tests
[INFO] [stdout] 
[INFO] [stdout] test result: ok. 0 passed; 0 failed; 0 ignored; 0 measured; 0 filtered out; finished in 0.00s
[INFO] [stdout] 
[INFO] [stderr]      Running tests/crash_recovery.rs (/opt/rustwide/target/debug/build/frf-fuzz/ffd0cea0bed6ab10/out/crash_recovery-ffd0cea0bed6ab10)
[INFO] [stdout] 
[INFO] [stdout] running 4 tests
[INFO] [stdout] test ledger_on_unstarted_worker_is_empty ... ok
[INFO] [stderr] 
[INFO] [stderr] thread 'main' (1482) panicked at src/cli.rs:901:20:
[INFO] [stderr] frf-fuzz worker-crash-probe: deliberate panic (panic=abort)
[INFO] [stderr] stack backtrace:
[INFO] [stderr]    0:     0x59d007bbd261 - std[617be2ca0a6fd877]::backtrace_rs::backtrace::libunwind::trace
[INFO] [stderr]                                at /rustc/e3feeb59cd1bdd011a2bfcc0747b55125d9b8527/library/std/src/../../backtrace/src/backtrace/libunwind.rs:117:9
[INFO] [stderr]    1:     0x59d007bbd261 - std[617be2ca0a6fd877]::backtrace_rs::backtrace::trace_unsynchronized::<std[617be2ca0a6fd877]::sys::backtrace::_print_fmt::{closure#1}>
[INFO] [stderr]                                at /rustc/e3feeb59cd1bdd011a2bfcc0747b55125d9b8527/library/std/src/../../backtrace/src/backtrace/mod.rs:66:14
[INFO] [stderr]    2:     0x59d007bbd261 - std[617be2ca0a6fd877]::sys::backtrace::_print_fmt
[INFO] [stderr]                                at /rustc/e3feeb59cd1bdd011a2bfcc0747b55125d9b8527/library/std/src/sys/backtrace.rs:74:9
[INFO] [stderr]    3:     0x59d007bbd261 - <<std[617be2ca0a6fd877]::sys::backtrace::BacktraceLock>::print::DisplayBacktrace as core[a373ad73a504971]::fmt::Display>::fmt
[INFO] [stderr]                                at /rustc/e3feeb59cd1bdd011a2bfcc0747b55125d9b8527/library/std/src/sys/backtrace.rs:44:26
[INFO] [stderr]    4:     0x59d007bd447a - <core[a373ad73a504971]::fmt::rt::Argument>::fmt
[INFO] [stderr]                                at /rustc/e3feeb59cd1bdd011a2bfcc0747b55125d9b8527/library/core/src/fmt/rt.rs:152:76
[INFO] [stderr]    5:     0x59d007bd447a - core[a373ad73a504971]::fmt::write
[INFO] [stderr]    6:     0x59d007bc21cc - core[a373ad73a504971]::io::write::default_write_fmt::<std[617be2ca0a6fd877]::sys::stdio::unix::Stderr>
[INFO] [stderr]                                at /rustc/e3feeb59cd1bdd011a2bfcc0747b55125d9b8527/library/core/src/io/write.rs:402:11
[INFO] [stderr]    7:     0x59d007bc21cc - <std[617be2ca0a6fd877]::sys::stdio::unix::Stderr as core[a373ad73a504971]::io::write::Write>::write_fmt
[INFO] [stderr]                                at /rustc/e3feeb59cd1bdd011a2bfcc0747b55125d9b8527/library/core/src/io/write.rs:335:13
[INFO] [stdout] test worker_restarts_and_commits_again ... ok
[INFO] [stderr]    8:     0x59d007b94a96 - <std[617be2ca0a6fd877]::sys::backtrace::BacktraceLock>::print
[INFO] [stderr]                                at /rustc/e3feeb59cd1bdd011a2bfcc0747b55125d9b8527/library/std/src/sys/backtrace.rs:47:9
[INFO] [stderr]    9:     0x59d007b94a96 - std[617be2ca0a6fd877]::panicking::default_hook::{closure#0}
[INFO] [stdout] test abort_crash_is_reconstructed_exactly ... ok
[INFO] [stderr]                                at /rustc/e3feeb59cd1bdd011a2bfcc0747b55125d9b8527/library/std/src/panicking.rs:289:27
[INFO] [stderr]   10:     0x59d007bb2db1 - std[617be2ca0a6fd877]::panicking::default_hook
[INFO] [stderr]                                at /rustc/e3feeb59cd1bdd011a2bfcc0747b55125d9b8527/library/std/src/panicking.rs:316:9
[INFO] [stderr]   11:     0x59d007bb30db - std[617be2ca0a6fd877]::panicking::panic_with_hook
[INFO] [stderr]                                at /rustc/e3feeb59cd1bdd011a2bfcc0747b55125d9b8527/library/std/src/panicking.rs:811:13
[INFO] [stderr]   12:     0x59d007b94b74 - std[617be2ca0a6fd877]::panicking::panic_handler::{closure#0}
[INFO] [stderr]                                at /rustc/e3feeb59cd1bdd011a2bfcc0747b55125d9b8527/library/std/src/panicking.rs:678:13
[INFO] [stderr]   13:     0x59d007b8d249 - std[617be2ca0a6fd877]::sys::backtrace::__rust_end_short_backtrace::<std[617be2ca0a6fd877]::panicking::panic_handler::{closure#0}, !>
[INFO] [stderr]                                at /rustc/e3feeb59cd1bdd011a2bfcc0747b55125d9b8527/library/std/src/sys/backtrace.rs:182:18
[INFO] [stderr]   14:     0x59d007b959dd - __rustc[ea4f61d10b84890b]::rust_begin_unwind
[INFO] [stderr]                                at /rustc/e3feeb59cd1bdd011a2bfcc0747b55125d9b8527/library/std/src/panicking.rs:676:5
[INFO] [stderr]   15:     0x59d007bd4c9c - core[a373ad73a504971]::panicking::panic_fmt
[INFO] [stderr]                                at /rustc/e3feeb59cd1bdd011a2bfcc0747b55125d9b8527/library/core/src/panicking.rs:80:14
[INFO] [stderr]   16:     0x59d0071b192d - frf_fuzz[c71c8a4d52f46026]::cli::worker_crash_probe
[INFO] [stderr]                                at /opt/rustwide/workdir/src/cli.rs:901:20
[INFO] [stderr]   17:     0x59d0071af4c8 - frf_fuzz[c71c8a4d52f46026]::cli::run_phase0_seams
[INFO] [stderr]                                at /opt/rustwide/workdir/src/cli.rs:807:19
[INFO] [stderr]   18:     0x59d0071b696d - frf_fuzz[c71c8a4d52f46026]::cli::run
[INFO] [stderr]                                at /opt/rustwide/workdir/src/cli.rs:79:23
[INFO] [stderr]   19:     0x59d00718c2ca - frf_fuzz[9c3c892bb5a8ca99]::main
[INFO] [stderr]                                at /opt/rustwide/workdir/src/bin/frf-fuzz.rs:6:24
[INFO] [stderr]   20:     0x59d00718c84b - <fn() as core[a373ad73a504971]::ops::function::FnOnce<()>>::call_once
[INFO] [stderr]                                at /rustc/e3feeb59cd1bdd011a2bfcc0747b55125d9b8527/library/core/src/ops/function.rs:250:5
[INFO] [stderr]   21:     0x59d00718c17e - std[617be2ca0a6fd877]::sys::backtrace::__rust_begin_short_backtrace::<fn(), ()>
[INFO] [stderr]                                at /rustc/e3feeb59cd1bdd011a2bfcc0747b55125d9b8527/library/std/src/sys/backtrace.rs:166:18
[INFO] [stderr]   22:     0x59d00718c1f1 - std[617be2ca0a6fd877]::rt::lang_start::<()>::{closure#0}
[INFO] [stderr]                                at /rustc/e3feeb59cd1bdd011a2bfcc0747b55125d9b8527/library/std/src/rt.rs:206:18
[INFO] [stderr]   23:     0x59d007bb1af8 - <&dyn core[a373ad73a504971]::ops::function::Fn<(), Output = i32> + core[a373ad73a504971]::marker::Sync + core[a373ad73a504971]::panic::unwind_safe::RefUnwindSafe as core[a373ad73a504971]::ops::function::FnOnce<()>>::call_once
[INFO] [stderr]                                at /rustc/e3feeb59cd1bdd011a2bfcc0747b55125d9b8527/library/core/src/ops/function.rs:287:21
[INFO] [stderr]   24:     0x59d007bb1af8 - std[617be2ca0a6fd877]::panicking::catch_unwind::do_call::<&dyn core[a373ad73a504971]::ops::function::Fn<(), Output = i32> + core[a373ad73a504971]::marker::Sync + core[a373ad73a504971]::panic::unwind_safe::RefUnwindSafe, i32>
[INFO] [stderr]                                at /rustc/e3feeb59cd1bdd011a2bfcc0747b55125d9b8527/library/std/src/panicking.rs:573:43
[INFO] [stderr]   25:     0x59d007bb1af8 - std[617be2ca0a6fd877]::panicking::catch_unwind::<i32, &dyn core[a373ad73a504971]::ops::function::Fn<(), Output = i32> + core[a373ad73a504971]::marker::Sync + core[a373ad73a504971]::panic::unwind_safe::RefUnwindSafe>
[INFO] [stderr]                                at /rustc/e3feeb59cd1bdd011a2bfcc0747b55125d9b8527/library/std/src/panicking.rs:541:19
[INFO] [stderr]   26:     0x59d007bb1af8 - std[617be2ca0a6fd877]::panic::catch_unwind::<&dyn core[a373ad73a504971]::ops::function::Fn<(), Output = i32> + core[a373ad73a504971]::marker::Sync + core[a373ad73a504971]::panic::unwind_safe::RefUnwindSafe, i32>
[INFO] [stderr]                                at /rustc/e3feeb59cd1bdd011a2bfcc0747b55125d9b8527/library/std/src/panic.rs:359:14
[INFO] [stderr]   27:     0x59d007bb1af8 - std[617be2ca0a6fd877]::rt::lang_start_internal::{closure#0}
[INFO] [stderr]                                at /rustc/e3feeb59cd1bdd011a2bfcc0747b55125d9b8527/library/std/src/rt.rs:175:24
[INFO] [stderr]   28:     0x59d007bb1af8 - std[617be2ca0a6fd877]::panicking::catch_unwind::do_call::<std[617be2ca0a6fd877]::rt::lang_start_internal::{closure#0}, isize>
[INFO] [stderr]                                at /rustc/e3feeb59cd1bdd011a2bfcc0747b55125d9b8527/library/std/src/panicking.rs:573:43
[INFO] [stderr]   29:     0x59d007bb1af8 - std[617be2ca0a6fd877]::panicking::catch_unwind::<isize, std[617be2ca0a6fd877]::rt::lang_start_internal::{closure#0}>
[INFO] [stderr]                                at /rustc/e3feeb59cd1bdd011a2bfcc0747b55125d9b8527/library/std/src/panicking.rs:541:19
[INFO] [stderr]   30:     0x59d007bb1af8 - std[617be2ca0a6fd877]::panic::catch_unwind::<std[617be2ca0a6fd877]::rt::lang_start_internal::{closure#0}, isize>
[INFO] [stderr]                                at /rustc/e3feeb59cd1bdd011a2bfcc0747b55125d9b8527/library/std/src/panic.rs:359:14
[INFO] [stderr]   31:     0x59d007bb1af8 - std[617be2ca0a6fd877]::rt::lang_start_internal
[INFO] [stderr]                                at /rustc/e3feeb59cd1bdd011a2bfcc0747b55125d9b8527/library/std/src/rt.rs:171:5
[INFO] [stderr]   32:     0x59d00718c157 - std[617be2ca0a6fd877]::rt::lang_start::<()>
[INFO] [stderr]                                at /rustc/e3feeb59cd1bdd011a2bfcc0747b55125d9b8527/library/std/src/rt.rs:205:5
[INFO] [stderr]   33:     0x59d00718c8be - main
[INFO] [stderr]   34:     0x7e112d575601 - <unknown>
[INFO] [stderr]   35:     0x7e112d575718 - __libc_start_main
[INFO] [stderr]   36:     0x59d00718be25 - _start
[INFO] [stderr]   37:                0x0 - <unknown>
[INFO] [stdout] test panic_crash_is_reconstructed_exactly ... ok
[INFO] [stdout] 
[INFO] [stdout] test result: ok. 4 passed; 0 failed; 0 ignored; 0 measured; 0 filtered out; finished in 0.37s
[INFO] [stdout] 
[INFO] [stderr]      Running tests/endoduction.rs (/opt/rustwide/target/debug/build/frf-fuzz/3aa3f0e75cc0b281/out/endoduction-3aa3f0e75cc0b281)
[INFO] [stdout] 
[INFO] [stdout] running 7 tests
[INFO] [stdout] test threshold_elasticity_collapses_into_unknown ... ok
[INFO] [stdout] test stable_noise_lineage_names_nothing ... ok
[INFO] [stdout] test real_substrate_verdicts_name_the_demo_ladder_class ... ok
[INFO] [stdout] test precedent_creates_match_and_support_and_contradiction ... ok
[INFO] [stdout] test precedent_status_confirm_on_first_support ... ok
[INFO] [stdout] test roles_are_deterministic_from_schema_names ... ok
[INFO] [stdout] test replay_perturbation_does_not_change_verdicts ... ok
[INFO] [stderr]      Running tests/mutation_determinism.rs (/opt/rustwide/target/debug/build/frf-fuzz/9b83dcf6e0036f10/out/mutation_determinism-9b83dcf6e0036f10)
[INFO] [stdout] 
[INFO] [stdout] test result: ok. 7 passed; 0 failed; 0 ignored; 0 measured; 0 filtered out; finished in 0.03s
[INFO] [stdout] 
[INFO] [stdout] 
[INFO] [stdout] running 2 tests
[INFO] [stdout] test identical_digest_across_independent_process_runs ... ok
[INFO] [stdout] test digest_changes_with_coordinate_fields ... ok
[INFO] [stdout] 
[INFO] [stdout] test result: ok. 2 passed; 0 failed; 0 ignored; 0 measured; 0 filtered out; finished in 0.01s
[INFO] [stdout] 
[INFO] [stderr]      Running tests/phase4_frf_gemel.rs (/opt/rustwide/target/debug/build/frf-fuzz/acb673e83bd51f81/out/phase4_frf_gemel-acb673e83bd51f81)
[INFO] [stdout] 
[INFO] [stdout] running 8 tests
[INFO] [stdout] test revision_pairs_roundtrip_and_verify ... ok
[INFO] [stdout] test no_authority_means_derived_unverified ... ok
[INFO] [stdout] test gemel_absent_is_standalone ... ok
[INFO] [stdout] test verified_finding_publishes_evidence_and_claim_bound_to_state ... ok
[INFO] [stdout] test falsified_precedent_publishes_negative_knowledge ... ok
[INFO] [stdout] test non_reproducing_finding_is_failed_and_preserved ... ok
[INFO] [stdout] test claim_compilation_is_an_explicit_opt_in ... ok
[INFO] [stdout] test verified_finding_receives_a_real_receipt_and_is_idempotent ... ok
[INFO] [stdout] 
[INFO] [stdout] test result: ok. 8 passed; 0 failed; 0 ignored; 0 measured; 0 filtered out; finished in 7.46s
[INFO] [stdout] 
[INFO] [stderr]      Running tests/phase6_database.rs (/opt/rustwide/target/debug/build/frf-fuzz/0a9459c8ac0403ec/out/phase6_database-0a9459c8ac0403ec)
[INFO] [stdout] 
[INFO] [stdout] running 0 tests
[INFO] [stderr]      Running tests/phase8_experiment.rs (/opt/rustwide/target/debug/build/frf-fuzz/f3a0a871de232045/out/phase8_experiment-f3a0a871de232045)
[INFO] [stdout] 
[INFO] [stdout] test result: ok. 0 passed; 0 failed; 0 ignored; 0 measured; 0 filtered out; finished in 0.00s
[INFO] [stdout] 
[INFO] [stdout] 
[INFO] [stdout] running 8 tests
[INFO] [stdout] test trial_seeds_drive_reproducible_trials ... ok
[INFO] [stdout] test stats_recompute_known_values ... ok
[INFO] [stdout] test held_out_partition_prevents_leakage ... ok
[INFO] [stdout] test identical_arms_never_invent_a_difference ... ok
[INFO] [stdout] test hostile_exports_are_refused ... ok
[INFO] [stdout] test exported_series_recomputes_identical_statistics ... ok
[INFO] [stdout] test censoring_survives_export_and_recount ... ok
[INFO] [stdout] test analysis_carries_the_power_caveat ... FAILED
[INFO] [stdout] 
[INFO] [stdout] failures:
[INFO] [stdout] 
[INFO] [stdout] ---- analysis_carries_the_power_caveat stdout ----
[INFO] [stdout] 
[INFO] [stdout] thread 'analysis_carries_the_power_caveat' (1588) panicked at tests/phase8_experiment.rs:312:5:
[INFO] [stdout] assertion failed: Path::new("docs/EXPERIMENT_PROTOCOL.md").exists()
[INFO] [stdout] stack backtrace:
[INFO] [stdout]    0:     0x57e2e58d5bf1 - std[617be2ca0a6fd877]::backtrace_rs::backtrace::libunwind::trace
[INFO] [stdout]                                at /rustc/e3feeb59cd1bdd011a2bfcc0747b55125d9b8527/library/std/src/../../backtrace/src/backtrace/libunwind.rs:117:9
[INFO] [stdout]    1:     0x57e2e58d5bf1 - std[617be2ca0a6fd877]::backtrace_rs::backtrace::trace_unsynchronized::<std[617be2ca0a6fd877]::sys::backtrace::_print_fmt::{closure#1}>
[INFO] [stdout]                                at /rustc/e3feeb59cd1bdd011a2bfcc0747b55125d9b8527/library/std/src/../../backtrace/src/backtrace/mod.rs:66:14
[INFO] [stdout]    2:     0x57e2e58d5bf1 - std[617be2ca0a6fd877]::sys::backtrace::_print_fmt
[INFO] [stdout]                                at /rustc/e3feeb59cd1bdd011a2bfcc0747b55125d9b8527/library/std/src/sys/backtrace.rs:74:9
[INFO] [stdout]    3:     0x57e2e58d5bf1 - <<std[617be2ca0a6fd877]::sys::backtrace::BacktraceLock>::print::DisplayBacktrace as core[a373ad73a504971]::fmt::Display>::fmt
[INFO] [stdout]                                at /rustc/e3feeb59cd1bdd011a2bfcc0747b55125d9b8527/library/std/src/sys/backtrace.rs:44:26
[INFO] [stdout]    4:     0x57e2e58eb3ca - <core[a373ad73a504971]::fmt::rt::Argument>::fmt
[INFO] [stdout]                                at /rustc/e3feeb59cd1bdd011a2bfcc0747b55125d9b8527/library/core/src/fmt/rt.rs:152:76
[INFO] [stdout]    5:     0x57e2e58eb3ca - core[a373ad73a504971]::fmt::write
[INFO] [stdout]    6:     0x57e2e58da0dc - core[a373ad73a504971]::io::write::default_write_fmt::<alloc[2e1b2a31b91974c5]::vec::Vec<u8>>
[INFO] [stdout]                                at /rustc/e3feeb59cd1bdd011a2bfcc0747b55125d9b8527/library/core/src/io/write.rs:402:11
[INFO] [stdout]    7:     0x57e2e58da0dc - <alloc[2e1b2a31b91974c5]::vec::Vec<u8> as core[a373ad73a504971]::io::write::Write>::write_fmt
[INFO] [stdout]                                at /rustc/e3feeb59cd1bdd011a2bfcc0747b55125d9b8527/library/core/src/io/write.rs:335:13
[INFO] [stdout]    8:     0x57e2e58b0546 - <std[617be2ca0a6fd877]::sys::backtrace::BacktraceLock>::print
[INFO] [stdout]                                at /rustc/e3feeb59cd1bdd011a2bfcc0747b55125d9b8527/library/std/src/sys/backtrace.rs:47:9
[INFO] [stdout]    9:     0x57e2e58b0546 - std[617be2ca0a6fd877]::panicking::default_hook::{closure#0}
[INFO] [stdout]                                at /rustc/e3feeb59cd1bdd011a2bfcc0747b55125d9b8527/library/std/src/panicking.rs:289:27
[INFO] [stdout]   10:     0x57e2e58cd509 - std[617be2ca0a6fd877]::panicking::default_hook
[INFO] [stdout]                                at /rustc/e3feeb59cd1bdd011a2bfcc0747b55125d9b8527/library/std/src/panicking.rs:313:9
[INFO] [stdout]   11:     0x57e2e581bf10 - <alloc[2e1b2a31b91974c5]::boxed::Box<dyn for<'a, 'b> core[a373ad73a504971]::ops::function::Fn<(&'a std[617be2ca0a6fd877]::panic::PanicHookInfo<'b>,), Output = ()> + core[a373ad73a504971]::marker::Sync + core[a373ad73a504971]::marker::Send> as core[a373ad73a504971]::ops::function::Fn<(&std[617be2ca0a6fd877]::panic::PanicHookInfo,)>>::call
[INFO] [stdout]                                at /rustc/e3feeb59cd1bdd011a2bfcc0747b55125d9b8527/library/alloc/src/boxed.rs:2328:9
[INFO] [stdout]   12:     0x57e2e581bf10 - test[aada8e7e76ba119b]::test_main_inner::{closure#0}
[INFO] [stdout]                                at /rustc/e3feeb59cd1bdd011a2bfcc0747b55125d9b8527/library/test/src/lib.rs:137:21
[INFO] [stdout]   13:     0x57e2e58cd6c2 - <alloc[2e1b2a31b91974c5]::boxed::Box<dyn for<'a, 'b> core[a373ad73a504971]::ops::function::Fn<(&'a std[617be2ca0a6fd877]::panic::PanicHookInfo<'b>,), Output = ()> + core[a373ad73a504971]::marker::Sync + core[a373ad73a504971]::marker::Send> as core[a373ad73a504971]::ops::function::Fn<(&std[617be2ca0a6fd877]::panic::PanicHookInfo,)>>::call
[INFO] [stdout]                                at /rustc/e3feeb59cd1bdd011a2bfcc0747b55125d9b8527/library/alloc/src/boxed.rs:2328:9
[INFO] [stdout]   14:     0x57e2e58cd6c2 - std[617be2ca0a6fd877]::panicking::panic_with_hook
[INFO] [stdout]                                at /rustc/e3feeb59cd1bdd011a2bfcc0747b55125d9b8527/library/std/src/panicking.rs:819:13
[INFO] [stdout]   15:     0x57e2e58b0624 - std[617be2ca0a6fd877]::panicking::panic_handler::{closure#0}
[INFO] [stdout]                                at /rustc/e3feeb59cd1bdd011a2bfcc0747b55125d9b8527/library/std/src/panicking.rs:678:13
[INFO] [stdout]   16:     0x57e2e58a8ff9 - std[617be2ca0a6fd877]::sys::backtrace::__rust_end_short_backtrace::<std[617be2ca0a6fd877]::panicking::panic_handler::{closure#0}, !>
[INFO] [stdout]                                at /rustc/e3feeb59cd1bdd011a2bfcc0747b55125d9b8527/library/std/src/sys/backtrace.rs:182:18
[INFO] [stdout]   17:     0x57e2e58b12ed - __rustc[ea4f61d10b84890b]::rust_begin_unwind
[INFO] [stdout]                                at /rustc/e3feeb59cd1bdd011a2bfcc0747b55125d9b8527/library/std/src/panicking.rs:676:5
[INFO] [stdout]   18:     0x57e2e58ebb9c - core[a373ad73a504971]::panicking::panic_fmt
[INFO] [stdout]                                at /rustc/e3feeb59cd1bdd011a2bfcc0747b55125d9b8527/library/core/src/panicking.rs:80:14
[INFO] [stdout]   19:     0x57e2e58ebb62 - core[a373ad73a504971]::panicking::panic
[INFO] [stdout]                                at /rustc/e3feeb59cd1bdd011a2bfcc0747b55125d9b8527/library/core/src/panicking.rs:150:5
[INFO] [stdout]   20:     0x57e2e580a47e - phase8_experiment[721dd9f1c4b13cce]::analysis_carries_the_power_caveat
[INFO] [stdout]                                at /opt/rustwide/workdir/tests/phase8_experiment.rs:312:5
[INFO] [stdout]   21:     0x57e2e5809207 - phase8_experiment[721dd9f1c4b13cce]::analysis_carries_the_power_caveat::{closure#0}
[INFO] [stdout]                                at /opt/rustwide/workdir/tests/phase8_experiment.rs:307:39
[INFO] [stdout]   22:     0x57e2e580f246 - <phase8_experiment[721dd9f1c4b13cce]::analysis_carries_the_power_caveat::{closure#0} as core[a373ad73a504971]::ops::function::FnOnce<()>>::call_once
[INFO] [stdout]                                at /rustc/e3feeb59cd1bdd011a2bfcc0747b55125d9b8527/library/core/src/ops/function.rs:250:5
[INFO] [stdout]   23:     0x57e2e580f35b - <fn() -> core[a373ad73a504971]::result::Result<(), alloc[2e1b2a31b91974c5]::string::String> as core[a373ad73a504971]::ops::function::FnOnce<()>>::call_once
[INFO] [stdout]                                at /rustc/e3feeb59cd1bdd011a2bfcc0747b55125d9b8527/library/core/src/ops/function.rs:250:5
[INFO] [stdout]   24:     0x57e2e580f35b - test[aada8e7e76ba119b]::__rust_begin_short_backtrace::<core[a373ad73a504971]::result::Result<(), alloc[2e1b2a31b91974c5]::string::String>, fn() -> core[a373ad73a504971]::result::Result<(), alloc[2e1b2a31b91974c5]::string::String>>
[INFO] [stdout]                                at /rustc/e3feeb59cd1bdd011a2bfcc0747b55125d9b8527/library/test/src/lib.rs:701:18
[INFO] [stdout]   25:     0x57e2e581c535 - test[aada8e7e76ba119b]::run_test_in_process::{closure#0}
[INFO] [stdout]                                at /rustc/e3feeb59cd1bdd011a2bfcc0747b55125d9b8527/library/test/src/lib.rs:724:74
[INFO] [stdout]   26:     0x57e2e581c535 - <core[a373ad73a504971]::panic::unwind_safe::AssertUnwindSafe<test[aada8e7e76ba119b]::run_test_in_process::{closure#0}> as core[a373ad73a504971]::ops::function::FnOnce<()>>::call_once
[INFO] [stdout]                                at /rustc/e3feeb59cd1bdd011a2bfcc0747b55125d9b8527/library/core/src/panic/unwind_safe.rs:275:9
[INFO] [stdout]   27:     0x57e2e581c535 - std[617be2ca0a6fd877]::panicking::catch_unwind::do_call::<core[a373ad73a504971]::panic::unwind_safe::AssertUnwindSafe<test[aada8e7e76ba119b]::run_test_in_process::{closure#0}>, core[a373ad73a504971]::result::Result<(), alloc[2e1b2a31b91974c5]::string::String>>
[INFO] [stdout]                                at /rustc/e3feeb59cd1bdd011a2bfcc0747b55125d9b8527/library/std/src/panicking.rs:573:43
[INFO] [stdout]   28:     0x57e2e581c535 - std[617be2ca0a6fd877]::panicking::catch_unwind::<core[a373ad73a504971]::result::Result<(), alloc[2e1b2a31b91974c5]::string::String>, core[a373ad73a504971]::panic::unwind_safe::AssertUnwindSafe<test[aada8e7e76ba119b]::run_test_in_process::{closure#0}>>
[INFO] [stdout]                                at /rustc/e3feeb59cd1bdd011a2bfcc0747b55125d9b8527/library/std/src/panicking.rs:541:19
[INFO] [stdout]   29:     0x57e2e581c535 - std[617be2ca0a6fd877]::panic::catch_unwind::<core[a373ad73a504971]::panic::unwind_safe::AssertUnwindSafe<test[aada8e7e76ba119b]::run_test_in_process::{closure#0}>, core[a373ad73a504971]::result::Result<(), alloc[2e1b2a31b91974c5]::string::String>>
[INFO] [stdout]                                at /rustc/e3feeb59cd1bdd011a2bfcc0747b55125d9b8527/library/std/src/panic.rs:359:14
[INFO] [stdout]   30:     0x57e2e581c535 - test[aada8e7e76ba119b]::run_test_in_process
[INFO] [stdout]                                at /rustc/e3feeb59cd1bdd011a2bfcc0747b55125d9b8527/library/test/src/lib.rs:724:27
[INFO] [stdout]   31:     0x57e2e581c535 - test[aada8e7e76ba119b]::run_test::{closure#0}
[INFO] [stdout]                                at /rustc/e3feeb59cd1bdd011a2bfcc0747b55125d9b8527/library/test/src/lib.rs:645:43
[INFO] [stdout]   32:     0x57e2e5815e24 - test[aada8e7e76ba119b]::run_test::{closure#1}
[INFO] [stdout]                                at /rustc/e3feeb59cd1bdd011a2bfcc0747b55125d9b8527/library/test/src/lib.rs:675:41
[INFO] [stdout]   33:     0x57e2e5815e24 - std[617be2ca0a6fd877]::sys::backtrace::__rust_begin_short_backtrace::<test[aada8e7e76ba119b]::run_test::{closure#1}, ()>
[INFO] [stdout]                                at /rustc/e3feeb59cd1bdd011a2bfcc0747b55125d9b8527/library/std/src/sys/backtrace.rs:166:18
[INFO] [stdout]   34:     0x57e2e581f5c2 - std[617be2ca0a6fd877]::thread::lifecycle::spawn_unchecked::<test[aada8e7e76ba119b]::run_test::{closure#1}, ()>::{closure#1}::{closure#0}
[INFO] [stdout]                                at /rustc/e3feeb59cd1bdd011a2bfcc0747b55125d9b8527/library/std/src/thread/lifecycle.rs:70:13
[INFO] [stdout]   35:     0x57e2e581f5c2 - <core[a373ad73a504971]::panic::unwind_safe::AssertUnwindSafe<std[617be2ca0a6fd877]::thread::lifecycle::spawn_unchecked<test[aada8e7e76ba119b]::run_test::{closure#1}, ()>::{closure#1}::{closure#0}> as core[a373ad73a504971]::ops::function::FnOnce<()>>::call_once
[INFO] [stdout]                                at /rustc/e3feeb59cd1bdd011a2bfcc0747b55125d9b8527/library/core/src/panic/unwind_safe.rs:275:9
[INFO] [stdout]   36:     0x57e2e581f5c2 - std[617be2ca0a6fd877]::panicking::catch_unwind::do_call::<core[a373ad73a504971]::panic::unwind_safe::AssertUnwindSafe<std[617be2ca0a6fd877]::thread::lifecycle::spawn_unchecked<test[aada8e7e76ba119b]::run_test::{closure#1}, ()>::{closure#1}::{closure#0}>, ()>
[INFO] [stdout]                                at /rustc/e3feeb59cd1bdd011a2bfcc0747b55125d9b8527/library/std/src/panicking.rs:573:43
[INFO] [stdout]   37:     0x57e2e581f5c2 - std[617be2ca0a6fd877]::panicking::catch_unwind::<(), core[a373ad73a504971]::panic::unwind_safe::AssertUnwindSafe<std[617be2ca0a6fd877]::thread::lifecycle::spawn_unchecked<test[aada8e7e76ba119b]::run_test::{closure#1}, ()>::{closure#1}::{closure#0}>>
[INFO] [stdout]                                at /rustc/e3feeb59cd1bdd011a2bfcc0747b55125d9b8527/library/std/src/panicking.rs:541:19
[INFO] [stdout]   38:     0x57e2e581f5c2 - std[617be2ca0a6fd877]::panic::catch_unwind::<core[a373ad73a504971]::panic::unwind_safe::AssertUnwindSafe<std[617be2ca0a6fd877]::thread::lifecycle::spawn_unchecked<test[aada8e7e76ba119b]::run_test::{closure#1}, ()>::{closure#1}::{closure#0}>, ()>
[INFO] [stdout]                                at /rustc/e3feeb59cd1bdd011a2bfcc0747b55125d9b8527/library/std/src/panic.rs:359:14
[INFO] [stdout]   39:     0x57e2e581f5c2 - std[617be2ca0a6fd877]::thread::lifecycle::spawn_unchecked::<test[aada8e7e76ba119b]::run_test::{closure#1}, ()>::{closure#1}
[INFO] [stdout]                                at /rustc/e3feeb59cd1bdd011a2bfcc0747b55125d9b8527/library/std/src/thread/lifecycle.rs:68:26
[INFO] [stdout]   40:     0x57e2e581f5c2 - <std[617be2ca0a6fd877]::thread::lifecycle::spawn_unchecked<test[aada8e7e76ba119b]::run_test::{closure#1}, ()>::{closure#1} as core[a373ad73a504971]::ops::function::FnOnce<()>>::call_once::{shim:vtable#0}
[INFO] [stdout]                                at /rustc/e3feeb59cd1bdd011a2bfcc0747b55125d9b8527/library/core/src/ops/function.rs:250:5
[INFO] [stdout]   41:     0x57e2e58d4f0f - <alloc[2e1b2a31b91974c5]::boxed::Box<dyn core[a373ad73a504971]::ops::function::FnOnce<(), Output = ()> + core[a373ad73a504971]::marker::Send> as core[a373ad73a504971]::ops::function::FnOnce<()>>::call_once
[INFO] [stdout]                                at /rustc/e3feeb59cd1bdd011a2bfcc0747b55125d9b8527/library/alloc/src/boxed.rs:2314:9
[INFO] [stdout]   42:     0x57e2e58d4f0f - <std[617be2ca0a6fd877]::sys::thread::unix::Thread>::new::thread_start
[INFO] [stdout]                                at /rustc/e3feeb59cd1bdd011a2bfcc0747b55125d9b8527/library/std/src/sys/thread/unix.rs:127:17
[INFO] [stdout]   43:     0x76d314370dfa - <unknown>
[INFO] [stdout]   44:     0x76d3144043d4 - clone
[INFO] [stdout]   45:                0x0 - <unknown>
[INFO] [stdout] 
[INFO] [stdout] 
[INFO] [stdout] failures:
[INFO] [stdout]     analysis_carries_the_power_caveat
[INFO] [stdout] 
[INFO] [stdout] test result: FAILED. 7 passed; 1 failed; 0 ignored; 0 measured; 0 filtered out; finished in 0.24s
[INFO] [stdout] 
[INFO] [stderr] error: test failed, to rerun pass `--test phase8_experiment`
[INFO] running `Command { std: "docker" "inspect" "f8b7376a60c0a729257021d07847652c4cd81dc06c35a0f5d049239bf8427840", kill_on_drop: false }`
[INFO] running `Command { std: "docker" "rm" "-f" "f8b7376a60c0a729257021d07847652c4cd81dc06c35a0f5d049239bf8427840", kill_on_drop: false }`
[INFO] [stdout] f8b7376a60c0a729257021d07847652c4cd81dc06c35a0f5d049239bf8427840
