[INFO] fetching crate forge-guard 0.3.6...
[INFO] testing forge-guard-0.3.6 against 1.100.0-beta.1 for beta-1.100-2
[INFO] extracting crate forge-guard 0.3.6 into /workspace/builds/worker-4-tc2/source
[INFO] started tweaking crates.io crate forge-guard 0.3.6
[INFO] removed 0 missing tests
[INFO] finished tweaking crates.io crate forge-guard 0.3.6
[INFO] tweaked toml for crates.io crate forge-guard 0.3.6 written to /workspace/builds/worker-4-tc2/source/Cargo.toml
[INFO] validating manifest of crates.io crate forge-guard 0.3.6 on toolchain 1.100.0-beta.1
[INFO] running `Command { std: CARGO_HOME="/workspace/cargo-home" RUSTUP_HOME="/workspace/rustup-home" "/workspace/cargo-home/bin/cargo" "+1.100.0-beta.1" "metadata" "--manifest-path" "Cargo.toml" "--no-deps", kill_on_drop: false }`
[INFO] crate crates.io crate forge-guard 0.3.6 already has a lockfile, it will not be regenerated
[INFO] running `Command { std: CARGO_HOME="/workspace/cargo-home" RUSTUP_HOME="/workspace/rustup-home" "/workspace/cargo-home/bin/cargo" "+1.100.0-beta.1" "fetch" "--manifest-path" "Cargo.toml", kill_on_drop: false }`
[INFO] [stderr] warning: `package.homepage` is redundant with `package.repository`
[INFO] [stderr]    --> Cargo.toml:98:12
[INFO] [stderr]     |
[INFO] [stderr]  98 | homepage = "https://github.com/codetibo/forge-guard"
[INFO] [stderr]     |            ^^^^^^^^^^^^^^^^^^^^^^^^^^^^^^^^^^^^^^^^^
[INFO] [stderr] ...
[INFO] [stderr] 103 | repository = "https://github.com/codetibo/forge-guard"
[INFO] [stderr]     |              -----------------------------------------
[INFO] [stderr]     |
[INFO] [stderr]     = note: `cargo::redundant_homepage` is set to `warn` by default
[INFO] [stderr] help: consider removing `package.homepage`
[INFO] [stderr] warning: `forge-guard` (manifest) generated 1 warning
[INFO] running `Command { std: "docker" "create" "-v" "/var/lib/crater-agent-workspace/builds/worker-4-tc2/source:/opt/rustwide/workdir:ro,Z" "-v" "/var/lib/crater-agent-workspace/builds/worker-4-tc2/target:/opt/rustwide/target:rw,Z" "-v" "/var/lib/crater-agent-workspace/cargo-home:/opt/rustwide/cargo-home:ro,Z" "-v" "/var/lib/crater-agent-workspace/rustup-home:/opt/rustwide/rustup-home:ro,Z" "-m" "1610612736" "--network" "none" "ghcr.io/rust-lang/crates-build-env/linux@sha256:3111399a4047eeb3a02b7a90e478d715f38a8c6669b5c4b49d30a17385265909" "sleep" "infinity", kill_on_drop: false }`
[INFO] [stdout] 665083507bec885d2257fe988724e6144fb2500920fe907bf7caf01a8380ec76
[INFO] running `Command { std: "docker" "start" "665083507bec885d2257fe988724e6144fb2500920fe907bf7caf01a8380ec76", kill_on_drop: false }`
[INFO] running `Command { std: "docker" "inspect" "665083507bec885d2257fe988724e6144fb2500920fe907bf7caf01a8380ec76", kill_on_drop: false }`
[INFO] running `Command { std: "docker" "exec" "-e" "SOURCE_DIR=/opt/rustwide/workdir" "-e" "CARGO_HOME=/opt/rustwide/cargo-home" "-e" "RUSTUP_HOME=/opt/rustwide/rustup-home" "-e" "CARGO_TARGET_DIR=/opt/rustwide/target" "-w" "/opt/rustwide/workdir" "--user" "0:0" "665083507bec885d2257fe988724e6144fb2500920fe907bf7caf01a8380ec76" "/opt/rustwide/cargo-home/bin/cargo" "+1.100.0-beta.1" "metadata" "--no-deps" "--format-version=1", kill_on_drop: false }`
[INFO] running `Command { std: "docker" "inspect" "665083507bec885d2257fe988724e6144fb2500920fe907bf7caf01a8380ec76", kill_on_drop: false }`
[INFO] running `Command { std: "docker" "exec" "-e" "SOURCE_DIR=/opt/rustwide/workdir" "-e" "CARGO_HOME=/opt/rustwide/cargo-home" "-e" "RUSTUP_HOME=/opt/rustwide/rustup-home" "-e" "CARGO_TARGET_DIR=/opt/rustwide/target" "-e" "CARGO_INCREMENTAL=0" "-e" "RUST_BACKTRACE=full" "-e" "RUSTFLAGS=--cap-lints=warn" "-e" "RUSTDOCFLAGS=--cap-lints=warn" "-w" "/opt/rustwide/workdir" "--user" "0:0" "665083507bec885d2257fe988724e6144fb2500920fe907bf7caf01a8380ec76" "/opt/rustwide/cargo-home/bin/cargo" "+1.100.0-beta.1" "build" "--frozen" "--message-format=json", kill_on_drop: false }`
[INFO] [stderr] warning: `package.homepage` is redundant with `package.repository`
[INFO] [stderr]    --> Cargo.toml:98:12
[INFO] [stderr]     |
[INFO] [stderr]  98 | homepage = "https://github.com/codetibo/forge-guard"
[INFO] [stderr]     |            ^^^^^^^^^^^^^^^^^^^^^^^^^^^^^^^^^^^^^^^^^
[INFO] [stderr] ...
[INFO] [stderr] 103 | repository = "https://github.com/codetibo/forge-guard"
[INFO] [stderr]     |              -----------------------------------------
[INFO] [stderr]     |
[INFO] [stderr]     = note: `cargo::redundant_homepage` is set to `warn` by default
[INFO] [stderr] help: consider removing `package.homepage`
[INFO] [stderr] warning: `forge-guard` (manifest) generated 1 warning
[INFO] [stderr]    Compiling syn v3.0.3
[INFO] [stderr]    Compiling syn v2.0.119
[INFO] [stderr]    Compiling log v0.4.33
[INFO] [stderr]    Compiling serde_core v1.0.229
[INFO] [stderr]    Compiling futures-core v0.3.34
[INFO] [stderr]    Compiling typenum v1.20.1
[INFO] [stderr]    Compiling cc v1.4.3
[INFO] [stderr]    Compiling http v1.5.0
[INFO] [stderr]    Compiling siphasher v1.0.3
[INFO] [stderr]    Compiling futures-sink v0.3.34
[INFO] [stderr]    Compiling parking_lot_core v0.9.12
[INFO] [stderr]    Compiling mio v1.2.2
[INFO] [stderr]    Compiling socket2 v0.6.5
[INFO] [stderr]    Compiling litemap v0.8.3
[INFO] [stderr]    Compiling writeable v0.6.4
[INFO] [stderr]    Compiling crossbeam-utils v0.8.22
[INFO] [stderr]    Compiling ppv-lite86 v0.2.21
[INFO] [stderr]    Compiling futures-io v0.3.34
[INFO] [stderr]    Compiling phf_shared v0.11.3
[INFO] [stderr]    Compiling icu_properties_data v2.3.0
[INFO] [stderr]    Compiling parking_lot v0.12.5
[INFO] [stderr]    Compiling regex-syntax v0.8.11
[INFO] [stderr]    Compiling icu_normalizer_data v2.3.0
[INFO] [stderr]    Compiling rand_core v0.6.4
[INFO] [stderr]    Compiling futures-task v0.3.34
[INFO] [stderr]    Compiling serde v1.0.229
[INFO] [stderr]    Compiling tracing v0.1.44
[INFO] [stderr]    Compiling rand v0.8.7
[INFO] [stderr]    Compiling futures-util v0.3.34
[INFO] [stderr]    Compiling rustls-pki-types v1.15.1
[INFO] [stderr]    Compiling aho-corasick v1.1.5
[INFO] [stderr]    Compiling phf v0.11.3
[INFO] [stderr]    Compiling sync_wrapper v1.0.2
[INFO] [stderr]    Compiling futures-channel v0.3.34
[INFO] [stderr]    Compiling crossbeam-epoch v0.9.20
[INFO] [stderr]    Compiling rustls v0.23.43
[INFO] [stderr]    Compiling http-body v1.1.0
[INFO] [stderr]    Compiling serde_json v1.0.151
[INFO] [stderr]    Compiling signal-hook v0.3.18
[INFO] [stderr]    Compiling pest v2.9.0
[INFO] [stderr]    Compiling generic-array v0.14.7
[INFO] [stderr]    Compiling hybrid-array v0.4.14
[INFO] [stderr]    Compiling rand_chacha v0.9.0
[INFO] [stderr]    Compiling bstr v1.13.1
[INFO] [stderr]    Compiling crossbeam-deque v0.8.7
[INFO] [stderr]    Compiling ipnet v2.12.1
[INFO] [stderr]    Compiling phf_generator v0.11.3
[INFO] [stderr]    Compiling phf_codegen v0.11.3
[INFO] [stderr]    Compiling pkg-config v0.3.34
[INFO] [stderr]    Compiling libm v0.2.16
[INFO] [stderr]    Compiling rand v0.9.5
[INFO] [stderr]    Compiling crypto-common v0.1.7
[INFO] [stderr]    Compiling block-buffer v0.10.4
[INFO] [stderr]    Compiling http-body-util v0.1.5
[INFO] [stderr]    Compiling digest v0.10.7
[INFO] [stderr]    Compiling sha1 v0.10.7
[INFO] [stderr]    Compiling os_pipe v1.2.3
[INFO] [stderr]    Compiling foldhash v0.2.0
[INFO] [stderr]    Compiling rustix v1.1.4
[INFO] [stderr]    Compiling data-encoding v2.11.1
[INFO] [stderr]    Compiling sigchld v0.2.4
[INFO] [stderr]    Compiling hashbrown v0.17.1
[INFO] [stderr]    Compiling ring v0.17.14
[INFO] [stderr]    Compiling rand_chacha v0.3.1
[INFO] [stderr]    Compiling crypto-common v0.2.2
[INFO] [stderr]    Compiling regex-automata v0.4.18
[INFO] [stderr]    Compiling libsqlite3-sys v0.38.2
[INFO] [stderr]    Compiling block-buffer v0.12.1
[INFO] [stderr]    Compiling webpki-roots v1.0.9
[INFO] [stderr]    Compiling deunicode v1.6.2
[INFO] [stderr]    Compiling winnow v1.0.4
[INFO] [stderr]    Compiling const-oid v0.10.2
[INFO] [stderr]    Compiling axum-core v0.5.6
[INFO] [stderr]    Compiling pest_meta v2.9.0
[INFO] [stderr]    Compiling toml_parser v1.1.3+spec-1.1.0
[INFO] [stderr]    Compiling synstructure v0.13.2
[INFO] [stderr]    Compiling regex v1.13.1
[INFO] [stderr]    Compiling pest_generator v2.9.0
[INFO] [stderr]    Compiling humansize v2.1.3
[INFO] [stderr]    Compiling digest v0.11.3
[INFO] [stderr]    Compiling toml_datetime v1.1.1+spec-1.1.0
[INFO] [stderr]    Compiling parse-zoneinfo v0.3.1
[INFO] [stderr]    Compiling serde_spanned v1.1.1
[INFO] [stderr]    Compiling serde_path_to_error v0.1.20
[INFO] [stderr]    Compiling clap_builder v4.6.6
[INFO] [stderr]    Compiling slug v0.1.6
[INFO] [stderr]    Compiling hashlink v0.12.1
[INFO] [stderr]    Compiling shared_child v1.1.1
[INFO] [stderr]    Compiling zerofrom-derive v0.1.7
[INFO] [stderr]    Compiling yoke-derive v0.8.2
[INFO] [stderr]    Compiling chrono-tz-build v0.3.0
[INFO] [stderr]    Compiling rayon-core v1.13.0
[INFO] [stderr]    Compiling either v1.17.0
[INFO] [stderr]    Compiling shared_thread v0.2.0
[INFO] [stderr]    Compiling cpufeatures v0.3.0
[INFO] [stderr]    Compiling toml_writer v1.1.2+spec-1.1.0
[INFO] [stderr]    Compiling globset v0.4.20
[INFO] [stderr]    Compiling toml v1.1.4+spec-1.1.0
[INFO] [stderr]    Compiling chrono-tz v0.9.0
[INFO] [stderr]    Compiling rayon v1.12.0
[INFO] [stderr]    Compiling sha2 v0.11.0
[INFO] [stderr]    Compiling pest_derive v2.9.0
[INFO] [stderr]    Compiling zerofrom v0.1.8
[INFO] [stderr]    Compiling duct v1.1.1
[INFO] [stderr]    Compiling terminal_size v0.4.4
[INFO] [stderr]    Compiling colored v3.1.1
[INFO] [stderr]    Compiling yoke v0.8.3
[INFO] [stderr]    Compiling ignore v0.4.33
[INFO] [stderr]    Compiling zerovec-derive v0.11.4
[INFO] [stderr]    Compiling displaydoc v0.2.7
[INFO] [stderr]    Compiling tokio-macros v2.7.2
[INFO] [stderr]    Compiling serde_derive v1.0.229
[INFO] [stderr]    Compiling thiserror-impl v2.0.20
[INFO] [stderr]    Compiling clap_derive v4.6.4
[INFO] [stderr]    Compiling zerotrie v0.2.5
[INFO] [stderr]    Compiling tokio v1.53.1
[INFO] [stderr]    Compiling globwalk v0.9.1
[INFO] [stderr]    Compiling zerovec v0.11.7
[INFO] [stderr]    Compiling thiserror v2.0.20
[INFO] [stderr]    Compiling tungstenite v0.29.0
[INFO] [stderr]    Compiling rustls-webpki v0.103.14
[INFO] [stderr]    Compiling clap v4.6.6
[INFO] [stderr]    Compiling tinystr v0.8.4
[INFO] [stderr]    Compiling potential_utf v0.1.6
[INFO] [stderr]    Compiling icu_collections v2.3.0
[INFO] [stderr]    Compiling icu_locale_core v2.3.0
[INFO] [stderr]    Compiling icu_provider v2.3.0
[INFO] [stderr]    Compiling serde_urlencoded v0.7.1
[INFO] [stderr]    Compiling chrono v0.4.45
[INFO] [stderr]    Compiling icu_normalizer v2.3.0
[INFO] [stderr]    Compiling icu_properties v2.3.0
[INFO] [stderr]    Compiling idna_adapter v1.2.2
[INFO] [stderr]    Compiling idna v1.1.0
[INFO] [stderr]    Compiling url v2.5.8
[INFO] [stderr]    Compiling hyper v1.11.0
[INFO] [stderr]    Compiling tower v0.5.3
[INFO] [stderr]    Compiling tokio-tungstenite v0.29.0
[INFO] [stderr]    Compiling tower-http v0.6.11
[INFO] [stderr]    Compiling hyper-util v0.1.20
[INFO] [stderr]    Compiling tokio-rustls v0.26.4
[INFO] [stderr]    Compiling tera v1.20.1
[INFO] [stderr]    Compiling rusqlite v0.40.2
[INFO] [stderr]    Compiling hyper-rustls v0.27.9
[INFO] [stderr]    Compiling axum v0.8.9
[INFO] [stderr]    Compiling reqwest v0.12.28
[INFO] [stderr]    Compiling forge-guard v0.3.6 (/opt/rustwide/workdir)
[INFO] [stderr]     Finished `dev` profile [unoptimized + debuginfo] target(s) in 1m 34s
[INFO] running `Command { std: "docker" "inspect" "665083507bec885d2257fe988724e6144fb2500920fe907bf7caf01a8380ec76", kill_on_drop: false }`
[INFO] running `Command { std: "docker" "exec" "-e" "SOURCE_DIR=/opt/rustwide/workdir" "-e" "CARGO_HOME=/opt/rustwide/cargo-home" "-e" "RUSTUP_HOME=/opt/rustwide/rustup-home" "-e" "CARGO_TARGET_DIR=/opt/rustwide/target" "-e" "CARGO_INCREMENTAL=0" "-e" "RUST_BACKTRACE=full" "-e" "RUSTFLAGS=--cap-lints=warn" "-e" "RUSTDOCFLAGS=--cap-lints=warn" "-w" "/opt/rustwide/workdir" "--user" "0:0" "665083507bec885d2257fe988724e6144fb2500920fe907bf7caf01a8380ec76" "/opt/rustwide/cargo-home/bin/cargo" "+1.100.0-beta.1" "test" "--frozen" "--no-run" "--message-format=json", kill_on_drop: false }`
[INFO] [stderr] warning: `package.homepage` is redundant with `package.repository`
[INFO] [stderr]    --> Cargo.toml:98:12
[INFO] [stderr]     |
[INFO] [stderr]  98 | homepage = "https://github.com/codetibo/forge-guard"
[INFO] [stderr]     |            ^^^^^^^^^^^^^^^^^^^^^^^^^^^^^^^^^^^^^^^^^
[INFO] [stderr] ...
[INFO] [stderr] 103 | repository = "https://github.com/codetibo/forge-guard"
[INFO] [stderr]     |              -----------------------------------------
[INFO] [stderr]     |
[INFO] [stderr]     = note: `cargo::redundant_homepage` is set to `warn` by default
[INFO] [stderr] help: consider removing `package.homepage`
[INFO] [stderr] warning: `forge-guard` (manifest) generated 1 warning
[INFO] [stderr]    Compiling rustix v1.1.4
[INFO] [stderr]    Compiling terminal_size v0.4.4
[INFO] [stderr]    Compiling tempfile v3.27.0
[INFO] [stderr]    Compiling forge-guard v0.3.6 (/opt/rustwide/workdir)
[INFO] [stdout] warning: value assigned to `leftover` is never read
[INFO] [stdout]     --> tests/cli_tests.rs:2907:24
[INFO] [stdout]      |
[INFO] [stdout] 2907 |     let mut leftover = 0usize;
[INFO] [stdout]      |                        ^^^^^^ this value is reassigned later and never used
[INFO] [stdout] ...
[INFO] [stdout] 2916 |             leftover = pos + 4;
[INFO] [stdout]      |             ------------------ `leftover` is overwritten here before the previous value is read
[INFO] [stdout]      |
[INFO] [stdout]      = note: `#[warn(unused_assignments)]` (part of `#[warn(unused)]`) on by default
[INFO] [stdout] 
[INFO] [stdout] 
[INFO] [stderr]     Finished `test` profile [unoptimized + debuginfo] target(s) in 28.27s
[INFO] running `Command { std: "docker" "inspect" "665083507bec885d2257fe988724e6144fb2500920fe907bf7caf01a8380ec76", kill_on_drop: false }`
[INFO] running `Command { std: "docker" "exec" "-e" "SOURCE_DIR=/opt/rustwide/workdir" "-e" "CARGO_HOME=/opt/rustwide/cargo-home" "-e" "RUSTUP_HOME=/opt/rustwide/rustup-home" "-e" "CARGO_TARGET_DIR=/opt/rustwide/target" "-e" "CARGO_INCREMENTAL=0" "-e" "RUST_BACKTRACE=full" "-e" "RUSTFLAGS=--cap-lints=warn" "-e" "RUSTDOCFLAGS=--cap-lints=warn" "-w" "/opt/rustwide/workdir" "--user" "0:0" "665083507bec885d2257fe988724e6144fb2500920fe907bf7caf01a8380ec76" "/opt/rustwide/cargo-home/bin/cargo" "+1.100.0-beta.1" "test" "--frozen", kill_on_drop: false }`
[INFO] [stderr] warning: `package.homepage` is redundant with `package.repository`
[INFO] [stderr]    --> Cargo.toml:98:12
[INFO] [stderr]     |
[INFO] [stderr]  98 | homepage = "https://github.com/codetibo/forge-guard"
[INFO] [stderr]     |            ^^^^^^^^^^^^^^^^^^^^^^^^^^^^^^^^^^^^^^^^^
[INFO] [stderr] ...
[INFO] [stderr] 103 | repository = "https://github.com/codetibo/forge-guard"
[INFO] [stderr]     |              -----------------------------------------
[INFO] [stderr]     |
[INFO] [stderr]     = note: `cargo::redundant_homepage` is set to `warn` by default
[INFO] [stderr] help: consider removing `package.homepage`
[INFO] [stderr] warning: `forge-guard` (manifest) generated 1 warning
[INFO] [stderr] warning: value assigned to `leftover` is never read
[INFO] [stderr]     --> tests/cli_tests.rs:2907:24
[INFO] [stderr]      |
[INFO] [stderr] 2907 |     let mut leftover = 0usize;
[INFO] [stderr]      |                        ^^^^^^ this value is reassigned later and never used
[INFO] [stderr] ...
[INFO] [stderr] 2916 |             leftover = pos + 4;
[INFO] [stderr]      |             ------------------ `leftover` is overwritten here before the previous value is read
[INFO] [stderr]      |
[INFO] [stderr]      = note: `#[warn(unused_assignments)]` (part of `#[warn(unused)]`) on by default
[INFO] [stderr] 
[INFO] [stderr] warning: `forge-guard` (test "cli_tests") generated 1 warning
[INFO] [stderr]     Finished `test` profile [unoptimized + debuginfo] target(s) in 0.46s
[INFO] [stderr]      Running unittests src/lib.rs (/opt/rustwide/target/debug/build/forge-guard/169950df6c80591c/out/forge_guard-169950df6c80591c)
[INFO] [stdout] 
[INFO] [stdout] running 527 tests
[INFO] [stdout] test ai::consensus::tests::test_consensus_report_structure ... ok
[INFO] [stdout] test ai::auditors::tests::test_parse_empty_findings ... ok
[INFO] [stdout] test ai::consensus::tests::test_empty_engine ... ok
[INFO] [stdout] test ai::auditors::tests::test_extract_compiler_version_none ... ok
[INFO] [stdout] test ai::auditors::tests::test_parse_strips_markdown_fences ... ok
[INFO] [stdout] test ai::auditors::tests::test_parse_severity_mapping ... ok
[INFO] [stdout] test ai::auditors::tests::test_parse_multiple_findings ... ok
[INFO] [stdout] test ai::auditors::tests::test_parse_invalid_json ... ok
[INFO] [stdout] test ai::auditors::tests::test_chunk_source_small ... ok
[INFO] [stdout] test ai::consensus::tests::test_different_issues ... ok
[INFO] [stdout] test ai::auditors::tests::test_parse_single_finding ... ok
[INFO] [stdout] test ai::consensus::tests::test_tokenize ... ok
[INFO] [stdout] test ai::auditors::tests::test_parse_missing_findings_key ... ok
[INFO] [stdout] test ai::consensus::tests::test_deduplicate_and_boost ... ok
[INFO] [stdout] test ai::consensus::tests::test_filter_low_confidence ... ok
[INFO] [stdout] test ai::providers::tests::test_create_provider_ollama ... ok
[INFO] [stdout] test ai::providers::tests::test_create_provider_unknown ... ok
[INFO] [stdout] test ai::auditors::tests::test_chunk_source_splits_on_contract ... ok
[INFO] [stdout] test ai::providers::tests::test_claude_call_without_key ... ok
[INFO] [stdout] test ai::providers::tests::test_create_provider_claude ... ok
[INFO] [stdout] test ai::providers::tests::test_openai_call_without_key ... ok
[INFO] [stdout] test ai::providers::tests::test_claude_provider_creation ... ok
[INFO] [stdout] test ai::providers::tests::test_create_provider_openai ... ok
[INFO] [stdout] test ai::providers::tests::test_ollama_provider_creation ... ok
[INFO] [stdout] test ai::auditors::tests::test_extract_compiler_version ... ok
[INFO] [stdout] test ci::tests::test_ci_generator_azure ... ok
[INFO] [stdout] test ci::tests::test_ci_generator_azure_with_deploy ... ok
[INFO] [stdout] test ai::consensus::tests::test_no_deduplication_when_different_titles ... ok
[INFO] [stdout] test ci::tests::test_ci_generator_bitbucket ... ok
[INFO] [stdout] test ci::tests::test_ci_generator_bitbucket_with_deploy ... ok
[INFO] [stdout] test ci::tests::test_ci_generator_filenames ... ok
[INFO] [stdout] test ci::tests::test_ci_generator_case_insensitivity ... ok
[INFO] [stdout] test ai::consensus::tests::test_same_issue_identical ... ok
[INFO] [stdout] test ci::tests::test_ci_generator_github_with_deploy ... ok
[INFO] [stdout] test ci::tests::test_ci_generator_github ... ok
[INFO] [stdout] test ci::tests::test_ci_generator_github_contains_all_sections ... ok
[INFO] [stdout] test ai::providers::tests::test_openai_provider_creation ... ok
[INFO] [stdout] test ci::tests::test_ci_generator_gitlab ... ok
[INFO] [stdout] test ci::tests::test_ci_generator_platform_identity ... ok
[INFO] [stdout] test chains::tests::test_chain_name_display ... ok
[INFO] [stdout] test ci::tests::test_ci_generator_unsupported_error_message ... ok
[INFO] [stdout] test ci::tests::test_ci_generator_sbom_workflow_schedule_trigger ... ok
[INFO] [stdout] test ci::tests::test_ci_generator_gitlab_without_deploy_no_deploy_section ... ok
[INFO] [stdout] test ai::consensus::tests::test_same_issue_similar ... ok
[INFO] [stdout] test chains::tests::test_evm_chains ... ok
[INFO] [stdout] test chains::tests::test_get_by_chain_id ... ok
[INFO] [stdout] test ci::tests::test_ci_generator_invalid_platform ... ok
[INFO] [stdout] test chains::tests::test_register_custom_chain ... ok
[INFO] [stdout] test chains::tests::test_get_chain_by_name ... ok
[INFO] [stdout] test chains::tests::test_get_chain_not_found ... ok
[INFO] [stdout] test ci::tests::test_ci_generator_sbom_workflow ... ok
[INFO] [stdout] test cli::audit::tests::test_average_scores_empty_is_perfect ... ok
[INFO] [stdout] test cli::audit::tests::test_average_scores_rounds_down ... ok
[INFO] [stdout] test cli::audit::tests::test_build_summary_empty ... ok
[INFO] [stdout] test chains::tests::test_registry_default ... ok
[INFO] [stdout] test ci::vscode::tests::test_settings_contains_validation_rules ... ok
[INFO] [stdout] test ci::vscode::tests::test_settings_has_audit_on_save ... ok
[INFO] [stdout] test cli::audit::tests::test_average_scores_averages_each_category ... ok
[INFO] [stdout] test ci::vscode::tests::test_settings_omits_unknown_compiler_version ... ok
[INFO] [stdout] test ci::vscode::tests::test_extensions_recommendations ... ok
[INFO] [stdout] test ci::tests::test_ci_generator_output_not_empty_for_all ... ok
[INFO] [stdout] test cli::audit::tests::test_calculate_overall_perfect ... ok
[INFO] [stdout] test cli::audit::tests::test_calculate_overall_with_focus_areas ... ok
[INFO] [stdout] test cli::audit::tests::test_determine_risk_level_by_score ... ok
[INFO] [stdout] test cli::audit::tests::test_determine_risk_level_critical_from_findings ... ok
[INFO] [stdout] test cli::audit::tests::test_determine_risk_level_critical_override_is_stronger ... ok
[INFO] [stdout] test cli::audit::tests::test_determine_risk_level_high_from_findings ... ok
[INFO] [stdout] test ci::vscode::tests::test_tasks_has_audit_task_with_matchers ... ok
[INFO] [stdout] test cli::audit::tests::test_has_blocking_findings_true ... ok
[INFO] [stdout] test cli::audit::tests::test_has_blocking_findings_empty ... ok
[INFO] [stdout] test cli::audit::tests::test_has_blocking_findings_false ... ok
[INFO] [stdout] test cli::audit::tests::test_severity_counts ... ok
[INFO] [stdout] test cli::benchmark::tests::test_benchmark_module_specified ... ok
[INFO] [stdout] test cli::audit::tests::test_calculate_overall_low_scores ... ok
[INFO] [stdout] test cli::audit::tests::test_calculate_overall_mixed ... ok
[INFO] [stdout] test cli::audit::tests::test_build_summary_with_findings ... ok
[INFO] [stdout] test cli::chain::tests::test_chain_action_dispatch_info ... ok
[INFO] [stdout] test cli::benchmark::tests::test_benchmark_module_unknown_returns_error ... ok
[INFO] [stdout] test cli::chain::tests::test_chain_action_dispatch_list ... ok
[INFO] [stdout] test cli::audit::tests::test_template_min_scores_unknown_category_passes ... ok
[INFO] [stdout] test cli::chain::tests::test_chain_action_dispatch_none ... ok
[INFO] [stdout] test cli::audit::tests::test_template_min_scores_met ... ok
[INFO] [stdout] test cli::chain::tests::test_list_chains_does_not_panic ... ok
[INFO] [stdout] test cli::chain::tests::test_remove_chain_basic ... ok
[INFO] [stdout] test cli::chain::tests::test_add_chain_with_rpc_and_id ... ok
[INFO] [stdout] test cli::chain::tests::test_chain_action_dispatch_remove ... ok
[INFO] [stdout] test cli::chain::tests::test_chain_action_dispatch_test ... ok
[INFO] [stdout] test cli::chain::tests::test_add_chain_basic ... ok
[INFO] [stdout] test cli::chain::tests::test_chain_action_dispatch_add ... ok
[INFO] [stdout] test cli::benchmark::tests::test_benchmark_arg_defaults ... ok
[INFO] [stdout] test cli::ci::tests::test_ci_arg_defaults ... ok
[INFO] [stdout] test cli::ci::tests::test_ci_generator_gitlab_filename ... ok
[INFO] [stdout] test cli::chain::tests::test_show_chain_info_unknown ... ok
[INFO] [stdout] test cli::chain::tests::test_test_chain_without_rpc ... ok
[INFO] [stdout] test cli::ci::tests::test_ci_generator_can_create_instances ... ok
[INFO] [stdout] test cli::deploy::tests::test_extract_deployed_address_case_insensitive_hex ... ok
[INFO] [stdout] test cli::deploy::tests::test_extract_deployed_address_empty ... ok
[INFO] [stdout] test cli::deploy::tests::test_extract_deployed_address_from_forge_output ... ok
[INFO] [stdout] test cli::audit::tests::test_finding_chain_label ... ok
[INFO] [stdout] test cli::chain::tests::test_test_chain_with_rpc ... ok
[INFO] [stdout] test cli::ci::tests::test_ci_generator_unsupported_platform_errs ... ok
[INFO] [stdout] test cli::chain::tests::test_show_chain_info_ethereum ... ok
[INFO] [stdout] test cli::doctor::tests::test_doctor_with_fix_and_verbose ... ok
[INFO] [stdout] test cli::fuzz::tests::test_fuzz_arg_defaults ... ok
[INFO] [stdout] test cli::fuzz::tests::test_fuzz_with_all_options ... ok
[INFO] [stdout] test cli::gas::tests::test_gas_arg_defaults ... ok
[INFO] [stdout] test cli::deploy::tests::test_extract_deployed_address_multiline_stdout ... ok
[INFO] [stdout] test cli::deploy::tests::test_extract_deployed_address_no_match ... ok
[INFO] [stdout] test cli::doctor::tests::test_doctor_with_json_output ... ok
[INFO] [stdout] test cli::deploy_safe::tests::test_deploy_safe_arg_defaults ... ok
[INFO] [stdout] test cli::deploy_safe::tests::test_deploy_safe_default_output_format_is_terminal ... ok
[INFO] [stdout] test cli::install_hook::tests::test_hook_script_blocked_flag_exit_code ... ok
[INFO] [stdout] test cli::install_hook::tests::test_hook_script_filters_sol_files ... ok
[INFO] [stdout] test cli::install_hook::tests::test_hook_script_space_safe_loop ... ok
[INFO] [stdout] test cli::install_hook::tests::test_hook_script_contains_bypass ... ok
[INFO] [stdout] test cli::deploy_safe::tests::test_deploy_safe_with_contract ... ok
[INFO] [stdout] test cli::deploy::tests::test_extract_deployed_address_from_json ... ok
[INFO] [stdout] test cli::install_hook::tests::test_hook_script_audits_staged_file_only ... ok
[INFO] [stdout] test cli::doctor::tests::test_doctor_arg_defaults ... ok
[INFO] [stdout] test cli::gas::tests::test_gas_with_contract_and_threshold ... ok
[INFO] [stdout] test cli::install_hook::tests::test_uninstall_hook_removes_file ... ok
[INFO] [stdout] test cli::install_hook::tests::test_install_hook_executable ... ok
[INFO] [stdout] test cli::deploy::tests::test_extract_deployed_address_from_json_address_field ... ok
[INFO] [stdout] test cli::fuzz::tests::test_fuzz_seed_display ... ok
[INFO] [stdout] test cli::install_hook::tests::test_install_hook_with_force_overwrites ... ok
[INFO] [stdout] test cli::fuzz::tests::test_fuzz_contract_display ... ok
[INFO] [stdout] test ai::auditors::tests::test_provider_call_error ... ok
[INFO] [stdout] test cli::invariant::tests::test_invariant_arg_defaults ... ok
[INFO] [stdout] test cli::install_hook::tests::test_install_hook_creates_file ... ok
[INFO] [stdout] test ai::providers::tests::test_ollama_call_no_server ... ok
[INFO] [stdout] test cli::invariant::tests::test_invariant_with_custom_config ... ok
[INFO] [stdout] test cli::invariant::tests::test_invariant_contract_display_default ... ok
[INFO] [stdout] test cli::plugins::tests::test_create_plugin_scaffold_creates_files ... ok
[INFO] [stdout] test cli::plugins::tests::test_install_plugin_dir_does_not_exist_initially ... ok
[INFO] [stdout] test cli::plugins::tests::test_plugin_action_enable ... ok
[INFO] [stdout] test cli::plugins::tests::test_plugin_action_remove ... ok
[INFO] [stdout] test cli::plugins::tests::test_plugin_action_new ... ok
[INFO] [stdout] test cli::plugins::tests::test_plugin_enable_and_disable_roundtrip ... ok
[INFO] [stdout] test cli::plugins::tests::test_plugin_action_install ... ok
[INFO] [stdout] test cli::plugins::tests::test_plugin_enable_nonexistent_returns_false ... ok
[INFO] [stdout] test cli::plugins::tests::test_list_plugins_empty_registry ... ok
[INFO] [stdout] test cli::plugins::tests::test_plugin_action_install_with_source ... ok
[INFO] [stdout] test cli::plugins::tests::test_plugin_action_disable ... ok
[INFO] [stdout] test cli::plugins::tests::test_scaffold_name_conversion ... ok
[INFO] [stdout] test cli::plugins::tests::test_scaffold_name_conversion_single_word ... ok
[INFO] [stdout] test cli::plugins::tests::test_plugin_action_list ... ok
[INFO] [stdout] test cli::report::tests::test_report_arg_defaults ... ok
[INFO] [stdout] test cli::plugins::tests::test_list_plugins_with_builtins ... ok
[INFO] [stdout] test cli::sbom::tests::test_discover_project_name_fallback_to_unknown ... ok
[INFO] [stdout] test cli::plugins::tests::test_remove_nonexistent_bails ... ok
[INFO] [stdout] test cli::report::tests::test_report_html_format ... ok
[INFO] [stdout] test cli::report::tests::test_report_unsupported_format ... ok
[INFO] [stdout] test cli::report::tests::test_report_with_json_format ... ok
[INFO] [stdout] test cli::plugins::tests::test_plugins_arg_defaults ... ok
[INFO] [stdout] test cli::report::tests::test_report_format_lowercasing ... ok
[INFO] [stdout] test cli::sbom::tests::test_format_aliases ... ok
[INFO] [stdout] test cli::report::tests::test_report_output_dir_from_config ... ok
[INFO] [stdout] test cli::sbom::tests::test_discover_project_name_from_forge_guard_toml ... ok
[INFO] [stdout] test cli::sbom::tests::test_discover_project_name_ignores_other_sections ... ok
[INFO] [stdout] test cli::scan::tests::test_scan_fail_fast_display ... ok
[INFO] [stdout] test cli::sbom::tests::test_discover_project_name_no_project_files ... ok
[INFO] [stdout] test cli::sbom::tests::test_discover_project_name_from_foundry_toml ... ok
[INFO] [stdout] test cli::sbom::tests::test_discover_project_name_prefers_foundry_toml ... ok
[INFO] [stdout] test cli::scan::tests::test_dependency_scanner_depth_0 ... ok
[INFO] [stdout] test cli::sbom::tests::test_sbom_args_spdx_with_output ... ok
[INFO] [stdout] test cli::scan::tests::test_scan_arg_defaults ... ok
[INFO] [stdout] test cli::scan::tests::test_dependency_scanner_creation ... ok
[INFO] [stdout] test cli::security::tests::test_set_threshold_zero ... ok
[INFO] [stdout] test ai::providers::tests::test_ollama_default_endpoint ... ok
[INFO] [stdout] test cli::security::tests::test_list_checks_contains_known ... ok
[INFO] [stdout] test cli::security::tests::test_set_threshold_clamps_correctly ... ok
[INFO] [stdout] test cli::security::tests::test_show_check_info_known_check ... ok
[INFO] [stdout] test cli::security::tests::test_show_check_info_unknown_check ... ok
[INFO] [stdout] test cli::security::tests::test_show_config_does_not_panic ... ok
[INFO] [stdout] test cli::scan::tests::test_scan_with_all_options ... ok
[INFO] [stdout] test cli::security::tests::test_disable_check_prints ... ok
[INFO] [stdout] test cli::security::tests::test_enable_check_prints ... ok
[INFO] [stdout] test cli::install_hook::tests::test_uninstall_non_forge_guard_hook_fails ... ok
[INFO] [stdout] test cli::simulate::tests::test_analyze_mev_patterns_no_source_dir ... ok
[INFO] [stdout] test cli::sbom::tests::test_write_sbom_workflow_creates_file ... ok
[INFO] [stdout] test cli::install_hook::tests::test_find_git_dir_nonexistent_fails ... ok
[INFO] [stdout] test cli::sbom::tests::test_invalid_format_rejected ... ok
[INFO] [stdout] test cli::security::tests::test_show_check_info_case_sensitive ... ok
[INFO] [stdout] test cli::simulate::tests::test_extract_simulation_results_with_gas ... ok
[INFO] [stdout] test cli::security::tests::test_set_threshold_high ... ok
[INFO] [stdout] test cli::install_hook::tests::test_uninstall_hook_no_hook_fails ... ok
[INFO] [stdout] test cli::install_hook::tests::test_install_hook_existing_without_force_fails ... ok
[INFO] [stdout] test cli::simulate::tests::test_extract_simulation_results_empty ... ok
[INFO] [stdout] test cli::simulate::tests::test_run_mev_analysis_basic ... ok
[INFO] [stdout] test cli::simulate::tests::test_run_mev_analysis_zero_blocks ... ok
[INFO] [stdout] test cli::simulate::tests::test_analyze_mev_patterns_with_src_dir_no_sol_files ... ok
[INFO] [stdout] test cli::sbom::tests::test_sbom_args_defaults ... ok
[INFO] [stdout] test cli::tests::test_ci_args_vscode ... ok
[INFO] [stdout] test cli::tests::test_benchmark_save_and_compare ... ok
[INFO] [stdout] test cli::tests::test_audit_ai_args ... ok
[INFO] [stdout] test cli::tests::test_cli_parse_audit ... ok
[INFO] [stdout] test cli::tests::test_audit_args_defaults ... ok
[INFO] [stdout] test cli::simulate::tests::test_mev_signal_dedup ... ok
[INFO] [stdout] test cli::tests::test_ci_args_custom ... ok
[INFO] [stdout] test cli::tests::test_cli_parse_audit_list_templates ... ok
[INFO] [stdout] test cli::tests::test_cli_parse_audit_template ... ok
[INFO] [stdout] test cli::tests::test_benchmark_args ... ok
[INFO] [stdout] test cli::tests::test_ci_args_defaults ... ok
[INFO] [stdout] test cli::tests::test_audit_generate_suppressions_and_notify ... ok
[INFO] [stdout] test cli::tests::test_chain_add ... ok
[INFO] [stdout] test cli::tests::test_audit_suppression_flags ... ok
[INFO] [stdout] test cli::tests::test_chain_list ... ok
[INFO] [stdout] test cli::tests::test_cli_parse_benchmark ... ok
[INFO] [stdout] test cli::tests::test_audit_args_full ... ok
[INFO] [stdout] test cli::tests::test_all_chains_flag ... ok
[INFO] [stdout] test cli::tests::test_cli_parse_doctor ... ok
[INFO] [stdout] test cli::tests::test_cli_parse_ci ... ok
[INFO] [stdout] test cli::tests::test_cli_parse_dashboard_defaults ... ok
[INFO] [stdout] test cli::tests::test_cli_parse_chain ... ok
[INFO] [stdout] test cli::tests::test_cli_parse_deploy ... ok
[INFO] [stdout] test cli::tests::test_cli_parse_doctor_dry_run ... ok
[INFO] [stdout] test cli::tests::test_cli_parse_install_hook ... ok
[INFO] [stdout] test cli::tests::test_cli_parse_install_hook_uninstall ... ok
[INFO] [stdout] test cli::tests::test_cli_parse_dashboard_with_flags ... ok
[INFO] [stdout] test cli::tests::test_cli_parse_import ... ok
[INFO] [stdout] test cli::tests::test_chain_info ... ok
[INFO] [stdout] test cli::tests::test_cli_parse_fuzz ... ok
[INFO] [stdout] test cli::tests::test_cli_parse_invariant ... ok
[INFO] [stdout] test cli::tests::test_cli_parse_notify ... ok
[INFO] [stdout] test cli::tests::test_cli_parse_doctor_sync ... ok
[INFO] [stdout] test cli::tests::test_cli_parse_deploy_safe ... ok
[INFO] [stdout] test cli::tests::test_cli_parse_gas ... ok
[INFO] [stdout] test cli::tests::test_cli_parse_dashboard ... ok
[INFO] [stdout] test cli::tests::test_cli_parse_simulate ... ok
[INFO] [stdout] test cli::tests::test_cli_parse_plugins ... ok
[INFO] [stdout] test cli::tests::test_cli_parse_report ... ok
[INFO] [stdout] test cli::tests::test_cli_parse_security ... ok
[INFO] [stdout] test cli::tests::test_deploy_safe_notify_flag ... ok
[INFO] [stdout] test cli::tests::test_deploy_args ... ok
[INFO] [stdout] test cli::tests::test_deploy_notify_flag ... ok
[INFO] [stdout] test cli::tests::test_enable_history_flag ... ok
[INFO] [stdout] test cli::tests::test_gas_contract_specific ... ok
[INFO] [stdout] test cli::tests::test_doctor_check_category ... ok
[INFO] [stdout] test cli::tests::test_cli_parse_watch ... ok
[INFO] [stdout] test cli::tests::test_deploy_safe_args ... ok
[INFO] [stdout] test cli::tests::test_import_args_defaults ... ok
[INFO] [stdout] test cli::tests::test_cli_parse_upgrade_check ... ok
[INFO] [stdout] test cli::tests::test_cli_parse_scan ... ok
[INFO] [stdout] test cli::tests::test_cli_parse_verify ... ok
[INFO] [stdout] test cli::tests::test_doctor_args ... ok
[INFO] [stdout] test cli::tests::test_from_env_try_parse ... ok
[INFO] [stdout] test cli::tests::test_notify_defaults ... ok
[INFO] [stdout] test cli::tests::test_import_args_from_slither ... ok
[INFO] [stdout] test cli::tests::test_report_args_json ... ok
[INFO] [stdout] test cli::tests::test_plugins_install ... ok
[INFO] [stdout] test cli::tests::test_gas_args ... ok
[INFO] [stdout] test cli::tests::test_fuzz_args ... ok
[INFO] [stdout] test cli::tests::test_invariant_args ... ok
[INFO] [stdout] test cli::tests::test_quick_audit ... ok
[INFO] [stdout] test cli::tests::test_markdown_flag ... ok
[INFO] [stdout] test cli::tests::test_plugins_remove ... ok
[INFO] [stdout] test cli::tests::test_notify_args ... ok
[INFO] [stdout] test cli::tests::test_plugins_enable ... ok
[INFO] [stdout] test cli::tests::test_plugins_disable ... ok
[INFO] [stdout] test cli::tests::test_report_history_flag ... ok
[INFO] [stdout] test cli::tests::test_report_regression_flag ... ok
[INFO] [stdout] test cli::tests::test_shared_flags_custom ... ok
[INFO] [stdout] test cli::tests::test_max_parallel_chains_custom ... ok
[INFO] [stdout] test cli::tests::test_max_parallel_chains_default ... ok
[INFO] [stdout] test cli::tests::test_report_summary ... ok
[INFO] [stdout] test cli::tests::test_shared_flags_defaults ... ok
[INFO] [stdout] test cli::tests::test_security_threshold ... ok
[INFO] [stdout] test cli::tests::test_plugins_new ... ok
[INFO] [stdout] test cli::tests::test_plugins_list ... ok
[INFO] [stdout] test cli::tests::test_security_list ... ok
[INFO] [stdout] test cli::tests::test_scan_vulnerable_only ... ok
[INFO] [stdout] test cli::tests::test_upgrade_check_proxy ... ok
[INFO] [stdout] test cli::tests::test_scan_args ... ok
[INFO] [stdout] test cli::tests::test_security_disable_check ... ok
[INFO] [stdout] test cli::tests::test_verify_args ... ok
[INFO] [stdout] test cli::tests::test_simulate_args ... ok
[INFO] [stdout] test cli::upgrade_check::tests::test_upgrade_check_with_addresses ... ok
[INFO] [stdout] test cli::tests::test_upgrade_check_args ... ok
[INFO] [stdout] test cli::tests::test_watch_args ... ok
[INFO] [stdout] test cli::upgrade_check::tests::test_check_uups_returns_empty ... ok
[INFO] [stdout] test cli::tests::test_verify_all_without_address ... ok
[INFO] [stdout] test cli::verify::tests::test_contract_verifier_creation ... ok
[INFO] [stdout] test cli::tests::test_simulate_deployer ... ok
[INFO] [stdout] test cli::upgrade_check::tests::test_severity_comparison_in_upgrade_check ... ok
[INFO] [stdout] test cli::tests::test_verify_with_constructor_args ... ok
[INFO] [stdout] test cli::upgrade_check::tests::test_check_storage_collisions_returns_empty ... ok
[INFO] [stdout] test cli::tests::test_watch_exclude ... ok
[INFO] [stdout] test cli::verify::tests::test_explorer_api_url_known_chain ... ok
[INFO] [stdout] test cli::verify::tests::test_explorer_api_url_unknown_chain_is_none ... ok
[INFO] [stdout] test cli::verify::tests::test_rpc_url_for_chain_returns_url ... ok
[INFO] [stdout] test cli::verify::tests::test_verify_address_empty_check ... ok
[INFO] [stdout] test cli::watch::tests::test_watch_audit_args_construction ... ok
[INFO] [stdout] test cli::watch::tests::test_watch_debounce_duration ... ok
[INFO] [stdout] test cli::verify::tests::test_explorer_base_url_arbitrum ... ok
[INFO] [stdout] test cli::watch::tests::test_watch_dir_absolute_stays_absolute ... ok
[INFO] [stdout] test cli::watch::tests::test_get_last_modification_nonexistent_dir ... ok
[INFO] [stdout] test cli::watch::tests::test_watch_arg_defaults ... ok
[INFO] [stdout] test cli::upgrade_check::tests::test_check_proxy_config_returns_empty ... ok
[INFO] [stdout] test cli::verify::tests::test_verify_all_flag ... ok
[INFO] [stdout] test cli::verify::tests::test_verify_with_address_and_name ... ok
[INFO] [stdout] test cli::verify::tests::test_verify_arg_defaults ... ok
[INFO] [stdout] test cli::verify::tests::test_explorer_api_key_env_known_chain ... ok
[INFO] [stdout] test dashboard::tests::test_dashboard_history_api_returns_json_points ... ok
[INFO] [stdout] test cli::watch::tests::test_watch_dir_relative_to_project ... ok
[INFO] [stdout] test dashboard::tests::test_dashboard_html_has_core_elements ... ok
[INFO] [stdout] test cli::watch::tests::test_watch_with_custom_dirs ... ok
[INFO] [stdout] test cli::watch::tests::test_watch_dir_splitting ... ok
[INFO] [stdout] test cli::watch::tests::test_watch_poll_interval ... ok
[INFO] [stdout] test dashboard::tests::test_dashboard_html_has_charts_and_filters ... ok
[INFO] [stdout] test cli::verify::tests::test_forge_available_returns_false_in_test ... ok
[INFO] [stdout] test dependencies::tests::test_matches_constraint_range ... ok
[INFO] [stdout] test cli::verify::tests::test_explorer_base_url_known_chain ... ok
[INFO] [stdout] test dependencies::tests::test_check_solc_version_safe ... ok
[INFO] [stdout] test dependencies::tests::test_check_solc_version_vulnerable ... ok
[INFO] [stdout] test dependencies::tests::test_builtin_db_not_empty ... ok
[INFO] [stdout] test dependencies::tests::test_check_line_no_match ... ok
[INFO] [stdout] test dependencies::tests::test_check_line_matches_openzeppelin ... ok
[INFO] [stdout] test deployment::tests::test_can_deploy_blocked_by_critical ... ok
[INFO] [stdout] test dependencies::tests::test_check_line_solmate ... ok
[INFO] [stdout] test dashboard::tests::test_dashboard_html_escapes_user_content ... ok
[INFO] [stdout] test dependencies::tests::test_solc_version_non_matching ... ok
[INFO] [stdout] test dependencies::tests::test_matches_constraint_less_than ... ok
[INFO] [stdout] test dependencies::tests::test_compare_versions ... ok
[INFO] [stdout] test deployment::tests::test_can_deploy_clean ... ok
[INFO] [stdout] test dependencies::tests::test_merge_databases_with_override ... ok
[INFO] [stdout] test deployment::tests::test_determine_risk_level ... ok
[INFO] [stdout] test deployment::verifier::tests::test_explorer_api_key_env ... ok
[INFO] [stdout] test deployment::verifier::tests::test_explorer_api_url_arbitrum ... ok
[INFO] [stdout] test deployment::tests::test_determine_risk_level_with_critical_finding ... ok
[INFO] [stdout] test deployment::verifier::tests::test_explorer_api_url_base ... ok
[INFO] [stdout] test cli::verify::tests::test_rpc_url_unknown_chain_fallback ... ok
[INFO] [stdout] test deployment::tests::test_calculate_overall_score ... ok
[INFO] [stdout] test deployment::tests::test_can_deploy_blocked_by_high_risk ... ok
[INFO] [stdout] test deployment::verifier::tests::test_explorer_api_url_ethereum ... ok
[INFO] [stdout] test cli::upgrade_check::tests::test_upgrade_check_arg_defaults ... ok
[INFO] [stdout] test deployment::verifier::tests::test_rpc_url_from_env ... ok
[INFO] [stdout] test deployment::verifier::tests::test_explorer_api_url_unknown ... ok
[INFO] [stdout] test deployment::verifier::tests::test_strip_metadata_short_bytecode ... ok
[INFO] [stdout] test deployment::verifier::tests::test_strip_metadata_with_cbor_tail ... ok
[INFO] [stdout] test dependencies::tests::test_parse_version ... ok
[INFO] [stdout] test cli::verify::tests::test_contract_verifier_with_api_key ... ok
[INFO] [stdout] test deployment::verifier::tests::test_verification_result_creation ... ok
[INFO] [stdout] test deployment::verifier::tests::test_explorer_base_url ... ok
[INFO] [stdout] test deployment::verifier::tests::test_verification_method_display ... ok
[INFO] [stdout] test dependencies::tests::test_scanner_creation ... ok
[INFO] [stdout] test deployment::verifier::tests::test_verifier_explicit_api_key ... ok
[INFO] [stdout] test deployment::tests::test_can_deploy_medium_not_blocked_by_default ... ok
[INFO] [stdout] test deployment::tests::test_can_deploy_blocked_by_high ... ok
[INFO] [stdout] test deployment::verifier::tests::test_bytecode_verify_no_forge ... ok
[INFO] [stdout] test deployment::verifier::tests::test_forge_available ... ok
[INFO] [stdout] test deployment::verifier::tests::test_verifier_no_api_key ... ok
[INFO] [stdout] test doctor::tests::test_generate_report ... ok
[INFO] [stdout] test doctor::tests::test_doctor_creation ... ok
[INFO] [stdout] test doctor::tests::test_doctor_verbose ... ok
[INFO] [stdout] test exploit::tests::test_exploit_path_generation ... ok
[INFO] [stdout] test fuzzing::tests::test_fuzzing_config_all_fields_custom ... ok
[INFO] [stdout] test fuzzing::tests::test_fuzzing_adapter_forge_not_installed ... ok
[INFO] [stdout] test fuzzing::tests::test_fuzzing_config_default_values ... ok
[INFO] [stdout] test fuzzing::tests::test_fuzzing_config_seed_zero ... ok
[INFO] [stdout] test fuzzing::tests::test_fuzzing_config_with_empty_filters ... ok
[INFO] [stdout] test fuzzing::tests::test_fuzzing_config_zero_runs ... ok
[INFO] [stdout] test fuzzing::tests::test_fuzzing_report_clone_equality ... ok
[INFO] [stdout] test dashboard::tests::test_dashboard_html_has_score_trend_chart ... ok
[INFO] [stdout] test fuzzing::tests::test_fuzzing_report_failure ... ok
[INFO] [stdout] test fuzzing::tests::test_fuzzing_report_pass ... ok
[INFO] [stdout] test fuzzing::tests::test_fuzzing_report_stderr_on_failure ... ok
[INFO] [stdout] test gas::tests::test_analyze_gas_empty_files ... ok
[INFO] [stdout] test gas::tests::test_check_loop_gas ... ok
[INFO] [stdout] test gas::tests::test_check_unnecessary_storage ... ok
[INFO] [stdout] test history::tests::test_db_path_resolution ... ok
[INFO] [stdout] test history::tests::test_finding_signature_is_stable_across_lines ... ok
[INFO] [stdout] test doctor::tests::test_sync_foundry_config_defaults_when_keys_missing ... ok
[INFO] [stdout] test doctor::tests::test_sync_foundry_config_writes_real_values ... ok
[INFO] [stdout] test doctor::tests::test_check_project_structure_no_foundry_toml ... ok
[INFO] [stdout] test history::tests::test_regression_detects_new_and_resolved ... ok
[INFO] [stdout] test fuzzing::tests::test_fuzzing_report_debug_format ... ok
[INFO] [stdout] test fuzzing::tests::test_fuzzing_report_duration_edge_cases ... ok
[INFO] [stdout] test doctor::tests::test_generate_report_unhealthy ... ok
[INFO] [stdout] test history::tests::test_regression_ignores_line_shifts ... ok
[INFO] [stdout] test doctor::tests::test_sync_foundry_config_preserves_existing_settings ... ok
[INFO] [stdout] test doctor::tests::test_sync_foundry_config_dry_run_does_not_write ... ok
[INFO] [stdout] test importer::tests::test_dedup_different_location_kept ... ok
[INFO] [stdout] test importer::tests::test_dedup_against_forge_guard ... ok
[INFO] [stdout] test doctor::tests::test_doctor_issue_serialization ... ok
[INFO] [stdout] test doctor::tests::test_doctor_report_serialization ... ok
[INFO] [stdout] test importer::tests::test_parse_semgrep ... ok
[INFO] [stdout] test importer::tests::test_parse_slither ... ok
[INFO] [stdout] test doctor::tests::test_sync_foundry_config_syncs_remappings ... ok
[INFO] [stdout] test importer::tests::test_parse_empty_results ... ok
[INFO] [stdout] test importer::tests::test_parse_mythril ... ok
[INFO] [stdout] test importer::tests::test_severity_mapping_tables ... ok
[INFO] [stdout] test importer::tests::test_tool_id_prefixes ... ok
[INFO] [stdout] test notify::tests::test_kind_detect ... ok
[INFO] [stdout] test notify::tests::test_notify_from_config_no_webhook_is_ok ... ok
[INFO] [stdout] test notify::tests::test_resolve_webhook_cli_overrides_config ... ok
[INFO] [stdout] test notify::tests::test_severity_gate ... ok
[INFO] [stdout] test notify::tests::test_config_roundtrip ... ok
[INFO] [stdout] test notify::tests::test_slack_payload_structure ... ok
[INFO] [stdout] test notify::tests::test_slack_payload_no_findings ... ok
[INFO] [stdout] test importer::tests::test_import_result_serde_roundtrip ... ok
[INFO] [stdout] test importer::tests::test_build_unified_merges ... ok
[INFO] [stdout] test parser::tests::test_cei_violation_detection ... ok
[INFO] [stdout] test parser::tests::test_event_parsing ... ok
[INFO] [stdout] test parser::tests::test_comment_stripping ... ok
[INFO] [stdout] test parser::tests::test_contract_with_no_functions ... ok
[INFO] [stdout] test parser::tests::test_interface_parsing ... ok
[INFO] [stdout] test parser::tests::test_multiline_function_sig ... ok
[INFO] [stdout] test parser::tests::test_access_control_detection ... ok
[INFO] [stdout] test parser::tests::test_inheritance_multiple ... ok
[INFO] [stdout] test notify::tests::test_discord_payload_structure ... ok
[INFO] [stdout] test parser::tests::test_proper_access_control ... ok
[INFO] [stdout] test reports::html::tests::test_html_escape_prevents_injection ... ok
[INFO] [stdout] test parser::tests::test_function_parsing ... ok
[INFO] [stdout] test parser::tests::test_simple_contract ... ok
[INFO] [stdout] test parser::tests::test_state_variable_parsing ... ok
[INFO] [stdout] test reports::html::tests::test_html_report_all_severities ... ok
[INFO] [stdout] test reports::html::tests::test_html_report_contains_basic_elements ... ok
[INFO] [stdout] test reports::html::tests::test_html_report_contains_findings ... ok
[INFO] [stdout] test reports::html::tests::test_html_report_contains_references ... ok
[INFO] [stdout] test reports::html::tests::test_html_report_risk_colors ... ok
[INFO] [stdout] test reports::html::tests::test_html_report_dark_theme_css_vars ... ok
[INFO] [stdout] test reports::html::tests::test_html_report_empty_findings ... ok
[INFO] [stdout] test reports::html::tests::test_html_report_score_colors ... ok
[INFO] [stdout] test reports::html::tests::test_html_report_responsive_viewport ... ok
[INFO] [stdout] test reports::tests::test_executive_summary_contains_verdict ... ok
[INFO] [stdout] test reports::tests::test_executive_summary_improvement_areas ... ok
[INFO] [stdout] test reports::html::tests::test_html_write_report ... ok
[INFO] [stdout] test reports::markdown::tests::test_generate_markdown ... ok
[INFO] [stdout] test notify::tests::test_discord_payload_clean_run_color ... ok
[INFO] [stdout] test notify::tests::test_severity_from_str ... ok
[INFO] [stdout] test reports::tests::test_executive_summary_top_findings ... ok
[INFO] [stdout] test sbom::tests::test_component_default_version_is_zero ... ok
[INFO] [stdout] test reports::tests::test_count_recommendations ... ok
[INFO] [stdout] test sbom::tests::test_build_sbom_structure ... ok
[INFO] [stdout] test reports::tests::test_executive_summary_passed ... ok
[INFO] [stdout] test reports::tests::test_executive_summary_quick_mode_indicator ... ok
[INFO] [stdout] test sbom::tests::test_cyclonedx_can_be_reparsed_and_inspected ... ok
[INFO] [stdout] test sbom::tests::test_cyclonedx_component_fields ... ok
[INFO] [stdout] test sbom::tests::test_cyclonedx_external_references_with_source_url ... ok
[INFO] [stdout] test sbom::tests::test_cyclonedx_components_count ... ok
[INFO] [stdout] test sbom::tests::test_cyclonedx_generates_valid_json ... ok
[INFO] [stdout] test sbom::tests::test_cyclonedx_metadata ... ok
[INFO] [stdout] test sbom::tests::test_component_names_with_special_characters ... ok
[INFO] [stdout] test sbom::tests::test_cyclonedx_with_hashes ... ok
[INFO] [stdout] test sbom::tests::test_components_are_sorted_alphabetically ... ok
[INFO] [stdout] test sbom::tests::test_cyclonedx_serial_number_format ... ok
[INFO] [stdout] test sbom::tests::test_cyclonedx_without_optional_fields ... ok
[INFO] [stdout] test sbom::tests::test_cyclonedx_serial_number_unique_per_call ... ok
[INFO] [stdout] test sbom::tests::test_discover_dependencies_remappings_skip_comments ... ok
[INFO] [stdout] test sbom::tests::test_discover_dependencies_from_foundry_toml ... ok
[INFO] [stdout] test sbom::tests::test_discover_dependencies_without_project_files ... ok
[INFO] [stdout] test sbom::tests::test_empty_components_cyclonedx ... ok
[INFO] [stdout] test sbom::tests::test_empty_components_spdx ... ok
[INFO] [stdout] test sbom::tests::test_generate_sbom_spdx ... ok
[INFO] [stdout] test sbom::tests::test_generate_sbom_cyclonedx ... ok
[INFO] [stdout] test sbom::tests::test_discover_dependencies_with_remappings_file ... ok
[INFO] [stdout] test sbom::tests::test_resolve_lib_version_unknown ... ok
[INFO] [stdout] test sbom::tests::test_discover_dependencies_from_lib_directory ... ok
[INFO] [stdout] test sbom::tests::test_discover_dependencies_no_duplicates ... ok
[INFO] [stdout] test sbom::tests::test_resolve_lib_version_from_package_json_repo_object ... ok
[INFO] [stdout] test sbom::tests::test_resolve_lib_version_from_package_json ... ok
[INFO] [stdout] test sbom::tests::test_sbom_format_cyclonedx_variant ... ok
[INFO] [stdout] test sbom::tests::test_sbom_format_spdx_variant ... ok
[INFO] [stdout] test sbom::tests::test_spdx_creation_info ... ok
[INFO] [stdout] test sbom::tests::test_spdx_can_be_reparsed_and_inspected ... ok
[INFO] [stdout] test sbom::tests::test_spdx_copyright_text_default ... ok
[INFO] [stdout] test sbom::tests::test_spdx_package_fields ... ok
[INFO] [stdout] test sbom::tests::test_spdx_namespace_unique_per_call ... ok
[INFO] [stdout] test sbom::tests::test_spdx_generates_valid_json ... ok
[INFO] [stdout] test sbom::tests::test_spdx_packages_count ... ok
[INFO] [stdout] test sbom::tests::test_spdx_document_describes ... ok
[INFO] [stdout] test sbom::tests::test_spdx_supplier_format ... ok
[INFO] [stdout] test sbom::tests::test_spdx_external_refs_from_source_url ... ok
[INFO] [stdout] test sbom::tests::test_spdx_with_checksums ... ok
[INFO] [stdout] test sbom::tests::test_uuid_v4_contains_only_hex_and_dashes ... ok
[INFO] [stdout] test suppressions::tests::test_entry_matches_file_scope ... ok
[INFO] [stdout] test suppressions::tests::test_entry_matches_prefix ... ok
[INFO] [stdout] test suppressions::tests::test_generate_deduplicates_and_sorts ... ok
[INFO] [stdout] test reports::html::tests::test_html_report_contains_exploit_path ... ok
[INFO] [stdout] test suppressions::tests::test_is_suppressed ... ok
[INFO] [stdout] test suppressions::tests::test_parse_basic ... ok
[INFO] [stdout] test suppressions::tests::test_parse_ignores_blank_and_comments ... ok
[INFO] [stdout] test sbom::tests::test_uuid_v4_uniqueness ... ok
[INFO] [stdout] test sbom::tests::test_uuid_v4_version_and_variant_bits ... ok
[INFO] [stdout] test suppressions::tests::test_write_and_load_roundtrip ... ok
[INFO] [stdout] test templates::tests::test_apply_to_config_with_disabled_checks ... ok
[INFO] [stdout] test templates::tests::test_apply_to_config_sets_checks ... ok
[INFO] [stdout] test templates::tests::test_bridge_template_checks ... ok
[INFO] [stdout] test templates::tests::test_builtin_templates_exist ... ok
[INFO] [stdout] test templates::tests::test_erc20_template_checks ... ok
[INFO] [stdout] test templates::tests::test_get_template_found ... ok
[INFO] [stdout] test templates::tests::test_get_template_not_found ... ok
[INFO] [stdout] test suppressions::tests::test_generate_roundtrip ... ok
[INFO] [stdout] test suppressions::tests::test_load_missing_file_empty ... ok
[INFO] [stdout] test suppressions::tests::test_parse_semicolon_comment ... ok
[INFO] [stdout] test sbom::tests::test_uuid_v4_format ... ok
[INFO] [stdout] test templates::tests::test_get_template_user_override ... ok
[INFO] [stdout] test templates::tests::test_list_templates_dedupes_user_override ... ok
[INFO] [stdout] test templates::tests::test_print_template_does_not_panic ... ok
[INFO] [stdout] test templates::tests::test_template_serialization ... ok
[INFO] [stdout] test templates::tests::test_list_templates_includes_builtin ... ok
[INFO] [stdout] test templates::tests::test_template_has_descriptions ... ok
[INFO] [stdout] test templates::tests::test_upgradeable_template_checks ... ok
[INFO] [stdout] test utils::tests::test_format_duration_hours ... ok
[INFO] [stdout] test utils::tests::test_format_duration_minutes ... ok
[INFO] [stdout] test utils::tests::test_format_duration_ms ... ok
[INFO] [stdout] test utils::tests::test_format_duration_seconds ... ok
[INFO] [stdout] test utils::tests::test_format_number ... ok
[INFO] [stdout] test utils::tests::test_format_pct ... ok
[INFO] [stdout] test utils::tests::test_truncate_empty ... ok
[INFO] [stdout] test utils::tests::test_truncate_exact ... ok
[INFO] [stdout] test utils::tests::test_truncate_long_string ... ok
[INFO] [stdout] test templates::tests::test_template_new_constructor ... ok
[INFO] [stdout] test templates::tests::test_user_template_dir_returns_some ... ok
[INFO] [stdout] test utils::tests::test_format_bytes ... ok
[INFO] [stdout] test utils::tests::test_truncate_short_string ... ok
[INFO] [stdout] test history::tests::test_latest_filters_by_chain_and_project ... ok
[INFO] [stdout] test utils::tests::test_cpu_count ... ok
[INFO] [stdout] test sbom::tests::test_many_components_does_not_truncate ... ok
[INFO] [stdout] test history::tests::test_record_and_trends_roundtrip ... ok
[INFO] [stdout] test doctor::tests::test_sync_foundry_config_diff_without_toml_fails ... ok
[INFO] [stdout] test dependencies::tests::test_cache_roundtrip ... FAILED
[INFO] [stdout] test doctor::tests::test_sync_foundry_config_dry_run_without_toml_fails ... ok
[INFO] [stdout] test doctor::tests::test_sync_foundry_config_no_toml_fails ... ok
[INFO] [stdout] test importer::tests::test_parse_invalid_json_errors ... ok
[INFO] [stdout] test notify::tests::test_kind_from_str ... ok
[INFO] [stdout] test importer::tests::test_tool_from_str ... ok
[INFO] [stdout] 
[INFO] [stdout] failures:
[INFO] [stdout] 
[INFO] [stdout] ---- dependencies::tests::test_cache_roundtrip stdout ----
[INFO] [stdout] 
[INFO] [stdout] thread 'dependencies::tests::test_cache_roundtrip' (3018) panicked at src/dependencies/mod.rs:758:9:
[INFO] [stdout] assertion failed: scanner.cache_database(&entries).is_ok()
[INFO] [stdout] stack backtrace:
[INFO] [stdout]    0:     0x5f3640624be1 - std[617be2ca0a6fd877]::backtrace_rs::backtrace::libunwind::trace
[INFO] [stdout]                                at /rustc/e3feeb59cd1bdd011a2bfcc0747b55125d9b8527/library/std/src/../../backtrace/src/backtrace/libunwind.rs:117:9
[INFO] [stdout]    1:     0x5f3640624be1 - std[617be2ca0a6fd877]::backtrace_rs::backtrace::trace_unsynchronized::<std[617be2ca0a6fd877]::sys::backtrace::_print_fmt::{closure#1}>
[INFO] [stdout]                                at /rustc/e3feeb59cd1bdd011a2bfcc0747b55125d9b8527/library/std/src/../../backtrace/src/backtrace/mod.rs:66:14
[INFO] [stdout]    2:     0x5f3640624be1 - std[617be2ca0a6fd877]::sys::backtrace::_print_fmt
[INFO] [stdout]                                at /rustc/e3feeb59cd1bdd011a2bfcc0747b55125d9b8527/library/std/src/sys/backtrace.rs:74:9
[INFO] [stdout]    3:     0x5f3640624be1 - <<std[617be2ca0a6fd877]::sys::backtrace::BacktraceLock>::print::DisplayBacktrace as core[a373ad73a504971]::fmt::Display>::fmt
[INFO] [stdout]                                at /rustc/e3feeb59cd1bdd011a2bfcc0747b55125d9b8527/library/std/src/sys/backtrace.rs:44:26
[INFO] [stdout]    4:     0x5f364063e04a - <core[a373ad73a504971]::fmt::rt::Argument>::fmt
[INFO] [stdout]                                at /rustc/e3feeb59cd1bdd011a2bfcc0747b55125d9b8527/library/core/src/fmt/rt.rs:152:76
[INFO] [stdout]    5:     0x5f364063e04a - core[a373ad73a504971]::fmt::write
[INFO] [stdout]    6:     0x5f3640629d3c - core[a373ad73a504971]::io::write::default_write_fmt::<alloc[2e1b2a31b91974c5]::vec::Vec<u8>>
[INFO] [stdout]                                at /rustc/e3feeb59cd1bdd011a2bfcc0747b55125d9b8527/library/core/src/io/write.rs:402:11
[INFO] [stdout]    7:     0x5f3640629d3c - <alloc[2e1b2a31b91974c5]::vec::Vec<u8> as core[a373ad73a504971]::io::write::Write>::write_fmt
[INFO] [stdout]                                at /rustc/e3feeb59cd1bdd011a2bfcc0747b55125d9b8527/library/core/src/io/write.rs:335:13
[INFO] [stdout]    8:     0x5f36405fcee6 - <std[617be2ca0a6fd877]::sys::backtrace::BacktraceLock>::print
[INFO] [stdout]                                at /rustc/e3feeb59cd1bdd011a2bfcc0747b55125d9b8527/library/std/src/sys/backtrace.rs:47:9
[INFO] [stdout]    9:     0x5f36405fcee6 - std[617be2ca0a6fd877]::panicking::default_hook::{closure#0}
[INFO] [stdout]                                at /rustc/e3feeb59cd1bdd011a2bfcc0747b55125d9b8527/library/std/src/panicking.rs:289:27
[INFO] [stdout]   10:     0x5f364061b6c9 - std[617be2ca0a6fd877]::panicking::default_hook
[INFO] [stdout]                                at /rustc/e3feeb59cd1bdd011a2bfcc0747b55125d9b8527/library/std/src/panicking.rs:313:9
[INFO] [stdout]   11:     0x5f363ff4a5b0 - <alloc[2e1b2a31b91974c5]::boxed::Box<dyn for<'a, 'b> core[a373ad73a504971]::ops::function::Fn<(&'a std[617be2ca0a6fd877]::panic::PanicHookInfo<'b>,), Output = ()> + core[a373ad73a504971]::marker::Sync + core[a373ad73a504971]::marker::Send> as core[a373ad73a504971]::ops::function::Fn<(&std[617be2ca0a6fd877]::panic::PanicHookInfo,)>>::call
[INFO] [stdout]                                at /rustc/e3feeb59cd1bdd011a2bfcc0747b55125d9b8527/library/alloc/src/boxed.rs:2328:9
[INFO] [stdout]   12:     0x5f363ff4a5b0 - test[aada8e7e76ba119b]::test_main_inner::{closure#0}
[INFO] [stdout]                                at /rustc/e3feeb59cd1bdd011a2bfcc0747b55125d9b8527/library/test/src/lib.rs:137:21
[INFO] [stdout]   13:     0x5f364061b9f2 - <alloc[2e1b2a31b91974c5]::boxed::Box<dyn for<'a, 'b> core[a373ad73a504971]::ops::function::Fn<(&'a std[617be2ca0a6fd877]::panic::PanicHookInfo<'b>,), Output = ()> + core[a373ad73a504971]::marker::Sync + core[a373ad73a504971]::marker::Send> as core[a373ad73a504971]::ops::function::Fn<(&std[617be2ca0a6fd877]::panic::PanicHookInfo,)>>::call
[INFO] [stdout]                                at /rustc/e3feeb59cd1bdd011a2bfcc0747b55125d9b8527/library/alloc/src/boxed.rs:2328:9
[INFO] [stdout]   14:     0x5f364061b9f2 - std[617be2ca0a6fd877]::panicking::panic_with_hook
[INFO] [stdout]                                at /rustc/e3feeb59cd1bdd011a2bfcc0747b55125d9b8527/library/std/src/panicking.rs:819:13
[INFO] [stdout]   15:     0x5f36405fcfc4 - std[617be2ca0a6fd877]::panicking::panic_handler::{closure#0}
[INFO] [stdout]                                at /rustc/e3feeb59cd1bdd011a2bfcc0747b55125d9b8527/library/std/src/panicking.rs:678:13
[INFO] [stdout]   16:     0x5f36405f52e9 - std[617be2ca0a6fd877]::sys::backtrace::__rust_end_short_backtrace::<std[617be2ca0a6fd877]::panicking::panic_handler::{closure#0}, !>
[INFO] [stdout]                                at /rustc/e3feeb59cd1bdd011a2bfcc0747b55125d9b8527/library/std/src/sys/backtrace.rs:182:18
[INFO] [stdout]   17:     0x5f36405fdf5d - __rustc[ea4f61d10b84890b]::rust_begin_unwind
[INFO] [stdout]                                at /rustc/e3feeb59cd1bdd011a2bfcc0747b55125d9b8527/library/std/src/panicking.rs:676:5
[INFO] [stdout]   18:     0x5f364063e8ec - core[a373ad73a504971]::panicking::panic_fmt
[INFO] [stdout]                                at /rustc/e3feeb59cd1bdd011a2bfcc0747b55125d9b8527/library/core/src/panicking.rs:80:14
[INFO] [stdout]   19:     0x5f364063e8b2 - core[a373ad73a504971]::panicking::panic
[INFO] [stdout]                                at /rustc/e3feeb59cd1bdd011a2bfcc0747b55125d9b8527/library/core/src/panicking.rs:150:5
[INFO] [stdout]   20:     0x5f363f912dbb - forge_guard[a6a2d11f1b34a984]::dependencies::tests::test_cache_roundtrip
[INFO] [stdout]                                at /opt/rustwide/workdir/src/dependencies/mod.rs:758:9
[INFO] [stdout]   21:     0x5f363f90ee87 - forge_guard[a6a2d11f1b34a984]::dependencies::tests::test_cache_roundtrip::{closure#0}
[INFO] [stdout]                                at /opt/rustwide/workdir/src/dependencies/mod.rs:746:30
[INFO] [stdout]   22:     0x5f363f93f2f6 - <forge_guard[a6a2d11f1b34a984]::dependencies::tests::test_cache_roundtrip::{closure#0} as core[a373ad73a504971]::ops::function::FnOnce<()>>::call_once
[INFO] [stdout]                                at /rustc/e3feeb59cd1bdd011a2bfcc0747b55125d9b8527/library/core/src/ops/function.rs:250:5
[INFO] [stdout]   23:     0x5f363ff3d9fb - <fn() -> core[a373ad73a504971]::result::Result<(), alloc[2e1b2a31b91974c5]::string::String> as core[a373ad73a504971]::ops::function::FnOnce<()>>::call_once
[INFO] [stdout]                                at /rustc/e3feeb59cd1bdd011a2bfcc0747b55125d9b8527/library/core/src/ops/function.rs:250:5
[INFO] [stdout]   24:     0x5f363ff3d9fb - test[aada8e7e76ba119b]::__rust_begin_short_backtrace::<core[a373ad73a504971]::result::Result<(), alloc[2e1b2a31b91974c5]::string::String>, fn() -> core[a373ad73a504971]::result::Result<(), alloc[2e1b2a31b91974c5]::string::String>>
[INFO] [stdout]                                at /rustc/e3feeb59cd1bdd011a2bfcc0747b55125d9b8527/library/test/src/lib.rs:701:18
[INFO] [stdout]   25:     0x5f363ff4abd5 - test[aada8e7e76ba119b]::run_test_in_process::{closure#0}
[INFO] [stdout]                                at /rustc/e3feeb59cd1bdd011a2bfcc0747b55125d9b8527/library/test/src/lib.rs:724:74
[INFO] [stdout]   26:     0x5f363ff4abd5 - <core[a373ad73a504971]::panic::unwind_safe::AssertUnwindSafe<test[aada8e7e76ba119b]::run_test_in_process::{closure#0}> as core[a373ad73a504971]::ops::function::FnOnce<()>>::call_once
[INFO] [stdout]                                at /rustc/e3feeb59cd1bdd011a2bfcc0747b55125d9b8527/library/core/src/panic/unwind_safe.rs:275:9
[INFO] [stdout]   27:     0x5f363ff4abd5 - std[617be2ca0a6fd877]::panicking::catch_unwind::do_call::<core[a373ad73a504971]::panic::unwind_safe::AssertUnwindSafe<test[aada8e7e76ba119b]::run_test_in_process::{closure#0}>, core[a373ad73a504971]::result::Result<(), alloc[2e1b2a31b91974c5]::string::String>>
[INFO] [stdout]                                at /rustc/e3feeb59cd1bdd011a2bfcc0747b55125d9b8527/library/std/src/panicking.rs:573:43
[INFO] [stdout]   28:     0x5f363ff4abd5 - std[617be2ca0a6fd877]::panicking::catch_unwind::<core[a373ad73a504971]::result::Result<(), alloc[2e1b2a31b91974c5]::string::String>, core[a373ad73a504971]::panic::unwind_safe::AssertUnwindSafe<test[aada8e7e76ba119b]::run_test_in_process::{closure#0}>>
[INFO] [stdout]                                at /rustc/e3feeb59cd1bdd011a2bfcc0747b55125d9b8527/library/std/src/panicking.rs:541:19
[INFO] [stdout]   29:     0x5f363ff4abd5 - std[617be2ca0a6fd877]::panic::catch_unwind::<core[a373ad73a504971]::panic::unwind_safe::AssertUnwindSafe<test[aada8e7e76ba119b]::run_test_in_process::{closure#0}>, core[a373ad73a504971]::result::Result<(), alloc[2e1b2a31b91974c5]::string::String>>
[INFO] [stdout]                                at /rustc/e3feeb59cd1bdd011a2bfcc0747b55125d9b8527/library/std/src/panic.rs:359:14
[INFO] [stdout]   30:     0x5f363ff4abd5 - test[aada8e7e76ba119b]::run_test_in_process
[INFO] [stdout]                                at /rustc/e3feeb59cd1bdd011a2bfcc0747b55125d9b8527/library/test/src/lib.rs:724:27
[INFO] [stdout]   31:     0x5f363ff4abd5 - test[aada8e7e76ba119b]::run_test::{closure#0}
[INFO] [stdout]                                at /rustc/e3feeb59cd1bdd011a2bfcc0747b55125d9b8527/library/test/src/lib.rs:645:43
[INFO] [stdout]   32:     0x5f363ff444c4 - test[aada8e7e76ba119b]::run_test::{closure#1}
[INFO] [stdout]                                at /rustc/e3feeb59cd1bdd011a2bfcc0747b55125d9b8527/library/test/src/lib.rs:675:41
[INFO] [stdout]   33:     0x5f363ff444c4 - std[617be2ca0a6fd877]::sys::backtrace::__rust_begin_short_backtrace::<test[aada8e7e76ba119b]::run_test::{closure#1}, ()>
[INFO] [stdout]                                at /rustc/e3feeb59cd1bdd011a2bfcc0747b55125d9b8527/library/std/src/sys/backtrace.rs:166:18
[INFO] [stdout]   34:     0x5f363ff4dc62 - std[617be2ca0a6fd877]::thread::lifecycle::spawn_unchecked::<test[aada8e7e76ba119b]::run_test::{closure#1}, ()>::{closure#1}::{closure#0}
[INFO] [stdout]                                at /rustc/e3feeb59cd1bdd011a2bfcc0747b55125d9b8527/library/std/src/thread/lifecycle.rs:70:13
[INFO] [stdout]   35:     0x5f363ff4dc62 - <core[a373ad73a504971]::panic::unwind_safe::AssertUnwindSafe<std[617be2ca0a6fd877]::thread::lifecycle::spawn_unchecked<test[aada8e7e76ba119b]::run_test::{closure#1}, ()>::{closure#1}::{closure#0}> as core[a373ad73a504971]::ops::function::FnOnce<()>>::call_once
[INFO] [stdout]                                at /rustc/e3feeb59cd1bdd011a2bfcc0747b55125d9b8527/library/core/src/panic/unwind_safe.rs:275:9
[INFO] [stdout]   36:     0x5f363ff4dc62 - std[617be2ca0a6fd877]::panicking::catch_unwind::do_call::<core[a373ad73a504971]::panic::unwind_safe::AssertUnwindSafe<std[617be2ca0a6fd877]::thread::lifecycle::spawn_unchecked<test[aada8e7e76ba119b]::run_test::{closure#1}, ()>::{closure#1}::{closure#0}>, ()>
[INFO] [stdout]                                at /rustc/e3feeb59cd1bdd011a2bfcc0747b55125d9b8527/library/std/src/panicking.rs:573:43
[INFO] [stdout]   37:     0x5f363ff4dc62 - std[617be2ca0a6fd877]::panicking::catch_unwind::<(), core[a373ad73a504971]::panic::unwind_safe::AssertUnwindSafe<std[617be2ca0a6fd877]::thread::lifecycle::spawn_unchecked<test[aada8e7e76ba119b]::run_test::{closure#1}, ()>::{closure#1}::{closure#0}>>
[INFO] [stdout]                                at /rustc/e3feeb59cd1bdd011a2bfcc0747b55125d9b8527/library/std/src/panicking.rs:541:19
[INFO] [stdout]   38:     0x5f363ff4dc62 - std[617be2ca0a6fd877]::panic::catch_unwind::<core[a373ad73a504971]::panic::unwind_safe::AssertUnwindSafe<std[617be2ca0a6fd877]::thread::lifecycle::spawn_unchecked<test[aada8e7e76ba119b]::run_test::{closure#1}, ()>::{closure#1}::{closure#0}>, ()>
[INFO] [stdout]                                at /rustc/e3feeb59cd1bdd011a2bfcc0747b55125d9b8527/library/std/src/panic.rs:359:14
[INFO] [stdout]   39:     0x5f363ff4dc62 - std[617be2ca0a6fd877]::thread::lifecycle::spawn_unchecked::<test[aada8e7e76ba119b]::run_test::{closure#1}, ()>::{closure#1}
[INFO] [stdout]                                at /rustc/e3feeb59cd1bdd011a2bfcc0747b55125d9b8527/library/std/src/thread/lifecycle.rs:68:26
[INFO] [stdout]   40:     0x5f363ff4dc62 - <std[617be2ca0a6fd877]::thread::lifecycle::spawn_unchecked<test[aada8e7e76ba119b]::run_test::{closure#1}, ()>::{closure#1} as core[a373ad73a504971]::ops::function::FnOnce<()>>::call_once::{shim:vtable#0}
[INFO] [stdout]                                at /rustc/e3feeb59cd1bdd011a2bfcc0747b55125d9b8527/library/core/src/ops/function.rs:250:5
[INFO] [stdout]   41:     0x5f3640623b4f - <alloc[2e1b2a31b91974c5]::boxed::Box<dyn core[a373ad73a504971]::ops::function::FnOnce<(), Output = ()> + core[a373ad73a504971]::marker::Send> as core[a373ad73a504971]::ops::function::FnOnce<()>>::call_once
[INFO] [stdout]                                at /rustc/e3feeb59cd1bdd011a2bfcc0747b55125d9b8527/library/alloc/src/boxed.rs:2314:9
[INFO] [stdout]   42:     0x5f3640623b4f - <std[617be2ca0a6fd877]::sys::thread::unix::Thread>::new::thread_start
[INFO] [stdout]                                at /rustc/e3feeb59cd1bdd011a2bfcc0747b55125d9b8527/library/std/src/sys/thread/unix.rs:127:17
[INFO] [stdout]   43:     0x709ef708edfa - <unknown>
[INFO] [stdout]   44:     0x709ef71223d4 - clone
[INFO] [stdout]   45:                0x0 - <unknown>
[INFO] [stdout] 
[INFO] [stdout] 
[INFO] [stdout] failures:
[INFO] [stdout]     dependencies::tests::test_cache_roundtrip
[INFO] [stdout] 
[INFO] [stdout] test result: FAILED. 526 passed; 1 failed; 0 ignored; 0 measured; 0 filtered out; finished in 0.62s
[INFO] [stdout] 
[INFO] [stderr] error: test failed, to rerun pass `--lib`
[INFO] running `Command { std: "docker" "inspect" "665083507bec885d2257fe988724e6144fb2500920fe907bf7caf01a8380ec76", kill_on_drop: false }`
[INFO] running `Command { std: "docker" "rm" "-f" "665083507bec885d2257fe988724e6144fb2500920fe907bf7caf01a8380ec76", kill_on_drop: false }`
[INFO] [stdout] 665083507bec885d2257fe988724e6144fb2500920fe907bf7caf01a8380ec76
