[INFO] fetching crate elicit-cli 0.1.0...
[INFO] testing elicit-cli-0.1.0 against 1.100.0-beta.1 for beta-1.100-2
[INFO] extracting crate elicit-cli 0.1.0 into /workspace/builds/worker-4-tc2/source
[INFO] started tweaking crates.io crate elicit-cli 0.1.0
[INFO] removed 0 missing tests
[INFO] finished tweaking crates.io crate elicit-cli 0.1.0
[INFO] tweaked toml for crates.io crate elicit-cli 0.1.0 written to /workspace/builds/worker-4-tc2/source/Cargo.toml
[INFO] validating manifest of crates.io crate elicit-cli 0.1.0 on toolchain 1.100.0-beta.1
[INFO] running `Command { std: CARGO_HOME="/workspace/cargo-home" RUSTUP_HOME="/workspace/rustup-home" "/workspace/cargo-home/bin/cargo" "+1.100.0-beta.1" "metadata" "--manifest-path" "Cargo.toml" "--no-deps", kill_on_drop: false }`
[INFO] crate crates.io crate elicit-cli 0.1.0 already has a lockfile, it will not be regenerated
[INFO] running `Command { std: CARGO_HOME="/workspace/cargo-home" RUSTUP_HOME="/workspace/rustup-home" "/workspace/cargo-home/bin/cargo" "+1.100.0-beta.1" "fetch" "--manifest-path" "Cargo.toml", kill_on_drop: false }`
[INFO] [stderr] warning: `package.homepage` is redundant with `package.repository`
[INFO] [stderr]   --> Cargo.toml:65:12
[INFO] [stderr]    |
[INFO] [stderr] 65 | homepage = "https://github.com/paperfoot/elicit-cli"
[INFO] [stderr]    |            ^^^^^^^^^^^^^^^^^^^^^^^^^^^^^^^^^^^^^^^^^
[INFO] [stderr] ...
[INFO] [stderr] 70 | repository = "https://github.com/paperfoot/elicit-cli"
[INFO] [stderr]    |              -----------------------------------------
[INFO] [stderr]    |
[INFO] [stderr]    = note: `cargo::redundant_homepage` is set to `warn` by default
[INFO] [stderr] help: consider removing `package.homepage`
[INFO] [stderr] warning: `elicit-cli` (manifest) generated 1 warning
[INFO] running `Command { std: "docker" "create" "-v" "/var/lib/crater-agent-workspace/builds/worker-4-tc2/source:/opt/rustwide/workdir:ro,Z" "-v" "/var/lib/crater-agent-workspace/builds/worker-4-tc2/target:/opt/rustwide/target:rw,Z" "-v" "/var/lib/crater-agent-workspace/cargo-home:/opt/rustwide/cargo-home:ro,Z" "-v" "/var/lib/crater-agent-workspace/rustup-home:/opt/rustwide/rustup-home:ro,Z" "-m" "1610612736" "--network" "none" "ghcr.io/rust-lang/crates-build-env/linux@sha256:3111399a4047eeb3a02b7a90e478d715f38a8c6669b5c4b49d30a17385265909" "sleep" "infinity", kill_on_drop: false }`
[INFO] [stdout] 0dc6a6c41c0c0d7597d00ea0c2b9fb98cf970fb079fbbfe393e95ceb21b3c13c
[INFO] running `Command { std: "docker" "start" "0dc6a6c41c0c0d7597d00ea0c2b9fb98cf970fb079fbbfe393e95ceb21b3c13c", kill_on_drop: false }`
[INFO] running `Command { std: "docker" "inspect" "0dc6a6c41c0c0d7597d00ea0c2b9fb98cf970fb079fbbfe393e95ceb21b3c13c", kill_on_drop: false }`
[INFO] running `Command { std: "docker" "exec" "-e" "SOURCE_DIR=/opt/rustwide/workdir" "-e" "CARGO_HOME=/opt/rustwide/cargo-home" "-e" "RUSTUP_HOME=/opt/rustwide/rustup-home" "-e" "CARGO_TARGET_DIR=/opt/rustwide/target" "-w" "/opt/rustwide/workdir" "--user" "0:0" "0dc6a6c41c0c0d7597d00ea0c2b9fb98cf970fb079fbbfe393e95ceb21b3c13c" "/opt/rustwide/cargo-home/bin/cargo" "+1.100.0-beta.1" "metadata" "--no-deps" "--format-version=1", kill_on_drop: false }`
[INFO] running `Command { std: "docker" "inspect" "0dc6a6c41c0c0d7597d00ea0c2b9fb98cf970fb079fbbfe393e95ceb21b3c13c", kill_on_drop: false }`
[INFO] running `Command { std: "docker" "exec" "-e" "SOURCE_DIR=/opt/rustwide/workdir" "-e" "CARGO_HOME=/opt/rustwide/cargo-home" "-e" "RUSTUP_HOME=/opt/rustwide/rustup-home" "-e" "CARGO_TARGET_DIR=/opt/rustwide/target" "-e" "CARGO_INCREMENTAL=0" "-e" "RUST_BACKTRACE=full" "-e" "RUSTFLAGS=--cap-lints=warn" "-e" "RUSTDOCFLAGS=--cap-lints=warn" "-w" "/opt/rustwide/workdir" "--user" "0:0" "0dc6a6c41c0c0d7597d00ea0c2b9fb98cf970fb079fbbfe393e95ceb21b3c13c" "/opt/rustwide/cargo-home/bin/cargo" "+1.100.0-beta.1" "build" "--frozen" "--message-format=json", kill_on_drop: false }`
[INFO] [stderr] warning: `package.homepage` is redundant with `package.repository`
[INFO] [stderr]   --> Cargo.toml:65:12
[INFO] [stderr]    |
[INFO] [stderr] 65 | homepage = "https://github.com/paperfoot/elicit-cli"
[INFO] [stderr]    |            ^^^^^^^^^^^^^^^^^^^^^^^^^^^^^^^^^^^^^^^^^
[INFO] [stderr] ...
[INFO] [stderr] 70 | repository = "https://github.com/paperfoot/elicit-cli"
[INFO] [stderr]    |              -----------------------------------------
[INFO] [stderr]    |
[INFO] [stderr]    = note: `cargo::redundant_homepage` is set to `warn` by default
[INFO] [stderr] help: consider removing `package.homepage`
[INFO] [stderr] warning: `elicit-cli` (manifest) generated 1 warning
[INFO] [stderr]    Compiling libc v0.2.183
[INFO] [stderr]    Compiling cc v1.2.57
[INFO] [stderr]    Compiling futures-core v0.3.32
[INFO] [stderr]    Compiling bitflags v2.11.0
[INFO] [stderr]    Compiling syn v2.0.117
[INFO] [stderr]    Compiling futures-sink v0.3.32
[INFO] [stderr]    Compiling http v1.4.0
[INFO] [stderr]    Compiling rustix v1.1.4
[INFO] [stderr]    Compiling tracing-core v0.1.36
[INFO] [stderr]    Compiling futures-io v0.3.32
[INFO] [stderr]    Compiling futures-task v0.3.32
[INFO] [stderr]    Compiling openssl v0.10.76
[INFO] [stderr]    Compiling futures-util v0.3.32
[INFO] [stderr]    Compiling futures-channel v0.3.32
[INFO] [stderr]    Compiling tracing v0.1.44
[INFO] [stderr]    Compiling native-tls v0.2.18
[INFO] [stderr]    Compiling http-body v1.0.1
[INFO] [stderr]    Compiling rustls v0.23.37
[INFO] [stderr]    Compiling proc-macro2-diagnostics v0.10.1
[INFO] [stderr]    Compiling log v0.4.29
[INFO] [stderr]    Compiling openssl-probe v0.2.1
[INFO] [stderr]    Compiling ipnet v2.12.0
[INFO] [stderr]    Compiling getrandom v0.4.2
[INFO] [stderr]    Compiling sync_wrapper v1.0.2
[INFO] [stderr]    Compiling yansi v1.0.1
[INFO] [stderr]    Compiling unicode-width v0.2.2
[INFO] [stderr]    Compiling portable-atomic v1.13.1
[INFO] [stderr]    Compiling http-body-util v0.1.3
[INFO] [stderr]    Compiling mio v1.1.1
[INFO] [stderr]    Compiling socket2 v0.6.3
[INFO] [stderr]    Compiling openssl-sys v0.9.112
[INFO] [stderr]    Compiling ring v0.17.14
[INFO] [stderr]    Compiling tokio v1.50.0
[INFO] [stderr]    Compiling getrandom v0.2.17
[INFO] [stderr]    Compiling parking_lot_core v0.9.12
[INFO] [stderr]    Compiling uncased v0.9.10
[INFO] [stderr]    Compiling regex-syntax v0.8.10
[INFO] [stderr]    Compiling litrs v1.0.0
[INFO] [stderr]    Compiling simd-adler32 v0.3.8
[INFO] [stderr]    Compiling iri-string v0.7.11
[INFO] [stderr]    Compiling winnow v0.7.15
[INFO] [stderr]    Compiling miniz_oxide v0.8.9
[INFO] [stderr]    Compiling document-features v0.2.12
[INFO] [stderr]    Compiling tempfile v3.27.0
[INFO] [stderr]    Compiling xattr v1.6.1
[INFO] [stderr]    Compiling regex-automata v0.4.14
[INFO] [stderr]    Compiling parking_lot v0.12.5
[INFO] [stderr]    Compiling synstructure v0.13.2
[INFO] [stderr]    Compiling filetime v0.2.27
[INFO] [stderr]    Compiling console v0.15.11
[INFO] [stderr]    Compiling serde_json v1.0.149
[INFO] [stderr]    Compiling figment v0.10.19
[INFO] [stderr]    Compiling option-ext v0.2.0
[INFO] [stderr]    Compiling inlinable_string v0.1.15
[INFO] [stderr]    Compiling self_update v0.42.0
[INFO] [stderr]    Compiling rustls-webpki v0.103.10
[INFO] [stderr]    Compiling number_prefix v0.4.0
[INFO] [stderr]    Compiling owo-colors v4.3.0
[INFO] [stderr]    Compiling indicatif v0.17.11
[INFO] [stderr]    Compiling clap_builder v4.6.0
[INFO] [stderr]    Compiling zerofrom-derive v0.1.6
[INFO] [stderr]    Compiling yoke-derive v0.8.1
[INFO] [stderr]    Compiling zerovec-derive v0.11.2
[INFO] [stderr]    Compiling displaydoc v0.2.5
[INFO] [stderr]    Compiling serde_derive v1.0.228
[INFO] [stderr]    Compiling tokio-util v0.7.18
[INFO] [stderr]    Compiling openssl-macros v0.1.1
[INFO] [stderr]    Compiling zerofrom v0.1.6
[INFO] [stderr]    Compiling yoke v0.8.1
[INFO] [stderr]    Compiling zerotrie v0.2.3
[INFO] [stderr]    Compiling zerovec v0.11.5
[INFO] [stderr]    Compiling h2 v0.4.13
[INFO] [stderr]    Compiling tower v0.5.3
[INFO] [stderr]    Compiling tower-http v0.6.8
[INFO] [stderr]    Compiling tinystr v0.8.2
[INFO] [stderr]    Compiling icu_locale_core v2.1.1
[INFO] [stderr]    Compiling potential_utf v0.1.4
[INFO] [stderr]    Compiling icu_collections v2.1.1
[INFO] [stderr]    Compiling hyper v1.8.1
[INFO] [stderr]    Compiling icu_provider v2.1.1
[INFO] [stderr]    Compiling pear_codegen v0.2.9
[INFO] [stderr]    Compiling icu_normalizer v2.1.1
[INFO] [stderr]    Compiling serde v1.0.228
[INFO] [stderr]    Compiling icu_properties v2.1.2
[INFO] [stderr]    Compiling pear v0.2.9
[INFO] [stderr]    Compiling toml_datetime v0.6.11
[INFO] [stderr]    Compiling tokio-native-tls v0.3.1
[INFO] [stderr]    Compiling hyper-util v0.1.20
[INFO] [stderr]    Compiling serde_spanned v0.6.9
[INFO] [stderr]    Compiling serde_urlencoded v0.7.1
[INFO] [stderr]    Compiling toml_edit v0.22.27
[INFO] [stderr]    Compiling regex v1.12.3
[INFO] [stderr]    Compiling thiserror-impl v2.0.18
[INFO] [stderr]    Compiling clap_derive v4.6.0
[INFO] [stderr]    Compiling dirs-sys v0.5.0
[INFO] [stderr]    Compiling idna_adapter v1.2.1
[INFO] [stderr]    Compiling idna v1.1.0
[INFO] [stderr]    Compiling tokio-rustls v0.26.4
[INFO] [stderr]    Compiling flate2 v1.1.9
[INFO] [stderr]    Compiling url v2.5.8
[INFO] [stderr]    Compiling hyper-rustls v0.27.7
[INFO] [stderr]    Compiling hyper-tls v0.6.0
[INFO] [stderr]    Compiling tar v0.4.45
[INFO] [stderr]    Compiling crossterm v0.29.0
[INFO] [stderr]    Compiling toml v0.8.23
[INFO] [stderr]    Compiling reqwest v0.12.28
[INFO] [stderr]    Compiling self-replace v1.5.0
[INFO] [stderr]    Compiling quick-xml v0.37.5
[INFO] [stderr]    Compiling semver v1.0.27
[INFO] [stderr]    Compiling either v1.15.0
[INFO] [stderr]    Compiling unicode-segmentation v1.13.3
[INFO] [stderr]    Compiling clap v4.6.0
[INFO] [stderr]    Compiling thiserror v2.0.18
[INFO] [stderr]    Compiling directories v6.0.0
[INFO] [stderr]    Compiling comfy-table v7.2.2
[INFO] [stderr]    Compiling elicit-cli v0.1.0 (/opt/rustwide/workdir)
[INFO] [stderr]     Finished `dev` profile [unoptimized + debuginfo] target(s) in 2m 04s
[INFO] running `Command { std: "docker" "inspect" "0dc6a6c41c0c0d7597d00ea0c2b9fb98cf970fb079fbbfe393e95ceb21b3c13c", kill_on_drop: false }`
[INFO] running `Command { std: "docker" "exec" "-e" "SOURCE_DIR=/opt/rustwide/workdir" "-e" "CARGO_HOME=/opt/rustwide/cargo-home" "-e" "RUSTUP_HOME=/opt/rustwide/rustup-home" "-e" "CARGO_TARGET_DIR=/opt/rustwide/target" "-e" "CARGO_INCREMENTAL=0" "-e" "RUST_BACKTRACE=full" "-e" "RUSTFLAGS=--cap-lints=warn" "-e" "RUSTDOCFLAGS=--cap-lints=warn" "-w" "/opt/rustwide/workdir" "--user" "0:0" "0dc6a6c41c0c0d7597d00ea0c2b9fb98cf970fb079fbbfe393e95ceb21b3c13c" "/opt/rustwide/cargo-home/bin/cargo" "+1.100.0-beta.1" "test" "--frozen" "--no-run" "--message-format=json", kill_on_drop: false }`
[INFO] [stderr] warning: `package.homepage` is redundant with `package.repository`
[INFO] [stderr]   --> Cargo.toml:65:12
[INFO] [stderr]    |
[INFO] [stderr] 65 | homepage = "https://github.com/paperfoot/elicit-cli"
[INFO] [stderr]    |            ^^^^^^^^^^^^^^^^^^^^^^^^^^^^^^^^^^^^^^^^^
[INFO] [stderr] ...
[INFO] [stderr] 70 | repository = "https://github.com/paperfoot/elicit-cli"
[INFO] [stderr]    |              -----------------------------------------
[INFO] [stderr]    |
[INFO] [stderr]    = note: `cargo::redundant_homepage` is set to `warn` by default
[INFO] [stderr] help: consider removing `package.homepage`
[INFO] [stderr] warning: `elicit-cli` (manifest) generated 1 warning
[INFO] [stderr]    Compiling regex-automata v0.4.14
[INFO] [stderr]    Compiling predicates-core v1.0.10
[INFO] [stderr]    Compiling assert_cmd v2.2.0
[INFO] [stderr]    Compiling wait-timeout v0.2.1
[INFO] [stderr]    Compiling predicates-tree v1.0.13
[INFO] [stderr]    Compiling regex v1.12.3
[INFO] [stderr]    Compiling bstr v1.12.1
[INFO] [stderr]    Compiling self_update v0.42.0
[INFO] [stderr]    Compiling predicates v3.1.4
[INFO] [stderr]    Compiling elicit-cli v0.1.0 (/opt/rustwide/workdir)
[INFO] [stderr]     Finished `test` profile [unoptimized + debuginfo] target(s) in 20.60s
[INFO] running `Command { std: "docker" "inspect" "0dc6a6c41c0c0d7597d00ea0c2b9fb98cf970fb079fbbfe393e95ceb21b3c13c", kill_on_drop: false }`
[INFO] running `Command { std: "docker" "exec" "-e" "SOURCE_DIR=/opt/rustwide/workdir" "-e" "CARGO_HOME=/opt/rustwide/cargo-home" "-e" "RUSTUP_HOME=/opt/rustwide/rustup-home" "-e" "CARGO_TARGET_DIR=/opt/rustwide/target" "-e" "CARGO_INCREMENTAL=0" "-e" "RUST_BACKTRACE=full" "-e" "RUSTFLAGS=--cap-lints=warn" "-e" "RUSTDOCFLAGS=--cap-lints=warn" "-w" "/opt/rustwide/workdir" "--user" "0:0" "0dc6a6c41c0c0d7597d00ea0c2b9fb98cf970fb079fbbfe393e95ceb21b3c13c" "/opt/rustwide/cargo-home/bin/cargo" "+1.100.0-beta.1" "test" "--frozen", kill_on_drop: false }`
[INFO] [stderr] warning: `package.homepage` is redundant with `package.repository`
[INFO] [stderr]   --> Cargo.toml:65:12
[INFO] [stderr]    |
[INFO] [stderr] 65 | homepage = "https://github.com/paperfoot/elicit-cli"
[INFO] [stderr]    |            ^^^^^^^^^^^^^^^^^^^^^^^^^^^^^^^^^^^^^^^^^
[INFO] [stderr] ...
[INFO] [stderr] 70 | repository = "https://github.com/paperfoot/elicit-cli"
[INFO] [stderr]    |              -----------------------------------------
[INFO] [stderr]    |
[INFO] [stderr]    = note: `cargo::redundant_homepage` is set to `warn` by default
[INFO] [stderr] help: consider removing `package.homepage`
[INFO] [stderr] warning: `elicit-cli` (manifest) generated 1 warning
[INFO] [stderr]     Finished `test` profile [unoptimized + debuginfo] target(s) in 0.25s
[INFO] [stderr]      Running unittests src/main.rs (/opt/rustwide/target/debug/build/elicit-cli/60dfbba650dde582/out/elicit-60dfbba650dde582)
[INFO] [stdout] 
[INFO] [stdout] running 7 tests
[INFO] [stdout] test api::models::wire_tests::paper_abstract_field_roundtrips ... ok
[INFO] [stdout] test api::models::wire_tests::paper_request_camel_case_and_omits_none ... ok
[INFO] [stdout] test api::models::wire_tests::report_get_parses_completed ... ok
[INFO] [stdout] test api::models::wire_tests::review_corpus_clinical_trials_wire ... ok
[INFO] [stdout] test api::models::wire_tests::review_request_wires_generate_report_and_fulltext_and_choices ... ok
[INFO] [stdout] test api::models::wire_tests::create_report_request_defaults_omitted ... ok
[INFO] [stderr]      Running tests/agent_info_contract.rs (/opt/rustwide/target/debug/build/elicit-cli/6ed9af1c81472c58/out/agent_info_contract-6ed9af1c81472c58)
[INFO] [stdout] test api::models::wire_tests::filters_wire_names_and_enums ... ok
[INFO] [stdout] 
[INFO] [stdout] test result: ok. 7 passed; 0 failed; 0 ignored; 0 measured; 0 filtered out; finished in 0.00s
[INFO] [stdout] 
[INFO] [stdout] 
[INFO] [stdout] running 14 tests
[INFO] [stdout] test exit_codes_cover_full_contract ... ok
[INFO] [stdout] test crud_aliases_are_routable ... ok
[INFO] [stdout] test has_required_fields ... ok
[INFO] [stdout] test name_matches_binary ... ok
[INFO] [stdout] test at_least_eight_commands ... ok
[INFO] [stdout] test review_subcommands_present_with_arg_schema ... ok
[INFO] [stdout] test config_block_names_elicit_api_key ... ok
[INFO] [stdout] test envelope_documented ... ok
[INFO] [stdout] test global_flags_documented ... ok
[INFO] [stdout] test trials_present_with_arg_schema ... ok
[INFO] [stdout] test search_present_with_arg_schema ... ok
[INFO] [stdout] test core_commands_are_routable_without_network ... ok
[INFO] [stdout] test report_subcommands_present_with_arg_schema ... ok
[INFO] [stdout] test builtins_are_routable ... ok
[INFO] [stdout] 
[INFO] [stdout] test result: ok. 14 passed; 0 failed; 0 ignored; 0 measured; 0 filtered out; finished in 0.27s
[INFO] [stdout] 
[INFO] [stderr]      Running tests/api_commands.rs (/opt/rustwide/target/debug/build/elicit-cli/c17d9ce0bb23ff76/out/api_commands-c17d9ce0bb23ff76)
[INFO] [stdout] 
[INFO] [stdout] running 21 tests
[INFO] [stdout] test doctor_no_key_exits_2_with_data_checks_on_stdout ... ok
[INFO] [stdout] test report_get_poll_interval_zero_exits_3 ... ok
[INFO] [stdout] test base_url_defaults_when_env_unset ... ok
[INFO] [stdout] test doctor_human_mode_exits_2_and_keeps_stdout_clean ... ok
[INFO] [stdout] test base_url_env_override_is_reflected_in_config_show ... ok
[INFO] [stdout] test review_new_no_key_exits_2_empty_stdout ... ok
[INFO] [stdout] test review_fulltext_without_abstract_exits_3 ... ok
[INFO] [stdout] test review_generate_report_without_extraction_exits_3 ... ok
[INFO] [stdout] test search_keyword_mode_with_filters_exits_3 ... ok
[INFO] [stdout] test report_list_no_key_exits_2_empty_stdout ... ok
[INFO] [stdout] test report_get_no_key_exits_2_empty_stdout ... ok
[INFO] [stdout] test search_max_quartile_out_of_range_exits_3 ... ok
[INFO] [stdout] test report_new_no_key_exits_2_empty_stdout ... ok
[INFO] [stdout] test review_get_no_key_exits_2_empty_stdout ... ok
[INFO] [stdout] test review_new_parses_pair_flags_then_gates_on_key ... ok
[INFO] [stdout] test search_max_results_out_of_range_exits_3 ... ok
[INFO] [stdout] test search_parses_all_filter_flags_then_gates_on_key ... ok
[INFO] [stdout] test trials_keyword_mode_with_filters_exits_3 ... ok
[INFO] [stdout] test search_no_key_exits_2_with_error_envelope_and_empty_stdout ... ok
[INFO] [stdout] test trials_no_key_exits_2_empty_stdout ... ok
[INFO] [stdout] test review_extract_column_bad_choices_exits_3 ... ok
[INFO] [stderr]      Running tests/exit_code_contracts.rs (/opt/rustwide/target/debug/build/elicit-cli/78b4d7925cebd838/out/exit_code_contracts-78b4d7925cebd838)
[INFO] [stdout] 
[INFO] [stdout] test result: ok. 21 passed; 0 failed; 0 ignored; 0 measured; 0 filtered out; finished in 0.22s
[INFO] [stdout] 
[INFO] [stdout] 
[INFO] [stdout] running 17 tests
[INFO] [stdout] test config_show_exits_0 ... ok
[INFO] [stdout] test agent_info_exits_0 ... ok
[INFO] [stdout] test config_path_exits_0 ... ok
[INFO] [stdout] test contract_exit_0 ... ok
[INFO] [stdout] test contract_exit_3_bad_input ... ok
[INFO] [stdout] test contract_exit_2_config ... ok
[INFO] [stdout] test agent_info_alias_exits_0 ... ok
[INFO] [stdout] test invalid_corpus_value_exits_3 ... ok
[INFO] [stdout] test missing_subcommand_exits_3 ... ok
[INFO] [stdout] test report_missing_action_exits_3 ... ok
[INFO] [stdout] test trials_missing_query_exits_3 ... ok
[INFO] [stdout] test version_exits_0 ... ok
[INFO] [stdout] test contract_exit_4_rate_limited ... ok
[INFO] [stdout] test search_without_key_exits_2 ... ok
[INFO] [stdout] test contract_exit_1_transient ... ok
[INFO] [stdout] test search_missing_query_exits_3 ... ok
[INFO] [stdout] test help_exits_0 ... ok
[INFO] [stdout] 
[INFO] [stdout] test result: ok. 17 passed; 0 failed; 0 ignored; 0 measured; 0 filtered out; finished in 0.12s
[INFO] [stdout] 
[INFO] [stdout] 
[INFO] [stderr]      Running tests/output_contracts.rs (/opt/rustwide/target/debug/build/elicit-cli/fd58c44cc9a8fda0/out/output_contracts-fd58c44cc9a8fda0)
[INFO] [stdout] running 8 tests
[INFO] [stdout] test help_wrapped_in_envelope_when_piped ... ok
[INFO] [stdout] test config_show_is_a_success_envelope ... ok
[INFO] [stdout] test parse_error_wrapped_in_envelope ... ok
[INFO] [stdout] test success_envelope_shape ... ok
[INFO] [stdout] test quiet_still_emits_json ... ok
[INFO] [stdout] test version_wrapped_in_envelope_when_piped ... ok
[INFO] [stdout] test error_envelope_shape ... ok
[INFO] [stdout] test error_code_matches_variant ... ok
[INFO] [stdout] 
[INFO] [stdout] test result: ok. 8 passed; 0 failed; 0 ignored; 0 measured; 0 filtered out; finished in 0.05s
[INFO] [stdout] 
[INFO] [stderr]      Running tests/robustness.rs (/opt/rustwide/target/debug/build/elicit-cli/b936661a7787f867/out/robustness-b936661a7787f867)
[INFO] [stdout] 
[INFO] [stdout] running 6 tests
[INFO] [stdout] test invalid_mode_rejected ... ok
[INFO] [stdout] test agent_info_works_with_malformed_config ... ok
[INFO] [stdout] test doctor_offline_safe_with_temp_home ... ok
[INFO] [stdout] test config_path_works_with_malformed_config ... ok
[INFO] [stdout] test invalid_retracted_rejected ... ok
[INFO] [stdout] test config_show_fails_with_malformed_config ... FAILED
[INFO] [stdout] 
[INFO] [stdout] failures:
[INFO] [stdout] 
[INFO] [stdout] ---- config_show_fails_with_malformed_config stdout ----
[INFO] [stdout] 
[INFO] [stdout] thread 'config_show_fails_with_malformed_config' (2462) panicked at /rustc/e3feeb59cd1bdd011a2bfcc0747b55125d9b8527/library/core/src/ops/function.rs:250:5:
[INFO] [stdout] Unexpected return code, failed var == 2
[INFO] [stdout] └── var: 0
[INFO] [stdout] 
[INFO] [stdout] command=`HOME="/tmp/.tmpJaKdxj" "/opt/rustwide/target/debug/elicit" "config" "show"`
[INFO] [stdout] code=0
[INFO] [stdout] stdout=```
[INFO] [stdout] {
[INFO] [stdout]   \"data\": {
[INFO] [stdout]     \"base_url\": \"https://elicit.com/api/v1\",
[INFO] [stdout]     \"keys\": {
[INFO] [stdout]       \"api_key\": \"(not set)\",
[INFO] [stdout]       \"api_key_source\": \"none\"
[INFO] [stdout]     },
[INFO] [stdout]     \"update\": {
[INFO] [stdout]       \"crate_name\": \"elicit-cli\",
[INFO] [stdout]       \"enabled\": true,
[INFO] [stdout]       \"formula\": \"elicit\",
[INFO] [stdout]       \"install_source\": \"auto\",
[INFO] [stdout]       \"owner\": \"paperfoot\",
[INFO] [stdout]       \"repo\": \"elicit-cli\",
[INFO] [stdout]       \"tap\": \"paperfoot/tap\"
[INFO] [stdout]     }
[INFO] [stdout]   },
[INFO] [stdout]   \"status\": \"success\",
[INFO] [stdout]   \"version\": \"1\"
[INFO] [stdout] }
[INFO] [stdout] ```
[INFO] [stdout] 
[INFO] [stdout] stderr=""
[INFO] [stdout] 
[INFO] [stdout] stack backtrace:
[INFO] [stdout]    0:     0x6479834d8be1 - std[617be2ca0a6fd877]::backtrace_rs::backtrace::libunwind::trace
[INFO] [stdout]                                at /rustc/e3feeb59cd1bdd011a2bfcc0747b55125d9b8527/library/std/src/../../backtrace/src/backtrace/libunwind.rs:117:9
[INFO] [stdout]    1:     0x6479834d8be1 - std[617be2ca0a6fd877]::backtrace_rs::backtrace::trace_unsynchronized::<std[617be2ca0a6fd877]::sys::backtrace::_print_fmt::{closure#1}>
[INFO] [stdout]                                at /rustc/e3feeb59cd1bdd011a2bfcc0747b55125d9b8527/library/std/src/../../backtrace/src/backtrace/mod.rs:66:14
[INFO] [stdout]    2:     0x6479834d8be1 - std[617be2ca0a6fd877]::sys::backtrace::_print_fmt
[INFO] [stdout]                                at /rustc/e3feeb59cd1bdd011a2bfcc0747b55125d9b8527/library/std/src/sys/backtrace.rs:74:9
[INFO] [stdout]    3:     0x6479834d8be1 - <<std[617be2ca0a6fd877]::sys::backtrace::BacktraceLock>::print::DisplayBacktrace as core[a373ad73a504971]::fmt::Display>::fmt
[INFO] [stdout]                                at /rustc/e3feeb59cd1bdd011a2bfcc0747b55125d9b8527/library/std/src/sys/backtrace.rs:44:26
[INFO] [stdout]    4:     0x6479834ef78a - <core[a373ad73a504971]::fmt::rt::Argument>::fmt
[INFO] [stdout]                                at /rustc/e3feeb59cd1bdd011a2bfcc0747b55125d9b8527/library/core/src/fmt/rt.rs:152:76
[INFO] [stdout]    5:     0x6479834ef78a - core[a373ad73a504971]::fmt::write
[INFO] [stdout]    6:     0x6479834de4dc - core[a373ad73a504971]::io::write::default_write_fmt::<alloc[2e1b2a31b91974c5]::vec::Vec<u8>>
[INFO] [stdout]                                at /rustc/e3feeb59cd1bdd011a2bfcc0747b55125d9b8527/library/core/src/io/write.rs:402:11
[INFO] [stdout]    7:     0x6479834de4dc - <alloc[2e1b2a31b91974c5]::vec::Vec<u8> as core[a373ad73a504971]::io::write::Write>::write_fmt
[INFO] [stdout]                                at /rustc/e3feeb59cd1bdd011a2bfcc0747b55125d9b8527/library/core/src/io/write.rs:335:13
[INFO] [stdout]    8:     0x6479834b2d76 - <std[617be2ca0a6fd877]::sys::backtrace::BacktraceLock>::print
[INFO] [stdout]                                at /rustc/e3feeb59cd1bdd011a2bfcc0747b55125d9b8527/library/std/src/sys/backtrace.rs:47:9
[INFO] [stdout]    9:     0x6479834b2d76 - std[617be2ca0a6fd877]::panicking::default_hook::{closure#0}
[INFO] [stdout]                                at /rustc/e3feeb59cd1bdd011a2bfcc0747b55125d9b8527/library/std/src/panicking.rs:289:27
[INFO] [stdout]   10:     0x6479834d08f9 - std[617be2ca0a6fd877]::panicking::default_hook
[INFO] [stdout]                                at /rustc/e3feeb59cd1bdd011a2bfcc0747b55125d9b8527/library/std/src/panicking.rs:313:9
[INFO] [stdout]   11:     0x64798342b8b0 - <alloc[2e1b2a31b91974c5]::boxed::Box<dyn for<'a, 'b> core[a373ad73a504971]::ops::function::Fn<(&'a std[617be2ca0a6fd877]::panic::PanicHookInfo<'b>,), Output = ()> + core[a373ad73a504971]::marker::Sync + core[a373ad73a504971]::marker::Send> as core[a373ad73a504971]::ops::function::Fn<(&std[617be2ca0a6fd877]::panic::PanicHookInfo,)>>::call
[INFO] [stdout]                                at /rustc/e3feeb59cd1bdd011a2bfcc0747b55125d9b8527/library/alloc/src/boxed.rs:2328:9
[INFO] [stdout]   12:     0x64798342b8b0 - test[aada8e7e76ba119b]::test_main_inner::{closure#0}
[INFO] [stdout]                                at /rustc/e3feeb59cd1bdd011a2bfcc0747b55125d9b8527/library/test/src/lib.rs:137:21
[INFO] [stdout]   13:     0x6479834d0ab2 - <alloc[2e1b2a31b91974c5]::boxed::Box<dyn for<'a, 'b> core[a373ad73a504971]::ops::function::Fn<(&'a std[617be2ca0a6fd877]::panic::PanicHookInfo<'b>,), Output = ()> + core[a373ad73a504971]::marker::Sync + core[a373ad73a504971]::marker::Send> as core[a373ad73a504971]::ops::function::Fn<(&std[617be2ca0a6fd877]::panic::PanicHookInfo,)>>::call
[INFO] [stdout]                                at /rustc/e3feeb59cd1bdd011a2bfcc0747b55125d9b8527/library/alloc/src/boxed.rs:2328:9
[INFO] [stdout]   14:     0x6479834d0ab2 - std[617be2ca0a6fd877]::panicking::panic_with_hook
[INFO] [stdout]                                at /rustc/e3feeb59cd1bdd011a2bfcc0747b55125d9b8527/library/std/src/panicking.rs:819:13
[INFO] [stdout]   15:     0x6479834b2e22 - std[617be2ca0a6fd877]::panicking::panic_handler::{closure#0}
[INFO] [stdout]                                at /rustc/e3feeb59cd1bdd011a2bfcc0747b55125d9b8527/library/std/src/panicking.rs:685:13
[INFO] [stdout]   16:     0x6479834aba19 - std[617be2ca0a6fd877]::sys::backtrace::__rust_end_short_backtrace::<std[617be2ca0a6fd877]::panicking::panic_handler::{closure#0}, !>
[INFO] [stdout]                                at /rustc/e3feeb59cd1bdd011a2bfcc0747b55125d9b8527/library/std/src/sys/backtrace.rs:182:18
[INFO] [stdout]   17:     0x6479834b3a2d - __rustc[ea4f61d10b84890b]::rust_begin_unwind
[INFO] [stdout]                                at /rustc/e3feeb59cd1bdd011a2bfcc0747b55125d9b8527/library/std/src/panicking.rs:676:5
[INFO] [stdout]   18:     0x6479834efffc - core[a373ad73a504971]::panicking::panic_fmt
[INFO] [stdout]                                at /rustc/e3feeb59cd1bdd011a2bfcc0747b55125d9b8527/library/core/src/panicking.rs:80:14
[INFO] [stdout]   19:     0x64798346f328 - core[a373ad73a504971]::panicking::panic_display::<assert_cmd[9e9a1f23809eaa20]::assert::AssertError>
[INFO] [stdout]                                at /rustc/e3feeb59cd1bdd011a2bfcc0747b55125d9b8527/library/core/src/panicking.rs:259:5
[INFO] [stdout]   20:     0x64798346f117 - <assert_cmd[9e9a1f23809eaa20]::assert::AssertError>::panic::<assert_cmd[9e9a1f23809eaa20]::assert::Assert>
[INFO] [stdout]                                at /opt/rustwide/cargo-home/registry/src/index.crates.io-1949cf8c6b5b557f/assert_cmd-2.2.0/src/assert.rs:1036:9
[INFO] [stdout]   21:     0x6479834659b7 - <<assert_cmd[9e9a1f23809eaa20]::assert::AssertError>::panic<assert_cmd[9e9a1f23809eaa20]::assert::Assert> as core[a373ad73a504971]::ops::function::FnOnce<(assert_cmd[9e9a1f23809eaa20]::assert::AssertError,)>>::call_once
[INFO] [stdout]                                at /rustc/e3feeb59cd1bdd011a2bfcc0747b55125d9b8527/library/core/src/ops/function.rs:250:5
[INFO] [stdout]   22:     0x64798347389b - <core[a373ad73a504971]::result::Result<assert_cmd[9e9a1f23809eaa20]::assert::Assert, assert_cmd[9e9a1f23809eaa20]::assert::AssertError>>::unwrap_or_else::<<assert_cmd[9e9a1f23809eaa20]::assert::AssertError>::panic<assert_cmd[9e9a1f23809eaa20]::assert::Assert>>
[INFO] [stdout]                                at /rustc/e3feeb59cd1bdd011a2bfcc0747b55125d9b8527/library/core/src/result.rs:1619:23
[INFO] [stdout]   23:     0x64798341179e - <assert_cmd[9e9a1f23809eaa20]::assert::Assert>::code::<i32, assert_cmd[9e9a1f23809eaa20]::assert::EqCodePredicate>
[INFO] [stdout]                                at /opt/rustwide/cargo-home/registry/src/index.crates.io-1949cf8c6b5b557f/assert_cmd-2.2.0/src/assert.rs:269:29
[INFO] [stdout]   24:     0x647983413cf0 - robustness[230c06bb3e73a670]::config_show_fails_with_malformed_config
[INFO] [stdout]                                at /opt/rustwide/workdir/tests/robustness.rs:63:10
[INFO] [stdout]   25:     0x6479834128b7 - robustness[230c06bb3e73a670]::config_show_fails_with_malformed_config::{closure#0}
[INFO] [stdout]                                at /opt/rustwide/workdir/tests/robustness.rs:53:45
[INFO] [stdout]   26:     0x647983414af6 - <robustness[230c06bb3e73a670]::config_show_fails_with_malformed_config::{closure#0} as core[a373ad73a504971]::ops::function::FnOnce<()>>::call_once
[INFO] [stdout]                                at /rustc/e3feeb59cd1bdd011a2bfcc0747b55125d9b8527/library/core/src/ops/function.rs:250:5
[INFO] [stdout]   27:     0x64798341ecfb - <fn() -> core[a373ad73a504971]::result::Result<(), alloc[2e1b2a31b91974c5]::string::String> as core[a373ad73a504971]::ops::function::FnOnce<()>>::call_once
[INFO] [stdout]                                at /rustc/e3feeb59cd1bdd011a2bfcc0747b55125d9b8527/library/core/src/ops/function.rs:250:5
[INFO] [stdout]   28:     0x64798341ecfb - test[aada8e7e76ba119b]::__rust_begin_short_backtrace::<core[a373ad73a504971]::result::Result<(), alloc[2e1b2a31b91974c5]::string::String>, fn() -> core[a373ad73a504971]::result::Result<(), alloc[2e1b2a31b91974c5]::string::String>>
[INFO] [stdout]                                at /rustc/e3feeb59cd1bdd011a2bfcc0747b55125d9b8527/library/test/src/lib.rs:701:18
[INFO] [stdout]   29:     0x64798342bed5 - test[aada8e7e76ba119b]::run_test_in_process::{closure#0}
[INFO] [stdout]                                at /rustc/e3feeb59cd1bdd011a2bfcc0747b55125d9b8527/library/test/src/lib.rs:724:74
[INFO] [stdout]   30:     0x64798342bed5 - <core[a373ad73a504971]::panic::unwind_safe::AssertUnwindSafe<test[aada8e7e76ba119b]::run_test_in_process::{closure#0}> as core[a373ad73a504971]::ops::function::FnOnce<()>>::call_once
[INFO] [stdout]                                at /rustc/e3feeb59cd1bdd011a2bfcc0747b55125d9b8527/library/core/src/panic/unwind_safe.rs:275:9
[INFO] [stdout]   31:     0x64798342bed5 - std[617be2ca0a6fd877]::panicking::catch_unwind::do_call::<core[a373ad73a504971]::panic::unwind_safe::AssertUnwindSafe<test[aada8e7e76ba119b]::run_test_in_process::{closure#0}>, core[a373ad73a504971]::result::Result<(), alloc[2e1b2a31b91974c5]::string::String>>
[INFO] [stdout]                                at /rustc/e3feeb59cd1bdd011a2bfcc0747b55125d9b8527/library/std/src/panicking.rs:573:43
[INFO] [stdout]   32:     0x64798342bed5 - std[617be2ca0a6fd877]::panicking::catch_unwind::<core[a373ad73a504971]::result::Result<(), alloc[2e1b2a31b91974c5]::string::String>, core[a373ad73a504971]::panic::unwind_safe::AssertUnwindSafe<test[aada8e7e76ba119b]::run_test_in_process::{closure#0}>>
[INFO] [stdout]                                at /rustc/e3feeb59cd1bdd011a2bfcc0747b55125d9b8527/library/std/src/panicking.rs:541:19
[INFO] [stdout]   33:     0x64798342bed5 - std[617be2ca0a6fd877]::panic::catch_unwind::<core[a373ad73a504971]::panic::unwind_safe::AssertUnwindSafe<test[aada8e7e76ba119b]::run_test_in_process::{closure#0}>, core[a373ad73a504971]::result::Result<(), alloc[2e1b2a31b91974c5]::string::String>>
[INFO] [stdout]                                at /rustc/e3feeb59cd1bdd011a2bfcc0747b55125d9b8527/library/std/src/panic.rs:359:14
[INFO] [stdout]   34:     0x64798342bed5 - test[aada8e7e76ba119b]::run_test_in_process
[INFO] [stdout]                                at /rustc/e3feeb59cd1bdd011a2bfcc0747b55125d9b8527/library/test/src/lib.rs:724:27
[INFO] [stdout]   35:     0x64798342bed5 - test[aada8e7e76ba119b]::run_test::{closure#0}
[INFO] [stdout]                                at /rustc/e3feeb59cd1bdd011a2bfcc0747b55125d9b8527/library/test/src/lib.rs:645:43
[INFO] [stdout]   36:     0x6479834257c4 - test[aada8e7e76ba119b]::run_test::{closure#1}
[INFO] [stdout]                                at /rustc/e3feeb59cd1bdd011a2bfcc0747b55125d9b8527/library/test/src/lib.rs:675:41
[INFO] [stdout]   37:     0x6479834257c4 - std[617be2ca0a6fd877]::sys::backtrace::__rust_begin_short_backtrace::<test[aada8e7e76ba119b]::run_test::{closure#1}, ()>
[INFO] [stdout]                                at /rustc/e3feeb59cd1bdd011a2bfcc0747b55125d9b8527/library/std/src/sys/backtrace.rs:166:18
[INFO] [stdout]   38:     0x64798342ef62 - std[617be2ca0a6fd877]::thread::lifecycle::spawn_unchecked::<test[aada8e7e76ba119b]::run_test::{closure#1}, ()>::{closure#1}::{closure#0}
[INFO] [stdout]                                at /rustc/e3feeb59cd1bdd011a2bfcc0747b55125d9b8527/library/std/src/thread/lifecycle.rs:70:13
[INFO] [stdout]   39:     0x64798342ef62 - <core[a373ad73a504971]::panic::unwind_safe::AssertUnwindSafe<std[617be2ca0a6fd877]::thread::lifecycle::spawn_unchecked<test[aada8e7e76ba119b]::run_test::{closure#1}, ()>::{closure#1}::{closure#0}> as core[a373ad73a504971]::ops::function::FnOnce<()>>::call_once
[INFO] [stdout]                                at /rustc/e3feeb59cd1bdd011a2bfcc0747b55125d9b8527/library/core/src/panic/unwind_safe.rs:275:9
[INFO] [stdout]   40:     0x64798342ef62 - std[617be2ca0a6fd877]::panicking::catch_unwind::do_call::<core[a373ad73a504971]::panic::unwind_safe::AssertUnwindSafe<std[617be2ca0a6fd877]::thread::lifecycle::spawn_unchecked<test[aada8e7e76ba119b]::run_test::{closure#1}, ()>::{closure#1}::{closure#0}>, ()>
[INFO] [stdout]                                at /rustc/e3feeb59cd1bdd011a2bfcc0747b55125d9b8527/library/std/src/panicking.rs:573:43
[INFO] [stdout]   41:     0x64798342ef62 - std[617be2ca0a6fd877]::panicking::catch_unwind::<(), core[a373ad73a504971]::panic::unwind_safe::AssertUnwindSafe<std[617be2ca0a6fd877]::thread::lifecycle::spawn_unchecked<test[aada8e7e76ba119b]::run_test::{closure#1}, ()>::{closure#1}::{closure#0}>>
[INFO] [stdout]                                at /rustc/e3feeb59cd1bdd011a2bfcc0747b55125d9b8527/library/std/src/panicking.rs:541:19
[INFO] [stdout]   42:     0x64798342ef62 - std[617be2ca0a6fd877]::panic::catch_unwind::<core[a373ad73a504971]::panic::unwind_safe::AssertUnwindSafe<std[617be2ca0a6fd877]::thread::lifecycle::spawn_unchecked<test[aada8e7e76ba119b]::run_test::{closure#1}, ()>::{closure#1}::{closure#0}>, ()>
[INFO] [stdout]                                at /rustc/e3feeb59cd1bdd011a2bfcc0747b55125d9b8527/library/std/src/panic.rs:359:14
[INFO] [stdout]   43:     0x64798342ef62 - std[617be2ca0a6fd877]::thread::lifecycle::spawn_unchecked::<test[aada8e7e76ba119b]::run_test::{closure#1}, ()>::{closure#1}
[INFO] [stdout]                                at /rustc/e3feeb59cd1bdd011a2bfcc0747b55125d9b8527/library/std/src/thread/lifecycle.rs:68:26
[INFO] [stdout]   44:     0x64798342ef62 - <std[617be2ca0a6fd877]::thread::lifecycle::spawn_unchecked<test[aada8e7e76ba119b]::run_test::{closure#1}, ()>::{closure#1} as core[a373ad73a504971]::ops::function::FnOnce<()>>::call_once::{shim:vtable#0}
[INFO] [stdout]                                at /rustc/e3feeb59cd1bdd011a2bfcc0747b55125d9b8527/library/core/src/ops/function.rs:250:5
[INFO] [stdout]   45:     0x6479834d81df - <alloc[2e1b2a31b91974c5]::boxed::Box<dyn core[a373ad73a504971]::ops::function::FnOnce<(), Output = ()> + core[a373ad73a504971]::marker::Send> as core[a373ad73a504971]::ops::function::FnOnce<()>>::call_once
[INFO] [stdout]                                at /rustc/e3feeb59cd1bdd011a2bfcc0747b55125d9b8527/library/alloc/src/boxed.rs:2314:9
[INFO] [stdout]   46:     0x6479834d81df - <std[617be2ca0a6fd877]::sys::thread::unix::Thread>::new::thread_start
[INFO] [stdout]                                at /rustc/e3feeb59cd1bdd011a2bfcc0747b55125d9b8527/library/std/src/sys/thread/unix.rs:127:17
[INFO] [stdout]   47:     0x754446be8dfa - <unknown>
[INFO] [stdout]   48:     0x754446c7c3d4 - clone
[INFO] [stdout]   49:                0x0 - <unknown>
[INFO] [stdout] 
[INFO] [stdout] 
[INFO] [stdout] failures:
[INFO] [stdout]     config_show_fails_with_malformed_config
[INFO] [stdout] 
[INFO] [stdout] test result: FAILED. 5 passed; 1 failed; 0 ignored; 0 measured; 0 filtered out; finished in 0.08s
[INFO] [stdout] 
[INFO] [stderr] error: test failed, to rerun pass `--test robustness`
[INFO] running `Command { std: "docker" "inspect" "0dc6a6c41c0c0d7597d00ea0c2b9fb98cf970fb079fbbfe393e95ceb21b3c13c", kill_on_drop: false }`
[INFO] running `Command { std: "docker" "rm" "-f" "0dc6a6c41c0c0d7597d00ea0c2b9fb98cf970fb079fbbfe393e95ceb21b3c13c", kill_on_drop: false }`
[INFO] [stdout] 0dc6a6c41c0c0d7597d00ea0c2b9fb98cf970fb079fbbfe393e95ceb21b3c13c
