[INFO] fetching crate dbkit 0.3.1...
[INFO] testing dbkit-0.3.1 against 1.100.0-beta.1 for beta-1.100-2
[INFO] extracting crate dbkit 0.3.1 into /workspace/builds/worker-2-tc2/source
[INFO] started tweaking crates.io crate dbkit 0.3.1
[INFO] removed 0 missing tests
[INFO] finished tweaking crates.io crate dbkit 0.3.1
[INFO] tweaked toml for crates.io crate dbkit 0.3.1 written to /workspace/builds/worker-2-tc2/source/Cargo.toml
[INFO] validating manifest of crates.io crate dbkit 0.3.1 on toolchain 1.100.0-beta.1
[INFO] running `Command { std: CARGO_HOME="/workspace/cargo-home" RUSTUP_HOME="/workspace/rustup-home" "/workspace/cargo-home/bin/cargo" "+1.100.0-beta.1" "metadata" "--manifest-path" "Cargo.toml" "--no-deps", kill_on_drop: false }`
[INFO] crate crates.io crate dbkit 0.3.1 already has a lockfile, it will not be regenerated
[INFO] running `Command { std: CARGO_HOME="/workspace/cargo-home" RUSTUP_HOME="/workspace/rustup-home" "/workspace/cargo-home/bin/cargo" "+1.100.0-beta.1" "fetch" "--manifest-path" "Cargo.toml", kill_on_drop: false }`
[INFO] running `Command { std: "docker" "create" "-v" "/var/lib/crater-agent-workspace/builds/worker-2-tc2/source:/opt/rustwide/workdir:ro,Z" "-v" "/var/lib/crater-agent-workspace/builds/worker-2-tc2/target:/opt/rustwide/target:rw,Z" "-v" "/var/lib/crater-agent-workspace/cargo-home:/opt/rustwide/cargo-home:ro,Z" "-v" "/var/lib/crater-agent-workspace/rustup-home:/opt/rustwide/rustup-home:ro,Z" "-m" "1610612736" "--network" "none" "ghcr.io/rust-lang/crates-build-env/linux@sha256:3111399a4047eeb3a02b7a90e478d715f38a8c6669b5c4b49d30a17385265909" "sleep" "infinity", kill_on_drop: false }`
[INFO] [stdout] 4acb99e6df32a182d245ff71a92b03004111e0cbddeb347b01873f2b34fe4cbb
[INFO] running `Command { std: "docker" "start" "4acb99e6df32a182d245ff71a92b03004111e0cbddeb347b01873f2b34fe4cbb", kill_on_drop: false }`
[INFO] running `Command { std: "docker" "inspect" "4acb99e6df32a182d245ff71a92b03004111e0cbddeb347b01873f2b34fe4cbb", kill_on_drop: false }`
[INFO] running `Command { std: "docker" "exec" "-e" "SOURCE_DIR=/opt/rustwide/workdir" "-e" "CARGO_HOME=/opt/rustwide/cargo-home" "-e" "RUSTUP_HOME=/opt/rustwide/rustup-home" "-e" "CARGO_TARGET_DIR=/opt/rustwide/target" "-w" "/opt/rustwide/workdir" "--user" "0:0" "4acb99e6df32a182d245ff71a92b03004111e0cbddeb347b01873f2b34fe4cbb" "/opt/rustwide/cargo-home/bin/cargo" "+1.100.0-beta.1" "metadata" "--no-deps" "--format-version=1", kill_on_drop: false }`
[INFO] running `Command { std: "docker" "inspect" "4acb99e6df32a182d245ff71a92b03004111e0cbddeb347b01873f2b34fe4cbb", kill_on_drop: false }`
[INFO] running `Command { std: "docker" "exec" "-e" "SOURCE_DIR=/opt/rustwide/workdir" "-e" "CARGO_HOME=/opt/rustwide/cargo-home" "-e" "RUSTUP_HOME=/opt/rustwide/rustup-home" "-e" "CARGO_TARGET_DIR=/opt/rustwide/target" "-e" "CARGO_INCREMENTAL=0" "-e" "RUST_BACKTRACE=full" "-e" "RUSTFLAGS=--cap-lints=warn" "-e" "RUSTDOCFLAGS=--cap-lints=warn" "-w" "/opt/rustwide/workdir" "--user" "0:0" "4acb99e6df32a182d245ff71a92b03004111e0cbddeb347b01873f2b34fe4cbb" "/opt/rustwide/cargo-home/bin/cargo" "+1.100.0-beta.1" "build" "--frozen" "--message-format=json", kill_on_drop: false }`
[INFO] [stderr]    Compiling proc-macro2 v1.0.105
[INFO] [stderr]    Compiling quote v1.0.43
[INFO] [stderr]    Compiling libc v0.2.180
[INFO] [stderr]    Compiling typenum v1.19.0
[INFO] [stderr]    Compiling serde_core v1.0.228
[INFO] [stderr]    Compiling serde v1.0.228
[INFO] [stderr]    Compiling num-traits v0.2.19
[INFO] [stderr]    Compiling litemap v0.8.1
[INFO] [stderr]    Compiling find-msvc-tools v0.1.7
[INFO] [stderr]    Compiling writeable v0.6.2
[INFO] [stderr]    Compiling icu_normalizer_data v2.1.1
[INFO] [stderr]    Compiling cc v1.2.52
[INFO] [stderr]    Compiling icu_properties_data v2.1.2
[INFO] [stderr]    Compiling zeroize v1.8.2
[INFO] [stderr]    Compiling rustls-pki-types v1.14.0
[INFO] [stderr]    Compiling crossbeam-utils v0.8.21
[INFO] [stderr]    Compiling generic-array v0.14.7
[INFO] [stderr]    Compiling syn v2.0.114
[INFO] [stderr]    Compiling zerocopy v0.8.33
[INFO] [stderr]    Compiling zmij v1.0.14
[INFO] [stderr]    Compiling libm v0.2.15
[INFO] [stderr]    Compiling num-integer v0.1.46
[INFO] [stderr]    Compiling bigdecimal v0.4.10
[INFO] [stderr]    Compiling serde_json v1.0.149
[INFO] [stderr]    Compiling bytes v1.11.0
[INFO] [stderr]    Compiling futures-sink v0.3.31
[INFO] [stderr]    Compiling getrandom v0.2.17
[INFO] [stderr]    Compiling mio v1.1.1
[INFO] [stderr]    Compiling socket2 v0.6.1
[INFO] [stderr]    Compiling iana-time-zone v0.1.64
[INFO] [stderr]    Compiling block-buffer v0.10.4
[INFO] [stderr]    Compiling crypto-common v0.1.7
[INFO] [stderr]    Compiling digest v0.10.7
[INFO] [stderr]    Compiling memchr v2.7.6
[INFO] [stderr]    Compiling ring v0.17.14
[INFO] [stderr]    Compiling foldhash v0.1.5
[INFO] [stderr]    Compiling thiserror v2.0.18
[INFO] [stderr]    Compiling rustls v0.23.37
[INFO] [stderr]    Compiling form_urlencoded v1.2.2
[INFO] [stderr]    Compiling hashbrown v0.15.5
[INFO] [stderr]    Compiling tokio v1.49.0
[INFO] [stderr]    Compiling num-bigint v0.4.6
[INFO] [stderr]    Compiling tracing-core v0.1.36
[INFO] [stderr]    Compiling concurrent-queue v2.5.0
[INFO] [stderr]    Compiling webpki-roots v1.0.6
[INFO] [stderr]    Compiling log v0.4.29
[INFO] [stderr]    Compiling itoa v1.0.17
[INFO] [stderr]    Compiling hashbrown v0.16.1
[INFO] [stderr]    Compiling parking v2.2.1
[INFO] [stderr]    Compiling futures-util v0.3.31
[INFO] [stderr]    Compiling indexmap v2.13.0
[INFO] [stderr]    Compiling event-listener v5.4.1
[INFO] [stderr]    Compiling ppv-lite86 v0.2.21
[INFO] [stderr]    Compiling crc v3.4.0
[INFO] [stderr]    Compiling webpki-roots v0.26.11
[INFO] [stderr]    Compiling hashlink v0.10.0
[INFO] [stderr]    Compiling rand_core v0.6.4
[INFO] [stderr]    Compiling crossbeam-queue v0.3.12
[INFO] [stderr]    Compiling uuid v1.19.0
[INFO] [stderr]    Compiling base64 v0.22.1
[INFO] [stderr]    Compiling synstructure v0.13.2
[INFO] [stderr]    Compiling rand_chacha v0.3.1
[INFO] [stderr]    Compiling unicode-normalization v0.1.25
[INFO] [stderr]    Compiling unicode-properties v0.1.4
[INFO] [stderr]    Compiling rand v0.8.5
[INFO] [stderr]    Compiling sha2 v0.10.9
[INFO] [stderr]    Compiling stringprep v0.1.5
[INFO] [stderr]    Compiling hmac v0.12.1
[INFO] [stderr]    Compiling chrono v0.4.43
[INFO] [stderr]    Compiling rustls-webpki v0.103.9
[INFO] [stderr]    Compiling futures-channel v0.3.31
[INFO] [stderr]    Compiling tokio-stream v0.1.18
[INFO] [stderr]    Compiling atoi v2.0.0
[INFO] [stderr]    Compiling bitflags v2.10.0
[INFO] [stderr]    Compiling home v0.5.12
[INFO] [stderr]    Compiling hkdf v0.12.4
[INFO] [stderr]    Compiling md-5 v0.10.6
[INFO] [stderr]    Compiling zerofrom-derive v0.1.6
[INFO] [stderr]    Compiling yoke-derive v0.8.1
[INFO] [stderr]    Compiling zerovec-derive v0.11.2
[INFO] [stderr]    Compiling displaydoc v0.2.5
[INFO] [stderr]    Compiling serde_derive v1.0.228
[INFO] [stderr]    Compiling tracing-attributes v0.1.31
[INFO] [stderr]    Compiling thiserror-impl v2.0.18
[INFO] [stderr]    Compiling zerofrom v0.1.6
[INFO] [stderr]    Compiling yoke v0.8.1
[INFO] [stderr]    Compiling thiserror-impl v1.0.69
[INFO] [stderr]    Compiling zerovec v0.11.5
[INFO] [stderr]    Compiling zerotrie v0.2.3
[INFO] [stderr]    Compiling tinystr v0.8.2
[INFO] [stderr]    Compiling potential_utf v0.1.4
[INFO] [stderr]    Compiling icu_locale_core v2.1.1
[INFO] [stderr]    Compiling icu_collections v2.1.1
[INFO] [stderr]    Compiling dbkit-derive v0.3.1
[INFO] [stderr]    Compiling tracing v0.1.44
[INFO] [stderr]    Compiling thiserror v1.0.69
[INFO] [stderr]    Compiling icu_provider v2.1.1
[INFO] [stderr]    Compiling icu_properties v2.1.2
[INFO] [stderr]    Compiling smallvec v1.15.1
[INFO] [stderr]    Compiling either v1.15.0
[INFO] [stderr]    Compiling icu_normalizer v2.1.1
[INFO] [stderr]    Compiling parking_lot_core v0.9.12
[INFO] [stderr]    Compiling parking_lot v0.12.5
[INFO] [stderr]    Compiling futures-intrusive v0.5.0
[INFO] [stderr]    Compiling idna_adapter v1.2.1
[INFO] [stderr]    Compiling idna v1.1.0
[INFO] [stderr]    Compiling url v2.5.8
[INFO] [stderr]    Compiling sqlx-core v0.8.6
[INFO] [stderr]    Compiling sqlx-postgres v0.8.6
[INFO] [stderr]    Compiling sqlx-macros-core v0.8.6
[INFO] [stderr]    Compiling sqlx-macros v0.8.6
[INFO] [stderr]    Compiling sqlx v0.8.6
[INFO] [stderr]    Compiling dbkit-core v0.3.1
[INFO] [stderr]    Compiling dbkit v0.3.1 (/opt/rustwide/workdir)
[INFO] [stderr]     Finished `dev` profile [unoptimized + debuginfo] target(s) in 1m 59s
[INFO] running `Command { std: "docker" "inspect" "4acb99e6df32a182d245ff71a92b03004111e0cbddeb347b01873f2b34fe4cbb", kill_on_drop: false }`
[INFO] running `Command { std: "docker" "exec" "-e" "SOURCE_DIR=/opt/rustwide/workdir" "-e" "CARGO_HOME=/opt/rustwide/cargo-home" "-e" "RUSTUP_HOME=/opt/rustwide/rustup-home" "-e" "CARGO_TARGET_DIR=/opt/rustwide/target" "-e" "CARGO_INCREMENTAL=0" "-e" "RUST_BACKTRACE=full" "-e" "RUSTFLAGS=--cap-lints=warn" "-e" "RUSTDOCFLAGS=--cap-lints=warn" "-w" "/opt/rustwide/workdir" "--user" "0:0" "4acb99e6df32a182d245ff71a92b03004111e0cbddeb347b01873f2b34fe4cbb" "/opt/rustwide/cargo-home/bin/cargo" "+1.100.0-beta.1" "test" "--frozen" "--no-run" "--message-format=json", kill_on_drop: false }`
[INFO] [stderr]    Compiling serde_core v1.0.228
[INFO] [stderr]    Compiling tracing-core v0.1.36
[INFO] [stderr]    Compiling serde_json v1.0.149
[INFO] [stderr]    Compiling tokio v1.49.0
[INFO] [stderr]    Compiling tokio-macros v2.6.0
[INFO] [stderr]    Compiling owo-colors v4.3.0
[INFO] [stderr]    Compiling sharded-slab v0.1.7
[INFO] [stderr]    Compiling thread_local v1.1.9
[INFO] [stderr]    Compiling object v0.37.3
[INFO] [stderr]    Compiling tracing v0.1.44
[INFO] [stderr]    Compiling tracing-subscriber v0.3.22
[INFO] [stderr]    Compiling regex-syntax v0.8.10
[INFO] [stderr]    Compiling eyre v0.6.12
[INFO] [stderr]    Compiling gimli v0.32.3
[INFO] [stderr]    Compiling color-spantrace v0.3.0
[INFO] [stderr]    Compiling miniz_oxide v0.8.9
[INFO] [stderr]    Compiling tracing-error v0.2.1
[INFO] [stderr]    Compiling regex-automata v0.4.14
[INFO] [stderr]    Compiling serde v1.0.228
[INFO] [stderr]    Compiling smallvec v1.15.1
[INFO] [stderr]    Compiling icu_normalizer v2.1.1
[INFO] [stderr]    Compiling parking_lot_core v0.9.12
[INFO] [stderr]    Compiling parking_lot v0.12.5
[INFO] [stderr]    Compiling either v1.15.0
[INFO] [stderr]    Compiling idna_adapter v1.2.1
[INFO] [stderr]    Compiling idna v1.1.0
[INFO] [stderr]    Compiling futures-intrusive v0.5.0
[INFO] [stderr]    Compiling url v2.5.8
[INFO] [stderr]    Compiling tokio-stream v0.1.18
[INFO] [stderr]    Compiling sqlx-core v0.8.6
[INFO] [stderr]    Compiling addr2line v0.25.1
[INFO] [stderr]    Compiling anyhow v1.0.102
[INFO] [stderr]    Compiling portable-atomic v1.13.1
[INFO] [stderr]    Compiling indenter v0.3.4
[INFO] [stderr]    Compiling camino v1.2.2
[INFO] [stderr]    Compiling rustc-demangle v0.1.27
[INFO] [stderr]    Compiling semver v1.0.27
[INFO] [stderr]    Compiling console v0.16.2
[INFO] [stderr]    Compiling bstr v1.12.1
[INFO] [stderr]    Compiling cargo-platform v0.1.9
[INFO] [stderr]    Compiling anstyle v1.0.13
[INFO] [stderr]    Compiling unit-prefix v0.5.2
[INFO] [stderr]    Compiling indicatif v0.18.4
[INFO] [stderr]    Compiling annotate-snippets v0.11.5
[INFO] [stderr]    Compiling cargo_metadata v0.18.1
[INFO] [stderr]    Compiling rustc_version v0.4.1
[INFO] [stderr]    Compiling rustfix v0.8.7
[INFO] [stderr]    Compiling regex v1.12.3
[INFO] [stderr]    Compiling sqlx-postgres v0.8.6
[INFO] [stderr]    Compiling prettydiff v0.9.0
[INFO] [stderr]    Compiling crossbeam-channel v0.5.15
[INFO] [stderr]    Compiling levenshtein v1.0.5
[INFO] [stderr]    Compiling colored v3.1.1
[INFO] [stderr]    Compiling comma v1.0.0
[INFO] [stderr]    Compiling backtrace v0.3.76
[INFO] [stderr]    Compiling color-eyre v0.6.5
[INFO] [stderr]    Compiling spanned v0.4.1
[INFO] [stderr]    Compiling ui_test v0.30.4
[INFO] [stderr]    Compiling sqlx-macros-core v0.8.6
[INFO] [stderr]    Compiling sqlx-macros v0.8.6
[INFO] [stderr]    Compiling sqlx v0.8.6
[INFO] [stderr]    Compiling dbkit-core v0.3.1
[INFO] [stderr]    Compiling dbkit v0.3.1 (/opt/rustwide/workdir)
[INFO] [stdout] warning: associated constant `id` should have an upper case name
[INFO] [stdout]  --> tests/lock_scope_sql.rs:8:5
[INFO] [stdout]   |
[INFO] [stdout] 8 |     id: i64,
[INFO] [stdout]   |     ^^ help: convert the identifier to upper case: `ID`
[INFO] [stdout]   |
[INFO] [stdout]   = note: `#[warn(non_upper_case_globals)]` (part of `#[warn(nonstandard_style)]`) on by default
[INFO] [stdout] 
[INFO] [stdout] 
[INFO] [stdout] warning: associated constant `name` should have an upper case name
[INFO] [stdout]  --> tests/lock_scope_sql.rs:9:5
[INFO] [stdout]   |
[INFO] [stdout] 9 |     name: String,
[INFO] [stdout]   |     ^^^^ help: convert the identifier to upper case: `NAME`
[INFO] [stdout] 
[INFO] [stdout] 
[INFO] [stdout] warning: associated constant `todos` should have an upper case name
[INFO] [stdout]   --> tests/lock_scope_sql.rs:11:5
[INFO] [stdout]    |
[INFO] [stdout] 11 |     todos: dbkit::HasMany<Todo>,
[INFO] [stdout]    |     ^^^^^ help: convert the identifier to upper case: `TODOS`
[INFO] [stdout] 
[INFO] [stdout] 
[INFO] [stdout] warning: associated constant `id` should have an upper case name
[INFO] [stdout]   --> tests/lock_scope_sql.rs:17:5
[INFO] [stdout]    |
[INFO] [stdout] 17 |     id: i64,
[INFO] [stdout]    |     ^^ help: convert the identifier to upper case: `ID`
[INFO] [stdout] 
[INFO] [stdout] 
[INFO] [stdout] warning: associated constant `user_id` should have an upper case name
[INFO] [stdout]   --> tests/lock_scope_sql.rs:18:5
[INFO] [stdout]    |
[INFO] [stdout] 18 |     user_id: i64,
[INFO] [stdout]    |     ^^^^^^^ help: convert the identifier to upper case: `USER_ID`
[INFO] [stdout] 
[INFO] [stdout] 
[INFO] [stdout] warning: associated constant `title` should have an upper case name
[INFO] [stdout]   --> tests/lock_scope_sql.rs:19:5
[INFO] [stdout]    |
[INFO] [stdout] 19 |     title: String,
[INFO] [stdout]    |     ^^^^^ help: convert the identifier to upper case: `TITLE`
[INFO] [stdout] 
[INFO] [stdout] 
[INFO] [stdout] warning: associated constant `user` should have an upper case name
[INFO] [stdout]   --> tests/lock_scope_sql.rs:21:5
[INFO] [stdout]    |
[INFO] [stdout] 21 |     user: dbkit::BelongsTo<User>,
[INFO] [stdout]    |     ^^^^ help: convert the identifier to upper case: `USER`
[INFO] [stdout] 
[INFO] [stdout] 
[INFO] [stdout] warning: field `value` is never read
[INFO] [stdout]    --> tests/integration_regex_inspection.rs:278:5
[INFO] [stdout]     |
[INFO] [stdout] 277 | struct InvalidPatternResult {
[INFO] [stdout]     |        -------------------- field in this struct
[INFO] [stdout] 278 |     value: bool,
[INFO] [stdout]     |     ^^^^^
[INFO] [stdout]     |
[INFO] [stdout]     = note: `InvalidPatternResult` has a derived impl for the trait `Debug`, but this is intentionally ignored during dead code analysis
[INFO] [stdout]     = note: `#[warn(dead_code)]` (part of `#[warn(unused)]`) on by default
[INFO] [stdout] 
[INFO] [stdout] 
[INFO] [stdout] warning: associated constant `id` should have an upper case name
[INFO] [stdout]  --> tests/active_update_partial.rs:8:5
[INFO] [stdout]   |
[INFO] [stdout] 8 |     id: i64,
[INFO] [stdout]   |     ^^ help: convert the identifier to upper case: `ID`
[INFO] [stdout]   |
[INFO] [stdout]   = note: `#[warn(non_upper_case_globals)]` (part of `#[warn(nonstandard_style)]`) on by default
[INFO] [stdout] 
[INFO] [stdout] 
[INFO] [stdout] warning: associated constant `name` should have an upper case name
[INFO] [stdout]  --> tests/active_update_partial.rs:9:5
[INFO] [stdout]   |
[INFO] [stdout] 9 |     name: String,
[INFO] [stdout]   |     ^^^^ help: convert the identifier to upper case: `NAME`
[INFO] [stdout] 
[INFO] [stdout] 
[INFO] [stdout] warning: associated constant `email` should have an upper case name
[INFO] [stdout]   --> tests/active_update_partial.rs:10:5
[INFO] [stdout]    |
[INFO] [stdout] 10 |     email: String,
[INFO] [stdout]    |     ^^^^^ help: convert the identifier to upper case: `EMAIL`
[INFO] [stdout] 
[INFO] [stdout] 
[INFO] [stdout] warning: associated constant `id` should have an upper case name
[INFO] [stdout]  --> tests/joined_sql.rs:8:5
[INFO] [stdout]   |
[INFO] [stdout] 8 |     id: i64,
[INFO] [stdout]   |     ^^ help: convert the identifier to upper case: `ID`
[INFO] [stdout]   |
[INFO] [stdout]   = note: `#[warn(non_upper_case_globals)]` (part of `#[warn(nonstandard_style)]`) on by default
[INFO] [stdout] 
[INFO] [stdout] 
[INFO] [stdout] warning: associated constant `name` should have an upper case name
[INFO] [stdout]  --> tests/joined_sql.rs:9:5
[INFO] [stdout]   |
[INFO] [stdout] 9 |     name: String,
[INFO] [stdout]   |     ^^^^ help: convert the identifier to upper case: `NAME`
[INFO] [stdout] 
[INFO] [stdout] 
[INFO] [stdout] warning: associated constant `todos` should have an upper case name
[INFO] [stdout]   --> tests/joined_sql.rs:11:5
[INFO] [stdout]    |
[INFO] [stdout] 11 |     todos: dbkit::HasMany<Todo>,
[INFO] [stdout]    |     ^^^^^ help: convert the identifier to upper case: `TODOS`
[INFO] [stdout] 
[INFO] [stdout] 
[INFO] [stdout] warning: associated constant `id` should have an upper case name
[INFO] [stdout]   --> tests/joined_sql.rs:17:5
[INFO] [stdout]    |
[INFO] [stdout] 17 |     id: i64,
[INFO] [stdout]    |     ^^ help: convert the identifier to upper case: `ID`
[INFO] [stdout] 
[INFO] [stdout] 
[INFO] [stdout] warning: associated constant `user_id` should have an upper case name
[INFO] [stdout]   --> tests/joined_sql.rs:18:5
[INFO] [stdout]    |
[INFO] [stdout] 18 |     user_id: i64,
[INFO] [stdout]    |     ^^^^^^^ help: convert the identifier to upper case: `USER_ID`
[INFO] [stdout] 
[INFO] [stdout] 
[INFO] [stdout] warning: associated constant `title` should have an upper case name
[INFO] [stdout]   --> tests/joined_sql.rs:19:5
[INFO] [stdout]    |
[INFO] [stdout] 19 |     title: String,
[INFO] [stdout]    |     ^^^^^ help: convert the identifier to upper case: `TITLE`
[INFO] [stdout] 
[INFO] [stdout] 
[INFO] [stdout] warning: associated constant `user` should have an upper case name
[INFO] [stdout]   --> tests/joined_sql.rs:21:5
[INFO] [stdout]    |
[INFO] [stdout] 21 |     user: dbkit::BelongsTo<User>,
[INFO] [stdout]    |     ^^^^ help: convert the identifier to upper case: `USER`
[INFO] [stdout] 
[INFO] [stdout] 
[INFO] [stdout] warning: associated constant `tags` should have an upper case name
[INFO] [stdout]   --> tests/joined_sql.rs:23:5
[INFO] [stdout]    |
[INFO] [stdout] 23 |     tags: dbkit::ManyToMany<Tag>,
[INFO] [stdout]    |     ^^^^ help: convert the identifier to upper case: `TAGS`
[INFO] [stdout] 
[INFO] [stdout] 
[INFO] [stdout] warning: associated constant `id` should have an upper case name
[INFO] [stdout]   --> tests/joined_sql.rs:29:5
[INFO] [stdout]    |
[INFO] [stdout] 29 |     id: i64,
[INFO] [stdout]    |     ^^ help: convert the identifier to upper case: `ID`
[INFO] [stdout] 
[INFO] [stdout] 
[INFO] [stdout] warning: associated constant `name` should have an upper case name
[INFO] [stdout]   --> tests/joined_sql.rs:30:5
[INFO] [stdout]    |
[INFO] [stdout] 30 |     name: String,
[INFO] [stdout]    |     ^^^^ help: convert the identifier to upper case: `NAME`
[INFO] [stdout] 
[INFO] [stdout] 
[INFO] [stdout] warning: associated constant `todos` should have an upper case name
[INFO] [stdout]   --> tests/joined_sql.rs:32:5
[INFO] [stdout]    |
[INFO] [stdout] 32 |     todos: dbkit::ManyToMany<Todo>,
[INFO] [stdout]    |     ^^^^^ help: convert the identifier to upper case: `TODOS`
[INFO] [stdout] 
[INFO] [stdout] 
[INFO] [stdout] warning: associated constant `todo_id` should have an upper case name
[INFO] [stdout]   --> tests/joined_sql.rs:38:5
[INFO] [stdout]    |
[INFO] [stdout] 38 |     todo_id: i64,
[INFO] [stdout]    |     ^^^^^^^ help: convert the identifier to upper case: `TODO_ID`
[INFO] [stdout] 
[INFO] [stdout] 
[INFO] [stdout] warning: associated constant `tag_id` should have an upper case name
[INFO] [stdout]   --> tests/joined_sql.rs:40:5
[INFO] [stdout]    |
[INFO] [stdout] 40 |     tag_id: i64,
[INFO] [stdout]    |     ^^^^^^ help: convert the identifier to upper case: `TAG_ID`
[INFO] [stdout] 
[INFO] [stdout] 
[INFO] [stdout] warning: associated constant `id` should have an upper case name
[INFO] [stdout]  --> tests/one_limit.rs:8:5
[INFO] [stdout]   |
[INFO] [stdout] 8 |     id: i64,
[INFO] [stdout]   |     ^^ help: convert the identifier to upper case: `ID`
[INFO] [stdout]   |
[INFO] [stdout]   = note: `#[warn(non_upper_case_globals)]` (part of `#[warn(nonstandard_style)]`) on by default
[INFO] [stdout] 
[INFO] [stdout] 
[INFO] [stdout] warning: field `value` is never read
[INFO] [stdout]     --> tests/integration_postgres.rs:1864:5
[INFO] [stdout]      |
[INFO] [stdout] 1863 | struct NullableStringResult {
[INFO] [stdout]      |        -------------------- field in this struct
[INFO] [stdout] 1864 |     value: Option<String>,
[INFO] [stdout]      |     ^^^^^
[INFO] [stdout]      |
[INFO] [stdout]      = note: `NullableStringResult` has a derived impl for the trait `Debug`, but this is intentionally ignored during dead code analysis
[INFO] [stdout]      = note: `#[warn(dead_code)]` (part of `#[warn(unused)]`) on by default
[INFO] [stdout] 
[INFO] [stdout] 
[INFO] [stdout] warning: field `value` is never read
[INFO] [stdout]     --> tests/integration_postgres.rs:2884:5
[INFO] [stdout]      |
[INFO] [stdout] 2883 | struct RegexSplitResult {
[INFO] [stdout]      |        ---------------- field in this struct
[INFO] [stdout] 2884 |     value: Vec<String>,
[INFO] [stdout]      |     ^^^^^
[INFO] [stdout]      |
[INFO] [stdout]      = note: `RegexSplitResult` has a derived impl for the trait `Debug`, but this is intentionally ignored during dead code analysis
[INFO] [stdout] 
[INFO] [stdout] 
[INFO] [stderr]     Finished `test` profile [unoptimized + debuginfo] target(s) in 2m 46s
[INFO] [stderr] warning: the following packages contain code that will be rejected by a future version of Rust: ui_test v0.30.4
[INFO] [stderr] note: to see what the problems were, use the option `--future-incompat-report`, or run `cargo report future-incompatibilities --id 3`
[INFO] running `Command { std: "docker" "inspect" "4acb99e6df32a182d245ff71a92b03004111e0cbddeb347b01873f2b34fe4cbb", kill_on_drop: false }`
[INFO] running `Command { std: "docker" "exec" "-e" "SOURCE_DIR=/opt/rustwide/workdir" "-e" "CARGO_HOME=/opt/rustwide/cargo-home" "-e" "RUSTUP_HOME=/opt/rustwide/rustup-home" "-e" "CARGO_TARGET_DIR=/opt/rustwide/target" "-e" "CARGO_INCREMENTAL=0" "-e" "RUST_BACKTRACE=full" "-e" "RUSTFLAGS=--cap-lints=warn" "-e" "RUSTDOCFLAGS=--cap-lints=warn" "-w" "/opt/rustwide/workdir" "--user" "0:0" "4acb99e6df32a182d245ff71a92b03004111e0cbddeb347b01873f2b34fe4cbb" "/opt/rustwide/cargo-home/bin/cargo" "+1.100.0-beta.1" "test" "--frozen", kill_on_drop: false }`
[INFO] [stderr] warning: associated constant `id` should have an upper case name
[INFO] [stderr]  --> tests/one_limit.rs:8:5
[INFO] [stderr]   |
[INFO] [stderr] 8 |     id: i64,
[INFO] [stderr]   |     ^^ help: convert the identifier to upper case: `ID`
[INFO] [stderr]   |
[INFO] [stderr]   = note: `#[warn(non_upper_case_globals)]` (part of `#[warn(nonstandard_style)]`) on by default
[INFO] [stderr] 
[INFO] [stderr] warning: field `value` is never read
[INFO] [stderr]    --> tests/integration_regex_inspection.rs:278:5
[INFO] [stderr]     |
[INFO] [stderr] 277 | struct InvalidPatternResult {
[INFO] [stderr]     |        -------------------- field in this struct
[INFO] [stderr] 278 |     value: bool,
[INFO] [stderr]     |     ^^^^^
[INFO] [stderr]     |
[INFO] [stderr]     = note: `InvalidPatternResult` has a derived impl for the trait `Debug`, but this is intentionally ignored during dead code analysis
[INFO] [stderr]     = note: `#[warn(dead_code)]` (part of `#[warn(unused)]`) on by default
[INFO] [stderr] 
[INFO] [stderr] warning: `dbkit` (test "one_limit") generated 1 warning
[INFO] [stderr] warning: `dbkit` (test "integration_regex_inspection") generated 1 warning
[INFO] [stderr] warning: field `value` is never read
[INFO] [stderr]     --> tests/integration_postgres.rs:1864:5
[INFO] [stderr]      |
[INFO] [stderr] 1863 | struct NullableStringResult {
[INFO] [stderr]      |        -------------------- field in this struct
[INFO] [stderr] 1864 |     value: Option<String>,
[INFO] [stderr]      |     ^^^^^
[INFO] [stderr]      |
[INFO] [stderr]      = note: `NullableStringResult` has a derived impl for the trait `Debug`, but this is intentionally ignored during dead code analysis
[INFO] [stderr]      = note: `#[warn(dead_code)]` (part of `#[warn(unused)]`) on by default
[INFO] [stderr] 
[INFO] [stderr] warning: field `value` is never read
[INFO] [stderr]     --> tests/integration_postgres.rs:2884:5
[INFO] [stderr]      |
[INFO] [stderr] 2883 | struct RegexSplitResult {
[INFO] [stderr]      |        ---------------- field in this struct
[INFO] [stderr] 2884 |     value: Vec<String>,
[INFO] [stderr]      |     ^^^^^
[INFO] [stderr]      |
[INFO] [stderr]      = note: `RegexSplitResult` has a derived impl for the trait `Debug`, but this is intentionally ignored during dead code analysis
[INFO] [stderr] 
[INFO] [stderr] warning: associated constant `id` should have an upper case name
[INFO] [stderr]  --> tests/lock_scope_sql.rs:8:5
[INFO] [stderr]   |
[INFO] [stderr] 8 |     id: i64,
[INFO] [stderr]   |     ^^ help: convert the identifier to upper case: `ID`
[INFO] [stderr]   |
[INFO] [stderr]   = note: `#[warn(non_upper_case_globals)]` (part of `#[warn(nonstandard_style)]`) on by default
[INFO] [stderr] 
[INFO] [stderr] warning: associated constant `name` should have an upper case name
[INFO] [stderr]  --> tests/lock_scope_sql.rs:9:5
[INFO] [stderr]   |
[INFO] [stderr] 9 |     name: String,
[INFO] [stderr]   |     ^^^^ help: convert the identifier to upper case: `NAME`
[INFO] [stderr] 
[INFO] [stderr] warning: associated constant `todos` should have an upper case name
[INFO] [stderr]   --> tests/lock_scope_sql.rs:11:5
[INFO] [stderr]    |
[INFO] [stderr] 11 |     todos: dbkit::HasMany<Todo>,
[INFO] [stderr]    |     ^^^^^ help: convert the identifier to upper case: `TODOS`
[INFO] [stderr] 
[INFO] [stderr] warning: associated constant `id` should have an upper case name
[INFO] [stderr]   --> tests/lock_scope_sql.rs:17:5
[INFO] [stderr]    |
[INFO] [stderr] 17 |     id: i64,
[INFO] [stderr]    |     ^^ help: convert the identifier to upper case: `ID`
[INFO] [stderr] 
[INFO] [stderr] warning: associated constant `user_id` should have an upper case name
[INFO] [stderr]   --> tests/lock_scope_sql.rs:18:5
[INFO] [stderr]    |
[INFO] [stderr] 18 |     user_id: i64,
[INFO] [stderr]    |     ^^^^^^^ help: convert the identifier to upper case: `USER_ID`
[INFO] [stderr] 
[INFO] [stderr] warning: associated constant `title` should have an upper case name
[INFO] [stderr]   --> tests/lock_scope_sql.rs:19:5
[INFO] [stderr]    |
[INFO] [stderr] 19 |     title: String,
[INFO] [stderr]    |     ^^^^^ help: convert the identifier to upper case: `TITLE`
[INFO] [stderr] 
[INFO] [stderr] warning: associated constant `user` should have an upper case name
[INFO] [stderr]   --> tests/lock_scope_sql.rs:21:5
[INFO] [stderr]    |
[INFO] [stderr] 21 |     user: dbkit::BelongsTo<User>,
[INFO] [stderr]    |     ^^^^ help: convert the identifier to upper case: `USER`
[INFO] [stderr] 
[INFO] [stderr] warning: `dbkit` (test "integration_postgres") generated 2 warnings
[INFO] [stderr] warning: `dbkit` (test "lock_scope_sql") generated 7 warnings
[INFO] [stderr] warning: associated constant `id` should have an upper case name
[INFO] [stderr]  --> tests/active_update_partial.rs:8:5
[INFO] [stderr]   |
[INFO] [stderr] 8 |     id: i64,
[INFO] [stderr]   |     ^^ help: convert the identifier to upper case: `ID`
[INFO] [stderr]   |
[INFO] [stderr]   = note: `#[warn(non_upper_case_globals)]` (part of `#[warn(nonstandard_style)]`) on by default
[INFO] [stderr] 
[INFO] [stderr] warning: associated constant `name` should have an upper case name
[INFO] [stderr]  --> tests/active_update_partial.rs:9:5
[INFO] [stderr]   |
[INFO] [stderr] 9 |     name: String,
[INFO] [stderr]   |     ^^^^ help: convert the identifier to upper case: `NAME`
[INFO] [stderr] 
[INFO] [stderr] warning: associated constant `email` should have an upper case name
[INFO] [stderr]   --> tests/active_update_partial.rs:10:5
[INFO] [stderr]    |
[INFO] [stderr] 10 |     email: String,
[INFO] [stderr]    |     ^^^^^ help: convert the identifier to upper case: `EMAIL`
[INFO] [stderr] 
[INFO] [stderr] warning: associated constant `id` should have an upper case name
[INFO] [stderr]  --> tests/joined_sql.rs:8:5
[INFO] [stderr]   |
[INFO] [stderr] 8 |     id: i64,
[INFO] [stderr]   |     ^^ help: convert the identifier to upper case: `ID`
[INFO] [stderr]   |
[INFO] [stderr]   = note: `#[warn(non_upper_case_globals)]` (part of `#[warn(nonstandard_style)]`) on by default
[INFO] [stderr] 
[INFO] [stderr] warning: associated constant `name` should have an upper case name
[INFO] [stderr]  --> tests/joined_sql.rs:9:5
[INFO] [stderr]   |
[INFO] [stderr] 9 |     name: String,
[INFO] [stderr]   |     ^^^^ help: convert the identifier to upper case: `NAME`
[INFO] [stderr] 
[INFO] [stderr] warning: associated constant `todos` should have an upper case name
[INFO] [stderr]   --> tests/joined_sql.rs:11:5
[INFO] [stderr]    |
[INFO] [stderr] 11 |     todos: dbkit::HasMany<Todo>,
[INFO] [stderr]    |     ^^^^^ help: convert the identifier to upper case: `TODOS`
[INFO] [stderr] 
[INFO] [stderr] warning: associated constant `id` should have an upper case name
[INFO] [stderr]   --> tests/joined_sql.rs:17:5
[INFO] [stderr]    |
[INFO] [stderr] 17 |     id: i64,
[INFO] [stderr]    |     ^^ help: convert the identifier to upper case: `ID`
[INFO] [stderr] 
[INFO] [stderr] warning: associated constant `user_id` should have an upper case name
[INFO] [stderr]   --> tests/joined_sql.rs:18:5
[INFO] [stderr]    |
[INFO] [stderr] 18 |     user_id: i64,
[INFO] [stderr]    |     ^^^^^^^ help: convert the identifier to upper case: `USER_ID`
[INFO] [stderr] 
[INFO] [stderr] warning: associated constant `title` should have an upper case name
[INFO] [stderr]   --> tests/joined_sql.rs:19:5
[INFO] [stderr]    |
[INFO] [stderr] 19 |     title: String,
[INFO] [stderr]    |     ^^^^^ help: convert the identifier to upper case: `TITLE`
[INFO] [stderr] 
[INFO] [stderr] warning: associated constant `user` should have an upper case name
[INFO] [stderr]   --> tests/joined_sql.rs:21:5
[INFO] [stderr]    |
[INFO] [stderr] 21 |     user: dbkit::BelongsTo<User>,
[INFO] [stderr]    |     ^^^^ help: convert the identifier to upper case: `USER`
[INFO] [stderr] 
[INFO] [stderr] warning: associated constant `tags` should have an upper case name
[INFO] [stderr]   --> tests/joined_sql.rs:23:5
[INFO] [stderr]    |
[INFO] [stderr] 23 |     tags: dbkit::ManyToMany<Tag>,
[INFO] [stderr]    |     ^^^^ help: convert the identifier to upper case: `TAGS`
[INFO] [stderr] 
[INFO] [stderr] warning: associated constant `id` should have an upper case name
[INFO] [stderr]   --> tests/joined_sql.rs:29:5
[INFO] [stderr]    |
[INFO] [stderr] 29 |     id: i64,
[INFO] [stderr]    |     ^^ help: convert the identifier to upper case: `ID`
[INFO] [stderr] 
[INFO] [stderr] warning: associated constant `name` should have an upper case name
[INFO] [stderr]   --> tests/joined_sql.rs:30:5
[INFO] [stderr]    |
[INFO] [stderr] 30 |     name: String,
[INFO] [stderr]    |     ^^^^ help: convert the identifier to upper case: `NAME`
[INFO] [stderr] 
[INFO] [stderr] warning: associated constant `todos` should have an upper case name
[INFO] [stderr]   --> tests/joined_sql.rs:32:5
[INFO] [stderr]    |
[INFO] [stderr] 32 |     todos: dbkit::ManyToMany<Todo>,
[INFO] [stderr]    |     ^^^^^ help: convert the identifier to upper case: `TODOS`
[INFO] [stderr] 
[INFO] [stderr] warning: associated constant `todo_id` should have an upper case name
[INFO] [stderr]   --> tests/joined_sql.rs:38:5
[INFO] [stderr]    |
[INFO] [stderr] 38 |     todo_id: i64,
[INFO] [stderr]    |     ^^^^^^^ help: convert the identifier to upper case: `TODO_ID`
[INFO] [stderr] 
[INFO] [stderr] warning: associated constant `tag_id` should have an upper case name
[INFO] [stderr]   --> tests/joined_sql.rs:40:5
[INFO] [stderr]    |
[INFO] [stderr] 40 |     tag_id: i64,
[INFO] [stderr]    |     ^^^^^^ help: convert the identifier to upper case: `TAG_ID`
[INFO] [stderr] 
[INFO] [stderr] warning: `dbkit` (test "active_update_partial") generated 3 warnings
[INFO] [stderr] warning: `dbkit` (test "joined_sql") generated 13 warnings
[INFO] [stderr]     Finished `test` profile [unoptimized + debuginfo] target(s) in 2.53s
[INFO] [stderr] warning: the following packages contain code that will be rejected by a future version of Rust: ui_test v0.30.4
[INFO] [stderr] note: to see what the problems were, use the option `--future-incompat-report`, or run `cargo report future-incompatibilities --id 3`
[INFO] [stderr]      Running unittests src/lib.rs (/opt/rustwide/target/debug/build/dbkit/212a201fe5c12ffc/out/dbkit-212a201fe5c12ffc)
[INFO] [stdout] 
[INFO] [stderr]      Running tests/active_update_partial.rs (/opt/rustwide/target/debug/build/dbkit/6ce013ee797fae09/out/active_update_partial-6ce013ee797fae09)
[INFO] [stdout] running 0 tests
[INFO] [stdout] 
[INFO] [stdout] test result: ok. 0 passed; 0 failed; 0 ignored; 0 measured; 0 filtered out; finished in 0.00s
[INFO] [stdout] 
[INFO] [stdout] 
[INFO] [stdout] running 2 tests
[INFO] [stdout] test active_update_no_changes_skips_sql ... ok
[INFO] [stdout] test active_update_only_sets_changed_fields ... ok
[INFO] [stdout] 
[INFO] [stdout] test result: ok. 2 passed; 0 failed; 0 ignored; 0 measured; 0 filtered out; finished in 0.01s
[INFO] [stdout] 
[INFO] [stderr]      Running tests/arithmetic_integration.rs (/opt/rustwide/target/debug/build/dbkit/98c9f1f4938cb347/out/arithmetic_integration-98c9f1f4938cb347)
[INFO] [stdout] 
[INFO] [stdout] running 3 tests
[INFO] [stdout] test smallint_arithmetic_filters_roundtrip_with_integer_rhs ... FAILED
[INFO] [stdout] test arithmetic_numeric_filters_and_ordering_roundtrip ... FAILED
[INFO] [stdout] test arithmetic_temporal_offset_filter_and_ordering_roundtrip ... FAILED
[INFO] [stdout] 
[INFO] [stdout] failures:
[INFO] [stdout] 
[INFO] [stdout] ---- smallint_arithmetic_filters_roundtrip_with_integer_rhs stdout ----
[INFO] [stdout] 
[INFO] [stdout] thread 'smallint_arithmetic_filters_roundtrip_with_integer_rhs' (3634) panicked at tests/arithmetic_integration.rs:32:10:
[INFO] [stdout] DB_URL or DATABASE_URL must be set for integration tests: NotPresent
[INFO] [stdout] stack backtrace:
[INFO] [stdout]    0:     0x55a63f23fa81 - std[617be2ca0a6fd877]::backtrace_rs::backtrace::libunwind::trace
[INFO] [stdout]                                at /rustc/e3feeb59cd1bdd011a2bfcc0747b55125d9b8527/library/std/src/../../backtrace/src/backtrace/libunwind.rs:117:9
[INFO] [stdout]    1:     0x55a63f23fa81 - std[617be2ca0a6fd877]::backtrace_rs::backtrace::trace_unsynchronized::<std[617be2ca0a6fd877]::sys::backtrace::_print_fmt::{closure#1}>
[INFO] [stdout]                                at /rustc/e3feeb59cd1bdd011a2bfcc0747b55125d9b8527/library/std/src/../../backtrace/src/backtrace/mod.rs:66:14
[INFO] [stdout]    2:     0x55a63f23fa81 - std[617be2ca0a6fd877]::sys::backtrace::_print_fmt
[INFO] [stdout]                                at /rustc/e3feeb59cd1bdd011a2bfcc0747b55125d9b8527/library/std/src/sys/backtrace.rs:74:9
[INFO] [stdout]    3:     0x55a63f23fa81 - <<std[617be2ca0a6fd877]::sys::backtrace::BacktraceLock>::print::DisplayBacktrace as core[a373ad73a504971]::fmt::Display>::fmt
[INFO] [stdout]                                at /rustc/e3feeb59cd1bdd011a2bfcc0747b55125d9b8527/library/std/src/sys/backtrace.rs:44:26
[INFO] [stdout]    4:     0x55a63f2574fa - <core[a373ad73a504971]::fmt::rt::Argument>::fmt
[INFO] [stdout]                                at /rustc/e3feeb59cd1bdd011a2bfcc0747b55125d9b8527/library/core/src/fmt/rt.rs:152:76
[INFO] [stdout]    5:     0x55a63f2574fa - core[a373ad73a504971]::fmt::write
[INFO] [stdout]    6:     0x55a63f24425c - core[a373ad73a504971]::io::write::default_write_fmt::<alloc[2e1b2a31b91974c5]::vec::Vec<u8>>
[INFO] [stdout]                                at /rustc/e3feeb59cd1bdd011a2bfcc0747b55125d9b8527/library/core/src/io/write.rs:402:11
[INFO] [stdout]    7:     0x55a63f24425c - <alloc[2e1b2a31b91974c5]::vec::Vec<u8> as core[a373ad73a504971]::io::write::Write>::write_fmt
[INFO] [stdout]                                at /rustc/e3feeb59cd1bdd011a2bfcc0747b55125d9b8527/library/core/src/io/write.rs:335:13
[INFO] [stdout]    8:     0x55a63f21a596 - <std[617be2ca0a6fd877]::sys::backtrace::BacktraceLock>::print
[INFO] [stdout]                                at /rustc/e3feeb59cd1bdd011a2bfcc0747b55125d9b8527/library/std/src/sys/backtrace.rs:47:9
[INFO] [stdout]    9:     0x55a63f21a596 - std[617be2ca0a6fd877]::panicking::default_hook::{closure#0}
[INFO] [stdout]                                at /rustc/e3feeb59cd1bdd011a2bfcc0747b55125d9b8527/library/std/src/panicking.rs:289:27
[INFO] [stdout]   10:     0x55a63f2374d9 - std[617be2ca0a6fd877]::panicking::default_hook
[INFO] [stdout]                                at /rustc/e3feeb59cd1bdd011a2bfcc0747b55125d9b8527/library/std/src/panicking.rs:313:9
[INFO] [stdout]   11:     0x55a63ed02900 - <alloc[2e1b2a31b91974c5]::boxed::Box<dyn for<'a, 'b> core[a373ad73a504971]::ops::function::Fn<(&'a std[617be2ca0a6fd877]::panic::PanicHookInfo<'b>,), Output = ()> + core[a373ad73a504971]::marker::Sync + core[a373ad73a504971]::marker::Send> as core[a373ad73a504971]::ops::function::Fn<(&std[617be2ca0a6fd877]::panic::PanicHookInfo,)>>::call
[INFO] [stdout]                                at /rustc/e3feeb59cd1bdd011a2bfcc0747b55125d9b8527/library/alloc/src/boxed.rs:2328:9
[INFO] [stdout]   12:     0x55a63ed02900 - test[aada8e7e76ba119b]::test_main_inner::{closure#0}
[INFO] [stdout]                                at /rustc/e3feeb59cd1bdd011a2bfcc0747b55125d9b8527/library/test/src/lib.rs:137:21
[INFO] [stdout]   13:     0x55a63f237802 - <alloc[2e1b2a31b91974c5]::boxed::Box<dyn for<'a, 'b> core[a373ad73a504971]::ops::function::Fn<(&'a std[617be2ca0a6fd877]::panic::PanicHookInfo<'b>,), Output = ()> + core[a373ad73a504971]::marker::Sync + core[a373ad73a504971]::marker::Send> as core[a373ad73a504971]::ops::function::Fn<(&std[617be2ca0a6fd877]::panic::PanicHookInfo,)>>::call
[INFO] [stdout]                                at /rustc/e3feeb59cd1bdd011a2bfcc0747b55125d9b8527/library/alloc/src/boxed.rs:2328:9
[INFO] [stdout]   14:     0x55a63f237802 - std[617be2ca0a6fd877]::panicking::panic_with_hook
[INFO] [stdout]                                at /rustc/e3feeb59cd1bdd011a2bfcc0747b55125d9b8527/library/std/src/panicking.rs:819:13
[INFO] [stdout]   15:     0x55a63f21a642 - std[617be2ca0a6fd877]::panicking::panic_handler::{closure#0}
[INFO] [stdout]                                at /rustc/e3feeb59cd1bdd011a2bfcc0747b55125d9b8527/library/std/src/panicking.rs:685:13
[INFO] [stdout]   16:     0x55a63f212ea9 - std[617be2ca0a6fd877]::sys::backtrace::__rust_end_short_backtrace::<std[617be2ca0a6fd877]::panicking::panic_handler::{closure#0}, !>
[INFO] [stdout]                                at /rustc/e3feeb59cd1bdd011a2bfcc0747b55125d9b8527/library/std/src/sys/backtrace.rs:182:18
[INFO] [stdout]   17:     0x55a63f21b4dd - __rustc[ea4f61d10b84890b]::rust_begin_unwind
[INFO] [stdout]                                at /rustc/e3feeb59cd1bdd011a2bfcc0747b55125d9b8527/library/std/src/panicking.rs:676:5
[INFO] [stdout]   18:     0x55a63f257d1c - core[a373ad73a504971]::panicking::panic_fmt
[INFO] [stdout]                                at /rustc/e3feeb59cd1bdd011a2bfcc0747b55125d9b8527/library/core/src/panicking.rs:80:14
[INFO] [stdout]   19:     0x55a63f257a72 - core[a373ad73a504971]::result::unwrap_failed
[INFO] [stdout]                                at /rustc/e3feeb59cd1bdd011a2bfcc0747b55125d9b8527/library/core/src/result.rs:1870:5
[INFO] [stdout]   20:     0x55a63ecaed0e - <core[a373ad73a504971]::result::Result<alloc[2e1b2a31b91974c5]::string::String, std[617be2ca0a6fd877]::env::VarError>>::expect
[INFO] [stdout]                                at /rustc/e3feeb59cd1bdd011a2bfcc0747b55125d9b8527/library/core/src/result.rs:1184:23
[INFO] [stdout]   21:     0x55a63eca865c - arithmetic_integration[793c7b1cf925c4e2]::db_url
[INFO] [stdout]                                at /opt/rustwide/workdir/tests/arithmetic_integration.rs:32:10
[INFO] [stdout]   22:     0x55a63eca50dc - arithmetic_integration[793c7b1cf925c4e2]::smallint_arithmetic_filters_roundtrip_with_integer_rhs::{closure#0}
[INFO] [stdout]                                at /opt/rustwide/workdir/tests/arithmetic_integration.rs:168:33
[INFO] [stdout]   23:     0x55a63ecce90f - <core[a373ad73a504971]::pin::Pin<&mut dyn core[a373ad73a504971]::future::future::Future<Output = core[a373ad73a504971]::result::Result<(), dbkit[b61a518745b91361]::error::Error>>> as core[a373ad73a504971]::future::future::Future>::poll
[INFO] [stdout]                                at /rustc/e3feeb59cd1bdd011a2bfcc0747b55125d9b8527/library/core/src/future/future.rs:133:9
[INFO] [stdout]   24:     0x55a63ecce9cb - <core[a373ad73a504971]::pin::Pin<&mut core[a373ad73a504971]::pin::Pin<&mut dyn core[a373ad73a504971]::future::future::Future<Output = core[a373ad73a504971]::result::Result<(), dbkit[b61a518745b91361]::error::Error>>>> as core[a373ad73a504971]::future::future::Future>::poll
[INFO] [stdout]                                at /rustc/e3feeb59cd1bdd011a2bfcc0747b55125d9b8527/library/core/src/future/future.rs:133:9
[INFO] [stdout]   25:     0x55a63eca07db - <tokio[d971f77a4f1cdef8]::runtime::scheduler::current_thread::CoreGuard>::block_on::<core[a373ad73a504971]::pin::Pin<&mut core[a373ad73a504971]::pin::Pin<&mut dyn core[a373ad73a504971]::future::future::Future<Output = core[a373ad73a504971]::result::Result<(), dbkit[b61a518745b91361]::error::Error>>>>>::{closure#0}::{closure#0}::{closure#0}
[INFO] [stdout]                                at /opt/rustwide/cargo-home/registry/src/index.crates.io-1949cf8c6b5b557f/tokio-1.49.0/src/runtime/scheduler/current_thread/mod.rs:753:70
[INFO] [stdout]   26:     0x55a63eca06d0 - tokio[d971f77a4f1cdef8]::task::coop::with_budget::<core[a373ad73a504971]::task::poll::Poll<core[a373ad73a504971]::result::Result<(), dbkit[b61a518745b91361]::error::Error>>, <tokio[d971f77a4f1cdef8]::runtime::scheduler::current_thread::CoreGuard>::block_on<core[a373ad73a504971]::pin::Pin<&mut core[a373ad73a504971]::pin::Pin<&mut dyn core[a373ad73a504971]::future::future::Future<Output = core[a373ad73a504971]::result::Result<(), dbkit[b61a518745b91361]::error::Error>>>>>::{closure#0}::{closure#0}::{closure#0}>
[INFO] [stdout]                                at /opt/rustwide/cargo-home/registry/src/index.crates.io-1949cf8c6b5b557f/tokio-1.49.0/src/task/coop/mod.rs:167:5
[INFO] [stdout]   27:     0x55a63eca06d0 - tokio[d971f77a4f1cdef8]::task::coop::budget::<core[a373ad73a504971]::task::poll::Poll<core[a373ad73a504971]::result::Result<(), dbkit[b61a518745b91361]::error::Error>>, <tokio[d971f77a4f1cdef8]::runtime::scheduler::current_thread::CoreGuard>::block_on<core[a373ad73a504971]::pin::Pin<&mut core[a373ad73a504971]::pin::Pin<&mut dyn core[a373ad73a504971]::future::future::Future<Output = core[a373ad73a504971]::result::Result<(), dbkit[b61a518745b91361]::error::Error>>>>>::{closure#0}::{closure#0}::{closure#0}>
[INFO] [stdout]                                at /opt/rustwide/cargo-home/registry/src/index.crates.io-1949cf8c6b5b557f/tokio-1.49.0/src/task/coop/mod.rs:133:5
[INFO] [stdout]   28:     0x55a63eca06d0 - <tokio[d971f77a4f1cdef8]::runtime::scheduler::current_thread::CoreGuard>::block_on::<core[a373ad73a504971]::pin::Pin<&mut core[a373ad73a504971]::pin::Pin<&mut dyn core[a373ad73a504971]::future::future::Future<Output = core[a373ad73a504971]::result::Result<(), dbkit[b61a518745b91361]::error::Error>>>>>::{closure#0}::{closure#0}
[INFO] [stdout]                                at /opt/rustwide/cargo-home/registry/src/index.crates.io-1949cf8c6b5b557f/tokio-1.49.0/src/runtime/scheduler/current_thread/mod.rs:753:25
[INFO] [stdout]   29:     0x55a63ec9834f - <tokio[d971f77a4f1cdef8]::runtime::scheduler::current_thread::Context>::enter::<core[a373ad73a504971]::task::poll::Poll<core[a373ad73a504971]::result::Result<(), dbkit[b61a518745b91361]::error::Error>>, <tokio[d971f77a4f1cdef8]::runtime::scheduler::current_thread::CoreGuard>::block_on<core[a373ad73a504971]::pin::Pin<&mut core[a373ad73a504971]::pin::Pin<&mut dyn core[a373ad73a504971]::future::future::Future<Output = core[a373ad73a504971]::result::Result<(), dbkit[b61a518745b91361]::error::Error>>>>>::{closure#0}::{closure#0}>
[INFO] [stdout]                                at /opt/rustwide/cargo-home/registry/src/index.crates.io-1949cf8c6b5b557f/tokio-1.49.0/src/runtime/scheduler/current_thread/mod.rs:442:19
[INFO] [stdout]   30:     0x55a63ec9fa1d - <tokio[d971f77a4f1cdef8]::runtime::scheduler::current_thread::CoreGuard>::block_on::<core[a373ad73a504971]::pin::Pin<&mut core[a373ad73a504971]::pin::Pin<&mut dyn core[a373ad73a504971]::future::future::Future<Output = core[a373ad73a504971]::result::Result<(), dbkit[b61a518745b91361]::error::Error>>>>>::{closure#0}
[INFO] [stdout]                                at /opt/rustwide/cargo-home/registry/src/index.crates.io-1949cf8c6b5b557f/tokio-1.49.0/src/runtime/scheduler/current_thread/mod.rs:752:44
[INFO] [stdout]   31:     0x55a63ec9ec5b - <tokio[d971f77a4f1cdef8]::runtime::scheduler::current_thread::CoreGuard>::enter::<<tokio[d971f77a4f1cdef8]::runtime::scheduler::current_thread::CoreGuard>::block_on<core[a373ad73a504971]::pin::Pin<&mut core[a373ad73a504971]::pin::Pin<&mut dyn core[a373ad73a504971]::future::future::Future<Output = core[a373ad73a504971]::result::Result<(), dbkit[b61a518745b91361]::error::Error>>>>>::{closure#0}, core[a373ad73a504971]::option::Option<core[a373ad73a504971]::result::Result<(), dbkit[b61a518745b91361]::error::Error>>>::{closure#0}
[INFO] [stdout]                                at /opt/rustwide/cargo-home/registry/src/index.crates.io-1949cf8c6b5b557f/tokio-1.49.0/src/runtime/scheduler/current_thread/mod.rs:840:68
[INFO] [stdout]   32:     0x55a63ecbd6ea - <tokio[d971f77a4f1cdef8]::runtime::context::scoped::Scoped<tokio[d971f77a4f1cdef8]::runtime::scheduler::Context>>::set::<<tokio[d971f77a4f1cdef8]::runtime::scheduler::current_thread::CoreGuard>::enter<<tokio[d971f77a4f1cdef8]::runtime::scheduler::current_thread::CoreGuard>::block_on<core[a373ad73a504971]::pin::Pin<&mut core[a373ad73a504971]::pin::Pin<&mut dyn core[a373ad73a504971]::future::future::Future<Output = core[a373ad73a504971]::result::Result<(), dbkit[b61a518745b91361]::error::Error>>>>>::{closure#0}, core[a373ad73a504971]::option::Option<core[a373ad73a504971]::result::Result<(), dbkit[b61a518745b91361]::error::Error>>>::{closure#0}, (alloc[2e1b2a31b91974c5]::boxed::Box<tokio[d971f77a4f1cdef8]::runtime::scheduler::current_thread::Core>, core[a373ad73a504971]::option::Option<core[a373ad73a504971]::result::Result<(), dbkit[b61a518745b91361]::error::Error>>)>
[INFO] [stdout]                                at /opt/rustwide/cargo-home/registry/src/index.crates.io-1949cf8c6b5b557f/tokio-1.49.0/src/runtime/context/scoped.rs:40:9
[INFO] [stdout]   33:     0x55a63ecb7d1a - tokio[d971f77a4f1cdef8]::runtime::context::set_scheduler::<(alloc[2e1b2a31b91974c5]::boxed::Box<tokio[d971f77a4f1cdef8]::runtime::scheduler::current_thread::Core>, core[a373ad73a504971]::option::Option<core[a373ad73a504971]::result::Result<(), dbkit[b61a518745b91361]::error::Error>>), <tokio[d971f77a4f1cdef8]::runtime::scheduler::current_thread::CoreGuard>::enter<<tokio[d971f77a4f1cdef8]::runtime::scheduler::current_thread::CoreGuard>::block_on<core[a373ad73a504971]::pin::Pin<&mut core[a373ad73a504971]::pin::Pin<&mut dyn core[a373ad73a504971]::future::future::Future<Output = core[a373ad73a504971]::result::Result<(), dbkit[b61a518745b91361]::error::Error>>>>>::{closure#0}, core[a373ad73a504971]::option::Option<core[a373ad73a504971]::result::Result<(), dbkit[b61a518745b91361]::error::Error>>>::{closure#0}>::{closure#0}
[INFO] [stdout]                                at /opt/rustwide/cargo-home/registry/src/index.crates.io-1949cf8c6b5b557f/tokio-1.49.0/src/runtime/context.rs:176:38
[INFO] [stdout]   34:     0x55a63ecbdc5d - <std[617be2ca0a6fd877]::thread::local::LocalKey<tokio[d971f77a4f1cdef8]::runtime::context::Context>>::try_with::<tokio[d971f77a4f1cdef8]::runtime::context::set_scheduler<(alloc[2e1b2a31b91974c5]::boxed::Box<tokio[d971f77a4f1cdef8]::runtime::scheduler::current_thread::Core>, core[a373ad73a504971]::option::Option<core[a373ad73a504971]::result::Result<(), dbkit[b61a518745b91361]::error::Error>>), <tokio[d971f77a4f1cdef8]::runtime::scheduler::current_thread::CoreGuard>::enter<<tokio[d971f77a4f1cdef8]::runtime::scheduler::current_thread::CoreGuard>::block_on<core[a373ad73a504971]::pin::Pin<&mut core[a373ad73a504971]::pin::Pin<&mut dyn core[a373ad73a504971]::future::future::Future<Output = core[a373ad73a504971]::result::Result<(), dbkit[b61a518745b91361]::error::Error>>>>>::{closure#0}, core[a373ad73a504971]::option::Option<core[a373ad73a504971]::result::Result<(), dbkit[b61a518745b91361]::error::Error>>>::{closure#0}>::{closure#0}, (alloc[2e1b2a31b91974c5]::boxed::Box<tokio[d971f77a4f1cdef8]::runtime::scheduler::current_thread::Core>, core[a373ad73a504971]::option::Option<core[a373ad73a504971]::result::Result<(), dbkit[b61a518745b91361]::error::Error>>)>
[INFO] [stdout]                                at /rustc/e3feeb59cd1bdd011a2bfcc0747b55125d9b8527/library/std/src/thread/local.rs:463:12
[INFO] [stdout]   35:     0x55a63ecbd7dd - <std[617be2ca0a6fd877]::thread::local::LocalKey<tokio[d971f77a4f1cdef8]::runtime::context::Context>>::with::<tokio[d971f77a4f1cdef8]::runtime::context::set_scheduler<(alloc[2e1b2a31b91974c5]::boxed::Box<tokio[d971f77a4f1cdef8]::runtime::scheduler::current_thread::Core>, core[a373ad73a504971]::option::Option<core[a373ad73a504971]::result::Result<(), dbkit[b61a518745b91361]::error::Error>>), <tokio[d971f77a4f1cdef8]::runtime::scheduler::current_thread::CoreGuard>::enter<<tokio[d971f77a4f1cdef8]::runtime::scheduler::current_thread::CoreGuard>::block_on<core[a373ad73a504971]::pin::Pin<&mut core[a373ad73a504971]::pin::Pin<&mut dyn core[a373ad73a504971]::future::future::Future<Output = core[a373ad73a504971]::result::Result<(), dbkit[b61a518745b91361]::error::Error>>>>>::{closure#0}, core[a373ad73a504971]::option::Option<core[a373ad73a504971]::result::Result<(), dbkit[b61a518745b91361]::error::Error>>>::{closure#0}>::{closure#0}, (alloc[2e1b2a31b91974c5]::boxed::Box<tokio[d971f77a4f1cdef8]::runtime::scheduler::current_thread::Core>, core[a373ad73a504971]::option::Option<core[a373ad73a504971]::result::Result<(), dbkit[b61a518745b91361]::error::Error>>)>
[INFO] [stdout]                                at /rustc/e3feeb59cd1bdd011a2bfcc0747b55125d9b8527/library/std/src/thread/local.rs:427:20
[INFO] [stdout]   36:     0x55a63ecb52e1 - tokio[d971f77a4f1cdef8]::runtime::context::set_scheduler::<(alloc[2e1b2a31b91974c5]::boxed::Box<tokio[d971f77a4f1cdef8]::runtime::scheduler::current_thread::Core>, core[a373ad73a504971]::option::Option<core[a373ad73a504971]::result::Result<(), dbkit[b61a518745b91361]::error::Error>>), <tokio[d971f77a4f1cdef8]::runtime::scheduler::current_thread::CoreGuard>::enter<<tokio[d971f77a4f1cdef8]::runtime::scheduler::current_thread::CoreGuard>::block_on<core[a373ad73a504971]::pin::Pin<&mut core[a373ad73a504971]::pin::Pin<&mut dyn core[a373ad73a504971]::future::future::Future<Output = core[a373ad73a504971]::result::Result<(), dbkit[b61a518745b91361]::error::Error>>>>>::{closure#0}, core[a373ad73a504971]::option::Option<core[a373ad73a504971]::result::Result<(), dbkit[b61a518745b91361]::error::Error>>>::{closure#0}>
[INFO] [stdout]                                at /opt/rustwide/cargo-home/registry/src/index.crates.io-1949cf8c6b5b557f/tokio-1.49.0/src/runtime/context.rs:176:17
[INFO] [stdout]   37:     0x55a63ec99eee - <tokio[d971f77a4f1cdef8]::runtime::scheduler::current_thread::CoreGuard>::enter::<<tokio[d971f77a4f1cdef8]::runtime::scheduler::current_thread::CoreGuard>::block_on<core[a373ad73a504971]::pin::Pin<&mut core[a373ad73a504971]::pin::Pin<&mut dyn core[a373ad73a504971]::future::future::Future<Output = core[a373ad73a504971]::result::Result<(), dbkit[b61a518745b91361]::error::Error>>>>>::{closure#0}, core[a373ad73a504971]::option::Option<core[a373ad73a504971]::result::Result<(), dbkit[b61a518745b91361]::error::Error>>>
[INFO] [stdout]                                at /opt/rustwide/cargo-home/registry/src/index.crates.io-1949cf8c6b5b557f/tokio-1.49.0/src/runtime/scheduler/current_thread/mod.rs:840:27
[INFO] [stdout]   38:     0x55a63ec9a242 - <tokio[d971f77a4f1cdef8]::runtime::scheduler::current_thread::CoreGuard>::block_on::<core[a373ad73a504971]::pin::Pin<&mut core[a373ad73a504971]::pin::Pin<&mut dyn core[a373ad73a504971]::future::future::Future<Output = core[a373ad73a504971]::result::Result<(), dbkit[b61a518745b91361]::error::Error>>>>>
[INFO] [stdout]                                at /opt/rustwide/cargo-home/registry/src/index.crates.io-1949cf8c6b5b557f/tokio-1.49.0/src/runtime/scheduler/current_thread/mod.rs:740:24
[INFO] [stdout]   39:     0x55a63ec9e822 - <tokio[d971f77a4f1cdef8]::runtime::scheduler::current_thread::CurrentThread>::block_on::<core[a373ad73a504971]::pin::Pin<&mut dyn core[a373ad73a504971]::future::future::Future<Output = core[a373ad73a504971]::result::Result<(), dbkit[b61a518745b91361]::error::Error>>>>::{closure#0}
[INFO] [stdout]                                at /opt/rustwide/cargo-home/registry/src/index.crates.io-1949cf8c6b5b557f/tokio-1.49.0/src/runtime/scheduler/current_thread/mod.rs:200:33
[INFO] [stdout]   40:     0x55a63ecaccaf - tokio[d971f77a4f1cdef8]::runtime::context::runtime::enter_runtime::<<tokio[d971f77a4f1cdef8]::runtime::scheduler::current_thread::CurrentThread>::block_on<core[a373ad73a504971]::pin::Pin<&mut dyn core[a373ad73a504971]::future::future::Future<Output = core[a373ad73a504971]::result::Result<(), dbkit[b61a518745b91361]::error::Error>>>>::{closure#0}, core[a373ad73a504971]::result::Result<(), dbkit[b61a518745b91361]::error::Error>>
[INFO] [stdout]                                at /opt/rustwide/cargo-home/registry/src/index.crates.io-1949cf8c6b5b557f/tokio-1.49.0/src/runtime/context/runtime.rs:65:16
[INFO] [stdout]   41:     0x55a63ec97e49 - <tokio[d971f77a4f1cdef8]::runtime::scheduler::current_thread::CurrentThread>::block_on::<core[a373ad73a504971]::pin::Pin<&mut dyn core[a373ad73a504971]::future::future::Future<Output = core[a373ad73a504971]::result::Result<(), dbkit[b61a518745b91361]::error::Error>>>>
[INFO] [stdout]                                at /opt/rustwide/cargo-home/registry/src/index.crates.io-1949cf8c6b5b557f/tokio-1.49.0/src/runtime/scheduler/current_thread/mod.rs:188:9
[INFO] [stdout]   42:     0x55a63ecc6a5d - <tokio[d971f77a4f1cdef8]::runtime::runtime::Runtime>::block_on_inner::<core[a373ad73a504971]::pin::Pin<&mut dyn core[a373ad73a504971]::future::future::Future<Output = core[a373ad73a504971]::result::Result<(), dbkit[b61a518745b91361]::error::Error>>>>
[INFO] [stdout]                                at /opt/rustwide/cargo-home/registry/src/index.crates.io-1949cf8c6b5b557f/tokio-1.49.0/src/runtime/runtime.rs:368:52
[INFO] [stdout]   43:     0x55a63ecc6bc0 - <tokio[d971f77a4f1cdef8]::runtime::runtime::Runtime>::block_on::<core[a373ad73a504971]::pin::Pin<&mut dyn core[a373ad73a504971]::future::future::Future<Output = core[a373ad73a504971]::result::Result<(), dbkit[b61a518745b91361]::error::Error>>>>
[INFO] [stdout]                                at /opt/rustwide/cargo-home/registry/src/index.crates.io-1949cf8c6b5b557f/tokio-1.49.0/src/runtime/runtime.rs:342:18
[INFO] [stdout]   44:     0x55a63eca898f - arithmetic_integration[793c7b1cf925c4e2]::smallint_arithmetic_filters_roundtrip_with_integer_rhs
[INFO] [stdout]                                at /opt/rustwide/workdir/tests/arithmetic_integration.rs:186:7
[INFO] [stdout]   45:     0x55a63eca331d - arithmetic_integration[793c7b1cf925c4e2]::smallint_arithmetic_filters_roundtrip_with_integer_rhs::{closure#0}
[INFO] [stdout]                                at /opt/rustwide/workdir/tests/arithmetic_integration.rs:165:70
[INFO] [stdout]   46:     0x55a63eca09a6 - <arithmetic_integration[793c7b1cf925c4e2]::smallint_arithmetic_filters_roundtrip_with_integer_rhs::{closure#0} as core[a373ad73a504971]::ops::function::FnOnce<()>>::call_once
[INFO] [stdout]                                at /rustc/e3feeb59cd1bdd011a2bfcc0747b55125d9b8527/library/core/src/ops/function.rs:250:5
[INFO] [stdout]   47:     0x55a63ecf5d4b - <fn() -> core[a373ad73a504971]::result::Result<(), alloc[2e1b2a31b91974c5]::string::String> as core[a373ad73a504971]::ops::function::FnOnce<()>>::call_once
[INFO] [stdout]                                at /rustc/e3feeb59cd1bdd011a2bfcc0747b55125d9b8527/library/core/src/ops/function.rs:250:5
[INFO] [stdout]   48:     0x55a63ecf5d4b - test[aada8e7e76ba119b]::__rust_begin_short_backtrace::<core[a373ad73a504971]::result::Result<(), alloc[2e1b2a31b91974c5]::string::String>, fn() -> core[a373ad73a504971]::result::Result<(), alloc[2e1b2a31b91974c5]::string::String>>
[INFO] [stdout]                                at /rustc/e3feeb59cd1bdd011a2bfcc0747b55125d9b8527/library/test/src/lib.rs:701:18
[INFO] [stdout]   49:     0x55a63ed02f25 - test[aada8e7e76ba119b]::run_test_in_process::{closure#0}
[INFO] [stdout]                                at /rustc/e3feeb59cd1bdd011a2bfcc0747b55125d9b8527/library/test/src/lib.rs:724:74
[INFO] [stdout]   50:     0x55a63ed02f25 - <core[a373ad73a504971]::panic::unwind_safe::AssertUnwindSafe<test[aada8e7e76ba119b]::run_test_in_process::{closure#0}> as core[a373ad73a504971]::ops::function::FnOnce<()>>::call_once
[INFO] [stdout]                                at /rustc/e3feeb59cd1bdd011a2bfcc0747b55125d9b8527/library/core/src/panic/unwind_safe.rs:275:9
[INFO] [stdout]   51:     0x55a63ed02f25 - std[617be2ca0a6fd877]::panicking::catch_unwind::do_call::<core[a373ad73a504971]::panic::unwind_safe::AssertUnwindSafe<test[aada8e7e76ba119b]::run_test_in_process::{closure#0}>, core[a373ad73a504971]::result::Result<(), alloc[2e1b2a31b91974c5]::string::String>>
[INFO] [stdout]                                at /rustc/e3feeb59cd1bdd011a2bfcc0747b55125d9b8527/library/std/src/panicking.rs:573:43
[INFO] [stdout]   52:     0x55a63ed02f25 - std[617be2ca0a6fd877]::panicking::catch_unwind::<core[a373ad73a504971]::result::Result<(), alloc[2e1b2a31b91974c5]::string::String>, core[a373ad73a504971]::panic::unwind_safe::AssertUnwindSafe<test[aada8e7e76ba119b]::run_test_in_process::{closure#0}>>
[INFO] [stdout]                                at /rustc/e3feeb59cd1bdd011a2bfcc0747b55125d9b8527/library/std/src/panicking.rs:541:19
[INFO] [stdout]   53:     0x55a63ed02f25 - std[617be2ca0a6fd877]::panic::catch_unwind::<core[a373ad73a504971]::panic::unwind_safe::AssertUnwindSafe<test[aada8e7e76ba119b]::run_test_in_process::{closure#0}>, core[a373ad73a504971]::result::Result<(), alloc[2e1b2a31b91974c5]::string::String>>
[INFO] [stdout]                                at /rustc/e3feeb59cd1bdd011a2bfcc0747b55125d9b8527/library/std/src/panic.rs:359:14
[INFO] [stdout]   54:     0x55a63ed02f25 - test[aada8e7e76ba119b]::run_test_in_process
[INFO] [stdout]                                at /rustc/e3feeb59cd1bdd011a2bfcc0747b55125d9b8527/library/test/src/lib.rs:724:27
[INFO] [stdout]   55:     0x55a63ed02f25 - test[aada8e7e76ba119b]::run_test::{closure#0}
[INFO] [stdout]                                at /rustc/e3feeb59cd1bdd011a2bfcc0747b55125d9b8527/library/test/src/lib.rs:645:43
[INFO] [stdout]   56:     0x55a63ecfc814 - test[aada8e7e76ba119b]::run_test::{closure#1}
[INFO] [stdout]                                at /rustc/e3feeb59cd1bdd011a2bfcc0747b55125d9b8527/library/test/src/lib.rs:675:41
[INFO] [stdout]   57:     0x55a63ecfc814 - std[617be2ca0a6fd877]::sys::backtrace::__rust_begin_short_backtrace::<test[aada8e7e76ba119b]::run_test::{closure#1}, ()>
[INFO] [stdout]                                at /rustc/e3feeb59cd1bdd011a2bfcc0747b55125d9b8527/library/std/src/sys/backtrace.rs:166:18
[INFO] [stdout]   58:     0x55a63ed05fb2 - std[617be2ca0a6fd877]::thread::lifecycle::spawn_unchecked::<test[aada8e7e76ba119b]::run_test::{closure#1}, ()>::{closure#1}::{closure#0}
[INFO] [stdout]                                at /rustc/e3feeb59cd1bdd011a2bfcc0747b55125d9b8527/library/std/src/thread/lifecycle.rs:70:13
[INFO] [stdout]   59:     0x55a63ed05fb2 - <core[a373ad73a504971]::panic::unwind_safe::AssertUnwindSafe<std[617be2ca0a6fd877]::thread::lifecycle::spawn_unchecked<test[aada8e7e76ba119b]::run_test::{closure#1}, ()>::{closure#1}::{closure#0}> as core[a373ad73a504971]::ops::function::FnOnce<()>>::call_once
[INFO] [stdout]                                at /rustc/e3feeb59cd1bdd011a2bfcc0747b55125d9b8527/library/core/src/panic/unwind_safe.rs:275:9
[INFO] [stdout]   60:     0x55a63ed05fb2 - std[617be2ca0a6fd877]::panicking::catch_unwind::do_call::<core[a373ad73a504971]::panic::unwind_safe::AssertUnwindSafe<std[617be2ca0a6fd877]::thread::lifecycle::spawn_unchecked<test[aada8e7e76ba119b]::run_test::{closure#1}, ()>::{closure#1}::{closure#0}>, ()>
[INFO] [stdout]                                at /rustc/e3feeb59cd1bdd011a2bfcc0747b55125d9b8527/library/std/src/panicking.rs:573:43
[INFO] [stdout]   61:     0x55a63ed05fb2 - std[617be2ca0a6fd877]::panicking::catch_unwind::<(), core[a373ad73a504971]::panic::unwind_safe::AssertUnwindSafe<std[617be2ca0a6fd877]::thread::lifecycle::spawn_unchecked<test[aada8e7e76ba119b]::run_test::{closure#1}, ()>::{closure#1}::{closure#0}>>
[INFO] [stdout]                                at /rustc/e3feeb59cd1bdd011a2bfcc0747b55125d9b8527/library/std/src/panicking.rs:541:19
[INFO] [stdout]   62:     0x55a63ed05fb2 - std[617be2ca0a6fd877]::panic::catch_unwind::<core[a373ad73a504971]::panic::unwind_safe::AssertUnwindSafe<std[617be2ca0a6fd877]::thread::lifecycle::spawn_unchecked<test[aada8e7e76ba119b]::run_test::{closure#1}, ()>::{closure#1}::{closure#0}>, ()>
[INFO] [stdout]                                at /rustc/e3feeb59cd1bdd011a2bfcc0747b55125d9b8527/library/std/src/panic.rs:359:14
[INFO] [stdout]   63:     0x55a63ed05fb2 - std[617be2ca0a6fd877]::thread::lifecycle::spawn_unchecked::<test[aada8e7e76ba119b]::run_test::{closure#1}, ()>::{closure#1}
[INFO] [stdout]                                at /rustc/e3feeb59cd1bdd011a2bfcc0747b55125d9b8527/library/std/src/thread/lifecycle.rs:68:26
[INFO] [stdout]   64:     0x55a63ed05fb2 - <std[617be2ca0a6fd877]::thread::lifecycle::spawn_unchecked<test[aada8e7e76ba119b]::run_test::{closure#1}, ()>::{closure#1} as core[a373ad73a504971]::ops::function::FnOnce<()>>::call_once::{shim:vtable#0}
[INFO] [stdout]                                at /rustc/e3feeb59cd1bdd011a2bfcc0747b55125d9b8527/library/core/src/ops/function.rs:250:5
[INFO] [stdout]   65:     0x55a63f23ec1f - <alloc[2e1b2a31b91974c5]::boxed::Box<dyn core[a373ad73a504971]::ops::function::FnOnce<(), Output = ()> + core[a373ad73a504971]::marker::Send> as core[a373ad73a504971]::ops::function::FnOnce<()>>::call_once
[INFO] [stdout]                                at /rustc/e3feeb59cd1bdd011a2bfcc0747b55125d9b8527/library/alloc/src/boxed.rs:2314:9
[INFO] [stdout]   66:     0x55a63f23ec1f - <std[617be2ca0a6fd877]::sys::thread::unix::Thread>::new::thread_start
[INFO] [stdout]                                at /rustc/e3feeb59cd1bdd011a2bfcc0747b55125d9b8527/library/std/src/sys/thread/unix.rs:127:17
[INFO] [stdout]   67:     0x7d9f11165dfa - <unknown>
[INFO] [stdout]   68:     0x7d9f111f93d4 - clone
[INFO] [stdout]   69:                0x0 - <unknown>
[INFO] [stdout] 
[INFO] [stdout] ---- arithmetic_numeric_filters_and_ordering_roundtrip stdout ----
[INFO] [stdout] 
[INFO] [stdout] thread 'arithmetic_numeric_filters_and_ordering_roundtrip' (3632) panicked at tests/arithmetic_integration.rs:32:10:
[INFO] [stdout] DB_URL or DATABASE_URL must be set for integration tests: NotPresent
[INFO] [stdout] stack backtrace:
[INFO] [stdout]    0:     0x55a63f23fa81 - std[617be2ca0a6fd877]::backtrace_rs::backtrace::libunwind::trace
[INFO] [stdout]                                at /rustc/e3feeb59cd1bdd011a2bfcc0747b55125d9b8527/library/std/src/../../backtrace/src/backtrace/libunwind.rs:117:9
[INFO] [stdout]    1:     0x55a63f23fa81 - std[617be2ca0a6fd877]::backtrace_rs::backtrace::trace_unsynchronized::<std[617be2ca0a6fd877]::sys::backtrace::_print_fmt::{closure#1}>
[INFO] [stdout]                                at /rustc/e3feeb59cd1bdd011a2bfcc0747b55125d9b8527/library/std/src/../../backtrace/src/backtrace/mod.rs:66:14
[INFO] [stdout]    2:     0x55a63f23fa81 - std[617be2ca0a6fd877]::sys::backtrace::_print_fmt
[INFO] [stdout]                                at /rustc/e3feeb59cd1bdd011a2bfcc0747b55125d9b8527/library/std/src/sys/backtrace.rs:74:9
[INFO] [stdout]    3:     0x55a63f23fa81 - <<std[617be2ca0a6fd877]::sys::backtrace::BacktraceLock>::print::DisplayBacktrace as core[a373ad73a504971]::fmt::Display>::fmt
[INFO] [stdout]                                at /rustc/e3feeb59cd1bdd011a2bfcc0747b55125d9b8527/library/std/src/sys/backtrace.rs:44:26
[INFO] [stdout]    4:     0x55a63f2574fa - <core[a373ad73a504971]::fmt::rt::Argument>::fmt
[INFO] [stdout]                                at /rustc/e3feeb59cd1bdd011a2bfcc0747b55125d9b8527/library/core/src/fmt/rt.rs:152:76
[INFO] [stdout]    5:     0x55a63f2574fa - core[a373ad73a504971]::fmt::write
[INFO] [stdout]    6:     0x55a63f24425c - core[a373ad73a504971]::io::write::default_write_fmt::<alloc[2e1b2a31b91974c5]::vec::Vec<u8>>
[INFO] [stdout]                                at /rustc/e3feeb59cd1bdd011a2bfcc0747b55125d9b8527/library/core/src/io/write.rs:402:11
[INFO] [stdout]    7:     0x55a63f24425c - <alloc[2e1b2a31b91974c5]::vec::Vec<u8> as core[a373ad73a504971]::io::write::Write>::write_fmt
[INFO] [stdout]                                at /rustc/e3feeb59cd1bdd011a2bfcc0747b55125d9b8527/library/core/src/io/write.rs:335:13
[INFO] [stdout]    8:     0x55a63f21a596 - <std[617be2ca0a6fd877]::sys::backtrace::BacktraceLock>::print
[INFO] [stdout]                                at /rustc/e3feeb59cd1bdd011a2bfcc0747b55125d9b8527/library/std/src/sys/backtrace.rs:47:9
[INFO] [stdout]    9:     0x55a63f21a596 - std[617be2ca0a6fd877]::panicking::default_hook::{closure#0}
[INFO] [stdout]                                at /rustc/e3feeb59cd1bdd011a2bfcc0747b55125d9b8527/library/std/src/panicking.rs:289:27
[INFO] [stdout]   10:     0x55a63f2374d9 - std[617be2ca0a6fd877]::panicking::default_hook
[INFO] [stdout]                                at /rustc/e3feeb59cd1bdd011a2bfcc0747b55125d9b8527/library/std/src/panicking.rs:313:9
[INFO] [stdout]   11:     0x55a63ed02900 - <alloc[2e1b2a31b91974c5]::boxed::Box<dyn for<'a, 'b> core[a373ad73a504971]::ops::function::Fn<(&'a std[617be2ca0a6fd877]::panic::PanicHookInfo<'b>,), Output = ()> + core[a373ad73a504971]::marker::Sync + core[a373ad73a504971]::marker::Send> as core[a373ad73a504971]::ops::function::Fn<(&std[617be2ca0a6fd877]::panic::PanicHookInfo,)>>::call
[INFO] [stdout]                                at /rustc/e3feeb59cd1bdd011a2bfcc0747b55125d9b8527/library/alloc/src/boxed.rs:2328:9
[INFO] [stdout]   12:     0x55a63ed02900 - test[aada8e7e76ba119b]::test_main_inner::{closure#0}
[INFO] [stdout]                                at /rustc/e3feeb59cd1bdd011a2bfcc0747b55125d9b8527/library/test/src/lib.rs:137:21
[INFO] [stdout]   13:     0x55a63f237802 - <alloc[2e1b2a31b91974c5]::boxed::Box<dyn for<'a, 'b> core[a373ad73a504971]::ops::function::Fn<(&'a std[617be2ca0a6fd877]::panic::PanicHookInfo<'b>,), Output = ()> + core[a373ad73a504971]::marker::Sync + core[a373ad73a504971]::marker::Send> as core[a373ad73a504971]::ops::function::Fn<(&std[617be2ca0a6fd877]::panic::PanicHookInfo,)>>::call
[INFO] [stdout]                                at /rustc/e3feeb59cd1bdd011a2bfcc0747b55125d9b8527/library/alloc/src/boxed.rs:2328:9
[INFO] [stdout]   14:     0x55a63f237802 - std[617be2ca0a6fd877]::panicking::panic_with_hook
[INFO] [stdout]                                at /rustc/e3feeb59cd1bdd011a2bfcc0747b55125d9b8527/library/std/src/panicking.rs:819:13
[INFO] [stdout]   15:     0x55a63f21a642 - std[617be2ca0a6fd877]::panicking::panic_handler::{closure#0}
[INFO] [stdout]                                at /rustc/e3feeb59cd1bdd011a2bfcc0747b55125d9b8527/library/std/src/panicking.rs:685:13
[INFO] [stdout]   16:     0x55a63f212ea9 - std[617be2ca0a6fd877]::sys::backtrace::__rust_end_short_backtrace::<std[617be2ca0a6fd877]::panicking::panic_handler::{closure#0}, !>
[INFO] [stdout]                                at /rustc/e3feeb59cd1bdd011a2bfcc0747b55125d9b8527/library/std/src/sys/backtrace.rs:182:18
[INFO] [stdout]   17:     0x55a63f21b4dd - __rustc[ea4f61d10b84890b]::rust_begin_unwind
[INFO] [stdout]                                at /rustc/e3feeb59cd1bdd011a2bfcc0747b55125d9b8527/library/std/src/panicking.rs:676:5
[INFO] [stdout]   18:     0x55a63f257d1c - core[a373ad73a504971]::panicking::panic_fmt
[INFO] [stdout]                                at /rustc/e3feeb59cd1bdd011a2bfcc0747b55125d9b8527/library/core/src/panicking.rs:80:14
[INFO] [stdout]   19:     0x55a63f257a72 - core[a373ad73a504971]::result::unwrap_failed
[INFO] [stdout]                                at /rustc/e3feeb59cd1bdd011a2bfcc0747b55125d9b8527/library/core/src/result.rs:1870:5
[INFO] [stdout]   20:     0x55a63ecaed0e - <core[a373ad73a504971]::result::Result<alloc[2e1b2a31b91974c5]::string::String, std[617be2ca0a6fd877]::env::VarError>>::expect
[INFO] [stdout]                                at /rustc/e3feeb59cd1bdd011a2bfcc0747b55125d9b8527/library/core/src/result.rs:1184:23
[INFO] [stdout]   21:     0x55a63eca865c - arithmetic_integration[793c7b1cf925c4e2]::db_url
[INFO] [stdout]                                at /opt/rustwide/workdir/tests/arithmetic_integration.rs:32:10
[INFO] [stdout]   22:     0x55a63eca349c - arithmetic_integration[793c7b1cf925c4e2]::arithmetic_numeric_filters_and_ordering_roundtrip::{closure#0}
[INFO] [stdout]                                at /opt/rustwide/workdir/tests/arithmetic_integration.rs:96:33
[INFO] [stdout]   23:     0x55a63ecce90f - <core[a373ad73a504971]::pin::Pin<&mut dyn core[a373ad73a504971]::future::future::Future<Output = core[a373ad73a504971]::result::Result<(), dbkit[b61a518745b91361]::error::Error>>> as core[a373ad73a504971]::future::future::Future>::poll
[INFO] [stdout]                                at /rustc/e3feeb59cd1bdd011a2bfcc0747b55125d9b8527/library/core/src/future/future.rs:133:9
[INFO] [stdout]   24:     0x55a63ecce9cb - <core[a373ad73a504971]::pin::Pin<&mut core[a373ad73a504971]::pin::Pin<&mut dyn core[a373ad73a504971]::future::future::Future<Output = core[a373ad73a504971]::result::Result<(), dbkit[b61a518745b91361]::error::Error>>>> as core[a373ad73a504971]::future::future::Future>::poll
[INFO] [stdout]                                at /rustc/e3feeb59cd1bdd011a2bfcc0747b55125d9b8527/library/core/src/future/future.rs:133:9
[INFO] [stdout]   25:     0x55a63eca07db - <tokio[d971f77a4f1cdef8]::runtime::scheduler::current_thread::CoreGuard>::block_on::<core[a373ad73a504971]::pin::Pin<&mut core[a373ad73a504971]::pin::Pin<&mut dyn core[a373ad73a504971]::future::future::Future<Output = core[a373ad73a504971]::result::Result<(), dbkit[b61a518745b91361]::error::Error>>>>>::{closure#0}::{closure#0}::{closure#0}
[INFO] [stdout]                                at /opt/rustwide/cargo-home/registry/src/index.crates.io-1949cf8c6b5b557f/tokio-1.49.0/src/runtime/scheduler/current_thread/mod.rs:753:70
[INFO] [stdout]   26:     0x55a63eca06d0 - tokio[d971f77a4f1cdef8]::task::coop::with_budget::<core[a373ad73a504971]::task::poll::Poll<core[a373ad73a504971]::result::Result<(), dbkit[b61a518745b91361]::error::Error>>, <tokio[d971f77a4f1cdef8]::runtime::scheduler::current_thread::CoreGuard>::block_on<core[a373ad73a504971]::pin::Pin<&mut core[a373ad73a504971]::pin::Pin<&mut dyn core[a373ad73a504971]::future::future::Future<Output = core[a373ad73a504971]::result::Result<(), dbkit[b61a518745b91361]::error::Error>>>>>::{closure#0}::{closure#0}::{closure#0}>
[INFO] [stdout]                                at /opt/rustwide/cargo-home/registry/src/index.crates.io-1949cf8c6b5b557f/tokio-1.49.0/src/task/coop/mod.rs:167:5
[INFO] [stdout]   27:     0x55a63eca06d0 - tokio[d971f77a4f1cdef8]::task::coop::budget::<core[a373ad73a504971]::task::poll::Poll<core[a373ad73a504971]::result::Result<(), dbkit[b61a518745b91361]::error::Error>>, <tokio[d971f77a4f1cdef8]::runtime::scheduler::current_thread::CoreGuard>::block_on<core[a373ad73a504971]::pin::Pin<&mut core[a373ad73a504971]::pin::Pin<&mut dyn core[a373ad73a504971]::future::future::Future<Output = core[a373ad73a504971]::result::Result<(), dbkit[b61a518745b91361]::error::Error>>>>>::{closure#0}::{closure#0}::{closure#0}>
[INFO] [stdout]                                at /opt/rustwide/cargo-home/registry/src/index.crates.io-1949cf8c6b5b557f/tokio-1.49.0/src/task/coop/mod.rs:133:5
[INFO] [stdout]   28:     0x55a63eca06d0 - <tokio[d971f77a4f1cdef8]::runtime::scheduler::current_thread::CoreGuard>::block_on::<core[a373ad73a504971]::pin::Pin<&mut core[a373ad73a504971]::pin::Pin<&mut dyn core[a373ad73a504971]::future::future::Future<Output = core[a373ad73a504971]::result::Result<(), dbkit[b61a518745b91361]::error::Error>>>>>::{closure#0}::{closure#0}
[INFO] [stdout]                                at /opt/rustwide/cargo-home/registry/src/index.crates.io-1949cf8c6b5b557f/tokio-1.49.0/src/runtime/scheduler/current_thread/mod.rs:753:25
[INFO] [stdout]   29:     0x55a63ec9834f - <tokio[d971f77a4f1cdef8]::runtime::scheduler::current_thread::Context>::enter::<core[a373ad73a504971]::task::poll::Poll<core[a373ad73a504971]::result::Result<(), dbkit[b61a518745b91361]::error::Error>>, <tokio[d971f77a4f1cdef8]::runtime::scheduler::current_thread::CoreGuard>::block_on<core[a373ad73a504971]::pin::Pin<&mut core[a373ad73a504971]::pin::Pin<&mut dyn core[a373ad73a504971]::future::future::Future<Output = core[a373ad73a504971]::result::Result<(), dbkit[b61a518745b91361]::error::Error>>>>>::{closure#0}::{closure#0}>
[INFO] [stdout]                                at /opt/rustwide/cargo-home/registry/src/index.crates.io-1949cf8c6b5b557f/tokio-1.49.0/src/runtime/scheduler/current_thread/mod.rs:442:19
[INFO] [stdout]   30:     0x55a63ec9fa1d - <tokio[d971f77a4f1cdef8]::runtime::scheduler::current_thread::CoreGuard>::block_on::<core[a373ad73a504971]::pin::Pin<&mut core[a373ad73a504971]::pin::Pin<&mut dyn core[a373ad73a504971]::future::future::Future<Output = core[a373ad73a504971]::result::Result<(), dbkit[b61a518745b91361]::error::Error>>>>>::{closure#0}
[INFO] [stdout]                                at /opt/rustwide/cargo-home/registry/src/index.crates.io-1949cf8c6b5b557f/tokio-1.49.0/src/runtime/scheduler/current_thread/mod.rs:752:44
[INFO] [stdout]   31:     0x55a63ec9ec5b - <tokio[d971f77a4f1cdef8]::runtime::scheduler::current_thread::CoreGuard>::enter::<<tokio[d971f77a4f1cdef8]::runtime::scheduler::current_thread::CoreGuard>::block_on<core[a373ad73a504971]::pin::Pin<&mut core[a373ad73a504971]::pin::Pin<&mut dyn core[a373ad73a504971]::future::future::Future<Output = core[a373ad73a504971]::result::Result<(), dbkit[b61a518745b91361]::error::Error>>>>>::{closure#0}, core[a373ad73a504971]::option::Option<core[a373ad73a504971]::result::Result<(), dbkit[b61a518745b91361]::error::Error>>>::{closure#0}
[INFO] [stdout]                                at /opt/rustwide/cargo-home/registry/src/index.crates.io-1949cf8c6b5b557f/tokio-1.49.0/src/runtime/scheduler/current_thread/mod.rs:840:68
[INFO] [stdout]   32:     0x55a63ecbd6ea - <tokio[d971f77a4f1cdef8]::runtime::context::scoped::Scoped<tokio[d971f77a4f1cdef8]::runtime::scheduler::Context>>::set::<<tokio[d971f77a4f1cdef8]::runtime::scheduler::current_thread::CoreGuard>::enter<<tokio[d971f77a4f1cdef8]::runtime::scheduler::current_thread::CoreGuard>::block_on<core[a373ad73a504971]::pin::Pin<&mut core[a373ad73a504971]::pin::Pin<&mut dyn core[a373ad73a504971]::future::future::Future<Output = core[a373ad73a504971]::result::Result<(), dbkit[b61a518745b91361]::error::Error>>>>>::{closure#0}, core[a373ad73a504971]::option::Option<core[a373ad73a504971]::result::Result<(), dbkit[b61a518745b91361]::error::Error>>>::{closure#0}, (alloc[2e1b2a31b91974c5]::boxed::Box<tokio[d971f77a4f1cdef8]::runtime::scheduler::current_thread::Core>, core[a373ad73a504971]::option::Option<core[a373ad73a504971]::result::Result<(), dbkit[b61a518745b91361]::error::Error>>)>
[INFO] [stdout]                                at /opt/rustwide/cargo-home/registry/src/index.crates.io-1949cf8c6b5b557f/tokio-1.49.0/src/runtime/context/scoped.rs:40:9
[INFO] [stdout]   33:     0x55a63ecb7d1a - tokio[d971f77a4f1cdef8]::runtime::context::set_scheduler::<(alloc[2e1b2a31b91974c5]::boxed::Box<tokio[d971f77a4f1cdef8]::runtime::scheduler::current_thread::Core>, core[a373ad73a504971]::option::Option<core[a373ad73a504971]::result::Result<(), dbkit[b61a518745b91361]::error::Error>>), <tokio[d971f77a4f1cdef8]::runtime::scheduler::current_thread::CoreGuard>::enter<<tokio[d971f77a4f1cdef8]::runtime::scheduler::current_thread::CoreGuard>::block_on<core[a373ad73a504971]::pin::Pin<&mut core[a373ad73a504971]::pin::Pin<&mut dyn core[a373ad73a504971]::future::future::Future<Output = core[a373ad73a504971]::result::Result<(), dbkit[b61a518745b91361]::error::Error>>>>>::{closure#0}, core[a373ad73a504971]::option::Option<core[a373ad73a504971]::result::Result<(), dbkit[b61a518745b91361]::error::Error>>>::{closure#0}>::{closure#0}
[INFO] [stdout]                                at /opt/rustwide/cargo-home/registry/src/index.crates.io-1949cf8c6b5b557f/tokio-1.49.0/src/runtime/context.rs:176:38
[INFO] [stdout]   34:     0x55a63ecbdc5d - <std[617be2ca0a6fd877]::thread::local::LocalKey<tokio[d971f77a4f1cdef8]::runtime::context::Context>>::try_with::<tokio[d971f77a4f1cdef8]::runtime::context::set_scheduler<(alloc[2e1b2a31b91974c5]::boxed::Box<tokio[d971f77a4f1cdef8]::runtime::scheduler::current_thread::Core>, core[a373ad73a504971]::option::Option<core[a373ad73a504971]::result::Result<(), dbkit[b61a518745b91361]::error::Error>>), <tokio[d971f77a4f1cdef8]::runtime::scheduler::current_thread::CoreGuard>::enter<<tokio[d971f77a4f1cdef8]::runtime::scheduler::current_thread::CoreGuard>::block_on<core[a373ad73a504971]::pin::Pin<&mut core[a373ad73a504971]::pin::Pin<&mut dyn core[a373ad73a504971]::future::future::Future<Output = core[a373ad73a504971]::result::Result<(), dbkit[b61a518745b91361]::error::Error>>>>>::{closure#0}, core[a373ad73a504971]::option::Option<core[a373ad73a504971]::result::Result<(), dbkit[b61a518745b91361]::error::Error>>>::{closure#0}>::{closure#0}, (alloc[2e1b2a31b91974c5]::boxed::Box<tokio[d971f77a4f1cdef8]::runtime::scheduler::current_thread::Core>, core[a373ad73a504971]::option::Option<core[a373ad73a504971]::result::Result<(), dbkit[b61a518745b91361]::error::Error>>)>
[INFO] [stdout]                                at /rustc/e3feeb59cd1bdd011a2bfcc0747b55125d9b8527/library/std/src/thread/local.rs:463:12
[INFO] [stdout]   35:     0x55a63ecbd7dd - <std[617be2ca0a6fd877]::thread::local::LocalKey<tokio[d971f77a4f1cdef8]::runtime::context::Context>>::with::<tokio[d971f77a4f1cdef8]::runtime::context::set_scheduler<(alloc[2e1b2a31b91974c5]::boxed::Box<tokio[d971f77a4f1cdef8]::runtime::scheduler::current_thread::Core>, core[a373ad73a504971]::option::Option<core[a373ad73a504971]::result::Result<(), dbkit[b61a518745b91361]::error::Error>>), <tokio[d971f77a4f1cdef8]::runtime::scheduler::current_thread::CoreGuard>::enter<<tokio[d971f77a4f1cdef8]::runtime::scheduler::current_thread::CoreGuard>::block_on<core[a373ad73a504971]::pin::Pin<&mut core[a373ad73a504971]::pin::Pin<&mut dyn core[a373ad73a504971]::future::future::Future<Output = core[a373ad73a504971]::result::Result<(), dbkit[b61a518745b91361]::error::Error>>>>>::{closure#0}, core[a373ad73a504971]::option::Option<core[a373ad73a504971]::result::Result<(), dbkit[b61a518745b91361]::error::Error>>>::{closure#0}>::{closure#0}, (alloc[2e1b2a31b91974c5]::boxed::Box<tokio[d971f77a4f1cdef8]::runtime::scheduler::current_thread::Core>, core[a373ad73a504971]::option::Option<core[a373ad73a504971]::result::Result<(), dbkit[b61a518745b91361]::error::Error>>)>
[INFO] [stdout]                                at /rustc/e3feeb59cd1bdd011a2bfcc0747b55125d9b8527/library/std/src/thread/local.rs:427:20
[INFO] [stdout]   36:     0x55a63ecb52e1 - tokio[d971f77a4f1cdef8]::runtime::context::set_scheduler::<(alloc[2e1b2a31b91974c5]::boxed::Box<tokio[d971f77a4f1cdef8]::runtime::scheduler::current_thread::Core>, core[a373ad73a504971]::option::Option<core[a373ad73a504971]::result::Result<(), dbkit[b61a518745b91361]::error::Error>>), <tokio[d971f77a4f1cdef8]::runtime::scheduler::current_thread::CoreGuard>::enter<<tokio[d971f77a4f1cdef8]::runtime::scheduler::current_thread::CoreGuard>::block_on<core[a373ad73a504971]::pin::Pin<&mut core[a373ad73a504971]::pin::Pin<&mut dyn core[a373ad73a504971]::future::future::Future<Output = core[a373ad73a504971]::result::Result<(), dbkit[b61a518745b91361]::error::Error>>>>>::{closure#0}, core[a373ad73a504971]::option::Option<core[a373ad73a504971]::result::Result<(), dbkit[b61a518745b91361]::error::Error>>>::{closure#0}>
[INFO] [stdout]                                at /opt/rustwide/cargo-home/registry/src/index.crates.io-1949cf8c6b5b557f/tokio-1.49.0/src/runtime/context.rs:176:17
[INFO] [stdout]   37:     0x55a63ec99eee - <tokio[d971f77a4f1cdef8]::runtime::scheduler::current_thread::CoreGuard>::enter::<<tokio[d971f77a4f1cdef8]::runtime::scheduler::current_thread::CoreGuard>::block_on<core[a373ad73a504971]::pin::Pin<&mut core[a373ad73a504971]::pin::Pin<&mut dyn core[a373ad73a504971]::future::future::Future<Output = core[a373ad73a504971]::result::Result<(), dbkit[b61a518745b91361]::error::Error>>>>>::{closure#0}, core[a373ad73a504971]::option::Option<core[a373ad73a504971]::result::Result<(), dbkit[b61a518745b91361]::error::Error>>>
[INFO] [stdout]                                at /opt/rustwide/cargo-home/registry/src/index.crates.io-1949cf8c6b5b557f/tokio-1.49.0/src/runtime/scheduler/current_thread/mod.rs:840:27
[INFO] [stdout]   38:     0x55a63ec9a242 - <tokio[d971f77a4f1cdef8]::runtime::scheduler::current_thread::CoreGuard>::block_on::<core[a373ad73a504971]::pin::Pin<&mut core[a373ad73a504971]::pin::Pin<&mut dyn core[a373ad73a504971]::future::future::Future<Output = core[a373ad73a504971]::result::Result<(), dbkit[b61a518745b91361]::error::Error>>>>>
[INFO] [stdout]                                at /opt/rustwide/cargo-home/registry/src/index.crates.io-1949cf8c6b5b557f/tokio-1.49.0/src/runtime/scheduler/current_thread/mod.rs:740:24
[INFO] [stdout]   39:     0x55a63ec9e822 - <tokio[d971f77a4f1cdef8]::runtime::scheduler::current_thread::CurrentThread>::block_on::<core[a373ad73a504971]::pin::Pin<&mut dyn core[a373ad73a504971]::future::future::Future<Output = core[a373ad73a504971]::result::Result<(), dbkit[b61a518745b91361]::error::Error>>>>::{closure#0}
[INFO] [stdout]                                at /opt/rustwide/cargo-home/registry/src/index.crates.io-1949cf8c6b5b557f/tokio-1.49.0/src/runtime/scheduler/current_thread/mod.rs:200:33
[INFO] [stdout]   40:     0x55a63ecaccaf - tokio[d971f77a4f1cdef8]::runtime::context::runtime::enter_runtime::<<tokio[d971f77a4f1cdef8]::runtime::scheduler::current_thread::CurrentThread>::block_on<core[a373ad73a504971]::pin::Pin<&mut dyn core[a373ad73a504971]::future::future::Future<Output = core[a373ad73a504971]::result::Result<(), dbkit[b61a518745b91361]::error::Error>>>>::{closure#0}, core[a373ad73a504971]::result::Result<(), dbkit[b61a518745b91361]::error::Error>>
[INFO] [stdout]                                at /opt/rustwide/cargo-home/registry/src/index.crates.io-1949cf8c6b5b557f/tokio-1.49.0/src/runtime/context/runtime.rs:65:16
[INFO] [stdout]   41:     0x55a63ec97e49 - <tokio[d971f77a4f1cdef8]::runtime::scheduler::current_thread::CurrentThread>::block_on::<core[a373ad73a504971]::pin::Pin<&mut dyn core[a373ad73a504971]::future::future::Future<Output = core[a373ad73a504971]::result::Result<(), dbkit[b61a518745b91361]::error::Error>>>>
[INFO] [stdout]                                at /opt/rustwide/cargo-home/registry/src/index.crates.io-1949cf8c6b5b557f/tokio-1.49.0/src/runtime/scheduler/current_thread/mod.rs:188:9
[INFO] [stdout]   42:     0x55a63ecc6a5d - <tokio[d971f77a4f1cdef8]::runtime::runtime::Runtime>::block_on_inner::<core[a373ad73a504971]::pin::Pin<&mut dyn core[a373ad73a504971]::future::future::Future<Output = core[a373ad73a504971]::result::Result<(), dbkit[b61a518745b91361]::error::Error>>>>
[INFO] [stdout]                                at /opt/rustwide/cargo-home/registry/src/index.crates.io-1949cf8c6b5b557f/tokio-1.49.0/src/runtime/runtime.rs:368:52
[INFO] [stdout]   43:     0x55a63ecc6bc0 - <tokio[d971f77a4f1cdef8]::runtime::runtime::Runtime>::block_on::<core[a373ad73a504971]::pin::Pin<&mut dyn core[a373ad73a504971]::future::future::Future<Output = core[a373ad73a504971]::result::Result<(), dbkit[b61a518745b91361]::error::Error>>>>
[INFO] [stdout]                                at /opt/rustwide/cargo-home/registry/src/index.crates.io-1949cf8c6b5b557f/tokio-1.49.0/src/runtime/runtime.rs:342:18
[INFO] [stdout]   44:     0x55a63eca87bf - arithmetic_integration[793c7b1cf925c4e2]::arithmetic_numeric_filters_and_ordering_roundtrip
[INFO] [stdout]                                at /opt/rustwide/workdir/tests/arithmetic_integration.rs:136:7
[INFO] [stdout]   45:     0x55a63eca32dd - arithmetic_integration[793c7b1cf925c4e2]::arithmetic_numeric_filters_and_ordering_roundtrip::{closure#0}
[INFO] [stdout]                                at /opt/rustwide/workdir/tests/arithmetic_integration.rs:95:65
[INFO] [stdout]   46:     0x55a63eca0986 - <arithmetic_integration[793c7b1cf925c4e2]::arithmetic_numeric_filters_and_ordering_roundtrip::{closure#0} as core[a373ad73a504971]::ops::function::FnOnce<()>>::call_once
[INFO] [stdout]                                at /rustc/e3feeb59cd1bdd011a2bfcc0747b55125d9b8527/library/core/src/ops/function.rs:250:5
[INFO] [stdout]   47:     0x55a63ecf5d4b - <fn() -> core[a373ad73a504971]::result::Result<(), alloc[2e1b2a31b91974c5]::string::String> as core[a373ad73a504971]::ops::function::FnOnce<()>>::call_once
[INFO] [stdout]                                at /rustc/e3feeb59cd1bdd011a2bfcc0747b55125d9b8527/library/core/src/ops/function.rs:250:5
[INFO] [stdout]   48:     0x55a63ecf5d4b - test[aada8e7e76ba119b]::__rust_begin_short_backtrace::<core[a373ad73a504971]::result::Result<(), alloc[2e1b2a31b91974c5]::string::String>, fn() -> core[a373ad73a504971]::result::Result<(), alloc[2e1b2a31b91974c5]::string::String>>
[INFO] [stdout]                                at /rustc/e3feeb59cd1bdd011a2bfcc0747b55125d9b8527/library/test/src/lib.rs:701:18
[INFO] [stdout]   49:     0x55a63ed02f25 - test[aada8e7e76ba119b]::run_test_in_process::{closure#0}
[INFO] [stdout]                                at /rustc/e3feeb59cd1bdd011a2bfcc0747b55125d9b8527/library/test/src/lib.rs:724:74
[INFO] [stdout]   50:     0x55a63ed02f25 - <core[a373ad73a504971]::panic::unwind_safe::AssertUnwindSafe<test[aada8e7e76ba119b]::run_test_in_process::{closure#0}> as core[a373ad73a504971]::ops::function::FnOnce<()>>::call_once
[INFO] [stdout]                                at /rustc/e3feeb59cd1bdd011a2bfcc0747b55125d9b8527/library/core/src/panic/unwind_safe.rs:275:9
[INFO] [stdout]   51:     0x55a63ed02f25 - std[617be2ca0a6fd877]::panicking::catch_unwind::do_call::<core[a373ad73a504971]::panic::unwind_safe::AssertUnwindSafe<test[aada8e7e76ba119b]::run_test_in_process::{closure#0}>, core[a373ad73a504971]::result::Result<(), alloc[2e1b2a31b91974c5]::string::String>>
[INFO] [stdout]                                at /rustc/e3feeb59cd1bdd011a2bfcc0747b55125d9b8527/library/std/src/panicking.rs:573:43
[INFO] [stdout]   52:     0x55a63ed02f25 - std[617be2ca0a6fd877]::panicking::catch_unwind::<core[a373ad73a504971]::result::Result<(), alloc[2e1b2a31b91974c5]::string::String>, core[a373ad73a504971]::panic::unwind_safe::AssertUnwindSafe<test[aada8e7e76ba119b]::run_test_in_process::{closure#0}>>
[INFO] [stdout]                                at /rustc/e3feeb59cd1bdd011a2bfcc0747b55125d9b8527/library/std/src/panicking.rs:541:19
[INFO] [stdout]   53:     0x55a63ed02f25 - std[617be2ca0a6fd877]::panic::catch_unwind::<core[a373ad73a504971]::panic::unwind_safe::AssertUnwindSafe<test[aada8e7e76ba119b]::run_test_in_process::{closure#0}>, core[a373ad73a504971]::result::Result<(), alloc[2e1b2a31b91974c5]::string::String>>
[INFO] [stdout]                                at /rustc/e3feeb59cd1bdd011a2bfcc0747b55125d9b8527/library/std/src/panic.rs:359:14
[INFO] [stdout]   54:     0x55a63ed02f25 - test[aada8e7e76ba119b]::run_test_in_process
[INFO] [stdout]                                at /rustc/e3feeb59cd1bdd011a2bfcc0747b55125d9b8527/library/test/src/lib.rs:724:27
[INFO] [stdout]   55:     0x55a63ed02f25 - test[aada8e7e76ba119b]::run_test::{closure#0}
[INFO] [stdout]                                at /rustc/e3feeb59cd1bdd011a2bfcc0747b55125d9b8527/library/test/src/lib.rs:645:43
[INFO] [stdout]   56:     0x55a63ecfc814 - test[aada8e7e76ba119b]::run_test::{closure#1}
[INFO] [stdout]                                at /rustc/e3feeb59cd1bdd011a2bfcc0747b55125d9b8527/library/test/src/lib.rs:675:41
[INFO] [stdout]   57:     0x55a63ecfc814 - std[617be2ca0a6fd877]::sys::backtrace::__rust_begin_short_backtrace::<test[aada8e7e76ba119b]::run_test::{closure#1}, ()>
[INFO] [stdout]                                at /rustc/e3feeb59cd1bdd011a2bfcc0747b55125d9b8527/library/std/src/sys/backtrace.rs:166:18
[INFO] [stdout]   58:     0x55a63ed05fb2 - std[617be2ca0a6fd877]::thread::lifecycle::spawn_unchecked::<test[aada8e7e76ba119b]::run_test::{closure#1}, ()>::{closure#1}::{closure#0}
[INFO] [stdout]                                at /rustc/e3feeb59cd1bdd011a2bfcc0747b55125d9b8527/library/std/src/thread/lifecycle.rs:70:13
[INFO] [stdout]   59:     0x55a63ed05fb2 - <core[a373ad73a504971]::panic::unwind_safe::AssertUnwindSafe<std[617be2ca0a6fd877]::thread::lifecycle::spawn_unchecked<test[aada8e7e76ba119b]::run_test::{closure#1}, ()>::{closure#1}::{closure#0}> as core[a373ad73a504971]::ops::function::FnOnce<()>>::call_once
[INFO] [stdout]                                at /rustc/e3feeb59cd1bdd011a2bfcc0747b55125d9b8527/library/core/src/panic/unwind_safe.rs:275:9
[INFO] [stdout]   60:     0x55a63ed05fb2 - std[617be2ca0a6fd877]::panicking::catch_unwind::do_call::<core[a373ad73a504971]::panic::unwind_safe::AssertUnwindSafe<std[617be2ca0a6fd877]::thread::lifecycle::spawn_unchecked<test[aada8e7e76ba119b]::run_test::{closure#1}, ()>::{closure#1}::{closure#0}>, ()>
[INFO] [stdout]                                at /rustc/e3feeb59cd1bdd011a2bfcc0747b55125d9b8527/library/std/src/panicking.rs:573:43
[INFO] [stdout]   61:     0x55a63ed05fb2 - std[617be2ca0a6fd877]::panicking::catch_unwind::<(), core[a373ad73a504971]::panic::unwind_safe::AssertUnwindSafe<std[617be2ca0a6fd877]::thread::lifecycle::spawn_unchecked<test[aada8e7e76ba119b]::run_test::{closure#1}, ()>::{closure#1}::{closure#0}>>
[INFO] [stdout]                                at /rustc/e3feeb59cd1bdd011a2bfcc0747b55125d9b8527/library/std/src/panicking.rs:541:19
[INFO] [stdout]   62:     0x55a63ed05fb2 - std[617be2ca0a6fd877]::panic::catch_unwind::<core[a373ad73a504971]::panic::unwind_safe::AssertUnwindSafe<std[617be2ca0a6fd877]::thread::lifecycle::spawn_unchecked<test[aada8e7e76ba119b]::run_test::{closure#1}, ()>::{closure#1}::{closure#0}>, ()>
[INFO] [stdout]                                at /rustc/e3feeb59cd1bdd011a2bfcc0747b55125d9b8527/library/std/src/panic.rs:359:14
[INFO] [stdout]   63:     0x55a63ed05fb2 - std[617be2ca0a6fd877]::thread::lifecycle::spawn_unchecked::<test[aada8e7e76ba119b]::run_test::{closure#1}, ()>::{closure#1}
[INFO] [stdout]                                at /rustc/e3feeb59cd1bdd011a2bfcc0747b55125d9b8527/library/std/src/thread/lifecycle.rs:68:26
[INFO] [stdout]   64:     0x55a63ed05fb2 - <std[617be2ca0a6fd877]::thread::lifecycle::spawn_unchecked<test[aada8e7e76ba119b]::run_test::{closure#1}, ()>::{closure#1} as core[a373ad73a504971]::ops::function::FnOnce<()>>::call_once::{shim:vtable#0}
[INFO] [stdout]                                at /rustc/e3feeb59cd1bdd011a2bfcc0747b55125d9b8527/library/core/src/ops/function.rs:250:5
[INFO] [stdout]   65:     0x55a63f23ec1f - <alloc[2e1b2a31b91974c5]::boxed::Box<dyn core[a373ad73a504971]::ops::function::FnOnce<(), Output = ()> + core[a373ad73a504971]::marker::Send> as core[a373ad73a504971]::ops::function::FnOnce<()>>::call_once
[INFO] [stdout]                                at /rustc/e3feeb59cd1bdd011a2bfcc0747b55125d9b8527/library/alloc/src/boxed.rs:2314:9
[INFO] [stdout]   66:     0x55a63f23ec1f - <std[617be2ca0a6fd877]::sys::thread::unix::Thread>::new::thread_start
[INFO] [stdout]                                at /rustc/e3feeb59cd1bdd011a2bfcc0747b55125d9b8527/library/std/src/sys/thread/unix.rs:127:17
[INFO] [stdout]   67:     0x7d9f11165dfa - <unknown>
[INFO] [stdout]   68:     0x7d9f111f93d4 - clone
[INFO] [stdout]   69:                0x0 - <unknown>
[INFO] [stdout] 
[INFO] [stdout] ---- arithmetic_temporal_offset_filter_and_ordering_roundtrip stdout ----
[INFO] [stdout] 
[INFO] [stdout] thread 'arithmetic_temporal_offset_filter_and_ordering_roundtrip' (3633) panicked at tests/arithmetic_integration.rs:32:10:
[INFO] [stdout] DB_URL or DATABASE_URL must be set for integration tests: NotPresent
[INFO] [stdout] stack backtrace:
[INFO] [stdout]    0:     0x55a63f23fa81 - std[617be2ca0a6fd877]::backtrace_rs::backtrace::libunwind::trace
[INFO] [stdout]                                at /rustc/e3feeb59cd1bdd011a2bfcc0747b55125d9b8527/library/std/src/../../backtrace/src/backtrace/libunwind.rs:117:9
[INFO] [stdout]    1:     0x55a63f23fa81 - std[617be2ca0a6fd877]::backtrace_rs::backtrace::trace_unsynchronized::<std[617be2ca0a6fd877]::sys::backtrace::_print_fmt::{closure#1}>
[INFO] [stdout]                                at /rustc/e3feeb59cd1bdd011a2bfcc0747b55125d9b8527/library/std/src/../../backtrace/src/backtrace/mod.rs:66:14
[INFO] [stdout]    2:     0x55a63f23fa81 - std[617be2ca0a6fd877]::sys::backtrace::_print_fmt
[INFO] [stdout]                                at /rustc/e3feeb59cd1bdd011a2bfcc0747b55125d9b8527/library/std/src/sys/backtrace.rs:74:9
[INFO] [stdout]    3:     0x55a63f23fa81 - <<std[617be2ca0a6fd877]::sys::backtrace::BacktraceLock>::print::DisplayBacktrace as core[a373ad73a504971]::fmt::Display>::fmt
[INFO] [stdout]                                at /rustc/e3feeb59cd1bdd011a2bfcc0747b55125d9b8527/library/std/src/sys/backtrace.rs:44:26
[INFO] [stdout]    4:     0x55a63f2574fa - <core[a373ad73a504971]::fmt::rt::Argument>::fmt
[INFO] [stdout]                                at /rustc/e3feeb59cd1bdd011a2bfcc0747b55125d9b8527/library/core/src/fmt/rt.rs:152:76
[INFO] [stdout]    5:     0x55a63f2574fa - core[a373ad73a504971]::fmt::write
[INFO] [stdout]    6:     0x55a63f24425c - core[a373ad73a504971]::io::write::default_write_fmt::<alloc[2e1b2a31b91974c5]::vec::Vec<u8>>
[INFO] [stdout]                                at /rustc/e3feeb59cd1bdd011a2bfcc0747b55125d9b8527/library/core/src/io/write.rs:402:11
[INFO] [stdout]    7:     0x55a63f24425c - <alloc[2e1b2a31b91974c5]::vec::Vec<u8> as core[a373ad73a504971]::io::write::Write>::write_fmt
[INFO] [stdout]                                at /rustc/e3feeb59cd1bdd011a2bfcc0747b55125d9b8527/library/core/src/io/write.rs:335:13
[INFO] [stdout]    8:     0x55a63f21a596 - <std[617be2ca0a6fd877]::sys::backtrace::BacktraceLock>::print
[INFO] [stdout]                                at /rustc/e3feeb59cd1bdd011a2bfcc0747b55125d9b8527/library/std/src/sys/backtrace.rs:47:9
[INFO] [stdout]    9:     0x55a63f21a596 - std[617be2ca0a6fd877]::panicking::default_hook::{closure#0}
[INFO] [stdout]                                at /rustc/e3feeb59cd1bdd011a2bfcc0747b55125d9b8527/library/std/src/panicking.rs:289:27
[INFO] [stdout]   10:     0x55a63f2374d9 - std[617be2ca0a6fd877]::panicking::default_hook
[INFO] [stdout]                                at /rustc/e3feeb59cd1bdd011a2bfcc0747b55125d9b8527/library/std/src/panicking.rs:313:9
[INFO] [stdout]   11:     0x55a63ed02900 - <alloc[2e1b2a31b91974c5]::boxed::Box<dyn for<'a, 'b> core[a373ad73a504971]::ops::function::Fn<(&'a std[617be2ca0a6fd877]::panic::PanicHookInfo<'b>,), Output = ()> + core[a373ad73a504971]::marker::Sync + core[a373ad73a504971]::marker::Send> as core[a373ad73a504971]::ops::function::Fn<(&std[617be2ca0a6fd877]::panic::PanicHookInfo,)>>::call
[INFO] [stdout]                                at /rustc/e3feeb59cd1bdd011a2bfcc0747b55125d9b8527/library/alloc/src/boxed.rs:2328:9
[INFO] [stdout]   12:     0x55a63ed02900 - test[aada8e7e76ba119b]::test_main_inner::{closure#0}
[INFO] [stdout]                                at /rustc/e3feeb59cd1bdd011a2bfcc0747b55125d9b8527/library/test/src/lib.rs:137:21
[INFO] [stdout]   13:     0x55a63f237802 - <alloc[2e1b2a31b91974c5]::boxed::Box<dyn for<'a, 'b> core[a373ad73a504971]::ops::function::Fn<(&'a std[617be2ca0a6fd877]::panic::PanicHookInfo<'b>,), Output = ()> + core[a373ad73a504971]::marker::Sync + core[a373ad73a504971]::marker::Send> as core[a373ad73a504971]::ops::function::Fn<(&std[617be2ca0a6fd877]::panic::PanicHookInfo,)>>::call
[INFO] [stdout]                                at /rustc/e3feeb59cd1bdd011a2bfcc0747b55125d9b8527/library/alloc/src/boxed.rs:2328:9
[INFO] [stdout]   14:     0x55a63f237802 - std[617be2ca0a6fd877]::panicking::panic_with_hook
[INFO] [stdout]                                at /rustc/e3feeb59cd1bdd011a2bfcc0747b55125d9b8527/library/std/src/panicking.rs:819:13
[INFO] [stdout]   15:     0x55a63f21a642 - std[617be2ca0a6fd877]::panicking::panic_handler::{closure#0}
[INFO] [stdout]                                at /rustc/e3feeb59cd1bdd011a2bfcc0747b55125d9b8527/library/std/src/panicking.rs:685:13
[INFO] [stdout]   16:     0x55a63f212ea9 - std[617be2ca0a6fd877]::sys::backtrace::__rust_end_short_backtrace::<std[617be2ca0a6fd877]::panicking::panic_handler::{closure#0}, !>
[INFO] [stdout]                                at /rustc/e3feeb59cd1bdd011a2bfcc0747b55125d9b8527/library/std/src/sys/backtrace.rs:182:18
[INFO] [stdout]   17:     0x55a63f21b4dd - __rustc[ea4f61d10b84890b]::rust_begin_unwind
[INFO] [stdout]                                at /rustc/e3feeb59cd1bdd011a2bfcc0747b55125d9b8527/library/std/src/panicking.rs:676:5
[INFO] [stdout]   18:     0x55a63f257d1c - core[a373ad73a504971]::panicking::panic_fmt
[INFO] [stdout]                                at /rustc/e3feeb59cd1bdd011a2bfcc0747b55125d9b8527/library/core/src/panicking.rs:80:14
[INFO] [stdout]   19:     0x55a63f257a72 - core[a373ad73a504971]::result::unwrap_failed
[INFO] [stdout]                                at /rustc/e3feeb59cd1bdd011a2bfcc0747b55125d9b8527/library/core/src/result.rs:1870:5
[INFO] [stdout]   20:     0x55a63ecaed0e - <core[a373ad73a504971]::result::Result<alloc[2e1b2a31b91974c5]::string::String, std[617be2ca0a6fd877]::env::VarError>>::expect
[INFO] [stdout]                                at /rustc/e3feeb59cd1bdd011a2bfcc0747b55125d9b8527/library/core/src/result.rs:1184:23
[INFO] [stdout]   21:     0x55a63eca865c - arithmetic_integration[793c7b1cf925c4e2]::db_url
[INFO] [stdout]                                at /opt/rustwide/workdir/tests/arithmetic_integration.rs:32:10
[INFO] [stdout]   22:     0x55a63eca6ae4 - arithmetic_integration[793c7b1cf925c4e2]::arithmetic_temporal_offset_filter_and_ordering_roundtrip::{closure#0}
[INFO] [stdout]                                at /opt/rustwide/workdir/tests/arithmetic_integration.rs:141:33
[INFO] [stdout]   23:     0x55a63ecce90f - <core[a373ad73a504971]::pin::Pin<&mut dyn core[a373ad73a504971]::future::future::Future<Output = core[a373ad73a504971]::result::Result<(), dbkit[b61a518745b91361]::error::Error>>> as core[a373ad73a504971]::future::future::Future>::poll
[INFO] [stdout]                                at /rustc/e3feeb59cd1bdd011a2bfcc0747b55125d9b8527/library/core/src/future/future.rs:133:9
[INFO] [stdout]   24:     0x55a63ecce9cb - <core[a373ad73a504971]::pin::Pin<&mut core[a373ad73a504971]::pin::Pin<&mut dyn core[a373ad73a504971]::future::future::Future<Output = core[a373ad73a504971]::result::Result<(), dbkit[b61a518745b91361]::error::Error>>>> as core[a373ad73a504971]::future::future::Future>::poll
[INFO] [stdout]                                at /rustc/e3feeb59cd1bdd011a2bfcc0747b55125d9b8527/library/core/src/future/future.rs:133:9
[INFO] [stdout]   25:     0x55a63eca07db - <tokio[d971f77a4f1cdef8]::runtime::scheduler::current_thread::CoreGuard>::block_on::<core[a373ad73a504971]::pin::Pin<&mut core[a373ad73a504971]::pin::Pin<&mut dyn core[a373ad73a504971]::future::future::Future<Output = core[a373ad73a504971]::result::Result<(), dbkit[b61a518745b91361]::error::Error>>>>>::{closure#0}::{closure#0}::{closure#0}
[INFO] [stdout]                                at /opt/rustwide/cargo-home/registry/src/index.crates.io-1949cf8c6b5b557f/tokio-1.49.0/src/runtime/scheduler/current_thread/mod.rs:753:70
[INFO] [stdout]   26:     0x55a63eca06d0 - tokio[d971f77a4f1cdef8]::task::coop::with_budget::<core[a373ad73a504971]::task::poll::Poll<core[a373ad73a504971]::result::Result<(), dbkit[b61a518745b91361]::error::Error>>, <tokio[d971f77a4f1cdef8]::runtime::scheduler::current_thread::CoreGuard>::block_on<core[a373ad73a504971]::pin::Pin<&mut core[a373ad73a504971]::pin::Pin<&mut dyn core[a373ad73a504971]::future::future::Future<Output = core[a373ad73a504971]::result::Result<(), dbkit[b61a518745b91361]::error::Error>>>>>::{closure#0}::{closure#0}::{closure#0}>
[INFO] [stdout]                                at /opt/rustwide/cargo-home/registry/src/index.crates.io-1949cf8c6b5b557f/tokio-1.49.0/src/task/coop/mod.rs:167:5
[INFO] [stdout]   27:     0x55a63eca06d0 - tokio[d971f77a4f1cdef8]::task::coop::budget::<core[a373ad73a504971]::task::poll::Poll<core[a373ad73a504971]::result::Result<(), dbkit[b61a518745b91361]::error::Error>>, <tokio[d971f77a4f1cdef8]::runtime::scheduler::current_thread::CoreGuard>::block_on<core[a373ad73a504971]::pin::Pin<&mut core[a373ad73a504971]::pin::Pin<&mut dyn core[a373ad73a504971]::future::future::Future<Output = core[a373ad73a504971]::result::Result<(), dbkit[b61a518745b91361]::error::Error>>>>>::{closure#0}::{closure#0}::{closure#0}>
[INFO] [stdout]                                at /opt/rustwide/cargo-home/registry/src/index.crates.io-1949cf8c6b5b557f/tokio-1.49.0/src/task/coop/mod.rs:133:5
[INFO] [stdout]   28:     0x55a63eca06d0 - <tokio[d971f77a4f1cdef8]::runtime::scheduler::current_thread::CoreGuard>::block_on::<core[a373ad73a504971]::pin::Pin<&mut core[a373ad73a504971]::pin::Pin<&mut dyn core[a373ad73a504971]::future::future::Future<Output = core[a373ad73a504971]::result::Result<(), dbkit[b61a518745b91361]::error::Error>>>>>::{closure#0}::{closure#0}
[INFO] [stdout]                                at /opt/rustwide/cargo-home/registry/src/index.crates.io-1949cf8c6b5b557f/tokio-1.49.0/src/runtime/scheduler/current_thread/mod.rs:753:25
[INFO] [stdout]   29:     0x55a63ec9834f - <tokio[d971f77a4f1cdef8]::runtime::scheduler::current_thread::Context>::enter::<core[a373ad73a504971]::task::poll::Poll<core[a373ad73a504971]::result::Result<(), dbkit[b61a518745b91361]::error::Error>>, <tokio[d971f77a4f1cdef8]::runtime::scheduler::current_thread::CoreGuard>::block_on<core[a373ad73a504971]::pin::Pin<&mut core[a373ad73a504971]::pin::Pin<&mut dyn core[a373ad73a504971]::future::future::Future<Output = core[a373ad73a504971]::result::Result<(), dbkit[b61a518745b91361]::error::Error>>>>>::{closure#0}::{closure#0}>
[INFO] [stdout]                                at /opt/rustwide/cargo-home/registry/src/index.crates.io-1949cf8c6b5b557f/tokio-1.49.0/src/runtime/scheduler/current_thread/mod.rs:442:19
[INFO] [stdout]   30:     0x55a63ec9fa1d - <tokio[d971f77a4f1cdef8]::runtime::scheduler::current_thread::CoreGuard>::block_on::<core[a373ad73a504971]::pin::Pin<&mut core[a373ad73a504971]::pin::Pin<&mut dyn core[a373ad73a504971]::future::future::Future<Output = core[a373ad73a504971]::result::Result<(), dbkit[b61a518745b91361]::error::Error>>>>>::{closure#0}
[INFO] [stdout]                                at /opt/rustwide/cargo-home/registry/src/index.crates.io-1949cf8c6b5b557f/tokio-1.49.0/src/runtime/scheduler/current_thread/mod.rs:752:44
[INFO] [stdout]   31:     0x55a63ec9ec5b - <tokio[d971f77a4f1cdef8]::runtime::scheduler::current_thread::CoreGuard>::enter::<<tokio[d971f77a4f1cdef8]::runtime::scheduler::current_thread::CoreGuard>::block_on<core[a373ad73a504971]::pin::Pin<&mut core[a373ad73a504971]::pin::Pin<&mut dyn core[a373ad73a504971]::future::future::Future<Output = core[a373ad73a504971]::result::Result<(), dbkit[b61a518745b91361]::error::Error>>>>>::{closure#0}, core[a373ad73a504971]::option::Option<core[a373ad73a504971]::result::Result<(), dbkit[b61a518745b91361]::error::Error>>>::{closure#0}
[INFO] [stdout]                                at /opt/rustwide/cargo-home/registry/src/index.crates.io-1949cf8c6b5b557f/tokio-1.49.0/src/runtime/scheduler/current_thread/mod.rs:840:68
[INFO] [stdout]   32:     0x55a63ecbd6ea - <tokio[d971f77a4f1cdef8]::runtime::context::scoped::Scoped<tokio[d971f77a4f1cdef8]::runtime::scheduler::Context>>::set::<<tokio[d971f77a4f1cdef8]::runtime::scheduler::current_thread::CoreGuard>::enter<<tokio[d971f77a4f1cdef8]::runtime::scheduler::current_thread::CoreGuard>::block_on<core[a373ad73a504971]::pin::Pin<&mut core[a373ad73a504971]::pin::Pin<&mut dyn core[a373ad73a504971]::future::future::Future<Output = core[a373ad73a504971]::result::Result<(), dbkit[b61a518745b91361]::error::Error>>>>>::{closure#0}, core[a373ad73a504971]::option::Option<core[a373ad73a504971]::result::Result<(), dbkit[b61a518745b91361]::error::Error>>>::{closure#0}, (alloc[2e1b2a31b91974c5]::boxed::Box<tokio[d971f77a4f1cdef8]::runtime::scheduler::current_thread::Core>, core[a373ad73a504971]::option::Option<core[a373ad73a504971]::result::Result<(), dbkit[b61a518745b91361]::error::Error>>)>
[INFO] [stdout]                                at /opt/rustwide/cargo-home/registry/src/index.crates.io-1949cf8c6b5b557f/tokio-1.49.0/src/runtime/context/scoped.rs:40:9
[INFO] [stdout]   33:     0x55a63ecb7d1a - tokio[d971f77a4f1cdef8]::runtime::context::set_scheduler::<(alloc[2e1b2a31b91974c5]::boxed::Box<tokio[d971f77a4f1cdef8]::runtime::scheduler::current_thread::Core>, core[a373ad73a504971]::option::Option<core[a373ad73a504971]::result::Result<(), dbkit[b61a518745b91361]::error::Error>>), <tokio[d971f77a4f1cdef8]::runtime::scheduler::current_thread::CoreGuard>::enter<<tokio[d971f77a4f1cdef8]::runtime::scheduler::current_thread::CoreGuard>::block_on<core[a373ad73a504971]::pin::Pin<&mut core[a373ad73a504971]::pin::Pin<&mut dyn core[a373ad73a504971]::future::future::Future<Output = core[a373ad73a504971]::result::Result<(), dbkit[b61a518745b91361]::error::Error>>>>>::{closure#0}, core[a373ad73a504971]::option::Option<core[a373ad73a504971]::result::Result<(), dbkit[b61a518745b91361]::error::Error>>>::{closure#0}>::{closure#0}
[INFO] [stdout]                                at /opt/rustwide/cargo-home/registry/src/index.crates.io-1949cf8c6b5b557f/tokio-1.49.0/src/runtime/context.rs:176:38
[INFO] [stdout]   34:     0x55a63ecbdc5d - <std[617be2ca0a6fd877]::thread::local::LocalKey<tokio[d971f77a4f1cdef8]::runtime::context::Context>>::try_with::<tokio[d971f77a4f1cdef8]::runtime::context::set_scheduler<(alloc[2e1b2a31b91974c5]::boxed::Box<tokio[d971f77a4f1cdef8]::runtime::scheduler::current_thread::Core>, core[a373ad73a504971]::option::Option<core[a373ad73a504971]::result::Result<(), dbkit[b61a518745b91361]::error::Error>>), <tokio[d971f77a4f1cdef8]::runtime::scheduler::current_thread::CoreGuard>::enter<<tokio[d971f77a4f1cdef8]::runtime::scheduler::current_thread::CoreGuard>::block_on<core[a373ad73a504971]::pin::Pin<&mut core[a373ad73a504971]::pin::Pin<&mut dyn core[a373ad73a504971]::future::future::Future<Output = core[a373ad73a504971]::result::Result<(), dbkit[b61a518745b91361]::error::Error>>>>>::{closure#0}, core[a373ad73a504971]::option::Option<core[a373ad73a504971]::result::Result<(), dbkit[b61a518745b91361]::error::Error>>>::{closure#0}>::{closure#0}, (alloc[2e1b2a31b91974c5]::boxed::Box<tokio[d971f77a4f1cdef8]::runtime::scheduler::current_thread::Core>, core[a373ad73a504971]::option::Option<core[a373ad73a504971]::result::Result<(), dbkit[b61a518745b91361]::error::Error>>)>
[INFO] [stdout]                                at /rustc/e3feeb59cd1bdd011a2bfcc0747b55125d9b8527/library/std/src/thread/local.rs:463:12
[INFO] [stdout]   35:     0x55a63ecbd7dd - <std[617be2ca0a6fd877]::thread::local::LocalKey<tokio[d971f77a4f1cdef8]::runtime::context::Context>>::with::<tokio[d971f77a4f1cdef8]::runtime::context::set_scheduler<(alloc[2e1b2a31b91974c5]::boxed::Box<tokio[d971f77a4f1cdef8]::runtime::scheduler::current_thread::Core>, core[a373ad73a504971]::option::Option<core[a373ad73a504971]::result::Result<(), dbkit[b61a518745b91361]::error::Error>>), <tokio[d971f77a4f1cdef8]::runtime::scheduler::current_thread::CoreGuard>::enter<<tokio[d971f77a4f1cdef8]::runtime::scheduler::current_thread::CoreGuard>::block_on<core[a373ad73a504971]::pin::Pin<&mut core[a373ad73a504971]::pin::Pin<&mut dyn core[a373ad73a504971]::future::future::Future<Output = core[a373ad73a504971]::result::Result<(), dbkit[b61a518745b91361]::error::Error>>>>>::{closure#0}, core[a373ad73a504971]::option::Option<core[a373ad73a504971]::result::Result<(), dbkit[b61a518745b91361]::error::Error>>>::{closure#0}>::{closure#0}, (alloc[2e1b2a31b91974c5]::boxed::Box<tokio[d971f77a4f1cdef8]::runtime::scheduler::current_thread::Core>, core[a373ad73a504971]::option::Option<core[a373ad73a504971]::result::Result<(), dbkit[b61a518745b91361]::error::Error>>)>
[INFO] [stdout]                                at /rustc/e3feeb59cd1bdd011a2bfcc0747b55125d9b8527/library/std/src/thread/local.rs:427:20
[INFO] [stdout]   36:     0x55a63ecb52e1 - tokio[d971f77a4f1cdef8]::runtime::context::set_scheduler::<(alloc[2e1b2a31b91974c5]::boxed::Box<tokio[d971f77a4f1cdef8]::runtime::scheduler::current_thread::Core>, core[a373ad73a504971]::option::Option<core[a373ad73a504971]::result::Result<(), dbkit[b61a518745b91361]::error::Error>>), <tokio[d971f77a4f1cdef8]::runtime::scheduler::current_thread::CoreGuard>::enter<<tokio[d971f77a4f1cdef8]::runtime::scheduler::current_thread::CoreGuard>::block_on<core[a373ad73a504971]::pin::Pin<&mut core[a373ad73a504971]::pin::Pin<&mut dyn core[a373ad73a504971]::future::future::Future<Output = core[a373ad73a504971]::result::Result<(), dbkit[b61a518745b91361]::error::Error>>>>>::{closure#0}, core[a373ad73a504971]::option::Option<core[a373ad73a504971]::result::Result<(), dbkit[b61a518745b91361]::error::Error>>>::{closure#0}>
[INFO] [stdout]                                at /opt/rustwide/cargo-home/registry/src/index.crates.io-1949cf8c6b5b557f/tokio-1.49.0/src/runtime/context.rs:176:17
[INFO] [stdout]   37:     0x55a63ec99eee - <tokio[d971f77a4f1cdef8]::runtime::scheduler::current_thread::CoreGuard>::enter::<<tokio[d971f77a4f1cdef8]::runtime::scheduler::current_thread::CoreGuard>::block_on<core[a373ad73a504971]::pin::Pin<&mut core[a373ad73a504971]::pin::Pin<&mut dyn core[a373ad73a504971]::future::future::Future<Output = core[a373ad73a504971]::result::Result<(), dbkit[b61a518745b91361]::error::Error>>>>>::{closure#0}, core[a373ad73a504971]::option::Option<core[a373ad73a504971]::result::Result<(), dbkit[b61a518745b91361]::error::Error>>>
[INFO] [stdout]                                at /opt/rustwide/cargo-home/registry/src/index.crates.io-1949cf8c6b5b557f/tokio-1.49.0/src/runtime/scheduler/current_thread/mod.rs:840:27
[INFO] [stdout]   38:     0x55a63ec9a242 - <tokio[d971f77a4f1cdef8]::runtime::scheduler::current_thread::CoreGuard>::block_on::<core[a373ad73a504971]::pin::Pin<&mut core[a373ad73a504971]::pin::Pin<&mut dyn core[a373ad73a504971]::future::future::Future<Output = core[a373ad73a504971]::result::Result<(), dbkit[b61a518745b91361]::error::Error>>>>>
[INFO] [stdout]                                at /opt/rustwide/cargo-home/registry/src/index.crates.io-1949cf8c6b5b557f/tokio-1.49.0/src/runtime/scheduler/current_thread/mod.rs:740:24
[INFO] [stdout]   39:     0x55a63ec9e822 - <tokio[d971f77a4f1cdef8]::runtime::scheduler::current_thread::CurrentThread>::block_on::<core[a373ad73a504971]::pin::Pin<&mut dyn core[a373ad73a504971]::future::future::Future<Output = core[a373ad73a504971]::result::Result<(), dbkit[b61a518745b91361]::error::Error>>>>::{closure#0}
[INFO] [stdout]                                at /opt/rustwide/cargo-home/registry/src/index.crates.io-1949cf8c6b5b557f/tokio-1.49.0/src/runtime/scheduler/current_thread/mod.rs:200:33
[INFO] [stdout]   40:     0x55a63ecaccaf - tokio[d971f77a4f1cdef8]::runtime::context::runtime::enter_runtime::<<tokio[d971f77a4f1cdef8]::runtime::scheduler::current_thread::CurrentThread>::block_on<core[a373ad73a504971]::pin::Pin<&mut dyn core[a373ad73a504971]::future::future::Future<Output = core[a373ad73a504971]::result::Result<(), dbkit[b61a518745b91361]::error::Error>>>>::{closure#0}, core[a373ad73a504971]::result::Result<(), dbkit[b61a518745b91361]::error::Error>>
[INFO] [stdout]                                at /opt/rustwide/cargo-home/registry/src/index.crates.io-1949cf8c6b5b557f/tokio-1.49.0/src/runtime/context/runtime.rs:65:16
[INFO] [stdout]   41:     0x55a63ec97e49 - <tokio[d971f77a4f1cdef8]::runtime::scheduler::current_thread::CurrentThread>::block_on::<core[a373ad73a504971]::pin::Pin<&mut dyn core[a373ad73a504971]::future::future::Future<Output = core[a373ad73a504971]::result::Result<(), dbkit[b61a518745b91361]::error::Error>>>>
[INFO] [stdout]                                at /opt/rustwide/cargo-home/registry/src/index.crates.io-1949cf8c6b5b557f/tokio-1.49.0/src/runtime/scheduler/current_thread/mod.rs:188:9
[INFO] [stdout]   42:     0x55a63ecc6a5d - <tokio[d971f77a4f1cdef8]::runtime::runtime::Runtime>::block_on_inner::<core[a373ad73a504971]::pin::Pin<&mut dyn core[a373ad73a504971]::future::future::Future<Output = core[a373ad73a504971]::result::Result<(), dbkit[b61a518745b91361]::error::Error>>>>
[INFO] [stdout]                                at /opt/rustwide/cargo-home/registry/src/index.crates.io-1949cf8c6b5b557f/tokio-1.49.0/src/runtime/runtime.rs:368:52
[INFO] [stdout]   43:     0x55a63ecc6bc0 - <tokio[d971f77a4f1cdef8]::runtime::runtime::Runtime>::block_on::<core[a373ad73a504971]::pin::Pin<&mut dyn core[a373ad73a504971]::future::future::Future<Output = core[a373ad73a504971]::result::Result<(), dbkit[b61a518745b91361]::error::Error>>>>
[INFO] [stdout]                                at /opt/rustwide/cargo-home/registry/src/index.crates.io-1949cf8c6b5b557f/tokio-1.49.0/src/runtime/runtime.rs:342:18
[INFO] [stdout]   44:     0x55a63eca8b5f - arithmetic_integration[793c7b1cf925c4e2]::arithmetic_temporal_offset_filter_and_ordering_roundtrip
[INFO] [stdout]                                at /opt/rustwide/workdir/tests/arithmetic_integration.rs:161:7
[INFO] [stdout]   45:     0x55a63eca335d - arithmetic_integration[793c7b1cf925c4e2]::arithmetic_temporal_offset_filter_and_ordering_roundtrip::{closure#0}
[INFO] [stdout]                                at /opt/rustwide/workdir/tests/arithmetic_integration.rs:140:72
[INFO] [stdout]   46:     0x55a63eca09c6 - <arithmetic_integration[793c7b1cf925c4e2]::arithmetic_temporal_offset_filter_and_ordering_roundtrip::{closure#0} as core[a373ad73a504971]::ops::function::FnOnce<()>>::call_once
[INFO] [stdout]                                at /rustc/e3feeb59cd1bdd011a2bfcc0747b55125d9b8527/library/core/src/ops/function.rs:250:5
[INFO] [stdout]   47:     0x55a63ecf5d4b - <fn() -> core[a373ad73a504971]::result::Result<(), alloc[2e1b2a31b91974c5]::string::String> as core[a373ad73a504971]::ops::function::FnOnce<()>>::call_once
[INFO] [stdout]                                at /rustc/e3feeb59cd1bdd011a2bfcc0747b55125d9b8527/library/core/src/ops/function.rs:250:5
[INFO] [stdout]   48:     0x55a63ecf5d4b - test[aada8e7e76ba119b]::__rust_begin_short_backtrace::<core[a373ad73a504971]::result::Result<(), alloc[2e1b2a31b91974c5]::string::String>, fn() -> core[a373ad73a504971]::result::Result<(), alloc[2e1b2a31b91974c5]::string::String>>
[INFO] [stdout]                                at /rustc/e3feeb59cd1bdd011a2bfcc0747b55125d9b8527/library/test/src/lib.rs:701:18
[INFO] [stdout]   49:     0x55a63ed02f25 - test[aada8e7e76ba119b]::run_test_in_process::{closure#0}
[INFO] [stdout]                                at /rustc/e3feeb59cd1bdd011a2bfcc0747b55125d9b8527/library/test/src/lib.rs:724:74
[INFO] [stdout]   50:     0x55a63ed02f25 - <core[a373ad73a504971]::panic::unwind_safe::AssertUnwindSafe<test[aada8e7e76ba119b]::run_test_in_process::{closure#0}> as core[a373ad73a504971]::ops::function::FnOnce<()>>::call_once
[INFO] [stdout]                                at /rustc/e3feeb59cd1bdd011a2bfcc0747b55125d9b8527/library/core/src/panic/unwind_safe.rs:275:9
[INFO] [stdout]   51:     0x55a63ed02f25 - std[617be2ca0a6fd877]::panicking::catch_unwind::do_call::<core[a373ad73a504971]::panic::unwind_safe::AssertUnwindSafe<test[aada8e7e76ba119b]::run_test_in_process::{closure#0}>, core[a373ad73a504971]::result::Result<(), alloc[2e1b2a31b91974c5]::string::String>>
[INFO] [stdout]                                at /rustc/e3feeb59cd1bdd011a2bfcc0747b55125d9b8527/library/std/src/panicking.rs:573:43
[INFO] [stdout]   52:     0x55a63ed02f25 - std[617be2ca0a6fd877]::panicking::catch_unwind::<core[a373ad73a504971]::result::Result<(), alloc[2e1b2a31b91974c5]::string::String>, core[a373ad73a504971]::panic::unwind_safe::AssertUnwindSafe<test[aada8e7e76ba119b]::run_test_in_process::{closure#0}>>
[INFO] [stdout]                                at /rustc/e3feeb59cd1bdd011a2bfcc0747b55125d9b8527/library/std/src/panicking.rs:541:19
[INFO] [stdout]   53:     0x55a63ed02f25 - std[617be2ca0a6fd877]::panic::catch_unwind::<core[a373ad73a504971]::panic::unwind_safe::AssertUnwindSafe<test[aada8e7e76ba119b]::run_test_in_process::{closure#0}>, core[a373ad73a504971]::result::Result<(), alloc[2e1b2a31b91974c5]::string::String>>
[INFO] [stdout]                                at /rustc/e3feeb59cd1bdd011a2bfcc0747b55125d9b8527/library/std/src/panic.rs:359:14
[INFO] [stdout]   54:     0x55a63ed02f25 - test[aada8e7e76ba119b]::run_test_in_process
[INFO] [stdout]                                at /rustc/e3feeb59cd1bdd011a2bfcc0747b55125d9b8527/library/test/src/lib.rs:724:27
[INFO] [stdout]   55:     0x55a63ed02f25 - test[aada8e7e76ba119b]::run_test::{closure#0}
[INFO] [stdout]                                at /rustc/e3feeb59cd1bdd011a2bfcc0747b55125d9b8527/library/test/src/lib.rs:645:43
[INFO] [stdout]   56:     0x55a63ecfc814 - test[aada8e7e76ba119b]::run_test::{closure#1}
[INFO] [stdout]                                at /rustc/e3feeb59cd1bdd011a2bfcc0747b55125d9b8527/library/test/src/lib.rs:675:41
[INFO] [stdout]   57:     0x55a63ecfc814 - std[617be2ca0a6fd877]::sys::backtrace::__rust_begin_short_backtrace::<test[aada8e7e76ba119b]::run_test::{closure#1}, ()>
[INFO] [stdout]                                at /rustc/e3feeb59cd1bdd011a2bfcc0747b55125d9b8527/library/std/src/sys/backtrace.rs:166:18
[INFO] [stdout]   58:     0x55a63ed05fb2 - std[617be2ca0a6fd877]::thread::lifecycle::spawn_unchecked::<test[aada8e7e76ba119b]::run_test::{closure#1}, ()>::{closure#1}::{closure#0}
[INFO] [stdout]                                at /rustc/e3feeb59cd1bdd011a2bfcc0747b55125d9b8527/library/std/src/thread/lifecycle.rs:70:13
[INFO] [stdout]   59:     0x55a63ed05fb2 - <core[a373ad73a504971]::panic::unwind_safe::AssertUnwindSafe<std[617be2ca0a6fd877]::thread::lifecycle::spawn_unchecked<test[aada8e7e76ba119b]::run_test::{closure#1}, ()>::{closure#1}::{closure#0}> as core[a373ad73a504971]::ops::function::FnOnce<()>>::call_once
[INFO] [stdout]                                at /rustc/e3feeb59cd1bdd011a2bfcc0747b55125d9b8527/library/core/src/panic/unwind_safe.rs:275:9
[INFO] [stdout]   60:     0x55a63ed05fb2 - std[617be2ca0a6fd877]::panicking::catch_unwind::do_call::<core[a373ad73a504971]::panic::unwind_safe::AssertUnwindSafe<std[617be2ca0a6fd877]::thread::lifecycle::spawn_unchecked<test[aada8e7e76ba119b]::run_test::{closure#1}, ()>::{closure#1}::{closure#0}>, ()>
[INFO] [stdout]                                at /rustc/e3feeb59cd1bdd011a2bfcc0747b55125d9b8527/library/std/src/panicking.rs:573:43
[INFO] [stdout]   61:     0x55a63ed05fb2 - std[617be2ca0a6fd877]::panicking::catch_unwind::<(), core[a373ad73a504971]::panic::unwind_safe::AssertUnwindSafe<std[617be2ca0a6fd877]::thread::lifecycle::spawn_unchecked<test[aada8e7e76ba119b]::run_test::{closure#1}, ()>::{closure#1}::{closure#0}>>
[INFO] [stdout]                                at /rustc/e3feeb59cd1bdd011a2bfcc0747b55125d9b8527/library/std/src/panicking.rs:541:19
[INFO] [stdout]   62:     0x55a63ed05fb2 - std[617be2ca0a6fd877]::panic::catch_unwind::<core[a373ad73a504971]::panic::unwind_safe::AssertUnwindSafe<std[617be2ca0a6fd877]::thread::lifecycle::spawn_unchecked<test[aada8e7e76ba119b]::run_test::{closure#1}, ()>::{closure#1}::{closure#0}>, ()>
[INFO] [stdout]                                at /rustc/e3feeb59cd1bdd011a2bfcc0747b55125d9b8527/library/std/src/panic.rs:359:14
[INFO] [stdout]   63:     0x55a63ed05fb2 - std[617be2ca0a6fd877]::thread::lifecycle::spawn_unchecked::<test[aada8e7e76ba119b]::run_test::{closure#1}, ()>::{closure#1}
[INFO] [stdout]                                at /rustc/e3feeb59cd1bdd011a2bfcc0747b55125d9b8527/library/std/src/thread/lifecycle.rs:68:26
[INFO] [stdout]   64:     0x55a63ed05fb2 - <std[617be2ca0a6fd877]::thread::lifecycle::spawn_unchecked<test[aada8e7e76ba119b]::run_test::{closure#1}, ()>::{closure#1} as core[a373ad73a504971]::ops::function::FnOnce<()>>::call_once::{shim:vtable#0}
[INFO] [stdout]                                at /rustc/e3feeb59cd1bdd011a2bfcc0747b55125d9b8527/library/core/src/ops/function.rs:250:5
[INFO] [stdout]   65:     0x55a63f23ec1f - <alloc[2e1b2a31b91974c5]::boxed::Box<dyn core[a373ad73a504971]::ops::function::FnOnce<(), Output = ()> + core[a373ad73a504971]::marker::Send> as core[a373ad73a504971]::ops::function::FnOnce<()>>::call_once
[INFO] [stdout]                                at /rustc/e3feeb59cd1bdd011a2bfcc0747b55125d9b8527/library/alloc/src/boxed.rs:2314:9
[INFO] [stdout]   66:     0x55a63f23ec1f - <std[617be2ca0a6fd877]::sys::thread::unix::Thread>::new::thread_start
[INFO] [stdout]                                at /rustc/e3feeb59cd1bdd011a2bfcc0747b55125d9b8527/library/std/src/sys/thread/unix.rs:127:17
[INFO] [stdout]   67:     0x7d9f11165dfa - <unknown>
[INFO] [stdout]   68:     0x7d9f111f93d4 - clone
[INFO] [stdout]   69:                0x0 - <unknown>
[INFO] [stdout] 
[INFO] [stdout] 
[INFO] [stdout] failures:
[INFO] [stdout]     arithmetic_numeric_filters_and_ordering_roundtrip
[INFO] [stdout]     arithmetic_temporal_offset_filter_and_ordering_roundtrip
[INFO] [stdout]     smallint_arithmetic_filters_roundtrip_with_integer_rhs
[INFO] [stdout] 
[INFO] [stdout] test result: FAILED. 0 passed; 3 failed; 0 ignored; 0 measured; 0 filtered out; finished in 0.21s
[INFO] [stdout] 
[INFO] [stderr] error: test failed, to rerun pass `--test arithmetic_integration`
[INFO] running `Command { std: "docker" "inspect" "4acb99e6df32a182d245ff71a92b03004111e0cbddeb347b01873f2b34fe4cbb", kill_on_drop: false }`
[INFO] running `Command { std: "docker" "rm" "-f" "4acb99e6df32a182d245ff71a92b03004111e0cbddeb347b01873f2b34fe4cbb", kill_on_drop: false }`
[INFO] [stdout] 4acb99e6df32a182d245ff71a92b03004111e0cbddeb347b01873f2b34fe4cbb
