[INFO] fetching crate dampen-lsp 0.3.2...
[INFO] testing dampen-lsp-0.3.2 against 1.100.0-beta.1 for beta-1.100-2
[INFO] extracting crate dampen-lsp 0.3.2 into /workspace/builds/worker-3-tc2/source
[INFO] started tweaking crates.io crate dampen-lsp 0.3.2
[INFO] removed 0 missing tests
[INFO] finished tweaking crates.io crate dampen-lsp 0.3.2
[INFO] tweaked toml for crates.io crate dampen-lsp 0.3.2 written to /workspace/builds/worker-3-tc2/source/Cargo.toml
[INFO] validating manifest of crates.io crate dampen-lsp 0.3.2 on toolchain 1.100.0-beta.1
[INFO] running `Command { std: CARGO_HOME="/workspace/cargo-home" RUSTUP_HOME="/workspace/rustup-home" "/workspace/cargo-home/bin/cargo" "+1.100.0-beta.1" "metadata" "--manifest-path" "Cargo.toml" "--no-deps", kill_on_drop: false }`
[INFO] crate crates.io crate dampen-lsp 0.3.2 already has a lockfile, it will not be regenerated
[INFO] running `Command { std: CARGO_HOME="/workspace/cargo-home" RUSTUP_HOME="/workspace/rustup-home" "/workspace/cargo-home/bin/cargo" "+1.100.0-beta.1" "fetch" "--manifest-path" "Cargo.toml", kill_on_drop: false }`
[INFO] running `Command { std: "docker" "create" "-v" "/var/lib/crater-agent-workspace/builds/worker-3-tc2/source:/opt/rustwide/workdir:ro,Z" "-v" "/var/lib/crater-agent-workspace/builds/worker-3-tc2/target:/opt/rustwide/target:rw,Z" "-v" "/var/lib/crater-agent-workspace/cargo-home:/opt/rustwide/cargo-home:ro,Z" "-v" "/var/lib/crater-agent-workspace/rustup-home:/opt/rustwide/rustup-home:ro,Z" "-m" "1610612736" "--network" "none" "ghcr.io/rust-lang/crates-build-env/linux@sha256:3111399a4047eeb3a02b7a90e478d715f38a8c6669b5c4b49d30a17385265909" "sleep" "infinity", kill_on_drop: false }`
[INFO] [stdout] e8fcda7b9485d94613bee9c9fe609ea716355e82ebc57d737f5a1a0666b51f1e
[INFO] running `Command { std: "docker" "start" "e8fcda7b9485d94613bee9c9fe609ea716355e82ebc57d737f5a1a0666b51f1e", kill_on_drop: false }`
[INFO] running `Command { std: "docker" "inspect" "e8fcda7b9485d94613bee9c9fe609ea716355e82ebc57d737f5a1a0666b51f1e", kill_on_drop: false }`
[INFO] running `Command { std: "docker" "exec" "-e" "SOURCE_DIR=/opt/rustwide/workdir" "-e" "CARGO_HOME=/opt/rustwide/cargo-home" "-e" "RUSTUP_HOME=/opt/rustwide/rustup-home" "-e" "CARGO_TARGET_DIR=/opt/rustwide/target" "-w" "/opt/rustwide/workdir" "--user" "0:0" "e8fcda7b9485d94613bee9c9fe609ea716355e82ebc57d737f5a1a0666b51f1e" "/opt/rustwide/cargo-home/bin/cargo" "+1.100.0-beta.1" "metadata" "--no-deps" "--format-version=1", kill_on_drop: false }`
[INFO] running `Command { std: "docker" "inspect" "e8fcda7b9485d94613bee9c9fe609ea716355e82ebc57d737f5a1a0666b51f1e", kill_on_drop: false }`
[INFO] running `Command { std: "docker" "exec" "-e" "SOURCE_DIR=/opt/rustwide/workdir" "-e" "CARGO_HOME=/opt/rustwide/cargo-home" "-e" "RUSTUP_HOME=/opt/rustwide/rustup-home" "-e" "CARGO_TARGET_DIR=/opt/rustwide/target" "-e" "CARGO_INCREMENTAL=0" "-e" "RUST_BACKTRACE=full" "-e" "RUSTFLAGS=--cap-lints=warn" "-e" "RUSTDOCFLAGS=--cap-lints=warn" "-w" "/opt/rustwide/workdir" "--user" "0:0" "e8fcda7b9485d94613bee9c9fe609ea716355e82ebc57d737f5a1a0666b51f1e" "/opt/rustwide/cargo-home/bin/cargo" "+1.100.0-beta.1" "build" "--frozen" "--message-format=json", kill_on_drop: false }`
[INFO] [stderr]    Compiling proc-macro2 v1.0.106
[INFO] [stderr]    Compiling quote v1.0.44
[INFO] [stderr]    Compiling unicode-ident v1.0.22
[INFO] [stderr]    Compiling icu_properties_data v2.1.2
[INFO] [stderr]    Compiling serde_core v1.0.228
[INFO] [stderr]    Compiling zmij v1.0.19
[INFO] [stderr]    Compiling siphasher v1.0.2
[INFO] [stderr]    Compiling rand_core v0.6.4
[INFO] [stderr]    Compiling serde_json v1.0.149
[INFO] [stderr]    Compiling rand v0.8.5
[INFO] [stderr]    Compiling phf_shared v0.11.3
[INFO] [stderr]    Compiling libc v0.2.180
[INFO] [stderr]    Compiling percent-encoding v2.3.2
[INFO] [stderr]    Compiling itoa v1.0.17
[INFO] [stderr]    Compiling num-traits v0.2.19
[INFO] [stderr]    Compiling form_urlencoded v1.2.2
[INFO] [stderr]    Compiling futures-channel v0.3.31
[INFO] [stderr]    Compiling tracing-core v0.1.36
[INFO] [stderr]    Compiling regex-syntax v0.8.9
[INFO] [stderr]    Compiling prettyplease v0.2.37
[INFO] [stderr]    Compiling phf_generator v0.11.3
[INFO] [stderr]    Compiling foldhash v0.1.5
[INFO] [stderr]    Compiling syn v2.0.114
[INFO] [stderr]    Compiling nom v7.1.3
[INFO] [stderr]    Compiling tracing-log v0.2.0
[INFO] [stderr]    Compiling hashbrown v0.15.5
[INFO] [stderr]    Compiling roxmltree v0.21.1
[INFO] [stderr]    Compiling parking_lot_core v0.9.12
[INFO] [stderr]    Compiling dashmap v5.5.3
[INFO] [stderr]    Compiling regex-automata v0.4.14
[INFO] [stderr]    Compiling lru v0.12.5
[INFO] [stderr]    Compiling matchers v0.2.0
[INFO] [stderr]    Compiling synstructure v0.13.2
[INFO] [stderr]    Compiling zerofrom-derive v0.1.6
[INFO] [stderr]    Compiling yoke-derive v0.8.1
[INFO] [stderr]    Compiling zerovec-derive v0.11.2
[INFO] [stderr]    Compiling displaydoc v0.2.5
[INFO] [stderr]    Compiling serde_derive v1.0.228
[INFO] [stderr]    Compiling futures-macro v0.3.31
[INFO] [stderr]    Compiling pin-project-internal v1.1.10
[INFO] [stderr]    Compiling tokio-macros v2.6.0
[INFO] [stderr]    Compiling futures-util v0.3.31
[INFO] [stderr]    Compiling tracing-attributes v0.1.31
[INFO] [stderr]    Compiling phf_macros v0.11.3
[INFO] [stderr]    Compiling serde_repr v0.1.20
[INFO] [stderr]    Compiling tokio v1.49.0
[INFO] [stderr]    Compiling pin-project v1.1.10
[INFO] [stderr]    Compiling zerofrom v0.1.6
[INFO] [stderr]    Compiling thiserror-impl v1.0.69
[INFO] [stderr]    Compiling yoke v0.8.1
[INFO] [stderr]    Compiling auto_impl v1.3.0
[INFO] [stderr]    Compiling zerovec v0.11.5
[INFO] [stderr]    Compiling zerotrie v0.2.3
[INFO] [stderr]    Compiling phf v0.11.3
[INFO] [stderr]    Compiling csscolorparser v0.6.2
[INFO] [stderr]    Compiling tracing v0.1.44
[INFO] [stderr]    Compiling async-trait v0.1.89
[INFO] [stderr]    Compiling tinystr v0.8.2
[INFO] [stderr]    Compiling potential_utf v0.1.4
[INFO] [stderr]    Compiling tower-lsp-macros v0.9.0
[INFO] [stderr]    Compiling icu_collections v2.1.1
[INFO] [stderr]    Compiling icu_locale_core v2.1.1
[INFO] [stderr]    Compiling thiserror v1.0.69
[INFO] [stderr]    Compiling tracing-subscriber v0.3.22
[INFO] [stderr]    Compiling serde v1.0.228
[INFO] [stderr]    Compiling icu_provider v2.1.1
[INFO] [stderr]    Compiling icu_normalizer v2.1.1
[INFO] [stderr]    Compiling icu_properties v2.1.2
[INFO] [stderr]    Compiling chrono v0.4.43
[INFO] [stderr]    Compiling tokio-util v0.7.18
[INFO] [stderr]    Compiling futures v0.3.31
[INFO] [stderr]    Compiling tower v0.4.13
[INFO] [stderr]    Compiling idna_adapter v1.2.1
[INFO] [stderr]    Compiling idna v1.1.0
[INFO] [stderr]    Compiling url v2.5.8
[INFO] [stderr]    Compiling dampen-core v0.3.2
[INFO] [stderr]    Compiling lsp-types v0.94.1
[INFO] [stderr]    Compiling lsp-types v0.95.1
[INFO] [stderr]    Compiling tower-lsp v0.20.0
[INFO] [stderr]    Compiling dampen-lsp v0.3.2 (/opt/rustwide/workdir)
[INFO] [stderr] warning: unused dependency `lsp-types`
[INFO] [stderr]   --> Cargo.toml:11:15
[INFO] [stderr]    |
[INFO] [stderr] 11 | [dependencies.lsp-types]
[INFO] [stderr]    |               ^^^^^^^^^^
[INFO] [stderr]    |
[INFO] [stderr]    = note: `cargo::unused_dependencies` is set to `warn` by default
[INFO] [stderr] help: consider removing the dependency on `lsp-types`
[INFO] [stderr] warning: `dampen-lsp` (manifest) generated 1 warning
[INFO] [stderr]     Finished `dev` profile [unoptimized + debuginfo] target(s) in 1m 55s
[INFO] running `Command { std: "docker" "inspect" "e8fcda7b9485d94613bee9c9fe609ea716355e82ebc57d737f5a1a0666b51f1e", kill_on_drop: false }`
[INFO] running `Command { std: "docker" "exec" "-e" "SOURCE_DIR=/opt/rustwide/workdir" "-e" "CARGO_HOME=/opt/rustwide/cargo-home" "-e" "RUSTUP_HOME=/opt/rustwide/rustup-home" "-e" "CARGO_TARGET_DIR=/opt/rustwide/target" "-e" "CARGO_INCREMENTAL=0" "-e" "RUST_BACKTRACE=full" "-e" "RUSTFLAGS=--cap-lints=warn" "-e" "RUSTDOCFLAGS=--cap-lints=warn" "-w" "/opt/rustwide/workdir" "--user" "0:0" "e8fcda7b9485d94613bee9c9fe609ea716355e82ebc57d737f5a1a0666b51f1e" "/opt/rustwide/cargo-home/bin/cargo" "+1.100.0-beta.1" "test" "--frozen" "--no-run" "--message-format=json", kill_on_drop: false }`
[INFO] [stderr]    Compiling tokio v1.49.0
[INFO] [stderr]    Compiling rustix v1.1.3
[INFO] [stderr]    Compiling linux-raw-sys v0.11.0
[INFO] [stderr]    Compiling getrandom v0.3.4
[INFO] [stderr]    Compiling console v0.15.11
[INFO] [stderr]    Compiling similar v2.7.0
[INFO] [stderr]    Compiling tempfile v3.24.0
[INFO] [stderr]    Compiling insta v1.46.3
[INFO] [stderr]    Compiling tokio-util v0.7.18
[INFO] [stderr]    Compiling tokio-stream v0.1.18
[INFO] [stderr]    Compiling tower-lsp v0.20.0
[INFO] [stderr]    Compiling tokio-test v0.4.5
[INFO] [stderr]    Compiling dampen-lsp v0.3.2 (/opt/rustwide/workdir)
[INFO] [stdout] warning: unused variable: `doc_state`
[INFO] [stdout]    --> tests/edge_case_tests.rs:337:9
[INFO] [stdout]     |
[INFO] [stdout] 337 |     let doc_state = DocumentState::new(uri, content.clone(), 1);
[INFO] [stdout]     |         ^^^^^^^^^ help: if this is intentional, prefix it with an underscore: `_doc_state`
[INFO] [stdout]     |
[INFO] [stdout]     = note: `-W unused-variables` implied by `-W unused`
[INFO] [stdout]     = help: to override `-W unused` add `#[allow(unused_variables)]`
[INFO] [stdout] 
[INFO] [stdout] 
[INFO] [stderr] warning: unused dependency `lsp-types`
[INFO] [stderr]   --> Cargo.toml:11:15
[INFO] [stderr]    |
[INFO] [stderr] 11 | [dependencies.lsp-types]
[INFO] [stderr]    |               ^^^^^^^^^^
[INFO] [stderr]    |
[INFO] [stderr]    = note: `cargo::unused_dependencies` is set to `warn` by default
[INFO] [stderr] help: consider removing the dependency on `lsp-types`
[INFO] [stderr] warning: `dampen-lsp` (manifest) generated 1 warning
[INFO] [stderr]     Finished `test` profile [unoptimized + debuginfo] target(s) in 34.55s
[INFO] running `Command { std: "docker" "inspect" "e8fcda7b9485d94613bee9c9fe609ea716355e82ebc57d737f5a1a0666b51f1e", kill_on_drop: false }`
[INFO] running `Command { std: "docker" "exec" "-e" "SOURCE_DIR=/opt/rustwide/workdir" "-e" "CARGO_HOME=/opt/rustwide/cargo-home" "-e" "RUSTUP_HOME=/opt/rustwide/rustup-home" "-e" "CARGO_TARGET_DIR=/opt/rustwide/target" "-e" "CARGO_INCREMENTAL=0" "-e" "RUST_BACKTRACE=full" "-e" "RUSTFLAGS=--cap-lints=warn" "-e" "RUSTDOCFLAGS=--cap-lints=warn" "-w" "/opt/rustwide/workdir" "--user" "0:0" "e8fcda7b9485d94613bee9c9fe609ea716355e82ebc57d737f5a1a0666b51f1e" "/opt/rustwide/cargo-home/bin/cargo" "+1.100.0-beta.1" "test" "--frozen", kill_on_drop: false }`
[INFO] [stderr] warning: unused variable: `doc_state`
[INFO] [stderr]    --> tests/edge_case_tests.rs:337:9
[INFO] [stderr]     |
[INFO] [stderr] 337 |     let doc_state = DocumentState::new(uri, content.clone(), 1);
[INFO] [stderr]     |         ^^^^^^^^^ help: if this is intentional, prefix it with an underscore: `_doc_state`
[INFO] [stderr]     |
[INFO] [stderr]     = note: `-W unused-variables` implied by `-W unused`
[INFO] [stderr]     = help: to override `-W unused` add `#[allow(unused_variables)]`
[INFO] [stderr] 
[INFO] [stderr] warning: `dampen-lsp` (test "edge_case_tests") generated 1 warning (run `cargo fix --test "edge_case_tests" -p dampen-lsp` to apply 1 suggestion)
[INFO] [stderr] warning: unused dependency `lsp-types`
[INFO] [stderr]   --> Cargo.toml:11:15
[INFO] [stderr]    |
[INFO] [stderr] 11 | [dependencies.lsp-types]
[INFO] [stderr]    |               ^^^^^^^^^^
[INFO] [stderr]    |
[INFO] [stderr]    = note: `cargo::unused_dependencies` is set to `warn` by default
[INFO] [stderr] help: consider removing the dependency on `lsp-types`
[INFO] [stderr] warning: `dampen-lsp` (manifest) generated 1 warning
[INFO] [stderr]     Finished `test` profile [unoptimized + debuginfo] target(s) in 0.14s
[INFO] [stdout] 
[INFO] [stderr]      Running unittests src/lib.rs (/opt/rustwide/target/debug/build/dampen-lsp/a68c8b4640221274/out/dampen_lsp-a68c8b4640221274)
[INFO] [stdout] running 32 tests
[INFO] [stdout] test analyzer::tests::test_find_attribute_no_attribute ... ok
[INFO] [stdout] test analyzer::tests::test_find_attribute_at_position ... ok
[INFO] [stdout] test analyzer::tests::test_find_widget_no_widget ... ok
[INFO] [stdout] test analyzer::tests::test_find_widget_at_position_simple ... ok
[INFO] [stdout] test analyzer::tests::test_get_completion_context_attribute_value ... ok
[INFO] [stdout] test analyzer::tests::test_get_completion_context_attribute_name ... ok
[INFO] [stdout] test analyzer::tests::test_get_completion_context_widget_name ... ok
[INFO] [stdout] test analyzer::tests::test_find_widget_at_position_nested ... ok
[INFO] [stdout] test analyzer::tests::test_is_after_open_bracket ... ok
[INFO] [stdout] test analyzer::tests::test_find_widget_at_position_with_attribute ... ok
[INFO] [stdout] test analyzer::tests::test_is_inside_attribute_quotes ... ok
[INFO] [stdout] test analyzer::tests::test_is_in_binding_expression ... ok
[INFO] [stdout] test analyzer::tests::test_multiline_document ... ok
[INFO] [stdout] test analyzer::tests::test_is_inside_widget_tag ... ok
[INFO] [stdout] test converters::tests::test_offset_to_position_simple ... ok
[INFO] [stdout] test converters::tests::test_position_to_offset_simple ... ok
[INFO] [stdout] test document::tests::test_cache_capacity ... ok
[INFO] [stdout] test document::tests::test_cache_insert_and_get ... ok
[INFO] [stdout] test handlers::hover::tests::test_extract_value_at_position ... ok
[INFO] [stdout] test handlers::hover::tests::test_hover_no_context ... ok
[INFO] [stdout] test document::tests::test_cache_remove ... ok
[INFO] [stdout] test handlers::hover::tests::test_hover_attribute ... ok
[INFO] [stdout] test handlers::hover::tests::test_hover_performance ... ok
[INFO] [stdout] test handlers::hover::tests::test_hover_value_boolean ... ok
[INFO] [stdout] test handlers::hover::tests::test_hover_value_color ... ok
[INFO] [stdout] test handlers::hover::tests::test_hover_unknown_widget ... ok
[INFO] [stdout] test handlers::hover::tests::test_hover_widget ... ok
[INFO] [stdout] test schema_data::tests::test_all_attribute_names ... ok
[INFO] [stdout] test schema_data::tests::test_all_widget_names ... ok
[INFO] [stdout] test schema_data::tests::test_widget_documentation_exists ... ok
[INFO] [stdout] test schema_data::tests::test_attribute_documentation_exists ... ok
[INFO] [stdout] test schema_data::tests::test_widget_documentation_not_found ... ok
[INFO] [stdout] 
[INFO] [stdout] test result: ok. 32 passed; 0 failed; 0 ignored; 0 measured; 0 filtered out; finished in 0.02s
[INFO] [stdout] 
[INFO] [stderr]      Running unittests src/main.rs (/opt/rustwide/target/debug/build/dampen-lsp/dd86513f0ce71984/out/dampen_lsp-dd86513f0ce71984)
[INFO] [stdout] 
[INFO] [stdout] running 32 tests
[INFO] [stdout] test analyzer::tests::test_get_completion_context_attribute_value ... ok
[INFO] [stdout] test analyzer::tests::test_get_completion_context_attribute_name ... ok
[INFO] [stdout] test analyzer::tests::test_find_widget_at_position_nested ... ok
[INFO] [stdout] test analyzer::tests::test_find_attribute_no_attribute ... ok
[INFO] [stdout] test analyzer::tests::test_find_attribute_at_position ... ok
[INFO] [stdout] test analyzer::tests::test_find_widget_no_widget ... ok
[INFO] [stdout] test analyzer::tests::test_is_after_open_bracket ... ok
[INFO] [stdout] test analyzer::tests::test_get_completion_context_widget_name ... ok
[INFO] [stdout] test converters::tests::test_position_to_offset_simple ... ok
[INFO] [stdout] test analyzer::tests::test_is_inside_widget_tag ... ok
[INFO] [stdout] test converters::tests::test_offset_to_position_simple ... ok
[INFO] [stdout] test analyzer::tests::test_is_in_binding_expression ... ok
[INFO] [stdout] test analyzer::tests::test_multiline_document ... ok
[INFO] [stdout] test document::tests::test_cache_insert_and_get ... ok
[INFO] [stdout] test analyzer::tests::test_is_inside_attribute_quotes ... ok
[INFO] [stdout] test document::tests::test_cache_capacity ... ok
[INFO] [stdout] test handlers::hover::tests::test_hover_attribute ... ok
[INFO] [stdout] test handlers::hover::tests::test_hover_no_context ... ok
[INFO] [stdout] test handlers::hover::tests::test_hover_performance ... ok
[INFO] [stdout] test handlers::hover::tests::test_hover_value_boolean ... ok
[INFO] [stdout] test handlers::hover::tests::test_hover_value_color ... ok
[INFO] [stdout] test schema_data::tests::test_all_widget_names ... ok
[INFO] [stdout] test handlers::hover::tests::test_hover_widget ... ok
[INFO] [stdout] test schema_data::tests::test_widget_documentation_exists ... ok
[INFO] [stdout] test schema_data::tests::test_attribute_documentation_exists ... ok
[INFO] [stdout] test schema_data::tests::test_all_attribute_names ... ok
[INFO] [stdout] test document::tests::test_cache_remove ... ok
[INFO] [stdout] test schema_data::tests::test_widget_documentation_not_found ... ok
[INFO] [stdout] test handlers::hover::tests::test_extract_value_at_position ... ok
[INFO] [stdout] test handlers::hover::tests::test_hover_unknown_widget ... ok
[INFO] [stdout] test analyzer::tests::test_find_widget_at_position_simple ... ok
[INFO] [stdout] test analyzer::tests::test_find_widget_at_position_with_attribute ... ok
[INFO] [stderr]      Running tests/benchmark_tests.rs (/opt/rustwide/target/debug/build/dampen-lsp/29a9e8de4af056ae/out/benchmark_tests-29a9e8de4af056ae)
[INFO] [stdout] 
[INFO] [stdout] test result: ok. 32 passed; 0 failed; 0 ignored; 0 measured; 0 filtered out; finished in 0.06s
[INFO] [stdout] 
[INFO] [stdout] 
[INFO] [stdout] running 6 tests
[INFO] [stdout] test test_benchmark_completion_response_time ... ok
[INFO] [stdout] test test_benchmark_diagnostics_with_errors ... ok
[INFO] [stdout] test test_benchmark_hover_response_time ... ok
[INFO] [stdout] test test_benchmark_diagnostics_publish_time ... ok
[INFO] [stdout] test test_benchmark_completion_on_large_file ... ok
[INFO] [stdout] test test_benchmark_parse_time_1000_lines ... FAILED
[INFO] [stdout] 
[INFO] [stdout] failures:
[INFO] [stdout] 
[INFO] [stdout] ---- test_benchmark_parse_time_1000_lines stdout ----
[INFO] [stdout] Parse time for 3603 lines: 112ms
[INFO] [stdout] AST is_some: false
[INFO] [stdout] Parse errors count: 1
[INFO] [stdout] First parse error: ParseError { kind: MissingAttribute, message: "Tooltip widget requires 'message' attribute", span: Span { start: 2409, end: 2491, line: 71, column: 5 }, suggestion: Some("Add message attribute: message=\"Help text\"") }
[INFO] [stdout] 
[INFO] [stdout] thread 'test_benchmark_parse_time_1000_lines' (1723) panicked at tests/benchmark_tests.rs:66:5:
[INFO] [stdout] Parse time for 1000-line file should be less than 50ms, took 112ms
[INFO] [stdout] stack backtrace:
[INFO] [stdout]    0:     0x55d75aa20b11 - std[617be2ca0a6fd877]::backtrace_rs::backtrace::libunwind::trace
[INFO] [stdout]                                at /rustc/e3feeb59cd1bdd011a2bfcc0747b55125d9b8527/library/std/src/../../backtrace/src/backtrace/libunwind.rs:117:9
[INFO] [stdout]    1:     0x55d75aa20b11 - std[617be2ca0a6fd877]::backtrace_rs::backtrace::trace_unsynchronized::<std[617be2ca0a6fd877]::sys::backtrace::_print_fmt::{closure#1}>
[INFO] [stdout]                                at /rustc/e3feeb59cd1bdd011a2bfcc0747b55125d9b8527/library/std/src/../../backtrace/src/backtrace/mod.rs:66:14
[INFO] [stdout]    2:     0x55d75aa20b11 - std[617be2ca0a6fd877]::sys::backtrace::_print_fmt
[INFO] [stdout]                                at /rustc/e3feeb59cd1bdd011a2bfcc0747b55125d9b8527/library/std/src/sys/backtrace.rs:74:9
[INFO] [stdout]    3:     0x55d75aa20b11 - <<std[617be2ca0a6fd877]::sys::backtrace::BacktraceLock>::print::DisplayBacktrace as core[a373ad73a504971]::fmt::Display>::fmt
[INFO] [stdout]                                at /rustc/e3feeb59cd1bdd011a2bfcc0747b55125d9b8527/library/std/src/sys/backtrace.rs:44:26
[INFO] [stdout]    4:     0x55d75aa378ca - <core[a373ad73a504971]::fmt::rt::Argument>::fmt
[INFO] [stdout]                                at /rustc/e3feeb59cd1bdd011a2bfcc0747b55125d9b8527/library/core/src/fmt/rt.rs:152:76
[INFO] [stdout]    5:     0x55d75aa378ca - core[a373ad73a504971]::fmt::write
[INFO] [stdout]    6:     0x55d75aa24d2c - core[a373ad73a504971]::io::write::default_write_fmt::<alloc[2e1b2a31b91974c5]::vec::Vec<u8>>
[INFO] [stdout]                                at /rustc/e3feeb59cd1bdd011a2bfcc0747b55125d9b8527/library/core/src/io/write.rs:402:11
[INFO] [stdout]    7:     0x55d75aa24d2c - <alloc[2e1b2a31b91974c5]::vec::Vec<u8> as core[a373ad73a504971]::io::write::Write>::write_fmt
[INFO] [stdout]                                at /rustc/e3feeb59cd1bdd011a2bfcc0747b55125d9b8527/library/core/src/io/write.rs:335:13
[INFO] [stdout]    8:     0x55d75a9fc8f6 - <std[617be2ca0a6fd877]::sys::backtrace::BacktraceLock>::print
[INFO] [stdout]                                at /rustc/e3feeb59cd1bdd011a2bfcc0747b55125d9b8527/library/std/src/sys/backtrace.rs:47:9
[INFO] [stdout]    9:     0x55d75a9fc8f6 - std[617be2ca0a6fd877]::panicking::default_hook::{closure#0}
[INFO] [stdout]                                at /rustc/e3feeb59cd1bdd011a2bfcc0747b55125d9b8527/library/std/src/panicking.rs:289:27
[INFO] [stdout]   10:     0x55d75aa18cb9 - std[617be2ca0a6fd877]::panicking::default_hook
[INFO] [stdout]                                at /rustc/e3feeb59cd1bdd011a2bfcc0747b55125d9b8527/library/std/src/panicking.rs:313:9
[INFO] [stdout]   11:     0x55d75a850c70 - <alloc[2e1b2a31b91974c5]::boxed::Box<dyn for<'a, 'b> core[a373ad73a504971]::ops::function::Fn<(&'a std[617be2ca0a6fd877]::panic::PanicHookInfo<'b>,), Output = ()> + core[a373ad73a504971]::marker::Sync + core[a373ad73a504971]::marker::Send> as core[a373ad73a504971]::ops::function::Fn<(&std[617be2ca0a6fd877]::panic::PanicHookInfo,)>>::call
[INFO] [stdout]                                at /rustc/e3feeb59cd1bdd011a2bfcc0747b55125d9b8527/library/alloc/src/boxed.rs:2328:9
[INFO] [stdout]   12:     0x55d75a850c70 - test[aada8e7e76ba119b]::test_main_inner::{closure#0}
[INFO] [stdout]                                at /rustc/e3feeb59cd1bdd011a2bfcc0747b55125d9b8527/library/test/src/lib.rs:137:21
[INFO] [stdout]   13:     0x55d75aa18e72 - <alloc[2e1b2a31b91974c5]::boxed::Box<dyn for<'a, 'b> core[a373ad73a504971]::ops::function::Fn<(&'a std[617be2ca0a6fd877]::panic::PanicHookInfo<'b>,), Output = ()> + core[a373ad73a504971]::marker::Sync + core[a373ad73a504971]::marker::Send> as core[a373ad73a504971]::ops::function::Fn<(&std[617be2ca0a6fd877]::panic::PanicHookInfo,)>>::call
[INFO] [stdout]                                at /rustc/e3feeb59cd1bdd011a2bfcc0747b55125d9b8527/library/alloc/src/boxed.rs:2328:9
[INFO] [stdout]   14:     0x55d75aa18e72 - std[617be2ca0a6fd877]::panicking::panic_with_hook
[INFO] [stdout]                                at /rustc/e3feeb59cd1bdd011a2bfcc0747b55125d9b8527/library/std/src/panicking.rs:819:13
[INFO] [stdout]   15:     0x55d75a9fc9a2 - std[617be2ca0a6fd877]::panicking::panic_handler::{closure#0}
[INFO] [stdout]                                at /rustc/e3feeb59cd1bdd011a2bfcc0747b55125d9b8527/library/std/src/panicking.rs:685:13
[INFO] [stdout]   16:     0x55d75a9f5529 - std[617be2ca0a6fd877]::sys::backtrace::__rust_end_short_backtrace::<std[617be2ca0a6fd877]::panicking::panic_handler::{closure#0}, !>
[INFO] [stdout]                                at /rustc/e3feeb59cd1bdd011a2bfcc0747b55125d9b8527/library/std/src/sys/backtrace.rs:182:18
[INFO] [stdout]   17:     0x55d75a9fd5ad - __rustc[ea4f61d10b84890b]::rust_begin_unwind
[INFO] [stdout]                                at /rustc/e3feeb59cd1bdd011a2bfcc0747b55125d9b8527/library/std/src/panicking.rs:676:5
[INFO] [stdout]   18:     0x55d75aa380ec - core[a373ad73a504971]::panicking::panic_fmt
[INFO] [stdout]                                at /rustc/e3feeb59cd1bdd011a2bfcc0747b55125d9b8527/library/core/src/panicking.rs:80:14
[INFO] [stdout]   19:     0x55d75a840e3f - benchmark_tests[1dd94c1029130dfe]::test_benchmark_parse_time_1000_lines
[INFO] [stdout]                                at /opt/rustwide/workdir/tests/benchmark_tests.rs:66:5
[INFO] [stdout]   20:     0x55d75a83fda7 - benchmark_tests[1dd94c1029130dfe]::test_benchmark_parse_time_1000_lines::{closure#0}
[INFO] [stdout]                                at /opt/rustwide/workdir/tests/benchmark_tests.rs:33:42
[INFO] [stdout]   21:     0x55d75a843fd6 - <benchmark_tests[1dd94c1029130dfe]::test_benchmark_parse_time_1000_lines::{closure#0} as core[a373ad73a504971]::ops::function::FnOnce<()>>::call_once
[INFO] [stdout]                                at /rustc/e3feeb59cd1bdd011a2bfcc0747b55125d9b8527/library/core/src/ops/function.rs:250:5
[INFO] [stdout]   22:     0x55d75a8440bb - <fn() -> core[a373ad73a504971]::result::Result<(), alloc[2e1b2a31b91974c5]::string::String> as core[a373ad73a504971]::ops::function::FnOnce<()>>::call_once
[INFO] [stdout]                                at /rustc/e3feeb59cd1bdd011a2bfcc0747b55125d9b8527/library/core/src/ops/function.rs:250:5
[INFO] [stdout]   23:     0x55d75a8440bb - test[aada8e7e76ba119b]::__rust_begin_short_backtrace::<core[a373ad73a504971]::result::Result<(), alloc[2e1b2a31b91974c5]::string::String>, fn() -> core[a373ad73a504971]::result::Result<(), alloc[2e1b2a31b91974c5]::string::String>>
[INFO] [stdout]                                at /rustc/e3feeb59cd1bdd011a2bfcc0747b55125d9b8527/library/test/src/lib.rs:701:18
[INFO] [stdout]   24:     0x55d75a851295 - test[aada8e7e76ba119b]::run_test_in_process::{closure#0}
[INFO] [stdout]                                at /rustc/e3feeb59cd1bdd011a2bfcc0747b55125d9b8527/library/test/src/lib.rs:724:74
[INFO] [stdout]   25:     0x55d75a851295 - <core[a373ad73a504971]::panic::unwind_safe::AssertUnwindSafe<test[aada8e7e76ba119b]::run_test_in_process::{closure#0}> as core[a373ad73a504971]::ops::function::FnOnce<()>>::call_once
[INFO] [stdout]                                at /rustc/e3feeb59cd1bdd011a2bfcc0747b55125d9b8527/library/core/src/panic/unwind_safe.rs:275:9
[INFO] [stdout]   26:     0x55d75a851295 - std[617be2ca0a6fd877]::panicking::catch_unwind::do_call::<core[a373ad73a504971]::panic::unwind_safe::AssertUnwindSafe<test[aada8e7e76ba119b]::run_test_in_process::{closure#0}>, core[a373ad73a504971]::result::Result<(), alloc[2e1b2a31b91974c5]::string::String>>
[INFO] [stdout]                                at /rustc/e3feeb59cd1bdd011a2bfcc0747b55125d9b8527/library/std/src/panicking.rs:573:43
[INFO] [stdout]   27:     0x55d75a851295 - std[617be2ca0a6fd877]::panicking::catch_unwind::<core[a373ad73a504971]::result::Result<(), alloc[2e1b2a31b91974c5]::string::String>, core[a373ad73a504971]::panic::unwind_safe::AssertUnwindSafe<test[aada8e7e76ba119b]::run_test_in_process::{closure#0}>>
[INFO] [stdout]                                at /rustc/e3feeb59cd1bdd011a2bfcc0747b55125d9b8527/library/std/src/panicking.rs:541:19
[INFO] [stdout]   28:     0x55d75a851295 - std[617be2ca0a6fd877]::panic::catch_unwind::<core[a373ad73a504971]::panic::unwind_safe::AssertUnwindSafe<test[aada8e7e76ba119b]::run_test_in_process::{closure#0}>, core[a373ad73a504971]::result::Result<(), alloc[2e1b2a31b91974c5]::string::String>>
[INFO] [stdout]                                at /rustc/e3feeb59cd1bdd011a2bfcc0747b55125d9b8527/library/std/src/panic.rs:359:14
[INFO] [stdout]   29:     0x55d75a851295 - test[aada8e7e76ba119b]::run_test_in_process
[INFO] [stdout]                                at /rustc/e3feeb59cd1bdd011a2bfcc0747b55125d9b8527/library/test/src/lib.rs:724:27
[INFO] [stdout]   30:     0x55d75a851295 - test[aada8e7e76ba119b]::run_test::{closure#0}
[INFO] [stdout]                                at /rustc/e3feeb59cd1bdd011a2bfcc0747b55125d9b8527/library/test/src/lib.rs:645:43
[INFO] [stdout]   31:     0x55d75a84ab84 - test[aada8e7e76ba119b]::run_test::{closure#1}
[INFO] [stdout]                                at /rustc/e3feeb59cd1bdd011a2bfcc0747b55125d9b8527/library/test/src/lib.rs:675:41
[INFO] [stdout]   32:     0x55d75a84ab84 - std[617be2ca0a6fd877]::sys::backtrace::__rust_begin_short_backtrace::<test[aada8e7e76ba119b]::run_test::{closure#1}, ()>
[INFO] [stdout]                                at /rustc/e3feeb59cd1bdd011a2bfcc0747b55125d9b8527/library/std/src/sys/backtrace.rs:166:18
[INFO] [stdout]   33:     0x55d75a854322 - std[617be2ca0a6fd877]::thread::lifecycle::spawn_unchecked::<test[aada8e7e76ba119b]::run_test::{closure#1}, ()>::{closure#1}::{closure#0}
[INFO] [stdout]                                at /rustc/e3feeb59cd1bdd011a2bfcc0747b55125d9b8527/library/std/src/thread/lifecycle.rs:70:13
[INFO] [stdout]   34:     0x55d75a854322 - <core[a373ad73a504971]::panic::unwind_safe::AssertUnwindSafe<std[617be2ca0a6fd877]::thread::lifecycle::spawn_unchecked<test[aada8e7e76ba119b]::run_test::{closure#1}, ()>::{closure#1}::{closure#0}> as core[a373ad73a504971]::ops::function::FnOnce<()>>::call_once
[INFO] [stdout]                                at /rustc/e3feeb59cd1bdd011a2bfcc0747b55125d9b8527/library/core/src/panic/unwind_safe.rs:275:9
[INFO] [stdout]   35:     0x55d75a854322 - std[617be2ca0a6fd877]::panicking::catch_unwind::do_call::<core[a373ad73a504971]::panic::unwind_safe::AssertUnwindSafe<std[617be2ca0a6fd877]::thread::lifecycle::spawn_unchecked<test[aada8e7e76ba119b]::run_test::{closure#1}, ()>::{closure#1}::{closure#0}>, ()>
[INFO] [stdout]                                at /rustc/e3feeb59cd1bdd011a2bfcc0747b55125d9b8527/library/std/src/panicking.rs:573:43
[INFO] [stdout]   36:     0x55d75a854322 - std[617be2ca0a6fd877]::panicking::catch_unwind::<(), core[a373ad73a504971]::panic::unwind_safe::AssertUnwindSafe<std[617be2ca0a6fd877]::thread::lifecycle::spawn_unchecked<test[aada8e7e76ba119b]::run_test::{closure#1}, ()>::{closure#1}::{closure#0}>>
[INFO] [stdout]                                at /rustc/e3feeb59cd1bdd011a2bfcc0747b55125d9b8527/library/std/src/panicking.rs:541:19
[INFO] [stdout]   37:     0x55d75a854322 - std[617be2ca0a6fd877]::panic::catch_unwind::<core[a373ad73a504971]::panic::unwind_safe::AssertUnwindSafe<std[617be2ca0a6fd877]::thread::lifecycle::spawn_unchecked<test[aada8e7e76ba119b]::run_test::{closure#1}, ()>::{closure#1}::{closure#0}>, ()>
[INFO] [stdout]                                at /rustc/e3feeb59cd1bdd011a2bfcc0747b55125d9b8527/library/std/src/panic.rs:359:14
[INFO] [stdout]   38:     0x55d75a854322 - std[617be2ca0a6fd877]::thread::lifecycle::spawn_unchecked::<test[aada8e7e76ba119b]::run_test::{closure#1}, ()>::{closure#1}
[INFO] [stdout]                                at /rustc/e3feeb59cd1bdd011a2bfcc0747b55125d9b8527/library/std/src/thread/lifecycle.rs:68:26
[INFO] [stdout]   39:     0x55d75a854322 - <std[617be2ca0a6fd877]::thread::lifecycle::spawn_unchecked<test[aada8e7e76ba119b]::run_test::{closure#1}, ()>::{closure#1} as core[a373ad73a504971]::ops::function::FnOnce<()>>::call_once::{shim:vtable#0}
[INFO] [stdout]                                at /rustc/e3feeb59cd1bdd011a2bfcc0747b55125d9b8527/library/core/src/ops/function.rs:250:5
[INFO] [stdout]   40:     0x55d75aa1ffdf - <alloc[2e1b2a31b91974c5]::boxed::Box<dyn core[a373ad73a504971]::ops::function::FnOnce<(), Output = ()> + core[a373ad73a504971]::marker::Send> as core[a373ad73a504971]::ops::function::FnOnce<()>>::call_once
[INFO] [stdout]                                at /rustc/e3feeb59cd1bdd011a2bfcc0747b55125d9b8527/library/alloc/src/boxed.rs:2314:9
[INFO] [stdout]   41:     0x55d75aa1ffdf - <std[617be2ca0a6fd877]::sys::thread::unix::Thread>::new::thread_start
[INFO] [stdout]                                at /rustc/e3feeb59cd1bdd011a2bfcc0747b55125d9b8527/library/std/src/sys/thread/unix.rs:127:17
[INFO] [stdout]   42:     0x7dd7e490adfa - <unknown>
[INFO] [stdout]   43:     0x7dd7e499e3d4 - clone
[INFO] [stdout]   44:                0x0 - <unknown>
[INFO] [stdout] 
[INFO] [stdout] 
[INFO] [stdout] failures:
[INFO] [stdout]     test_benchmark_parse_time_1000_lines
[INFO] [stdout] 
[INFO] [stdout] test result: FAILED. 5 passed; 1 failed; 0 ignored; 0 measured; 0 filtered out; finished in 0.20s
[INFO] [stdout] 
[INFO] [stderr] error: test failed, to rerun pass `--test benchmark_tests`
[INFO] running `Command { std: "docker" "inspect" "e8fcda7b9485d94613bee9c9fe609ea716355e82ebc57d737f5a1a0666b51f1e", kill_on_drop: false }`
[INFO] running `Command { std: "docker" "rm" "-f" "e8fcda7b9485d94613bee9c9fe609ea716355e82ebc57d737f5a1a0666b51f1e", kill_on_drop: false }`
[INFO] [stdout] e8fcda7b9485d94613bee9c9fe609ea716355e82ebc57d737f5a1a0666b51f1e
