[INFO] fetching crate cliban 0.15.0...
[INFO] testing cliban-0.15.0 against 1.99.0-beta.8 for beta-1.100-2
[INFO] extracting crate cliban 0.15.0 into /workspace/builds/worker-6-tc1/source
[INFO] started tweaking crates.io crate cliban 0.15.0
[INFO] removed 0 missing tests
[INFO] finished tweaking crates.io crate cliban 0.15.0
[INFO] tweaked toml for crates.io crate cliban 0.15.0 written to /workspace/builds/worker-6-tc1/source/Cargo.toml
[INFO] validating manifest of crates.io crate cliban 0.15.0 on toolchain 1.99.0-beta.8
[INFO] running `Command { std: CARGO_HOME="/workspace/cargo-home" RUSTUP_HOME="/workspace/rustup-home" "/workspace/cargo-home/bin/cargo" "+1.99.0-beta.8" "metadata" "--manifest-path" "Cargo.toml" "--no-deps", kill_on_drop: false }`
[INFO] crate crates.io crate cliban 0.15.0 already has a lockfile, it will not be regenerated
[INFO] running `Command { std: CARGO_HOME="/workspace/cargo-home" RUSTUP_HOME="/workspace/rustup-home" "/workspace/cargo-home/bin/cargo" "+1.99.0-beta.8" "fetch" "--manifest-path" "Cargo.toml", kill_on_drop: false }`
[INFO] [stderr]     Blocking waiting for file lock on package cache
[INFO] [stderr]     Updating crates.io index
[INFO] [stderr]     Blocking waiting for file lock on package cache
[INFO] [stderr]  Downloading crates ...
[INFO] [stderr]   Downloaded quote v1.0.45
[INFO] [stderr]   Downloaded pkg-config v0.3.33
[INFO] [stderr]   Downloaded fallible-streaming-iterator v0.1.9
[INFO] [stderr]   Downloaded rusqlite v0.32.1
[INFO] [stderr]   Downloaded wasm-bindgen-shared v0.2.125
[INFO] [stderr]   Downloaded wasm-bindgen-macro v0.2.125
[INFO] [stderr]   Downloaded serde_spanned v1.1.1
[INFO] [stderr]   Downloaded wasm-bindgen-futures v0.4.75
[INFO] [stderr]   Downloaded fallible-iterator v0.3.0
[INFO] [stderr]   Downloaded toml_writer v1.1.1+spec-1.1.0
[INFO] [stderr]   Downloaded http-body-util v0.1.4
[INFO] [stderr]   Downloaded hashlink v0.9.1
[INFO] [stderr]   Downloaded ahash v0.8.12
[INFO] [stderr]   Downloaded log v0.4.32
[INFO] [stderr]   Downloaded cliban-core v0.15.0
[INFO] [stderr]   Downloaded cliban-sync v0.15.0
[INFO] [stderr]   Downloaded toml v1.1.2+spec-1.1.0
[INFO] [stderr]   Downloaded wasm-bindgen v0.2.125
[INFO] [stderr]   Downloaded wasm-bindgen-macro-support v0.2.125
[INFO] [stderr]   Downloaded cliban-tui v0.15.0
[INFO] [stderr]   Downloaded cc v1.2.64
[INFO] [stderr]   Downloaded js-sys v0.3.102
[INFO] [stderr]   Downloaded hashbrown v0.14.5
[INFO] [stderr]   Downloaded hyper v1.11.0
[INFO] [stderr]   Downloaded h2 v0.4.15
[INFO] [stderr]   Downloaded pulldown-cmark v0.13.4
[INFO] [stderr]   Downloaded winnow v1.0.3
[INFO] [stderr]   Downloaded webpki-roots v1.0.9
[INFO] [stderr]   Downloaded syn v3.0.3
[INFO] [stderr]   Downloaded rustls v0.23.43
[INFO] [stderr]   Downloaded web-sys v0.3.102
[INFO] [stderr]   Downloaded libsqlite3-sys v0.30.1
[INFO] running `Command { std: "docker" "create" "-v" "/var/lib/crater-agent-workspace/builds/worker-6-tc1/source:/opt/rustwide/workdir:ro,Z" "-v" "/var/lib/crater-agent-workspace/builds/worker-6-tc1/target:/opt/rustwide/target:rw,Z" "-v" "/var/lib/crater-agent-workspace/cargo-home:/opt/rustwide/cargo-home:ro,Z" "-v" "/var/lib/crater-agent-workspace/rustup-home:/opt/rustwide/rustup-home:ro,Z" "-m" "1610612736" "--network" "none" "ghcr.io/rust-lang/crates-build-env/linux@sha256:3111399a4047eeb3a02b7a90e478d715f38a8c6669b5c4b49d30a17385265909" "sleep" "infinity", kill_on_drop: false }`
[INFO] [stdout] 5686011297bd41445d1bf0dbe3ec83aefdc658e03758374592f7f4715067de9b
[INFO] running `Command { std: "docker" "start" "5686011297bd41445d1bf0dbe3ec83aefdc658e03758374592f7f4715067de9b", kill_on_drop: false }`
[INFO] running `Command { std: "docker" "inspect" "5686011297bd41445d1bf0dbe3ec83aefdc658e03758374592f7f4715067de9b", kill_on_drop: false }`
[INFO] running `Command { std: "docker" "exec" "-e" "SOURCE_DIR=/opt/rustwide/workdir" "-e" "CARGO_HOME=/opt/rustwide/cargo-home" "-e" "RUSTUP_HOME=/opt/rustwide/rustup-home" "-e" "CARGO_TARGET_DIR=/opt/rustwide/target" "-w" "/opt/rustwide/workdir" "--user" "0:0" "5686011297bd41445d1bf0dbe3ec83aefdc658e03758374592f7f4715067de9b" "/opt/rustwide/cargo-home/bin/cargo" "+1.99.0-beta.8" "metadata" "--no-deps" "--format-version=1", kill_on_drop: false }`
[INFO] running `Command { std: "docker" "inspect" "5686011297bd41445d1bf0dbe3ec83aefdc658e03758374592f7f4715067de9b", kill_on_drop: false }`
[INFO] running `Command { std: "docker" "exec" "-e" "SOURCE_DIR=/opt/rustwide/workdir" "-e" "CARGO_HOME=/opt/rustwide/cargo-home" "-e" "RUSTUP_HOME=/opt/rustwide/rustup-home" "-e" "CARGO_TARGET_DIR=/opt/rustwide/target" "-e" "CARGO_INCREMENTAL=0" "-e" "RUST_BACKTRACE=full" "-e" "RUSTFLAGS=--cap-lints=warn" "-e" "RUSTDOCFLAGS=--cap-lints=warn" "-w" "/opt/rustwide/workdir" "--user" "0:0" "5686011297bd41445d1bf0dbe3ec83aefdc658e03758374592f7f4715067de9b" "/opt/rustwide/cargo-home/bin/cargo" "+1.99.0-beta.8" "build" "--frozen" "--message-format=json", kill_on_drop: false }`
[INFO] [stderr]    Compiling proc-macro2 v1.0.106
[INFO] [stderr]    Compiling quote v1.0.45
[INFO] [stderr]    Compiling unicode-ident v1.0.24
[INFO] [stderr]    Compiling libc v0.2.186
[INFO] [stderr]    Compiling cfg-if v1.0.4
[INFO] [stderr]    Compiling shlex v2.0.1
[INFO] [stderr]    Compiling log v0.4.32
[INFO] [stderr]    Compiling smallvec v1.15.2
[INFO] [stderr]    Compiling find-msvc-tools v0.1.9
[INFO] [stderr]    Compiling itoa v1.0.18
[INFO] [stderr]    Compiling stable_deref_trait v1.2.1
[INFO] [stderr]    Compiling once_cell v1.21.4
[INFO] [stderr]    Compiling pin-project-lite v0.2.17
[INFO] [stderr]    Compiling bytes v1.12.0
[INFO] [stderr]    Compiling cc v1.2.64
[INFO] [stderr]    Compiling version_check v0.9.5
[INFO] [stderr]    Compiling futures-core v0.3.32
[INFO] [stderr]    Compiling serde_core v1.0.228
[INFO] [stderr]    Compiling equivalent v1.0.2
[INFO] [stderr]    Compiling writeable v0.6.3
[INFO] [stderr]    Compiling hashbrown v0.17.1
[INFO] [stderr]    Compiling litemap v0.8.2
[INFO] [stderr]    Compiling bitflags v2.13.0
[INFO] [stderr]    Compiling slab v0.4.12
[INFO] [stderr]    Compiling http v1.5.0
[INFO] [stderr]    Compiling indexmap v2.14.0
[INFO] [stderr]    Compiling icu_properties_data v2.2.0
[INFO] [stderr]    Compiling syn v2.0.118
[INFO] [stderr]    Compiling syn v3.0.3
[INFO] [stderr]    Compiling memchr v2.8.2
[INFO] [stderr]    Compiling mio v1.2.1
[INFO] [stderr]    Compiling socket2 v0.6.4
[INFO] [stderr]    Compiling zerocopy v0.8.52
[INFO] [stderr]    Compiling ring v0.17.14
[INFO] [stderr]    Compiling icu_normalizer_data v2.2.0
[INFO] [stderr]    Compiling utf8_iter v1.0.4
[INFO] [stderr]    Compiling ahash v0.8.12
[INFO] [stderr]    Compiling percent-encoding v2.3.2
[INFO] [stderr]    Compiling serde v1.0.228
[INFO] [stderr]    Compiling rustversion v1.0.22
[INFO] [stderr]    Compiling zeroize v1.9.0
[INFO] [stderr]    Compiling strsim v0.11.1
[INFO] [stderr]    Compiling rustls-pki-types v1.15.1
[INFO] [stderr]    Compiling http-body v1.1.0
[INFO] [stderr]    Compiling getrandom v0.2.17
[INFO] [stderr]    Compiling generic-array v0.14.7
[INFO] [stderr]    Compiling tracing-core v0.1.36
[INFO] [stderr]    Compiling futures-sink v0.3.32
[INFO] [stderr]    Compiling futures-task v0.3.32
[INFO] [stderr]    Compiling zmij v1.0.21
[INFO] [stderr]    Compiling httparse v1.10.1
[INFO] [stderr]    Compiling pkg-config v0.3.33
[INFO] [stderr]    Compiling vcpkg v0.2.15
[INFO] [stderr]    Compiling untrusted v0.9.0
[INFO] [stderr]    Compiling autocfg v1.5.1
[INFO] [stderr]    Compiling tracing v0.1.44
[INFO] [stderr]    Compiling futures-util v0.3.32
[INFO] [stderr]    Compiling num-traits v0.2.19
[INFO] [stderr]    Compiling errno v0.3.14
[INFO] [stderr]    Compiling heck v0.5.0
[INFO] [stderr]    Compiling libsqlite3-sys v0.30.1
[INFO] [stderr]    Compiling tower-service v0.3.3
[INFO] [stderr]    Compiling serde_json v1.0.150
[INFO] [stderr]    Compiling displaydoc v0.2.7
[INFO] [stderr]    Compiling rustls v0.23.43
[INFO] [stderr]    Compiling try-lock v0.2.5
[INFO] [stderr]    Compiling atomic-waker v1.1.2
[INFO] [stderr]    Compiling signal-hook v0.3.18
[INFO] [stderr]    Compiling ident_case v1.0.1
[INFO] [stderr]    Compiling ryu v1.0.23
[INFO] [stderr]    Compiling parking_lot_core v0.9.12
[INFO] [stderr]    Compiling fnv v1.0.7
[INFO] [stderr]    Compiling typenum v1.20.1
[INFO] [stderr]    Compiling want v0.3.1
[INFO] [stderr]    Compiling signal-hook-registry v1.4.8
[INFO] [stderr]    Compiling form_urlencoded v1.2.2
[INFO] [stderr]    Compiling futures-channel v0.3.32
[INFO] [stderr]    Compiling pulldown-cmark v0.13.4
[INFO] [stderr]    Compiling subtle v2.6.1
[INFO] [stderr]    Compiling thiserror v2.0.18
[INFO] [stderr]    Compiling rustix v0.38.44
[INFO] [stderr]    Compiling scopeguard v1.2.0
[INFO] [stderr]    Compiling lock_api v0.4.14
[INFO] [stderr]    Compiling synstructure v0.13.2
[INFO] [stderr]    Compiling darling_core v0.23.0
[INFO] [stderr]    Compiling rustls-webpki v0.103.13
[INFO] [stderr]    Compiling sync_wrapper v1.0.2
[INFO] [stderr]    Compiling fallible-streaming-iterator v0.1.9
[INFO] [stderr]    Compiling ipnet v2.12.0
[INFO] [stderr]    Compiling base64 v0.22.1
[INFO] [stderr]    Compiling zerofrom-derive v0.1.7
[INFO] [stderr]    Compiling yoke-derive v0.8.2
[INFO] [stderr]    Compiling zerovec-derive v0.11.3
[INFO] [stderr]    Compiling tokio-macros v2.7.0
[INFO] [stderr]    Compiling serde_derive v1.0.228
[INFO] [stderr]    Compiling tokio v1.52.3
[INFO] [stderr]    Compiling hashbrown v0.14.5
[INFO] [stderr]    Compiling thiserror-impl v2.0.18
[INFO] [stderr]    Compiling zerofrom v0.1.8
[INFO] [stderr]    Compiling yoke v0.8.3
[INFO] [stderr]    Compiling zerovec v0.11.6
[INFO] [stderr]    Compiling zerotrie v0.2.4
[INFO] [stderr]    Compiling hashlink v0.9.1
[INFO] [stderr]    Compiling darling_macro v0.23.0
[INFO] [stderr]    Compiling iana-time-zone v0.1.65
[INFO] [stderr]    Compiling tinystr v0.8.3
[INFO] [stderr]    Compiling potential_utf v0.1.5
[INFO] [stderr]    Compiling fallible-iterator v0.3.0
[INFO] [stderr]    Compiling icu_collections v2.2.0
[INFO] [stderr]    Compiling foldhash v0.1.5
[INFO] [stderr]    Compiling icu_locale_core v2.2.0
[INFO] [stderr]    Compiling paste v1.0.15
[INFO] [stderr]    Compiling unicase v2.9.0
[INFO] [stderr]    Compiling either v1.16.0
[INFO] [stderr]    Compiling tower-layer v0.3.3
[INFO] [stderr]    Compiling utf8parse v0.2.2
[INFO] [stderr]    Compiling allocator-api2 v0.2.21
[INFO] [stderr]    Compiling linux-raw-sys v0.4.15
[INFO] [stderr]    Compiling instability v0.3.12
[INFO] [stderr]    Compiling anstyle-parse v1.0.0
[INFO] [stderr]    Compiling hashbrown v0.15.5
[INFO] [stderr]    Compiling itertools v0.13.0
[INFO] [stderr]    Compiling icu_provider v2.2.0
[INFO] [stderr]    Compiling icu_properties v2.2.0
[INFO] [stderr]    Compiling icu_normalizer v2.2.0
[INFO] [stderr]    Compiling darling v0.23.0
[INFO] [stderr]    Compiling chrono v0.4.45
[INFO] [stderr]    Compiling strum_macros v0.26.4
[INFO] [stderr]    Compiling parking_lot v0.12.5
[INFO] [stderr]    Compiling signal-hook-mio v0.2.5
[INFO] [stderr]    Compiling block-buffer v0.10.4
[INFO] [stderr]    Compiling crypto-common v0.1.7
[INFO] [stderr]    Compiling idna_adapter v1.2.2
[INFO] [stderr]    Compiling idna v1.1.0
[INFO] [stderr]    Compiling tokio-util v0.7.19
[INFO] [stderr]    Compiling url v2.5.8
[INFO] [stderr]    Compiling tower v0.5.3
[INFO] [stderr]    Compiling h2 v0.4.15
[INFO] [stderr]    Compiling tokio-rustls v0.26.4
[INFO] [stderr]    Compiling castaway v0.2.4
[INFO] [stderr]    Compiling webpki-roots v1.0.9
[INFO] [stderr]    Compiling colorchoice v1.0.5
[INFO] [stderr]    Compiling anstyle v1.0.14
[INFO] [stderr]    Compiling anstyle-query v1.1.5
[INFO] [stderr]    Compiling static_assertions v1.1.0
[INFO] [stderr]    Compiling unicode-segmentation v1.13.3
[INFO] [stderr]    Compiling winnow v1.0.3
[INFO] [stderr]    Compiling is_terminal_polyfill v1.70.2
[INFO] [stderr]    Compiling unicode-width v0.1.14
[INFO] [stderr]    Compiling indoc v2.0.7
[INFO] [stderr]    Compiling anstream v1.0.0
[INFO] [stderr]    Compiling toml_parser v1.1.2+spec-1.1.0
[INFO] [stderr]    Compiling unicode-truncate v1.1.0
[INFO] [stderr]    Compiling compact_str v0.8.2
[INFO] [stderr]    Compiling tower-http v0.6.11
[INFO] [stderr]    Compiling strum v0.26.3
[INFO] [stderr]    Compiling digest v0.10.7
[INFO] [stderr]    Compiling crossterm v0.28.1
[INFO] [stderr]    Compiling serde_urlencoded v0.7.1
[INFO] [stderr]    Compiling lru v0.12.5
[INFO] [stderr]    Compiling toml_datetime v1.1.1+spec-1.1.0
[INFO] [stderr]    Compiling serde_spanned v1.1.1
[INFO] [stderr]    Compiling http-body-util v0.1.4
[INFO] [stderr]    Compiling aho-corasick v1.1.4
[INFO] [stderr]    Compiling encoding_rs v0.8.35
[INFO] [stderr]    Compiling rusqlite v0.32.1
[INFO] [stderr]    Compiling cpufeatures v0.2.17
[INFO] [stderr]    Compiling clap_lex v1.1.0
[INFO] [stderr]    Compiling cassowary v0.3.0
[INFO] [stderr]    Compiling regex-syntax v0.8.11
[INFO] [stderr]    Compiling mime v0.3.17
[INFO] [stderr]    Compiling toml_writer v1.1.1+spec-1.1.0
[INFO] [stderr]    Compiling unicode-width v0.2.0
[INFO] [stderr]    Compiling cliban-core v0.15.0
[INFO] [stderr]    Compiling toml v1.1.2+spec-1.1.0
[INFO] [stderr]    Compiling ratatui v0.29.0
[INFO] [stderr]    Compiling hyper v1.11.0
[INFO] [stderr]    Compiling clap_builder v4.6.0
[INFO] [stderr]    Compiling hyper-util v0.1.20
[INFO] [stderr]    Compiling regex-automata v0.4.14
[INFO] [stderr]    Compiling sha2 v0.10.9
[INFO] [stderr]    Compiling clap_derive v4.6.1
[INFO] [stderr]    Compiling cliban-tui v0.15.0
[INFO] [stderr]    Compiling hyper-rustls v0.27.9
[INFO] [stderr]    Compiling reqwest v0.12.28
[INFO] [stderr]    Compiling clap v4.6.1
[INFO] [stderr]    Compiling regex v1.12.4
[INFO] [stderr]    Compiling cliban-sync v0.15.0
[INFO] [stderr]    Compiling cliban v0.15.0 (/opt/rustwide/workdir)
[INFO] [stderr]     Finished `dev` profile [unoptimized + debuginfo] target(s) in 3m 04s
[INFO] running `Command { std: "docker" "inspect" "5686011297bd41445d1bf0dbe3ec83aefdc658e03758374592f7f4715067de9b", kill_on_drop: false }`
[INFO] running `Command { std: "docker" "exec" "-e" "SOURCE_DIR=/opt/rustwide/workdir" "-e" "CARGO_HOME=/opt/rustwide/cargo-home" "-e" "RUSTUP_HOME=/opt/rustwide/rustup-home" "-e" "CARGO_TARGET_DIR=/opt/rustwide/target" "-e" "CARGO_INCREMENTAL=0" "-e" "RUST_BACKTRACE=full" "-e" "RUSTFLAGS=--cap-lints=warn" "-e" "RUSTDOCFLAGS=--cap-lints=warn" "-w" "/opt/rustwide/workdir" "--user" "0:0" "5686011297bd41445d1bf0dbe3ec83aefdc658e03758374592f7f4715067de9b" "/opt/rustwide/cargo-home/bin/cargo" "+1.99.0-beta.8" "test" "--frozen" "--no-run" "--message-format=json", kill_on_drop: false }`
[INFO] [stderr]    Compiling cliban v0.15.0 (/opt/rustwide/workdir)
[INFO] [stderr]     Finished `test` profile [unoptimized + debuginfo] target(s) in 21.24s
[INFO] running `Command { std: "docker" "inspect" "5686011297bd41445d1bf0dbe3ec83aefdc658e03758374592f7f4715067de9b", kill_on_drop: false }`
[INFO] running `Command { std: "docker" "exec" "-e" "SOURCE_DIR=/opt/rustwide/workdir" "-e" "CARGO_HOME=/opt/rustwide/cargo-home" "-e" "RUSTUP_HOME=/opt/rustwide/rustup-home" "-e" "CARGO_TARGET_DIR=/opt/rustwide/target" "-e" "CARGO_INCREMENTAL=0" "-e" "RUST_BACKTRACE=full" "-e" "RUSTFLAGS=--cap-lints=warn" "-e" "RUSTDOCFLAGS=--cap-lints=warn" "-w" "/opt/rustwide/workdir" "--user" "0:0" "5686011297bd41445d1bf0dbe3ec83aefdc658e03758374592f7f4715067de9b" "/opt/rustwide/cargo-home/bin/cargo" "+1.99.0-beta.8" "test" "--frozen", kill_on_drop: false }`
[INFO] [stderr]     Finished `test` profile [unoptimized + debuginfo] target(s) in 0.36s
[INFO] [stderr]      Running unittests src/main.rs (/opt/rustwide/target/debug/deps/cliban-474593c163707862)
[INFO] [stdout] 
[INFO] [stdout] running 70 tests
[INFO] [stdout] test cmd::issue::tests::priority_rank_orders_every_variant ... ok
[INFO] [stdout] test descmd::tests::a_fenced_task_heading_does_not_end_a_task ... ok
[INFO] [stdout] test descmd::tests::a_fenced_log_line_is_not_an_entry ... ok
[INFO] [stdout] test cmd::issue::tests::the_priority_flag_offers_exactly_what_the_store_accepts ... ok
[INFO] [stdout] test descmd::tests::a_fenced_checkbox_is_not_a_step ... ok
[INFO] [stdout] test descmd::tests::an_indented_sublist_is_part_of_its_entry ... ok
[INFO] [stdout] test descmd::tests::append_activity_log_accepts_a_trailing_whitespace_message ... ok
[INFO] [stdout] test descmd::tests::append_activity_log_allows_fenced_and_deeper_headings ... ok
[INFO] [stdout] test descmd::tests::append_activity_log_contains_fences_inside_the_entry ... ok
[INFO] [stdout] test descmd::tests::append_activity_log_refuses_to_write_an_invisible_entry ... ok
[INFO] [stdout] test descmd::tests::append_activity_log_fence_cannot_swallow_a_later_section ... ok
[INFO] [stdout] test descmd::tests::an_entry_that_is_not_log_shaped_is_still_reported_once ... ok
[INFO] [stdout] test descmd::tests::append_activity_log_sanitizes_a_top_level_h2_into_the_entry ... ok
[INFO] [stdout] test descmd::tests::a_wrapped_prose_line_folds_into_its_entry ... ok
[INFO] [stdout] test cmd::issue::tests::every_reserved_anchor_answers_to_its_lowercase_name ... ok
[INFO] [stdout] test descmd::tests::reset_handles_last_line_without_newline ... ok
[INFO] [stdout] test descmd::tests::append_activity_log_keeps_a_same_name_heading_inside_the_entry ... ok
[INFO] [stdout] test descmd::tests::append_activity_log_minute_precision ... ok
[INFO] [stdout] test descmd::tests::reset_strips_key_shaped_promotion_suffixes_only ... ok
[INFO] [stdout] test descmd::tests::copy_drops_non_contract_sections ... ok
[INFO] [stdout] test descmd::tests::reset_unticks_column_zero_steps_only ... ok
[INFO] [stdout] test descmd::tests::tick_already_checked_is_a_detectable_noop_not_an_error ... ok
[INFO] [stdout] test descmd::tests::find_section_returns_content_range ... ok
[INFO] [stdout] test descmd::tests::copy_keeps_contract_sections_in_source_order_and_resets_plan ... ok
[INFO] [stdout] test descmd::tests::key_shaped_suffix_rules ... ok
[INFO] [stdout] test descmd::tests::tick_step_checks_box ... ok
[INFO] [stdout] test descmd::tests::copy_tolerates_missing_and_empty_sections ... ok
[INFO] [stdout] test descmd::tests::tick_wrong_targets_stay_errors ... ok
[INFO] [stdout] test descmd::tests::ticking_a_step_that_owns_a_sublist_keeps_its_children ... ok
[INFO] [stdout] test lint::tests::a_conforming_description_is_clean ... ok
[INFO] [stdout] test lint::tests::a_custom_h2_is_not_an_error ... ok
[INFO] [stdout] test lint::tests::a_fenced_plan_is_content_not_structure ... ok
[INFO] [stdout] test lint::tests::duplicate_section_anchors_are_an_error ... ok
[INFO] [stdout] test lint::tests::empty_description_is_clean ... ok
[INFO] [stdout] test lint::tests::a_stranded_timestamped_entry_is_an_error ... ok
[INFO] [stdout] test lint::tests::a_malformed_files_entry_is_an_error_not_a_warning ... ok
[INFO] [stdout] test lint::tests::a_sublist_under_a_log_entry_is_not_a_malformed_entry ... ok
[INFO] [stdout] test lint::tests::a_well_formed_files_section_with_prose_lints_clean ... ok
[INFO] [stdout] test lint::tests::a_wrapped_log_entry_is_not_flagged ... ok
[INFO] [stdout] test lint::tests::bad_task_heading_is_an_error ... ok
[INFO] [stdout] test lint::tests::indented_checkbox_is_a_warning_not_an_error ... ok
[INFO] [stdout] test lint::tests::plain_bullets_in_a_custom_section_are_clean ... ok
[INFO] [stdout] test lint::tests::flat_checklist_without_tasks_is_flagged ... ok
[INFO] [stdout] test lint::tests::malformed_checkbox_is_an_error ... ok
[INFO] [stdout] test lint::tests::steps_inside_tasks_are_not_flagged_as_unreachable ... ok
[INFO] [stdout] test lint::tests::unparseable_activity_line_is_a_warning ... ok
[INFO] [stdout] test output::tests::brief_project_row_is_lean ... ok
[INFO] [stdout] test output::tests::explicit_flags_decide_the_mode_outright ... ok
[INFO] [stdout] test output::tests::git_branch_name_slug_rules ... ok
[INFO] [stdout] test lint::tests::skipped_task_number_is_a_warning ... ok
[INFO] [stdout] test output::tests::issue_json_completed_at_present_when_some ... ok
[INFO] [stdout] test lint::tests::stepless_task_is_a_warning ... ok
[INFO] [stdout] test output::tests::issue_json_keys_alpha_and_position_is_integer ... ok
[INFO] [stdout] test output::tests::issue_table_matches_go_tabwriter ... ok
[INFO] [stdout] test lint::tests::steps_after_a_fenced_block_still_count_as_inside_the_task ... ok
[INFO] [stdout] test output::tests::brief_issue_row_omits_defaults_and_row_constants ... ok
[INFO] [stdout] test scope::tests::star_means_unscoped ... ok
[INFO] [stdout] test output::tests::milestone_json_alpha_keys ... ok
[INFO] [stdout] test output::tests::project_json_alpha_keys ... ok
[INFO] [stdout] test output::tests::search_table_has_leading_score_and_no_trailing_pad ... ok
[INFO] [stdout] test output::tests::trim_usec_only_touches_fractional_utc_stamps ... ok
[INFO] [stdout] test scope::tests::explicit_flag_wins_and_is_upcased ... ok
[INFO] [stdout] test output::tests::brief_issue_row_keeps_set_optionals ... ok
[INFO] [stdout] test search::tests::fuzzy_exhaustive_picks_best_k ... ok
[INFO] [stdout] test search::tests::fuzzy_first_char_and_full_word ... ok
[INFO] [stdout] test search::tests::fuzzy_no_match_returns_none ... ok
[INFO] [stdout] test since::tests::the_error_names_the_flag_and_lists_the_forms ... ok
[INFO] [stdout] test since::tests::day_and_week_units_parse ... ok
[INFO] [stdout] test search::tests::strip_caps_at_4096_bytes ... ok
[INFO] [stdout] test search::tests::strip_collapses_fences_headings_links ... ok
[INFO] [stdout] 
[INFO] [stdout] test result: ok. 70 passed; 0 failed; 0 ignored; 0 measured; 0 filtered out; finished in 0.04s
[INFO] [stdout] 
[INFO] [stderr]      Running tests/activity.rs (/opt/rustwide/target/debug/deps/activity-630cf40d862f4f75)
[INFO] [stdout] 
[INFO] [stdout] running 19 tests
[INFO] [stdout] test an_edit_that_changes_nothing_records_nothing ... ok
[INFO] [stdout] test a_move_records_its_transition_without_being_asked ... ok
[INFO] [stdout] test a_note_records_the_why_alongside_the_transition ... ok
[INFO] [stdout] test an_edit_records_which_fields_moved ... ok
[INFO] [stdout] test ambient_claude_session_attributes_when_no_actor_is_set ... ok
[INFO] [stdout] test a_bad_since_explains_the_accepted_forms ... ok
[INFO] [stdout] test a_logged_note_is_not_reported_twice ... ok
[INFO] [stdout] test a_description_rewrite_names_the_sections_it_destroyed ... ok
[INFO] [stdout] test an_issue_created_and_finished_in_the_window_reports_both ... ok
[INFO] [stdout] test an_old_window_reports_nothing_rather_than_everything ... ok
[INFO] [stdout] test archiving_is_recorded_too ... ok
[INFO] [stdout] test issue_history_merges_written_prose_with_recorded_transitions ... ok
[INFO] [stdout] test filters_narrow_the_feed ... ok
[INFO] [stdout] test cliban_actor_attributes_recorded_entries ... ok
[INFO] [stdout] test feed_reports_created_completed_and_logged_events_newest_first ... ok
[INFO] [stdout] test plan_ticks_and_promotions_are_recorded_on_both_issues ... ok
[INFO] [stdout] test label_and_relation_changes_are_recorded ... ok
[INFO] [stdout] test since_accepts_the_forms_agents_actually_type ... ok
[INFO] [stderr]      Running tests/canonical_plan.rs (/opt/rustwide/target/debug/deps/canonical_plan-ff3922c59d4f9272)
[INFO] [stdout] test bare_activity_is_capped_at_fifteen_but_explicit_limits_win ... ok
[INFO] [stdout] 
[INFO] [stdout] test result: ok. 19 passed; 0 failed; 0 ignored; 0 measured; 0 filtered out; finished in 1.42s
[INFO] [stdout] 
[INFO] [stdout] 
[INFO] [stdout] running 6 tests
[INFO] [stdout] test editing_a_description_canonicalizes_it_too ... ok
[INFO] [stdout] test a_plan_with_no_steps_does_not_gain_an_empty_task ... ok
[INFO] [stdout] test a_plan_that_already_has_task_headings_is_stored_untouched ... ok
[INFO] [stdout] test an_issue_with_no_plan_is_stored_untouched ... ok
[INFO] [stdout] test a_flat_plan_is_stored_with_its_implicit_task_one ... ok
[INFO] [stdout] test tick_still_infers_the_task_when_the_plan_has_exactly_one ... ok
[INFO] [stdout] 
[INFO] [stdout] test result: ok. 6 passed; 0 failed; 0 ignored; 0 measured; 0 filtered out; finished in 0.26s
[INFO] [stdout] 
[INFO] [stderr]      Running tests/concurrency.rs (/opt/rustwide/target/debug/deps/concurrency-48989cbd8985bf0f)
[INFO] [stdout] 
[INFO] [stdout] running 5 tests
[INFO] [stdout] test concurrent_project_notes_all_survive ... ok
[INFO] [stdout] test concurrent_moves_all_accepted ... ok
[INFO] [stdout] test concurrent_issue_logs_all_survive ... ok
[INFO] [stdout] test concurrent_section_edits_all_accepted ... ok
[INFO] [stdout] test concurrent_ticks_all_survive ... ok
[INFO] [stderr]      Running tests/forgiving_lookup.rs (/opt/rustwide/target/debug/deps/forgiving_lookup-dbe4ae8eaa5e55b7)
[INFO] [stdout] 
[INFO] [stdout] test result: ok. 5 passed; 0 failed; 0 ignored; 0 measured; 0 filtered out; finished in 0.76s
[INFO] [stdout] 
[INFO] [stdout] 
[INFO] [stdout] running 5 tests
[INFO] [stdout] test milestone_show_accepts_case_and_one_fuzzy_match ... ok
[INFO] [stdout] test ambiguous_milestone_lookup_lists_candidates_without_choosing ... ok
[INFO] [stdout] test sole_weak_milestone_match_is_a_json_candidate_not_a_selection ... ok
[INFO] [stdout] test forgiving_name_is_shared_by_milestone_commands ... ok
[INFO] [stdout] test issue_search_defaults_to_ten_but_explicit_limit_wins ... ok
[INFO] [stdout] 
[INFO] [stdout] test result: ok. 5 passed; 0 failed; 0 ignored; 0 measured; 0 filtered out; finished in 0.57s
[INFO] [stdout] 
[INFO] [stderr]      Running tests/golden.rs (/opt/rustwide/target/debug/deps/golden-c5dc203249352717)
[INFO] [stdout] 
[INFO] [stdout] running 8 tests
[INFO] [stdout] test test_stdin_parity ... ok
[INFO] [stdout] test test_issue_mutation_parity ... ok
[INFO] [stdout] test test_search_parity ... ok
[INFO] [stdout] test test_project_parity ... ok
[INFO] [stdout] test test_workflow_parity ... ok
[INFO] [stdout] test test_issue_read_parity ... ok
[INFO] [stdout] test test_error_parity ... ok
[INFO] [stdout] test test_milestone_label_parity ... ok
[INFO] [stdout] 
[INFO] [stdout] test result: ok. 8 passed; 0 failed; 0 ignored; 0 measured; 0 filtered out; finished in 0.01s
[INFO] [stdout] 
[INFO] [stderr]      Running tests/hyphen_values.rs (/opt/rustwide/target/debug/deps/hyphen_values-541e6e6778e59ba5)
[INFO] [stdout] 
[INFO] [stdout] running 1 test
[INFO] [stdout] test hyphen_leading_values_survive_space_separated_form ... ok
[INFO] [stderr]      Running tests/issue_cp.rs (/opt/rustwide/target/debug/deps/issue_cp-4d1ad00939fd94a8)
[INFO] [stdout] 
[INFO] [stdout] test result: ok. 1 passed; 0 failed; 0 ignored; 0 measured; 0 filtered out; finished in 0.25s
[INFO] [stdout] 
[INFO] [stdout] 
[INFO] [stdout] running 5 tests
[INFO] [stdout] test cp_of_a_missing_issue_is_not_found ... ok
[INFO] [stdout] test cp_copies_the_shape_and_never_the_history ... ok
[INFO] [stdout] test cp_records_provenance_on_the_copy ... ok
[INFO] [stdout] test cp_title_overrides_and_table_mode_confirms ... ok
[INFO] [stderr]      Running tests/linear_bridge.rs (/opt/rustwide/target/debug/deps/linear_bridge-95b337a2049c7879)
[INFO] [stdout] test cp_cross_project_drops_the_milestone ... ok
[INFO] [stdout] 
[INFO] [stdout] test result: ok. 5 passed; 0 failed; 0 ignored; 0 measured; 0 filtered out; finished in 0.45s
[INFO] [stdout] 
[INFO] [stdout] 
[INFO] [stdout] running 34 tests
[INFO] [stdout] test import_dry_run_writes_nothing ... ok
[INFO] [stdout] test import_linear_needs_exactly_one_of_key_and_mine ... ok
[INFO] [stdout] test import_creates_a_cliban_issue_from_a_linear_issue ... ok
[INFO] [stdout] test a_second_push_updates_the_comment_instead_of_appending_another ... ok
[INFO] [stdout] test a_cancelled_linear_issue_is_archived_rather_than_deleted ... ok
[INFO] [stdout] test import_mine_in_an_active_cycle_is_in_scope ... ok
[INFO] [stdout] test import_mine_dry_run_writes_nothing ... ok
[INFO] [stdout] test import_without_a_token_says_which_variable_to_set ... ok
[INFO] [stdout] test a_deleted_comment_is_recreated_once_and_the_new_id_sticks ... ok
[INFO] [stdout] test import_mine_into_a_missing_project_fails_before_writing ... ok
[INFO] [stdout] test a_second_import_does_not_create_a_second_issue ... ok
[INFO] [stdout] test import_with_a_malformed_key_exits_1_before_touching_the_network ... ok
[INFO] [stdout] test a_failed_push_on_move_leaves_the_move_intact_and_records_it ... ok
[INFO] [stdout] test mv_on_an_unlinked_issue_makes_no_calls_and_reads_no_config ... ok
[INFO] [stdout] test push_create_without_a_team_explains_the_two_ways_to_supply_one ... ok
[INFO] [stdout] test push_dry_run_writes_nothing_and_shows_the_comment ... ok
[INFO] [stdout] test mv_without_the_flag_does_not_push ... ok
[INFO] [stdout] test push_on_a_missing_issue_exits_1 ... ok
[INFO] [stdout] test mv_to_the_same_status_does_not_push ... ok
[INFO] [stdout] test mv_on_a_linked_issue_with_push_on_move_pushes_once ... ok
[INFO] [stdout] test import_mine_creates_refreshes_and_skips_out_of_cycle_work ... ok
[INFO] [stdout] test push_on_an_unlinked_issue_exits_1_without_needing_a_token ... ok
[INFO] [stdout] test push_moves_the_linear_state_and_posts_a_comment ... ok
[INFO] [stdout] test sync_linear_dry_run_writes_nothing ... ok
[INFO] [stdout] test push_refuses_when_linear_moved_since_the_last_sync ... ok
[INFO] [stdout] test reimport_over_an_imported_origin_link_still_refreshes_the_spec ... ok
[INFO] [stdout] test reimport_over_a_pushed_origin_link_keeps_the_local_spec ... ok
[INFO] [stdout] test sync_linear_with_no_links_needs_no_token ... ok
[INFO] [stdout] test reimport_refreshes_the_spec_and_preserves_a_ticked_plan ... ok
[INFO] [stdout] test sync_linear_skips_an_issue_gone_upstream ... ok
[INFO] [stdout] test sync_linear_honors_per_link_origin ... ok
[INFO] [stdout] test sync_linear_refreshes_every_linked_issue_and_keeps_plans ... ok
[INFO] [stdout] test the_digest_reflects_ticked_steps_logged_findings_and_test_status ... ok
[INFO] [stdout] test sync_linear_scopes_to_a_project ... ok
[INFO] [stdout] 
[INFO] [stdout] test result: ok. 34 passed; 0 failed; 0 ignored; 0 measured; 0 filtered out; finished in 1.96s
[INFO] [stdout] 
[INFO] [stderr]      Running tests/milestone_log.rs (/opt/rustwide/target/debug/deps/milestone_log-faa8bae060909e0b)
[INFO] [stdout] 
[INFO] [stdout] running 14 tests
[INFO] [stdout] test edit_without_a_log_present_is_unguarded ... ok
[INFO] [stdout] test an_empty_message_is_refused ... ok
[INFO] [stdout] test logging_onto_a_milestone_with_no_description_still_produces_a_section ... ok
[INFO] [stdout] test first_entry_creates_the_section_and_leaves_the_rest_byte_identical ... ok
[INFO] [stdout] test edit_that_keeps_the_activity_log_passes ... ok
[INFO] [stdout] test a_leading_hyphen_is_a_message_not_a_flag ... ok
[INFO] [stdout] test output_shape_is_the_documented_json_and_human_line ... ok
[INFO] [stdout] test subsequent_entries_append_in_order_under_one_heading ... ok
[INFO] [stdout] test edit_refuses_to_drop_the_activity_log ... ok
[INFO] [stdout] test concurrent_appends_all_survive ... ok
[INFO] [stdout] test unknown_milestone_and_unknown_project_exit_non_zero ... ok
[INFO] [stdout] test the_entry_line_is_the_line_issue_log_writes ... ok
[INFO] [stdout] test the_message_can_come_from_a_pipe_or_a_file ... ok
[INFO] [stdout] test the_section_survives_show_and_a_later_edit_of_another_field ... ok
[INFO] [stdout] 
[INFO] [stdout] test result: ok. 14 passed; 0 failed; 0 ignored; 0 measured; 0 filtered out; finished in 0.87s
[INFO] [stdout] 
[INFO] [stderr]      Running tests/milestone_waves.rs (/opt/rustwide/target/debug/deps/milestone_waves-9ce1677b523c0528)
[INFO] [stdout] 
[INFO] [stdout] running 9 tests
[INFO] [stdout] test waves_gate_an_issue_two_hops_from_the_outside_blocker ... ok
[INFO] [stdout] test waves_gate_the_whole_tail_below_a_gated_head ... ok
[INFO] [stdout] test waves_gate_issues_blocked_from_outside_the_milestone ... ok
[INFO] [stdout] test a_collision_is_reported_without_reordering_the_waves ... ok
[INFO] [stdout] test waves_do_not_collide_tickets_the_graph_already_serialises ... ok
[INFO] [stdout] test waves_layer_a_linear_run_and_split_at_the_fork ... ok
[INFO] [stdout] test waves_layer_a_run_unaffected_by_a_related_to_edge ... ok
[INFO] [stdout] test waves_report_a_same_wave_path_collision_without_chaining ... ok
[INFO] [stderr]      Running tests/no_delete.rs (/opt/rustwide/target/debug/deps/no_delete-bc2dc53ed9ac07e3)
[INFO] [stdout] test waves_partition_open_work_and_ignore_related_to ... ok
[INFO] [stdout] 
[INFO] [stdout] test result: ok. 9 passed; 0 failed; 0 ignored; 0 measured; 0 filtered out; finished in 0.99s
[INFO] [stdout] 
[INFO] [stdout] 
[INFO] [stdout] running 8 tests
[INFO] [stdout] test project_rm_still_accepts_the_old_force_flag ... ok
[INFO] [stdout] test label_rm_is_real_and_stays ... ok
[INFO] [stdout] test an_rm_lands_on_the_timeline_like_any_other_archive ... ok
[INFO] [stdout] test help_does_not_advertise_rm ... ok
[INFO] [stdout] test rm_archives_and_says_so_rather_than_refusing ... ok
[INFO] [stdout] test archiving_remains_the_supported_path_and_is_reversible ... ok
[INFO] [stdout] test label_rm_survives_because_a_label_has_no_history ... ok
[INFO] [stdout] test rm_archives_rather_than_destroying ... ok
[INFO] [stdout] 
[INFO] [stdout] test result: ok. 8 passed; 0 failed; 0 ignored; 0 measured; 0 filtered out; finished in 0.62s
[INFO] [stdout] 
[INFO] [stderr]      Running tests/output_contract.rs (/opt/rustwide/target/debug/deps/output_contract-a787ad0828c7d0b4)
[INFO] [stdout] 
[INFO] [stdout] running 19 tests
[INFO] [stdout] test json_and_table_flags_conflict ... ok
[INFO] [stdout] test confirmations_name_the_entity_and_the_change ... ok
[INFO] [stdout] test archive_and_unarchive_confirm_or_echo ... ok
[INFO] [stdout] test label_add_and_rm_confirm_or_echo ... ok
[INFO] [stdout] test milestone_edit_confirms_or_echoes ... ok
[INFO] [stdout] test issue_ls_defaults_to_milestone_summary ... ok
[INFO] [stdout] test list_rows_are_lean_and_full_detail_is_complete ... ok
[INFO] [stdout] test project_note_add_confirms_or_echoes ... ok
[INFO] [stdout] test mv_echoes_json_when_piped_and_confirms_in_table_mode ... ok
[INFO] [stdout] test log_echo_omits_the_entry_and_not_found_names_the_identity ... ok
[INFO] [stdout] test short_filter_flags_match_their_long_forms ... ok
[INFO] [stdout] test piped_output_defaults_to_the_exact_json_shapes ... ok
[INFO] [stdout] test project_edit_and_archive_confirm_or_echo ... ok
[INFO] [stdout] test table_flag_beats_the_env_pin_and_the_pipe ... ok
[INFO] [stdout] test the_env_var_pins_the_default ... ok
[INFO] [stdout] test show_section_stays_raw_markdown_in_every_mode ... ok
[INFO] [stdout] test piped_single_entity_reads_are_lean_but_explicit_json_is_full ... ok
[INFO] [stdout] test unscoped_milestone_ls_is_a_summary ... ok
[INFO] [stdout] test no_listed_mutation_succeeds_silently_in_either_mode ... ok
[INFO] [stderr]      Running tests/priority_flag.rs (/opt/rustwide/target/debug/deps/priority_flag-59494fb2ba692895)
[INFO] [stdout] 
[INFO] [stdout] test result: ok. 19 passed; 0 failed; 0 ignored; 0 measured; 0 filtered out; finished in 1.94s
[INFO] [stdout] 
[INFO] [stdout] 
[INFO] [stdout] running 3 tests
[INFO] [stdout] test help_lists_the_accepted_priorities ... ok
[INFO] [stdout] test an_invalid_priority_is_rejected_by_name_on_every_path ... ok
[INFO] [stdout] test every_path_accepts_the_same_spellings ... ok
[INFO] [stderr]      Running tests/project_memory.rs (/opt/rustwide/target/debug/deps/project_memory-2dbd8b32354523a8)
[INFO] [stdout] 
[INFO] [stdout] test result: ok. 3 passed; 0 failed; 0 ignored; 0 measured; 0 filtered out; finished in 0.19s
[INFO] [stdout] 
[INFO] [stdout] 
[INFO] [stdout] running 1 test
[INFO] [stdout] test project_notes_support_targeted_reads_and_progressive_search ... ok
[INFO] [stderr]      Running tests/retry_safe.rs (/opt/rustwide/target/debug/deps/retry_safe-490ccb5cc307d955)
[INFO] [stdout] 
[INFO] [stdout] test result: ok. 1 passed; 0 failed; 0 ignored; 0 measured; 0 filtered out; finished in 0.22s
[INFO] [stdout] 
[INFO] [stdout] 
[INFO] [stdout] running 6 tests
[INFO] [stdout] test mv_still_moves_and_wrong_status_stays_exit_2 ... ok
[INFO] [stdout] test tick_of_wrong_targets_stays_exit_2 ... ok
[INFO] [stdout] test archive_of_an_archived_issue_succeeds_noting_the_noop ... ok
[INFO] [stdout] test unarchive_of_an_unarchived_issue_succeeds_noting_the_noop ... ok
[INFO] [stdout] test retick_of_a_checked_step_succeeds_and_says_nothing_to_do ... ok
[INFO] [stderr]      Running tests/scope.rs (/opt/rustwide/target/debug/deps/scope-79df5c351c0ffee5)
[INFO] [stdout] test mv_to_the_current_status_succeeds_and_says_already_there ... ok
[INFO] [stdout] 
[INFO] [stdout] test result: ok. 6 passed; 0 failed; 0 ignored; 0 measured; 0 filtered out; finished in 0.41s
[INFO] [stdout] 
[INFO] [stdout] 
[INFO] [stdout] running 4 tests
[INFO] [stdout] test missing_scope_errors_name_both_spellings ... ok
[INFO] [stdout] test env_scope_is_the_default_project_and_is_upcased ... ok
[INFO] [stdout] test explicit_flag_beats_the_env_and_star_widens ... ok
[INFO] [stdout] test scope_fills_project_identity_on_reads_but_not_structural_writes ... ok
[INFO] [stdout] 
[INFO] [stdout] test result: ok. 4 passed; 0 failed; 0 ignored; 0 measured; 0 filtered out; finished in 0.33s
[INFO] [stdout] 
[INFO] [stderr]      Running tests/section_structure.rs (/opt/rustwide/target/debug/deps/section_structure-3eec754accafbbe7)
[INFO] [stdout] 
[INFO] [stdout] running 4 tests
[INFO] [stdout] test edit_section_refuses_an_unclosed_fence ... ok
[INFO] [stdout] test note_add_refuses_a_structure_breaking_body ... ok
[INFO] [stdout] test balanced_fences_and_create_section_still_pass ... ok
[INFO] [stdout] test append_section_refuses_an_unclosed_fence ... ok
[INFO] [stdout] 
[INFO] [stdout] test result: ok. 4 passed; 0 failed; 0 ignored; 0 measured; 0 filtered out; finished in 0.24s
[INFO] [stdout] 
[INFO] [stderr]      Running tests/sigpipe.rs (/opt/rustwide/target/debug/deps/sigpipe-b2796013e1e569c3)
[INFO] [stdout] 
[INFO] [stdout] running 2 tests
[INFO] [stdout] test issue_show_piped_to_closed_reader_does_not_panic ... ok
[INFO] [stdout] test activity_piped_to_closed_reader_does_not_panic ... ok
[INFO] [stdout] 
[INFO] [stdout] test result: ok. 2 passed; 0 failed; 0 ignored; 0 measured; 0 filtered out; finished in 0.32s
[INFO] [stdout] 
[INFO] [stderr]      Running tests/skill_doc.rs (/opt/rustwide/target/debug/deps/skill_doc-6dd80232d716085e)
[INFO] [stdout] 
[INFO] [stdout] running 2 tests
[INFO] [stdout] test the_skill_names_every_top_level_command ... FAILED
[INFO] [stdout] test every_command_the_skill_names_exists ... FAILED
[INFO] [stdout] 
[INFO] [stdout] failures:
[INFO] [stdout] 
[INFO] [stdout] ---- the_skill_names_every_top_level_command stdout ----
[INFO] [stdout] 
[INFO] [stdout] thread 'the_skill_names_every_top_level_command' (5728) panicked at tests/skill_doc.rs:19:29:
[INFO] [stdout] read /opt/rustwide/workdir/../../plugin/skills/cliban/SKILL.md: No such file or directory (os error 2)
[INFO] [stdout] stack backtrace:
[INFO] [stdout]    0:     0x5e683c6a8db1 - std[70759c8f55707aa4]::backtrace_rs::backtrace::libunwind::trace
[INFO] [stdout]                                at /rustc/dfb0accb7f508ae8be965d8629557221c889dd98/library/std/src/../../backtrace/src/backtrace/libunwind.rs:117:9
[INFO] [stdout]    1:     0x5e683c6a8db1 - std[70759c8f55707aa4]::backtrace_rs::backtrace::trace_unsynchronized::<std[70759c8f55707aa4]::sys::backtrace::_print_fmt::{closure#1}>
[INFO] [stdout]                                at /rustc/dfb0accb7f508ae8be965d8629557221c889dd98/library/std/src/../../backtrace/src/backtrace/mod.rs:66:14
[INFO] [stdout]    2:     0x5e683c6a8db1 - std[70759c8f55707aa4]::sys::backtrace::_print_fmt
[INFO] [stdout]                                at /rustc/dfb0accb7f508ae8be965d8629557221c889dd98/library/std/src/sys/backtrace.rs:74:9
[INFO] [stdout]    3:     0x5e683c6a8db1 - <<std[70759c8f55707aa4]::sys::backtrace::BacktraceLock>::print::DisplayBacktrace as core[df12db4294e9bfd3]::fmt::Display>::fmt
[INFO] [stdout]                                at /rustc/dfb0accb7f508ae8be965d8629557221c889dd98/library/std/src/sys/backtrace.rs:44:26
[INFO] [stdout]    4:     0x5e683c6bd36a - <core[df12db4294e9bfd3]::fmt::rt::Argument>::fmt
[INFO] [stdout]                                at /rustc/dfb0accb7f508ae8be965d8629557221c889dd98/library/core/src/fmt/rt.rs:152:76
[INFO] [stdout]    5:     0x5e683c6bd36a - core[df12db4294e9bfd3]::fmt::write
[INFO] [stdout]    6:     0x5e683c6ad53c - core[df12db4294e9bfd3]::io::write::default_write_fmt::<alloc[2182bb758b4b3781]::vec::Vec<u8>>
[INFO] [stdout]                                at /rustc/dfb0accb7f508ae8be965d8629557221c889dd98/library/core/src/io/write.rs:402:11
[INFO] [stdout]    7:     0x5e683c6ad53c - <alloc[2182bb758b4b3781]::vec::Vec<u8> as core[df12db4294e9bfd3]::io::write::Write>::write_fmt
[INFO] [stdout]                                at /rustc/dfb0accb7f508ae8be965d8629557221c889dd98/library/core/src/io/write.rs:335:13
[INFO] [stdout]    8:     0x5e683c684a26 - <std[70759c8f55707aa4]::sys::backtrace::BacktraceLock>::print
[INFO] [stdout]                                at /rustc/dfb0accb7f508ae8be965d8629557221c889dd98/library/std/src/sys/backtrace.rs:47:9
[INFO] [stdout]    9:     0x5e683c684a26 - std[70759c8f55707aa4]::panicking::default_hook::{closure#0}
[INFO] [stdout]                                at /rustc/dfb0accb7f508ae8be965d8629557221c889dd98/library/std/src/panicking.rs:292:27
[INFO] [stdout]   10:     0x5e683c6a0f99 - std[70759c8f55707aa4]::panicking::default_hook
[INFO] [stdout]                                at /rustc/dfb0accb7f508ae8be965d8629557221c889dd98/library/std/src/panicking.rs:316:9
[INFO] [stdout]   11:     0x5e683c63c9d0 - <alloc[2182bb758b4b3781]::boxed::Box<dyn for<'a, 'b> core[df12db4294e9bfd3]::ops::function::Fn<(&'a std[70759c8f55707aa4]::panic::PanicHookInfo<'b>,), Output = ()> + core[df12db4294e9bfd3]::marker::Send + core[df12db4294e9bfd3]::marker::Sync> as core[df12db4294e9bfd3]::ops::function::Fn<(&std[70759c8f55707aa4]::panic::PanicHookInfo,)>>::call
[INFO] [stdout]                                at /rustc/dfb0accb7f508ae8be965d8629557221c889dd98/library/alloc/src/boxed.rs:2334:9
[INFO] [stdout]   12:     0x5e683c63c9d0 - test[9d35eded1c95d3be]::test_main_inner::<test[9d35eded1c95d3be]::test_main_static::{closure#0}>::{closure#0}
[INFO] [stdout]                                at /rustc/dfb0accb7f508ae8be965d8629557221c889dd98/library/test/src/lib.rs:155:21
[INFO] [stdout]   13:     0x5e683c6a1152 - <alloc[2182bb758b4b3781]::boxed::Box<dyn for<'a, 'b> core[df12db4294e9bfd3]::ops::function::Fn<(&'a std[70759c8f55707aa4]::panic::PanicHookInfo<'b>,), Output = ()> + core[df12db4294e9bfd3]::marker::Send + core[df12db4294e9bfd3]::marker::Sync> as core[df12db4294e9bfd3]::ops::function::Fn<(&std[70759c8f55707aa4]::panic::PanicHookInfo,)>>::call
[INFO] [stdout]                                at /rustc/dfb0accb7f508ae8be965d8629557221c889dd98/library/alloc/src/boxed.rs:2334:9
[INFO] [stdout]   14:     0x5e683c6a1152 - std[70759c8f55707aa4]::panicking::panic_with_hook
[INFO] [stdout]                                at /rustc/dfb0accb7f508ae8be965d8629557221c889dd98/library/std/src/panicking.rs:823:13
[INFO] [stdout]   15:     0x5e683c684ad2 - std[70759c8f55707aa4]::panicking::panic_handler::{closure#0}
[INFO] [stdout]                                at /rustc/dfb0accb7f508ae8be965d8629557221c889dd98/library/std/src/panicking.rs:688:13
[INFO] [stdout]   16:     0x5e683c67d629 - std[70759c8f55707aa4]::sys::backtrace::__rust_end_short_backtrace::<std[70759c8f55707aa4]::panicking::panic_handler::{closure#0}, !>
[INFO] [stdout]                                at /rustc/dfb0accb7f508ae8be965d8629557221c889dd98/library/std/src/sys/backtrace.rs:182:18
[INFO] [stdout]   17:     0x5e683c6856cd - __rustc[8fa7c3cbc660c2b3]::rust_begin_unwind
[INFO] [stdout]                                at /rustc/dfb0accb7f508ae8be965d8629557221c889dd98/library/std/src/panicking.rs:679:5
[INFO] [stdout]   18:     0x5e683c6bdafc - core[df12db4294e9bfd3]::panicking::panic_fmt
[INFO] [stdout]                                at /rustc/dfb0accb7f508ae8be965d8629557221c889dd98/library/core/src/panicking.rs:80:14
[INFO] [stdout]   19:     0x5e683c61f7b8 - skill_doc[27d30d1f3c4125b9]::skill_md::{closure#0}
[INFO] [stdout]                                at /opt/rustwide/workdir/tests/skill_doc.rs:19:29
[INFO] [stdout]   20:     0x5e683c61df51 - <core[df12db4294e9bfd3]::result::Result<alloc[2182bb758b4b3781]::string::String, core[df12db4294e9bfd3]::io::error::Error>>::unwrap_or_else::<skill_doc[27d30d1f3c4125b9]::skill_md::{closure#0}>
[INFO] [stdout]                                at /rustc/dfb0accb7f508ae8be965d8629557221c889dd98/library/core/src/result.rs:1621:23
[INFO] [stdout]   21:     0x5e683c620c8a - skill_doc[27d30d1f3c4125b9]::skill_md
[INFO] [stdout]                                at /opt/rustwide/workdir/tests/skill_doc.rs:19:10
[INFO] [stdout]   22:     0x5e683c621524 - skill_doc[27d30d1f3c4125b9]::the_skill_names_every_top_level_command
[INFO] [stdout]                                at /opt/rustwide/workdir/tests/skill_doc.rs:135:14
[INFO] [stdout]   23:     0x5e683c61f627 - skill_doc[27d30d1f3c4125b9]::the_skill_names_every_top_level_command::{closure#0}
[INFO] [stdout]                                at /opt/rustwide/workdir/tests/skill_doc.rs:132:45
[INFO] [stdout]   24:     0x5e683c629f26 - <skill_doc[27d30d1f3c4125b9]::the_skill_names_every_top_level_command::{closure#0} as core[df12db4294e9bfd3]::ops::function::FnOnce<()>>::call_once
[INFO] [stdout]                                at /rustc/dfb0accb7f508ae8be965d8629557221c889dd98/library/core/src/ops/function.rs:250:5
[INFO] [stdout]   25:     0x5e683c62fcbb - <fn() -> core[df12db4294e9bfd3]::result::Result<(), alloc[2182bb758b4b3781]::string::String> as core[df12db4294e9bfd3]::ops::function::FnOnce<()>>::call_once
[INFO] [stdout]                                at /rustc/dfb0accb7f508ae8be965d8629557221c889dd98/library/core/src/ops/function.rs:250:5
[INFO] [stdout]   26:     0x5e683c62fcbb - test[9d35eded1c95d3be]::__rust_begin_short_backtrace::<core[df12db4294e9bfd3]::result::Result<(), alloc[2182bb758b4b3781]::string::String>, fn() -> core[df12db4294e9bfd3]::result::Result<(), alloc[2182bb758b4b3781]::string::String>>
[INFO] [stdout]                                at /rustc/dfb0accb7f508ae8be965d8629557221c889dd98/library/test/src/lib.rs:733:18
[INFO] [stdout]   27:     0x5e683c63d325 - test[9d35eded1c95d3be]::run_test_in_process::{closure#0}
[INFO] [stdout]                                at /rustc/dfb0accb7f508ae8be965d8629557221c889dd98/library/test/src/lib.rs:756:74
[INFO] [stdout]   28:     0x5e683c63d325 - <core[df12db4294e9bfd3]::panic::unwind_safe::AssertUnwindSafe<test[9d35eded1c95d3be]::run_test_in_process::{closure#0}> as core[df12db4294e9bfd3]::ops::function::FnOnce<()>>::call_once
[INFO] [stdout]                                at /rustc/dfb0accb7f508ae8be965d8629557221c889dd98/library/core/src/panic/unwind_safe.rs:275:9
[INFO] [stdout]   29:     0x5e683c63d325 - std[70759c8f55707aa4]::panicking::catch_unwind::do_call::<core[df12db4294e9bfd3]::panic::unwind_safe::AssertUnwindSafe<test[9d35eded1c95d3be]::run_test_in_process::{closure#0}>, core[df12db4294e9bfd3]::result::Result<(), alloc[2182bb758b4b3781]::string::String>>
[INFO] [stdout]                                at /rustc/dfb0accb7f508ae8be965d8629557221c889dd98/library/std/src/panicking.rs:576:43
[INFO] [stdout]   30:     0x5e683c63d325 - std[70759c8f55707aa4]::panicking::catch_unwind::<core[df12db4294e9bfd3]::result::Result<(), alloc[2182bb758b4b3781]::string::String>, core[df12db4294e9bfd3]::panic::unwind_safe::AssertUnwindSafe<test[9d35eded1c95d3be]::run_test_in_process::{closure#0}>>
[INFO] [stdout]                                at /rustc/dfb0accb7f508ae8be965d8629557221c889dd98/library/std/src/panicking.rs:544:19
[INFO] [stdout]   31:     0x5e683c63d325 - std[70759c8f55707aa4]::panic::catch_unwind::<core[df12db4294e9bfd3]::panic::unwind_safe::AssertUnwindSafe<test[9d35eded1c95d3be]::run_test_in_process::{closure#0}>, core[df12db4294e9bfd3]::result::Result<(), alloc[2182bb758b4b3781]::string::String>>
[INFO] [stdout]                                at /rustc/dfb0accb7f508ae8be965d8629557221c889dd98/library/std/src/panic.rs:359:14
[INFO] [stdout]   32:     0x5e683c63d325 - test[9d35eded1c95d3be]::run_test_in_process
[INFO] [stdout]                                at /rustc/dfb0accb7f508ae8be965d8629557221c889dd98/library/test/src/lib.rs:756:27
[INFO] [stdout]   33:     0x5e683c63d325 - test[9d35eded1c95d3be]::run_test::{closure#0}
[INFO] [stdout]                                at /rustc/dfb0accb7f508ae8be965d8629557221c889dd98/library/test/src/lib.rs:677:43
[INFO] [stdout]   34:     0x5e683c636be4 - test[9d35eded1c95d3be]::run_test::{closure#1}
[INFO] [stdout]                                at /rustc/dfb0accb7f508ae8be965d8629557221c889dd98/library/test/src/lib.rs:707:41
[INFO] [stdout]   35:     0x5e683c636be4 - std[70759c8f55707aa4]::sys::backtrace::__rust_begin_short_backtrace::<test[9d35eded1c95d3be]::run_test::{closure#1}, ()>
[INFO] [stdout]                                at /rustc/dfb0accb7f508ae8be965d8629557221c889dd98/library/std/src/sys/backtrace.rs:166:18
[INFO] [stdout]   36:     0x5e683c640482 - std[70759c8f55707aa4]::thread::lifecycle::spawn_unchecked::<test[9d35eded1c95d3be]::run_test::{closure#1}, ()>::{closure#1}::{closure#0}
[INFO] [stdout]                                at /rustc/dfb0accb7f508ae8be965d8629557221c889dd98/library/std/src/thread/lifecycle.rs:70:13
[INFO] [stdout]   37:     0x5e683c640482 - <core[df12db4294e9bfd3]::panic::unwind_safe::AssertUnwindSafe<std[70759c8f55707aa4]::thread::lifecycle::spawn_unchecked<test[9d35eded1c95d3be]::run_test::{closure#1}, ()>::{closure#1}::{closure#0}> as core[df12db4294e9bfd3]::ops::function::FnOnce<()>>::call_once
[INFO] [stdout]                                at /rustc/dfb0accb7f508ae8be965d8629557221c889dd98/library/core/src/panic/unwind_safe.rs:275:9
[INFO] [stdout]   38:     0x5e683c640482 - std[70759c8f55707aa4]::panicking::catch_unwind::do_call::<core[df12db4294e9bfd3]::panic::unwind_safe::AssertUnwindSafe<std[70759c8f55707aa4]::thread::lifecycle::spawn_unchecked<test[9d35eded1c95d3be]::run_test::{closure#1}, ()>::{closure#1}::{closure#0}>, ()>
[INFO] [stdout]                                at /rustc/dfb0accb7f508ae8be965d8629557221c889dd98/library/std/src/panicking.rs:576:43
[INFO] [stdout]   39:     0x5e683c640482 - std[70759c8f55707aa4]::panicking::catch_unwind::<(), core[df12db4294e9bfd3]::panic::unwind_safe::AssertUnwindSafe<std[70759c8f55707aa4]::thread::lifecycle::spawn_unchecked<test[9d35eded1c95d3be]::run_test::{closure#1}, ()>::{closure#1}::{closure#0}>>
[INFO] [stdout]                                at /rustc/dfb0accb7f508ae8be965d8629557221c889dd98/library/std/src/panicking.rs:544:19
[INFO] [stdout]   40:     0x5e683c640482 - std[70759c8f55707aa4]::panic::catch_unwind::<core[df12db4294e9bfd3]::panic::unwind_safe::AssertUnwindSafe<std[70759c8f55707aa4]::thread::lifecycle::spawn_unchecked<test[9d35eded1c95d3be]::run_test::{closure#1}, ()>::{closure#1}::{closure#0}>, ()>
[INFO] [stdout]                                at /rustc/dfb0accb7f508ae8be965d8629557221c889dd98/library/std/src/panic.rs:359:14
[INFO] [stdout]   41:     0x5e683c640482 - std[70759c8f55707aa4]::thread::lifecycle::spawn_unchecked::<test[9d35eded1c95d3be]::run_test::{closure#1}, ()>::{closure#1}
[INFO] [stdout]                                at /rustc/dfb0accb7f508ae8be965d8629557221c889dd98/library/std/src/thread/lifecycle.rs:68:26
[INFO] [stdout]   42:     0x5e683c640482 - <std[70759c8f55707aa4]::thread::lifecycle::spawn_unchecked<test[9d35eded1c95d3be]::run_test::{closure#1}, ()>::{closure#1} as core[df12db4294e9bfd3]::ops::function::FnOnce<()>>::call_once::{shim:vtable#0}
[INFO] [stdout]                                at /rustc/dfb0accb7f508ae8be965d8629557221c889dd98/library/core/src/ops/function.rs:250:5
[INFO] [stdout]   43:     0x5e683c6a8319 - <alloc[2182bb758b4b3781]::boxed::Box<dyn core[df12db4294e9bfd3]::ops::function::FnOnce<(), Output = ()> + core[df12db4294e9bfd3]::marker::Send> as core[df12db4294e9bfd3]::ops::function::FnOnce<()>>::call_once
[INFO] [stdout]                                at /rustc/dfb0accb7f508ae8be965d8629557221c889dd98/library/alloc/src/boxed.rs:2320:9
[INFO] [stdout]   44:     0x5e683c6a8319 - <std[70759c8f55707aa4]::sys::thread::unix::Thread>::new::thread_start
[INFO] [stdout]                                at /rustc/dfb0accb7f508ae8be965d8629557221c889dd98/library/std/src/sys/thread/unix.rs:123:17
[INFO] [stdout]   45:     0x74a73d6d3dfa - <unknown>
[INFO] [stdout]   46:     0x74a73d7673d4 - clone
[INFO] [stdout]   47:                0x0 - <unknown>
[INFO] [stdout] 
[INFO] [stdout] ---- every_command_the_skill_names_exists stdout ----
[INFO] [stdout] 
[INFO] [stdout] thread 'every_command_the_skill_names_exists' (5727) panicked at tests/skill_doc.rs:19:29:
[INFO] [stdout] read /opt/rustwide/workdir/../../plugin/skills/cliban/SKILL.md: No such file or directory (os error 2)
[INFO] [stdout] stack backtrace:
[INFO] [stdout]    0:     0x5e683c6a8db1 - std[70759c8f55707aa4]::backtrace_rs::backtrace::libunwind::trace
[INFO] [stdout]                                at /rustc/dfb0accb7f508ae8be965d8629557221c889dd98/library/std/src/../../backtrace/src/backtrace/libunwind.rs:117:9
[INFO] [stdout]    1:     0x5e683c6a8db1 - std[70759c8f55707aa4]::backtrace_rs::backtrace::trace_unsynchronized::<std[70759c8f55707aa4]::sys::backtrace::_print_fmt::{closure#1}>
[INFO] [stdout]                                at /rustc/dfb0accb7f508ae8be965d8629557221c889dd98/library/std/src/../../backtrace/src/backtrace/mod.rs:66:14
[INFO] [stdout]    2:     0x5e683c6a8db1 - std[70759c8f55707aa4]::sys::backtrace::_print_fmt
[INFO] [stdout]                                at /rustc/dfb0accb7f508ae8be965d8629557221c889dd98/library/std/src/sys/backtrace.rs:74:9
[INFO] [stdout]    3:     0x5e683c6a8db1 - <<std[70759c8f55707aa4]::sys::backtrace::BacktraceLock>::print::DisplayBacktrace as core[df12db4294e9bfd3]::fmt::Display>::fmt
[INFO] [stdout]                                at /rustc/dfb0accb7f508ae8be965d8629557221c889dd98/library/std/src/sys/backtrace.rs:44:26
[INFO] [stdout]    4:     0x5e683c6bd36a - <core[df12db4294e9bfd3]::fmt::rt::Argument>::fmt
[INFO] [stdout]                                at /rustc/dfb0accb7f508ae8be965d8629557221c889dd98/library/core/src/fmt/rt.rs:152:76
[INFO] [stdout]    5:     0x5e683c6bd36a - core[df12db4294e9bfd3]::fmt::write
[INFO] [stdout]    6:     0x5e683c6ad53c - core[df12db4294e9bfd3]::io::write::default_write_fmt::<alloc[2182bb758b4b3781]::vec::Vec<u8>>
[INFO] [stdout]                                at /rustc/dfb0accb7f508ae8be965d8629557221c889dd98/library/core/src/io/write.rs:402:11
[INFO] [stdout]    7:     0x5e683c6ad53c - <alloc[2182bb758b4b3781]::vec::Vec<u8> as core[df12db4294e9bfd3]::io::write::Write>::write_fmt
[INFO] [stdout]                                at /rustc/dfb0accb7f508ae8be965d8629557221c889dd98/library/core/src/io/write.rs:335:13
[INFO] [stdout]    8:     0x5e683c684a26 - <std[70759c8f55707aa4]::sys::backtrace::BacktraceLock>::print
[INFO] [stdout]                                at /rustc/dfb0accb7f508ae8be965d8629557221c889dd98/library/std/src/sys/backtrace.rs:47:9
[INFO] [stdout]    9:     0x5e683c684a26 - std[70759c8f55707aa4]::panicking::default_hook::{closure#0}
[INFO] [stdout]                                at /rustc/dfb0accb7f508ae8be965d8629557221c889dd98/library/std/src/panicking.rs:292:27
[INFO] [stdout]   10:     0x5e683c6a0f99 - std[70759c8f55707aa4]::panicking::default_hook
[INFO] [stdout]                                at /rustc/dfb0accb7f508ae8be965d8629557221c889dd98/library/std/src/panicking.rs:316:9
[INFO] [stdout]   11:     0x5e683c63c9d0 - <alloc[2182bb758b4b3781]::boxed::Box<dyn for<'a, 'b> core[df12db4294e9bfd3]::ops::function::Fn<(&'a std[70759c8f55707aa4]::panic::PanicHookInfo<'b>,), Output = ()> + core[df12db4294e9bfd3]::marker::Send + core[df12db4294e9bfd3]::marker::Sync> as core[df12db4294e9bfd3]::ops::function::Fn<(&std[70759c8f55707aa4]::panic::PanicHookInfo,)>>::call
[INFO] [stdout]                                at /rustc/dfb0accb7f508ae8be965d8629557221c889dd98/library/alloc/src/boxed.rs:2334:9
[INFO] [stdout]   12:     0x5e683c63c9d0 - test[9d35eded1c95d3be]::test_main_inner::<test[9d35eded1c95d3be]::test_main_static::{closure#0}>::{closure#0}
[INFO] [stdout]                                at /rustc/dfb0accb7f508ae8be965d8629557221c889dd98/library/test/src/lib.rs:155:21
[INFO] [stdout]   13:     0x5e683c6a1152 - <alloc[2182bb758b4b3781]::boxed::Box<dyn for<'a, 'b> core[df12db4294e9bfd3]::ops::function::Fn<(&'a std[70759c8f55707aa4]::panic::PanicHookInfo<'b>,), Output = ()> + core[df12db4294e9bfd3]::marker::Send + core[df12db4294e9bfd3]::marker::Sync> as core[df12db4294e9bfd3]::ops::function::Fn<(&std[70759c8f55707aa4]::panic::PanicHookInfo,)>>::call
[INFO] [stdout]                                at /rustc/dfb0accb7f508ae8be965d8629557221c889dd98/library/alloc/src/boxed.rs:2334:9
[INFO] [stdout]   14:     0x5e683c6a1152 - std[70759c8f55707aa4]::panicking::panic_with_hook
[INFO] [stdout]                                at /rustc/dfb0accb7f508ae8be965d8629557221c889dd98/library/std/src/panicking.rs:823:13
[INFO] [stdout]   15:     0x5e683c684ad2 - std[70759c8f55707aa4]::panicking::panic_handler::{closure#0}
[INFO] [stdout]                                at /rustc/dfb0accb7f508ae8be965d8629557221c889dd98/library/std/src/panicking.rs:688:13
[INFO] [stdout]   16:     0x5e683c67d629 - std[70759c8f55707aa4]::sys::backtrace::__rust_end_short_backtrace::<std[70759c8f55707aa4]::panicking::panic_handler::{closure#0}, !>
[INFO] [stdout]                                at /rustc/dfb0accb7f508ae8be965d8629557221c889dd98/library/std/src/sys/backtrace.rs:182:18
[INFO] [stdout]   17:     0x5e683c6856cd - __rustc[8fa7c3cbc660c2b3]::rust_begin_unwind
[INFO] [stdout]                                at /rustc/dfb0accb7f508ae8be965d8629557221c889dd98/library/std/src/panicking.rs:679:5
[INFO] [stdout]   18:     0x5e683c6bdafc - core[df12db4294e9bfd3]::panicking::panic_fmt
[INFO] [stdout]                                at /rustc/dfb0accb7f508ae8be965d8629557221c889dd98/library/core/src/panicking.rs:80:14
[INFO] [stdout]   19:     0x5e683c61f7b8 - skill_doc[27d30d1f3c4125b9]::skill_md::{closure#0}
[INFO] [stdout]                                at /opt/rustwide/workdir/tests/skill_doc.rs:19:29
[INFO] [stdout]   20:     0x5e683c61df51 - <core[df12db4294e9bfd3]::result::Result<alloc[2182bb758b4b3781]::string::String, core[df12db4294e9bfd3]::io::error::Error>>::unwrap_or_else::<skill_doc[27d30d1f3c4125b9]::skill_md::{closure#0}>
[INFO] [stdout]                                at /rustc/dfb0accb7f508ae8be965d8629557221c889dd98/library/core/src/result.rs:1621:23
[INFO] [stdout]   21:     0x5e683c620c8a - skill_doc[27d30d1f3c4125b9]::skill_md
[INFO] [stdout]                                at /opt/rustwide/workdir/tests/skill_doc.rs:19:10
[INFO] [stdout]   22:     0x5e683c6210a9 - skill_doc[27d30d1f3c4125b9]::every_command_the_skill_names_exists
[INFO] [stdout]                                at /opt/rustwide/workdir/tests/skill_doc.rs:106:14
[INFO] [stdout]   23:     0x5e683c61f5f7 - skill_doc[27d30d1f3c4125b9]::every_command_the_skill_names_exists::{closure#0}
[INFO] [stdout]                                at /opt/rustwide/workdir/tests/skill_doc.rs:105:42
[INFO] [stdout]   24:     0x5e683c629f06 - <skill_doc[27d30d1f3c4125b9]::every_command_the_skill_names_exists::{closure#0} as core[df12db4294e9bfd3]::ops::function::FnOnce<()>>::call_once
[INFO] [stdout]                                at /rustc/dfb0accb7f508ae8be965d8629557221c889dd98/library/core/src/ops/function.rs:250:5
[INFO] [stdout]   25:     0x5e683c62fcbb - <fn() -> core[df12db4294e9bfd3]::result::Result<(), alloc[2182bb758b4b3781]::string::String> as core[df12db4294e9bfd3]::ops::function::FnOnce<()>>::call_once
[INFO] [stdout]                                at /rustc/dfb0accb7f508ae8be965d8629557221c889dd98/library/core/src/ops/function.rs:250:5
[INFO] [stdout]   26:     0x5e683c62fcbb - test[9d35eded1c95d3be]::__rust_begin_short_backtrace::<core[df12db4294e9bfd3]::result::Result<(), alloc[2182bb758b4b3781]::string::String>, fn() -> core[df12db4294e9bfd3]::result::Result<(), alloc[2182bb758b4b3781]::string::String>>
[INFO] [stdout]                                at /rustc/dfb0accb7f508ae8be965d8629557221c889dd98/library/test/src/lib.rs:733:18
[INFO] [stdout]   27:     0x5e683c63d325 - test[9d35eded1c95d3be]::run_test_in_process::{closure#0}
[INFO] [stdout]                                at /rustc/dfb0accb7f508ae8be965d8629557221c889dd98/library/test/src/lib.rs:756:74
[INFO] [stdout]   28:     0x5e683c63d325 - <core[df12db4294e9bfd3]::panic::unwind_safe::AssertUnwindSafe<test[9d35eded1c95d3be]::run_test_in_process::{closure#0}> as core[df12db4294e9bfd3]::ops::function::FnOnce<()>>::call_once
[INFO] [stdout]                                at /rustc/dfb0accb7f508ae8be965d8629557221c889dd98/library/core/src/panic/unwind_safe.rs:275:9
[INFO] [stdout]   29:     0x5e683c63d325 - std[70759c8f55707aa4]::panicking::catch_unwind::do_call::<core[df12db4294e9bfd3]::panic::unwind_safe::AssertUnwindSafe<test[9d35eded1c95d3be]::run_test_in_process::{closure#0}>, core[df12db4294e9bfd3]::result::Result<(), alloc[2182bb758b4b3781]::string::String>>
[INFO] [stdout]                                at /rustc/dfb0accb7f508ae8be965d8629557221c889dd98/library/std/src/panicking.rs:576:43
[INFO] [stdout]   30:     0x5e683c63d325 - std[70759c8f55707aa4]::panicking::catch_unwind::<core[df12db4294e9bfd3]::result::Result<(), alloc[2182bb758b4b3781]::string::String>, core[df12db4294e9bfd3]::panic::unwind_safe::AssertUnwindSafe<test[9d35eded1c95d3be]::run_test_in_process::{closure#0}>>
[INFO] [stdout]                                at /rustc/dfb0accb7f508ae8be965d8629557221c889dd98/library/std/src/panicking.rs:544:19
[INFO] [stdout]   31:     0x5e683c63d325 - std[70759c8f55707aa4]::panic::catch_unwind::<core[df12db4294e9bfd3]::panic::unwind_safe::AssertUnwindSafe<test[9d35eded1c95d3be]::run_test_in_process::{closure#0}>, core[df12db4294e9bfd3]::result::Result<(), alloc[2182bb758b4b3781]::string::String>>
[INFO] [stdout]                                at /rustc/dfb0accb7f508ae8be965d8629557221c889dd98/library/std/src/panic.rs:359:14
[INFO] [stdout]   32:     0x5e683c63d325 - test[9d35eded1c95d3be]::run_test_in_process
[INFO] [stdout]                                at /rustc/dfb0accb7f508ae8be965d8629557221c889dd98/library/test/src/lib.rs:756:27
[INFO] [stdout]   33:     0x5e683c63d325 - test[9d35eded1c95d3be]::run_test::{closure#0}
[INFO] [stdout]                                at /rustc/dfb0accb7f508ae8be965d8629557221c889dd98/library/test/src/lib.rs:677:43
[INFO] [stdout]   34:     0x5e683c636be4 - test[9d35eded1c95d3be]::run_test::{closure#1}
[INFO] [stdout]                                at /rustc/dfb0accb7f508ae8be965d8629557221c889dd98/library/test/src/lib.rs:707:41
[INFO] [stdout]   35:     0x5e683c636be4 - std[70759c8f55707aa4]::sys::backtrace::__rust_begin_short_backtrace::<test[9d35eded1c95d3be]::run_test::{closure#1}, ()>
[INFO] [stdout]                                at /rustc/dfb0accb7f508ae8be965d8629557221c889dd98/library/std/src/sys/backtrace.rs:166:18
[INFO] [stdout]   36:     0x5e683c640482 - std[70759c8f55707aa4]::thread::lifecycle::spawn_unchecked::<test[9d35eded1c95d3be]::run_test::{closure#1}, ()>::{closure#1}::{closure#0}
[INFO] [stdout]                                at /rustc/dfb0accb7f508ae8be965d8629557221c889dd98/library/std/src/thread/lifecycle.rs:70:13
[INFO] [stdout]   37:     0x5e683c640482 - <core[df12db4294e9bfd3]::panic::unwind_safe::AssertUnwindSafe<std[70759c8f55707aa4]::thread::lifecycle::spawn_unchecked<test[9d35eded1c95d3be]::run_test::{closure#1}, ()>::{closure#1}::{closure#0}> as core[df12db4294e9bfd3]::ops::function::FnOnce<()>>::call_once
[INFO] [stdout]                                at /rustc/dfb0accb7f508ae8be965d8629557221c889dd98/library/core/src/panic/unwind_safe.rs:275:9
[INFO] [stdout]   38:     0x5e683c640482 - std[70759c8f55707aa4]::panicking::catch_unwind::do_call::<core[df12db4294e9bfd3]::panic::unwind_safe::AssertUnwindSafe<std[70759c8f55707aa4]::thread::lifecycle::spawn_unchecked<test[9d35eded1c95d3be]::run_test::{closure#1}, ()>::{closure#1}::{closure#0}>, ()>
[INFO] [stdout]                                at /rustc/dfb0accb7f508ae8be965d8629557221c889dd98/library/std/src/panicking.rs:576:43
[INFO] [stdout]   39:     0x5e683c640482 - std[70759c8f55707aa4]::panicking::catch_unwind::<(), core[df12db4294e9bfd3]::panic::unwind_safe::AssertUnwindSafe<std[70759c8f55707aa4]::thread::lifecycle::spawn_unchecked<test[9d35eded1c95d3be]::run_test::{closure#1}, ()>::{closure#1}::{closure#0}>>
[INFO] [stdout]                                at /rustc/dfb0accb7f508ae8be965d8629557221c889dd98/library/std/src/panicking.rs:544:19
[INFO] [stdout]   40:     0x5e683c640482 - std[70759c8f55707aa4]::panic::catch_unwind::<core[df12db4294e9bfd3]::panic::unwind_safe::AssertUnwindSafe<std[70759c8f55707aa4]::thread::lifecycle::spawn_unchecked<test[9d35eded1c95d3be]::run_test::{closure#1}, ()>::{closure#1}::{closure#0}>, ()>
[INFO] [stdout]                                at /rustc/dfb0accb7f508ae8be965d8629557221c889dd98/library/std/src/panic.rs:359:14
[INFO] [stdout]   41:     0x5e683c640482 - std[70759c8f55707aa4]::thread::lifecycle::spawn_unchecked::<test[9d35eded1c95d3be]::run_test::{closure#1}, ()>::{closure#1}
[INFO] [stdout]                                at /rustc/dfb0accb7f508ae8be965d8629557221c889dd98/library/std/src/thread/lifecycle.rs:68:26
[INFO] [stdout]   42:     0x5e683c640482 - <std[70759c8f55707aa4]::thread::lifecycle::spawn_unchecked<test[9d35eded1c95d3be]::run_test::{closure#1}, ()>::{closure#1} as core[df12db4294e9bfd3]::ops::function::FnOnce<()>>::call_once::{shim:vtable#0}
[INFO] [stdout]                                at /rustc/dfb0accb7f508ae8be965d8629557221c889dd98/library/core/src/ops/function.rs:250:5
[INFO] [stdout]   43:     0x5e683c6a8319 - <alloc[2182bb758b4b3781]::boxed::Box<dyn core[df12db4294e9bfd3]::ops::function::FnOnce<(), Output = ()> + core[df12db4294e9bfd3]::marker::Send> as core[df12db4294e9bfd3]::ops::function::FnOnce<()>>::call_once
[INFO] [stdout]                                at /rustc/dfb0accb7f508ae8be965d8629557221c889dd98/library/alloc/src/boxed.rs:2320:9
[INFO] [stdout]   44:     0x5e683c6a8319 - <std[70759c8f55707aa4]::sys::thread::unix::Thread>::new::thread_start
[INFO] [stdout]                                at /rustc/dfb0accb7f508ae8be965d8629557221c889dd98/library/std/src/sys/thread/unix.rs:123:17
[INFO] [stdout]   45:     0x74a73d6d3dfa - <unknown>
[INFO] [stdout]   46:     0x74a73d7673d4 - clone
[INFO] [stdout]   47:                0x0 - <unknown>
[INFO] [stdout] 
[INFO] [stdout] 
[INFO] [stdout] failures:
[INFO] [stdout]     every_command_the_skill_names_exists
[INFO] [stdout]     the_skill_names_every_top_level_command
[INFO] [stdout] 
[INFO] [stdout] test result: FAILED. 0 passed; 2 failed; 0 ignored; 0 measured; 0 filtered out; finished in 0.02s
[INFO] [stdout] 
[INFO] [stderr] error: test failed, to rerun pass `--test skill_doc`
[INFO] running `Command { std: "docker" "inspect" "5686011297bd41445d1bf0dbe3ec83aefdc658e03758374592f7f4715067de9b", kill_on_drop: false }`
[INFO] running `Command { std: "docker" "rm" "-f" "5686011297bd41445d1bf0dbe3ec83aefdc658e03758374592f7f4715067de9b", kill_on_drop: false }`
[INFO] [stdout] 5686011297bd41445d1bf0dbe3ec83aefdc658e03758374592f7f4715067de9b
