[INFO] fetching crate cheadergen_cli 0.3.2...
[INFO] testing cheadergen_cli-0.3.2 against 1.99.0-beta.8 for beta-1.100-2
[INFO] extracting crate cheadergen_cli 0.3.2 into /workspace/builds/worker-3-tc1/source
[INFO] started tweaking crates.io crate cheadergen_cli 0.3.2
[INFO] finished tweaking crates.io crate cheadergen_cli 0.3.2
[INFO] tweaked toml for crates.io crate cheadergen_cli 0.3.2 written to /workspace/builds/worker-3-tc1/source/Cargo.toml
[INFO] validating manifest of crates.io crate cheadergen_cli 0.3.2 on toolchain 1.99.0-beta.8
[INFO] running `Command { std: CARGO_HOME="/workspace/cargo-home" RUSTUP_HOME="/workspace/rustup-home" "/workspace/cargo-home/bin/cargo" "+1.99.0-beta.8" "metadata" "--manifest-path" "Cargo.toml" "--no-deps", kill_on_drop: false }`
[INFO] crate crates.io crate cheadergen_cli 0.3.2 already has a lockfile, it will not be regenerated
[INFO] running `Command { std: CARGO_HOME="/workspace/cargo-home" RUSTUP_HOME="/workspace/rustup-home" "/workspace/cargo-home/bin/cargo" "+1.99.0-beta.8" "fetch" "--manifest-path" "Cargo.toml", kill_on_drop: false }`
[INFO] [stderr]     Updating crates.io index
[INFO] [stderr]  Downloading crates ...
[INFO] [stderr]   Downloaded serde_stacker v0.1.14
[INFO] [stderr]   Downloaded tracing_log_error v0.1.4
[INFO] [stderr]   Downloaded stacker v0.1.24
[INFO] [stderr]   Downloaded rustdoc_resolver v0.1.1
[INFO] [stderr]   Downloaded rustdoc_processor v0.1.1
[INFO] [stderr]   Downloaded globwalk v0.9.1
[INFO] [stderr]   Downloaded nested v0.1.1
[INFO] [stderr]   Downloaded insta v1.47.2
[INFO] [stderr]   Downloaded wasm-bindgen-shared v0.2.120
[INFO] [stderr]   Downloaded ptr_meta_derive v0.3.1
[INFO] [stderr]   Downloaded rend v0.5.3
[INFO] [stderr]   Downloaded bytecheck_derive v0.8.2
[INFO] [stderr]   Downloaded munge v0.4.7
[INFO] [stderr]   Downloaded guppy-workspace-hack v0.1.0
[INFO] [stderr]   Downloaded cargo-platform v0.3.3
[INFO] [stderr]   Downloaded wasm-bindgen-macro v0.2.120
[INFO] [stderr]   Downloaded bytecheck v0.8.2
[INFO] [stderr]   Downloaded ptr_meta v0.3.1
[INFO] [stderr]   Downloaded munge_macro v0.4.7
[INFO] [stderr]   Downloaded debug-ignore v1.0.5
[INFO] [stderr]   Downloaded bincode_derive v2.0.1
[INFO] [stderr]   Downloaded rkyv_derive v0.8.16
[INFO] [stderr]   Downloaded rancor v0.1.1
[INFO] [stderr]   Downloaded target-lexicon v0.13.3
[INFO] [stderr]   Downloaded bimap v0.6.3
[INFO] [stderr]   Downloaded r2d2_sqlite v0.25.0
[INFO] [stderr]   Downloaded elsa v1.11.2
[INFO] [stderr]   Downloaded virtue v0.0.18
[INFO] [stderr]   Downloaded rustdoc_ir v0.1.1
[INFO] [stderr]   Downloaded rustdoc_ext v0.1.1
[INFO] [stderr]   Downloaded psm v0.1.31
[INFO] [stderr]   Downloaded wasm-bindgen v0.2.120
[INFO] [stderr]   Downloaded target-spec v3.6.0
[INFO] [stderr]   Downloaded cfg-expr v0.20.7
[INFO] [stderr]   Downloaded ignore v0.4.25
[INFO] [stderr]   Downloaded fs-err v3.3.0
[INFO] [stderr]   Downloaded console v0.16.3
[INFO] [stderr]   Downloaded annotate-snippets v0.11.5
[INFO] [stderr]   Downloaded rustdoc-types v0.57.3
[INFO] [stderr]   Downloaded wasm-bindgen-macro-support v0.2.120
[INFO] [stderr]   Downloaded js-sys v0.3.97
[INFO] [stderr]   Downloaded rand v0.10.1
[INFO] [stderr]   Downloaded guppy v0.17.26
[INFO] [stderr]   Downloaded rkyv v0.8.16
[INFO] running `Command { std: "docker" "create" "-v" "/var/lib/crater-agent-workspace/builds/worker-3-tc1/source:/opt/rustwide/workdir:ro,Z" "-v" "/var/lib/crater-agent-workspace/builds/worker-3-tc1/target:/opt/rustwide/target:rw,Z" "-v" "/var/lib/crater-agent-workspace/cargo-home:/opt/rustwide/cargo-home:ro,Z" "-v" "/var/lib/crater-agent-workspace/rustup-home:/opt/rustwide/rustup-home:ro,Z" "-m" "1610612736" "--network" "none" "ghcr.io/rust-lang/crates-build-env/linux@sha256:3111399a4047eeb3a02b7a90e478d715f38a8c6669b5c4b49d30a17385265909" "sleep" "infinity", kill_on_drop: false }`
[INFO] [stdout] 0a4246bd8f9f8b61cd52d1cf46d2dbb11f8f2ee9272020857a5238f7ba77f623
[INFO] running `Command { std: "docker" "start" "0a4246bd8f9f8b61cd52d1cf46d2dbb11f8f2ee9272020857a5238f7ba77f623", kill_on_drop: false }`
[INFO] running `Command { std: "docker" "inspect" "0a4246bd8f9f8b61cd52d1cf46d2dbb11f8f2ee9272020857a5238f7ba77f623", kill_on_drop: false }`
[INFO] running `Command { std: "docker" "exec" "-e" "SOURCE_DIR=/opt/rustwide/workdir" "-e" "CARGO_HOME=/opt/rustwide/cargo-home" "-e" "RUSTUP_HOME=/opt/rustwide/rustup-home" "-e" "CARGO_TARGET_DIR=/opt/rustwide/target" "-w" "/opt/rustwide/workdir" "--user" "0:0" "0a4246bd8f9f8b61cd52d1cf46d2dbb11f8f2ee9272020857a5238f7ba77f623" "/opt/rustwide/cargo-home/bin/cargo" "+1.99.0-beta.8" "metadata" "--no-deps" "--format-version=1", kill_on_drop: false }`
[INFO] running `Command { std: "docker" "inspect" "0a4246bd8f9f8b61cd52d1cf46d2dbb11f8f2ee9272020857a5238f7ba77f623", kill_on_drop: false }`
[INFO] running `Command { std: "docker" "exec" "-e" "SOURCE_DIR=/opt/rustwide/workdir" "-e" "CARGO_HOME=/opt/rustwide/cargo-home" "-e" "RUSTUP_HOME=/opt/rustwide/rustup-home" "-e" "CARGO_TARGET_DIR=/opt/rustwide/target" "-e" "CARGO_INCREMENTAL=0" "-e" "RUST_BACKTRACE=full" "-e" "RUSTFLAGS=--cap-lints=warn" "-e" "RUSTDOCFLAGS=--cap-lints=warn" "-w" "/opt/rustwide/workdir" "--user" "0:0" "0a4246bd8f9f8b61cd52d1cf46d2dbb11f8f2ee9272020857a5238f7ba77f623" "/opt/rustwide/cargo-home/bin/cargo" "+1.99.0-beta.8" "build" "--frozen" "--message-format=json", kill_on_drop: false }`
[INFO] [stderr]    Compiling serde_core v1.0.228
[INFO] [stderr]    Compiling cc v1.2.61
[INFO] [stderr]    Compiling memchr v2.8.0
[INFO] [stderr]    Compiling getrandom v0.3.4
[INFO] [stderr]    Compiling proc-macro2 v1.0.106
[INFO] [stderr]    Compiling ahash v0.8.12
[INFO] [stderr]    Compiling object v0.37.3
[INFO] [stderr]    Compiling serde v1.0.228
[INFO] [stderr]    Compiling camino v1.2.2
[INFO] [stderr]    Compiling target-lexicon v0.13.3
[INFO] [stderr]    Compiling hashbrown v0.17.0
[INFO] [stderr]    Compiling guppy-workspace-hack v0.1.0
[INFO] [stderr]    Compiling serde_json v1.0.149
[INFO] [stderr]    Compiling quote v1.0.45
[INFO] [stderr]    Compiling simdutf8 v0.1.5
[INFO] [stderr]    Compiling syn v2.0.117
[INFO] [stderr]    Compiling thiserror v2.0.18
[INFO] [stderr]    Compiling crossbeam-epoch v0.9.18
[INFO] [stderr]    Compiling zmij v1.0.21
[INFO] [stderr]    Compiling either v1.15.0
[INFO] [stderr]    Compiling getrandom v0.4.2
[INFO] [stderr]    Compiling target-spec v3.6.0
[INFO] [stderr]    Compiling cfg-expr v0.20.7
[INFO] [stderr]    Compiling hashbrown v0.15.5
[INFO] [stderr]    Compiling crossbeam-deque v0.8.6
[INFO] [stderr]    Compiling libsqlite3-sys v0.30.1
[INFO] [stderr]    Compiling parking_lot_core v0.9.12
[INFO] [stderr]    Compiling aho-corasick v1.1.4
[INFO] [stderr]    Compiling regex-syntax v0.8.10
[INFO] [stderr]    Compiling fixedbitset v0.5.7
[INFO] [stderr]    Compiling cpufeatures v0.3.0
[INFO] [stderr]    Compiling chacha20 v0.10.0
[INFO] [stderr]    Compiling parking_lot v0.12.5
[INFO] [stderr]    Compiling semver v1.0.28
[INFO] [stderr]    Compiling cargo-platform v0.3.3
[INFO] [stderr]    Compiling indexmap v2.14.0
[INFO] [stderr]    Compiling regex-automata v0.4.14
[INFO] [stderr]    Compiling pathdiff v0.2.3
[INFO] [stderr]    Compiling stacker v0.1.24
[INFO] [stderr]    Compiling itertools v0.14.0
[INFO] [stderr]    Compiling petgraph v0.8.3
[INFO] [stderr]    Compiling ar_archive_writer v0.5.1
[INFO] [stderr]    Compiling bstr v1.12.1
[INFO] [stderr]    Compiling hashbrown v0.14.5
[INFO] [stderr]    Compiling nested v0.1.1
[INFO] [stderr]    Compiling rustc-hash v2.1.2
[INFO] [stderr]    Compiling anyhow v1.0.102
[INFO] [stderr]    Compiling rayon-core v1.13.0
[INFO] [stderr]    Compiling winnow v1.0.2
[INFO] [stderr]    Compiling psm v0.1.31
[INFO] [stderr]    Compiling debug-ignore v1.0.5
[INFO] [stderr]    Compiling fs-err v3.3.0
[INFO] [stderr]    Compiling walkdir v2.5.0
[INFO] [stderr]    Compiling toml_parser v1.1.2+spec-1.1.0
[INFO] [stderr]    Compiling hashlink v0.9.1
[INFO] [stderr]    Compiling rand v0.10.1
[INFO] [stderr]    Compiling serde_spanned v1.1.1
[INFO] [stderr]    Compiling scheduled-thread-pool v0.2.7
[INFO] [stderr]    Compiling virtue v0.0.18
[INFO] [stderr]    Compiling ptr_meta_derive v0.3.1
[INFO] [stderr]    Compiling serde_derive v1.0.228
[INFO] [stderr]    Compiling bytecheck_derive v0.8.2
[INFO] [stderr]    Compiling ptr_meta v0.3.1
[INFO] [stderr]    Compiling rancor v0.1.1
[INFO] [stderr]    Compiling munge_macro v0.4.7
[INFO] [stderr]    Compiling thiserror-impl v2.0.18
[INFO] [stderr]    Compiling rkyv_derive v0.8.16
[INFO] [stderr]    Compiling tracing-attributes v0.1.31
[INFO] [stderr]    Compiling bytecheck v0.8.2
[INFO] [stderr]    Compiling munge v0.4.7
[INFO] [stderr]    Compiling rend v0.5.3
[INFO] [stderr]    Compiling globset v0.4.18
[INFO] [stderr]    Compiling toml_writer v1.1.1+spec-1.1.0
[INFO] [stderr]    Compiling fallible-streaming-iterator v0.1.9
[INFO] [stderr]    Compiling fallible-iterator v0.3.0
[INFO] [stderr]    Compiling ignore v0.4.25
[INFO] [stderr]    Compiling tracing v0.1.44
[INFO] [stderr]    Compiling bincode_derive v2.0.1
[INFO] [stderr]    Compiling uuid v1.23.1
[INFO] [stderr]    Compiling r2d2 v0.8.10
[INFO] [stderr]    Compiling toml_datetime v0.7.5+spec-1.1.0
[INFO] [stderr]    Compiling winnow v0.7.15
[INFO] [stderr]    Compiling stable_deref_trait v1.2.1
[INFO] [stderr]    Compiling bimap v0.6.3
[INFO] [stderr]    Compiling unty v0.0.4
[INFO] [stderr]    Compiling elsa v1.11.2
[INFO] [stderr]    Compiling rayon v1.12.0
[INFO] [stderr]    Compiling globwalk v0.9.1
[INFO] [stderr]    Compiling serde_stacker v0.1.14
[INFO] [stderr]    Compiling tracing_log_error v0.1.4
[INFO] [stderr]    Compiling num_cpus v1.17.0
[INFO] [stderr]    Compiling xxhash-rust v0.8.15
[INFO] [stderr]    Compiling cargo_metadata v0.23.1
[INFO] [stderr]    Compiling bincode v2.0.1
[INFO] [stderr]    Compiling heck v0.5.0
[INFO] [stderr]    Compiling clap_derive v4.6.1
[INFO] [stderr]    Compiling toml v0.9.12+spec-1.1.0
[INFO] [stderr]    Compiling rkyv v0.8.16
[INFO] [stderr]    Compiling clap_builder v4.6.0
[INFO] [stderr]    Compiling guppy v0.17.26
[INFO] [stderr]    Compiling toml_datetime v1.1.1+spec-1.1.0
[INFO] [stderr]    Compiling rusqlite v0.32.1
[INFO] [stderr]    Compiling annotate-snippets v0.11.5
[INFO] [stderr]    Compiling toml v1.1.2+spec-1.1.0
[INFO] [stderr]    Compiling xdg-home v1.3.0
[INFO] [stderr]    Compiling r2d2_sqlite v0.25.0
[INFO] [stderr]    Compiling clap v4.6.1
[INFO] [stderr]    Compiling rustdoc-types v0.57.3
[INFO] [stderr]    Compiling rustdoc_ext v0.1.1
[INFO] [stderr]    Compiling rustdoc_ir v0.1.1
[INFO] [stderr]    Compiling rustdoc_processor v0.1.1
[INFO] [stderr]    Compiling rustdoc_resolver v0.1.1
[INFO] [stderr]    Compiling cheadergen_cli v0.3.2 (/opt/rustwide/workdir)
[INFO] [stderr]     Finished `dev` profile [unoptimized + debuginfo] target(s) in 2m 21s
[INFO] running `Command { std: "docker" "inspect" "0a4246bd8f9f8b61cd52d1cf46d2dbb11f8f2ee9272020857a5238f7ba77f623", kill_on_drop: false }`
[INFO] running `Command { std: "docker" "exec" "-e" "SOURCE_DIR=/opt/rustwide/workdir" "-e" "CARGO_HOME=/opt/rustwide/cargo-home" "-e" "RUSTUP_HOME=/opt/rustwide/rustup-home" "-e" "CARGO_TARGET_DIR=/opt/rustwide/target" "-e" "CARGO_INCREMENTAL=0" "-e" "RUST_BACKTRACE=full" "-e" "RUSTFLAGS=--cap-lints=warn" "-e" "RUSTDOCFLAGS=--cap-lints=warn" "-w" "/opt/rustwide/workdir" "--user" "0:0" "0a4246bd8f9f8b61cd52d1cf46d2dbb11f8f2ee9272020857a5238f7ba77f623" "/opt/rustwide/cargo-home/bin/cargo" "+1.99.0-beta.8" "test" "--frozen" "--no-run" "--message-format=json", kill_on_drop: false }`
[INFO] [stderr]    Compiling bitflags v2.11.1
[INFO] [stderr]    Compiling fastrand v2.4.1
[INFO] [stderr]    Compiling console v0.16.3
[INFO] [stderr]    Compiling rusqlite v0.32.1
[INFO] [stderr]    Compiling rustix v1.1.4
[INFO] [stderr]    Compiling globwalk v0.9.1
[INFO] [stderr]    Compiling r2d2_sqlite v0.25.0
[INFO] [stderr]    Compiling rustdoc_processor v0.1.1
[INFO] [stderr]    Compiling tempfile v3.27.0
[INFO] [stderr]    Compiling insta v1.47.2
[INFO] [stderr]    Compiling rustdoc_resolver v0.1.1
[INFO] [stderr]    Compiling cheadergen_cli v0.3.2 (/opt/rustwide/workdir)
[INFO] [stderr]     Finished `test` profile [unoptimized + debuginfo] target(s) in 23.84s
[INFO] running `Command { std: "docker" "inspect" "0a4246bd8f9f8b61cd52d1cf46d2dbb11f8f2ee9272020857a5238f7ba77f623", kill_on_drop: false }`
[INFO] running `Command { std: "docker" "exec" "-e" "SOURCE_DIR=/opt/rustwide/workdir" "-e" "CARGO_HOME=/opt/rustwide/cargo-home" "-e" "RUSTUP_HOME=/opt/rustwide/rustup-home" "-e" "CARGO_TARGET_DIR=/opt/rustwide/target" "-e" "CARGO_INCREMENTAL=0" "-e" "RUST_BACKTRACE=full" "-e" "RUSTFLAGS=--cap-lints=warn" "-e" "RUSTDOCFLAGS=--cap-lints=warn" "-w" "/opt/rustwide/workdir" "--user" "0:0" "0a4246bd8f9f8b61cd52d1cf46d2dbb11f8f2ee9272020857a5238f7ba77f623" "/opt/rustwide/cargo-home/bin/cargo" "+1.99.0-beta.8" "test" "--frozen", kill_on_drop: false }`
[INFO] [stderr]     Finished `test` profile [unoptimized + debuginfo] target(s) in 0.22s
[INFO] [stderr]      Running unittests src/main.rs (/opt/rustwide/target/debug/deps/cheadergen-8af4d1a5377e2873)
[INFO] [stdout] 
[INFO] [stdout] running 59 tests
[INFO] [stdout] test analysis::tests::same_file_orders_by_line_then_column ... ok
[INFO] [stdout] test cli::cache::tests::defaults_rust_toolchain ... ok
[INFO] [stdout] test cli::input::tests::matches_when_cwd_equals_candidate_root ... ok
[INFO] [stdout] test analysis::tests::missing_spans_sort_after_spanned_items ... ok
[INFO] [stdout] test cli::cache::tests::accepts_rust_toolchain_flag ... ok
[INFO] [stdout] test analysis::tests::filename_outranks_position ... ok
[INFO] [stdout] test cli::generate::tests::accepts_rust_toolchain_flag ... ok
[INFO] [stdout] test cli::input::tests::prefers_closest_match_in_hybrid_workspace ... ok
[INFO] [stdout] test cli::input::tests::picks_candidate_that_contains_cwd ... ok
[INFO] [stdout] test cli::input::tests::returns_none_when_no_candidate_contains_cwd ... ok
[INFO] [stdout] test cli::generate::tests::defaults_rust_toolchain ... ok
[INFO] [stdout] test cli::generate::tests::write_header_if_changed_skips_identical_content ... ok
[INFO] [stdout] test cli::input::tests::cwd_at_virtual_root_with_nested_members_finds_no_match ... ok
[INFO] [stdout] test cli::input::tests::uses_component_prefix_not_string_prefix ... ok
[INFO] [stdout] test config::cbindgen::tests::cython_language_skipped ... ok
[INFO] [stdout] test config::cbindgen::tests::cpp_language_alias ... ok
[INFO] [stdout] test config::cbindgen::tests::empty_config_produces_empty_output ... ok
[INFO] [stdout] test config::cbindgen::tests::c_language_explicit ... ok
[INFO] [stdout] test config::cbindgen::tests::all_supported_fields ... ok
[INFO] [stdout] test config::cbindgen::tests::cxx_language_creates_cxx_section ... ok
[INFO] [stdout] test config::cbindgen::tests::roundtrip_serialization ... ok
[INFO] [stdout] test config::cbindgen::tests::translate_file_end_to_end ... ok
[INFO] [stdout] test config::cbindgen::tests::translate_file_end_to_end_with_unsupported_fields ... ok
[INFO] [stdout] test config::cbindgen::tests::default_values_suppressed ... ok
[INFO] [stdout] test config::cbindgen::tests::unsupported_fields_produce_comments ... ok
[INFO] [stdout] test config::cbindgen::tests::unsupported_fields_with_supported_fields ... ok
[INFO] [stdout] test config::tests::cli_overrides_cpp_compat ... ok
[INFO] [stdout] test config::tests::cxx_alias_parses ... ok
[INFO] [stdout] test config::tests::cxx_rejected ... ok
[INFO] [stdout] test config::tests::empty_config ... ok
[INFO] [stdout] test config::tests::full_c_config ... ok
[INFO] [stdout] test config::tests::header_section_basic ... ok
[INFO] [stdout] test config::cbindgen::tests::unrecognized_style_skipped ... ok
[INFO] [stdout] test config::tests::header_section_inherits_global_language ... ok
[INFO] [stdout] test config::tests::full_cxx_config_rejected ... ok
[INFO] [stdout] test config::tests::header_section_override_priority ... ok
[INFO] [stdout] test config::tests::header_section_common_overrides_global ... ok
[INFO] [stdout] test config::tests::header_section_empty_is_valid ... ok
[INFO] [stdout] test config::tests::include_guard_rejected_at_global_level ... ok
[INFO] [stdout] test config::tests::header_section_language_overrides_global ... ok
[INFO] [stdout] test config::tests::package_opaque_mode ... ok
[INFO] [stdout] test config::tests::multi_language_config ... ok
[INFO] [stdout] test config::tests::package_skip_mode ... ok
[INFO] [stdout] test config::tests::package_unknown_field_rejected ... ok
[INFO] [stdout] test config::tests::package_versioned_key ... ok
[INFO] [stdout] test config::tests::package_with_other_config ... ok
[INFO] [stdout] test config::tests::section_overrides_common ... ok
[INFO] [stdout] test config::tests::usize_is_size_t_global_default ... ok
[INFO] [stdout] test config::tests::usize_is_size_t_global_set ... ok
[INFO] [stdout] test config::tests::usize_is_size_t_per_package ... ok
[INFO] [stdout] test config::tests::usize_is_size_t_per_package_with_types ... ok
[INFO] [stdout] test indexing::tests::apply_each_rule ... ok
[INFO] [stdout] test indexing::tests::from_diagnostic_str_round_trips ... ok
[INFO] [stdout] test config::tests::multiple_header_sections ... ok
[INFO] [stdout] test config::tests::package_empty_section_accepted ... ok
[INFO] [stdout] test config::tests::header_section_sort_by_flows_to_type_sort_by ... ok
[INFO] [stdout] test config::tests::header_section_unknown_field_rejected ... ok
[INFO] [stdout] test config::tests::cli_overrides_style ... ok
[INFO] [stdout] test config::tests::config_reference_documents_every_field ... FAILED
[INFO] [stdout] 
[INFO] [stdout] failures:
[INFO] [stdout] 
[INFO] [stdout] ---- config::tests::config_reference_documents_every_field stdout ----
[INFO] [stdout] 
[INFO] [stdout] thread 'config::tests::config_reference_documents_every_field' (1994) panicked at src/config/mod.rs:1751:33:
[INFO] [stdout] failed to read /opt/rustwide/workdir/../cheadergen/src/config_reference.rs: No such file or directory (os error 2)
[INFO] [stdout] stack backtrace:
[INFO] [stdout]    0:     0x615ce70f0c41 - std[70759c8f55707aa4]::backtrace_rs::backtrace::libunwind::trace
[INFO] [stdout]                                at /rustc/dfb0accb7f508ae8be965d8629557221c889dd98/library/std/src/../../backtrace/src/backtrace/libunwind.rs:117:9
[INFO] [stdout]    1:     0x615ce70f0c41 - std[70759c8f55707aa4]::backtrace_rs::backtrace::trace_unsynchronized::<std[70759c8f55707aa4]::sys::backtrace::_print_fmt::{closure#1}>
[INFO] [stdout]                                at /rustc/dfb0accb7f508ae8be965d8629557221c889dd98/library/std/src/../../backtrace/src/backtrace/mod.rs:66:14
[INFO] [stdout]    2:     0x615ce70f0c41 - std[70759c8f55707aa4]::sys::backtrace::_print_fmt
[INFO] [stdout]                                at /rustc/dfb0accb7f508ae8be965d8629557221c889dd98/library/std/src/sys/backtrace.rs:74:9
[INFO] [stdout]    3:     0x615ce70f0c41 - <<std[70759c8f55707aa4]::sys::backtrace::BacktraceLock>::print::DisplayBacktrace as core[df12db4294e9bfd3]::fmt::Display>::fmt
[INFO] [stdout]                                at /rustc/dfb0accb7f508ae8be965d8629557221c889dd98/library/std/src/sys/backtrace.rs:44:26
[INFO] [stdout]    4:     0x615ce710903a - <core[df12db4294e9bfd3]::fmt::rt::Argument>::fmt
[INFO] [stdout]                                at /rustc/dfb0accb7f508ae8be965d8629557221c889dd98/library/core/src/fmt/rt.rs:152:76
[INFO] [stdout]    5:     0x615ce710903a - core[df12db4294e9bfd3]::fmt::write
[INFO] [stdout]    6:     0x615ce70f62fc - core[df12db4294e9bfd3]::io::write::default_write_fmt::<alloc[2182bb758b4b3781]::vec::Vec<u8>>
[INFO] [stdout]                                at /rustc/dfb0accb7f508ae8be965d8629557221c889dd98/library/core/src/io/write.rs:402:11
[INFO] [stdout]    7:     0x615ce70f62fc - <alloc[2182bb758b4b3781]::vec::Vec<u8> as core[df12db4294e9bfd3]::io::write::Write>::write_fmt
[INFO] [stdout]                                at /rustc/dfb0accb7f508ae8be965d8629557221c889dd98/library/core/src/io/write.rs:335:13
[INFO] [stdout]    8:     0x615ce70c9df6 - <std[70759c8f55707aa4]::sys::backtrace::BacktraceLock>::print
[INFO] [stdout]                                at /rustc/dfb0accb7f508ae8be965d8629557221c889dd98/library/std/src/sys/backtrace.rs:47:9
[INFO] [stdout]    9:     0x615ce70c9df6 - std[70759c8f55707aa4]::panicking::default_hook::{closure#0}
[INFO] [stdout]                                at /rustc/dfb0accb7f508ae8be965d8629557221c889dd98/library/std/src/panicking.rs:292:27
[INFO] [stdout]   10:     0x615ce70e7e39 - std[70759c8f55707aa4]::panicking::default_hook
[INFO] [stdout]                                at /rustc/dfb0accb7f508ae8be965d8629557221c889dd98/library/std/src/panicking.rs:316:9
[INFO] [stdout]   11:     0x615ce6f51530 - <alloc[2182bb758b4b3781]::boxed::Box<dyn for<'a, 'b> core[df12db4294e9bfd3]::ops::function::Fn<(&'a std[70759c8f55707aa4]::panic::PanicHookInfo<'b>,), Output = ()> + core[df12db4294e9bfd3]::marker::Send + core[df12db4294e9bfd3]::marker::Sync> as core[df12db4294e9bfd3]::ops::function::Fn<(&std[70759c8f55707aa4]::panic::PanicHookInfo,)>>::call
[INFO] [stdout]                                at /rustc/dfb0accb7f508ae8be965d8629557221c889dd98/library/alloc/src/boxed.rs:2334:9
[INFO] [stdout]   12:     0x615ce6f51530 - test[9d35eded1c95d3be]::test_main_inner::<test[9d35eded1c95d3be]::test_main_static::{closure#0}>::{closure#0}
[INFO] [stdout]                                at /rustc/dfb0accb7f508ae8be965d8629557221c889dd98/library/test/src/lib.rs:155:21
[INFO] [stdout]   13:     0x615ce70e7ff2 - <alloc[2182bb758b4b3781]::boxed::Box<dyn for<'a, 'b> core[df12db4294e9bfd3]::ops::function::Fn<(&'a std[70759c8f55707aa4]::panic::PanicHookInfo<'b>,), Output = ()> + core[df12db4294e9bfd3]::marker::Send + core[df12db4294e9bfd3]::marker::Sync> as core[df12db4294e9bfd3]::ops::function::Fn<(&std[70759c8f55707aa4]::panic::PanicHookInfo,)>>::call
[INFO] [stdout]                                at /rustc/dfb0accb7f508ae8be965d8629557221c889dd98/library/alloc/src/boxed.rs:2334:9
[INFO] [stdout]   14:     0x615ce70e7ff2 - std[70759c8f55707aa4]::panicking::panic_with_hook
[INFO] [stdout]                                at /rustc/dfb0accb7f508ae8be965d8629557221c889dd98/library/std/src/panicking.rs:823:13
[INFO] [stdout]   15:     0x615ce70c9ea2 - std[70759c8f55707aa4]::panicking::panic_handler::{closure#0}
[INFO] [stdout]                                at /rustc/dfb0accb7f508ae8be965d8629557221c889dd98/library/std/src/panicking.rs:688:13
[INFO] [stdout]   16:     0x615ce70c2749 - std[70759c8f55707aa4]::sys::backtrace::__rust_end_short_backtrace::<std[70759c8f55707aa4]::panicking::panic_handler::{closure#0}, !>
[INFO] [stdout]                                at /rustc/dfb0accb7f508ae8be965d8629557221c889dd98/library/std/src/sys/backtrace.rs:182:18
[INFO] [stdout]   17:     0x615ce70cab3d - __rustc[8fa7c3cbc660c2b3]::rust_begin_unwind
[INFO] [stdout]                                at /rustc/dfb0accb7f508ae8be965d8629557221c889dd98/library/std/src/panicking.rs:679:5
[INFO] [stdout]   18:     0x615ce710985c - core[df12db4294e9bfd3]::panicking::panic_fmt
[INFO] [stdout]                                at /rustc/dfb0accb7f508ae8be965d8629557221c889dd98/library/core/src/panicking.rs:80:14
[INFO] [stdout]   19:     0x615ce6d75b1c - cheadergen[d47860b38c633106]::config::tests::config_reference_documents_every_field::{closure#0}
[INFO] [stdout]                                at /opt/rustwide/workdir/src/config/mod.rs:1751:33
[INFO] [stdout]   20:     0x615ce6da0f81 - <core[df12db4294e9bfd3]::result::Result<alloc[2182bb758b4b3781]::string::String, core[df12db4294e9bfd3]::io::error::Error>>::unwrap_or_else::<cheadergen[d47860b38c633106]::config::tests::config_reference_documents_every_field::{closure#0}>
[INFO] [stdout]                                at /rustc/dfb0accb7f508ae8be965d8629557221c889dd98/library/core/src/result.rs:1621:23
[INFO] [stdout]   21:     0x615ce6d7f637 - cheadergen[d47860b38c633106]::config::tests::config_reference_documents_every_field
[INFO] [stdout]                                at /opt/rustwide/workdir/src/config/mod.rs:1751:14
[INFO] [stdout]   22:     0x615ce6d758c7 - cheadergen[d47860b38c633106]::config::tests::config_reference_documents_every_field::{closure#0}
[INFO] [stdout]                                at /opt/rustwide/workdir/src/config/mod.rs:1642:48
[INFO] [stdout]   23:     0x615ce6d44326 - <cheadergen[d47860b38c633106]::config::tests::config_reference_documents_every_field::{closure#0} as core[df12db4294e9bfd3]::ops::function::FnOnce<()>>::call_once
[INFO] [stdout]                                at /rustc/dfb0accb7f508ae8be965d8629557221c889dd98/library/core/src/ops/function.rs:250:5
[INFO] [stdout]   24:     0x615ce6f4481b - <fn() -> core[df12db4294e9bfd3]::result::Result<(), alloc[2182bb758b4b3781]::string::String> as core[df12db4294e9bfd3]::ops::function::FnOnce<()>>::call_once
[INFO] [stdout]                                at /rustc/dfb0accb7f508ae8be965d8629557221c889dd98/library/core/src/ops/function.rs:250:5
[INFO] [stdout]   25:     0x615ce6f4481b - test[9d35eded1c95d3be]::__rust_begin_short_backtrace::<core[df12db4294e9bfd3]::result::Result<(), alloc[2182bb758b4b3781]::string::String>, fn() -> core[df12db4294e9bfd3]::result::Result<(), alloc[2182bb758b4b3781]::string::String>>
[INFO] [stdout]                                at /rustc/dfb0accb7f508ae8be965d8629557221c889dd98/library/test/src/lib.rs:733:18
[INFO] [stdout]   26:     0x615ce6f51e85 - test[9d35eded1c95d3be]::run_test_in_process::{closure#0}
[INFO] [stdout]                                at /rustc/dfb0accb7f508ae8be965d8629557221c889dd98/library/test/src/lib.rs:756:74
[INFO] [stdout]   27:     0x615ce6f51e85 - <core[df12db4294e9bfd3]::panic::unwind_safe::AssertUnwindSafe<test[9d35eded1c95d3be]::run_test_in_process::{closure#0}> as core[df12db4294e9bfd3]::ops::function::FnOnce<()>>::call_once
[INFO] [stdout]                                at /rustc/dfb0accb7f508ae8be965d8629557221c889dd98/library/core/src/panic/unwind_safe.rs:275:9
[INFO] [stdout]   28:     0x615ce6f51e85 - std[70759c8f55707aa4]::panicking::catch_unwind::do_call::<core[df12db4294e9bfd3]::panic::unwind_safe::AssertUnwindSafe<test[9d35eded1c95d3be]::run_test_in_process::{closure#0}>, core[df12db4294e9bfd3]::result::Result<(), alloc[2182bb758b4b3781]::string::String>>
[INFO] [stdout]                                at /rustc/dfb0accb7f508ae8be965d8629557221c889dd98/library/std/src/panicking.rs:576:43
[INFO] [stdout]   29:     0x615ce6f51e85 - std[70759c8f55707aa4]::panicking::catch_unwind::<core[df12db4294e9bfd3]::result::Result<(), alloc[2182bb758b4b3781]::string::String>, core[df12db4294e9bfd3]::panic::unwind_safe::AssertUnwindSafe<test[9d35eded1c95d3be]::run_test_in_process::{closure#0}>>
[INFO] [stdout]                                at /rustc/dfb0accb7f508ae8be965d8629557221c889dd98/library/std/src/panicking.rs:544:19
[INFO] [stdout]   30:     0x615ce6f51e85 - std[70759c8f55707aa4]::panic::catch_unwind::<core[df12db4294e9bfd3]::panic::unwind_safe::AssertUnwindSafe<test[9d35eded1c95d3be]::run_test_in_process::{closure#0}>, core[df12db4294e9bfd3]::result::Result<(), alloc[2182bb758b4b3781]::string::String>>
[INFO] [stdout]                                at /rustc/dfb0accb7f508ae8be965d8629557221c889dd98/library/std/src/panic.rs:359:14
[INFO] [stdout]   31:     0x615ce6f51e85 - test[9d35eded1c95d3be]::run_test_in_process
[INFO] [stdout]                                at /rustc/dfb0accb7f508ae8be965d8629557221c889dd98/library/test/src/lib.rs:756:27
[INFO] [stdout]   32:     0x615ce6f51e85 - test[9d35eded1c95d3be]::run_test::{closure#0}
[INFO] [stdout]                                at /rustc/dfb0accb7f508ae8be965d8629557221c889dd98/library/test/src/lib.rs:677:43
[INFO] [stdout]   33:     0x615ce6f4b744 - test[9d35eded1c95d3be]::run_test::{closure#1}
[INFO] [stdout]                                at /rustc/dfb0accb7f508ae8be965d8629557221c889dd98/library/test/src/lib.rs:707:41
[INFO] [stdout]   34:     0x615ce6f4b744 - std[70759c8f55707aa4]::sys::backtrace::__rust_begin_short_backtrace::<test[9d35eded1c95d3be]::run_test::{closure#1}, ()>
[INFO] [stdout]                                at /rustc/dfb0accb7f508ae8be965d8629557221c889dd98/library/std/src/sys/backtrace.rs:166:18
[INFO] [stdout]   35:     0x615ce6f54fe2 - std[70759c8f55707aa4]::thread::lifecycle::spawn_unchecked::<test[9d35eded1c95d3be]::run_test::{closure#1}, ()>::{closure#1}::{closure#0}
[INFO] [stdout]                                at /rustc/dfb0accb7f508ae8be965d8629557221c889dd98/library/std/src/thread/lifecycle.rs:70:13
[INFO] [stdout]   36:     0x615ce6f54fe2 - <core[df12db4294e9bfd3]::panic::unwind_safe::AssertUnwindSafe<std[70759c8f55707aa4]::thread::lifecycle::spawn_unchecked<test[9d35eded1c95d3be]::run_test::{closure#1}, ()>::{closure#1}::{closure#0}> as core[df12db4294e9bfd3]::ops::function::FnOnce<()>>::call_once
[INFO] [stdout]                                at /rustc/dfb0accb7f508ae8be965d8629557221c889dd98/library/core/src/panic/unwind_safe.rs:275:9
[INFO] [stdout]   37:     0x615ce6f54fe2 - std[70759c8f55707aa4]::panicking::catch_unwind::do_call::<core[df12db4294e9bfd3]::panic::unwind_safe::AssertUnwindSafe<std[70759c8f55707aa4]::thread::lifecycle::spawn_unchecked<test[9d35eded1c95d3be]::run_test::{closure#1}, ()>::{closure#1}::{closure#0}>, ()>
[INFO] [stdout]                                at /rustc/dfb0accb7f508ae8be965d8629557221c889dd98/library/std/src/panicking.rs:576:43
[INFO] [stdout]   38:     0x615ce6f54fe2 - std[70759c8f55707aa4]::panicking::catch_unwind::<(), core[df12db4294e9bfd3]::panic::unwind_safe::AssertUnwindSafe<std[70759c8f55707aa4]::thread::lifecycle::spawn_unchecked<test[9d35eded1c95d3be]::run_test::{closure#1}, ()>::{closure#1}::{closure#0}>>
[INFO] [stdout]                                at /rustc/dfb0accb7f508ae8be965d8629557221c889dd98/library/std/src/panicking.rs:544:19
[INFO] [stdout]   39:     0x615ce6f54fe2 - std[70759c8f55707aa4]::panic::catch_unwind::<core[df12db4294e9bfd3]::panic::unwind_safe::AssertUnwindSafe<std[70759c8f55707aa4]::thread::lifecycle::spawn_unchecked<test[9d35eded1c95d3be]::run_test::{closure#1}, ()>::{closure#1}::{closure#0}>, ()>
[INFO] [stdout]                                at /rustc/dfb0accb7f508ae8be965d8629557221c889dd98/library/std/src/panic.rs:359:14
[INFO] [stdout]   40:     0x615ce6f54fe2 - std[70759c8f55707aa4]::thread::lifecycle::spawn_unchecked::<test[9d35eded1c95d3be]::run_test::{closure#1}, ()>::{closure#1}
[INFO] [stdout]                                at /rustc/dfb0accb7f508ae8be965d8629557221c889dd98/library/std/src/thread/lifecycle.rs:68:26
[INFO] [stdout]   41:     0x615ce6f54fe2 - <std[70759c8f55707aa4]::thread::lifecycle::spawn_unchecked<test[9d35eded1c95d3be]::run_test::{closure#1}, ()>::{closure#1} as core[df12db4294e9bfd3]::ops::function::FnOnce<()>>::call_once::{shim:vtable#0}
[INFO] [stdout]                                at /rustc/dfb0accb7f508ae8be965d8629557221c889dd98/library/core/src/ops/function.rs:250:5
[INFO] [stdout]   42:     0x615ce70efc69 - <alloc[2182bb758b4b3781]::boxed::Box<dyn core[df12db4294e9bfd3]::ops::function::FnOnce<(), Output = ()> + core[df12db4294e9bfd3]::marker::Send> as core[df12db4294e9bfd3]::ops::function::FnOnce<()>>::call_once
[INFO] [stdout]                                at /rustc/dfb0accb7f508ae8be965d8629557221c889dd98/library/alloc/src/boxed.rs:2320:9
[INFO] [stdout]   43:     0x615ce70efc69 - <std[70759c8f55707aa4]::sys::thread::unix::Thread>::new::thread_start
[INFO] [stdout]                                at /rustc/dfb0accb7f508ae8be965d8629557221c889dd98/library/std/src/sys/thread/unix.rs:123:17
[INFO] [stdout]   44:     0x7e12855f8dfa - <unknown>
[INFO] [stdout]   45:     0x7e128568c3d4 - clone
[INFO] [stdout]   46:                0x0 - <unknown>
[INFO] [stdout] 
[INFO] [stdout] 
[INFO] [stdout] failures:
[INFO] [stdout]     config::tests::config_reference_documents_every_field
[INFO] [stdout] 
[INFO] [stdout] test result: FAILED. 58 passed; 1 failed; 0 ignored; 0 measured; 0 filtered out; finished in 0.25s
[INFO] [stdout] 
[INFO] [stderr] error: test failed, to rerun pass `--bin cheadergen`
[INFO] running `Command { std: "docker" "inspect" "0a4246bd8f9f8b61cd52d1cf46d2dbb11f8f2ee9272020857a5238f7ba77f623", kill_on_drop: false }`
[INFO] running `Command { std: "docker" "rm" "-f" "0a4246bd8f9f8b61cd52d1cf46d2dbb11f8f2ee9272020857a5238f7ba77f623", kill_on_drop: false }`
[INFO] [stdout] 0a4246bd8f9f8b61cd52d1cf46d2dbb11f8f2ee9272020857a5238f7ba77f623
