[INFO] fetching crate bgi 0.1.0...
[INFO] testing bgi-0.1.0 against 1.100.0-beta.1 for beta-1.100-2
[INFO] extracting crate bgi 0.1.0 into /workspace/builds/worker-2-tc2/source
[INFO] started tweaking crates.io crate bgi 0.1.0
[INFO] removed 0 missing examples
[INFO] removed 0 missing tests
[INFO] finished tweaking crates.io crate bgi 0.1.0
[INFO] tweaked toml for crates.io crate bgi 0.1.0 written to /workspace/builds/worker-2-tc2/source/Cargo.toml
[INFO] validating manifest of crates.io crate bgi 0.1.0 on toolchain 1.100.0-beta.1
[INFO] running `Command { std: CARGO_HOME="/workspace/cargo-home" RUSTUP_HOME="/workspace/rustup-home" "/workspace/cargo-home/bin/cargo" "+1.100.0-beta.1" "metadata" "--manifest-path" "Cargo.toml" "--no-deps", kill_on_drop: false }`
[INFO] crate crates.io crate bgi 0.1.0 already has a lockfile, it will not be regenerated
[INFO] running `Command { std: CARGO_HOME="/workspace/cargo-home" RUSTUP_HOME="/workspace/rustup-home" "/workspace/cargo-home/bin/cargo" "+1.100.0-beta.1" "fetch" "--manifest-path" "Cargo.toml", kill_on_drop: false }`
[INFO] running `Command { std: "docker" "create" "-v" "/var/lib/crater-agent-workspace/builds/worker-2-tc2/source:/opt/rustwide/workdir:ro,Z" "-v" "/var/lib/crater-agent-workspace/builds/worker-2-tc2/target:/opt/rustwide/target:rw,Z" "-v" "/var/lib/crater-agent-workspace/cargo-home:/opt/rustwide/cargo-home:ro,Z" "-v" "/var/lib/crater-agent-workspace/rustup-home:/opt/rustwide/rustup-home:ro,Z" "-m" "1610612736" "--network" "none" "ghcr.io/rust-lang/crates-build-env/linux@sha256:3111399a4047eeb3a02b7a90e478d715f38a8c6669b5c4b49d30a17385265909" "sleep" "infinity", kill_on_drop: false }`
[INFO] [stdout] 206c893f77dd803213b0b5b82d6cebcac0f660bc78af93eff6bc1fa30b04705c
[INFO] running `Command { std: "docker" "start" "206c893f77dd803213b0b5b82d6cebcac0f660bc78af93eff6bc1fa30b04705c", kill_on_drop: false }`
[INFO] running `Command { std: "docker" "inspect" "206c893f77dd803213b0b5b82d6cebcac0f660bc78af93eff6bc1fa30b04705c", kill_on_drop: false }`
[INFO] running `Command { std: "docker" "exec" "-e" "SOURCE_DIR=/opt/rustwide/workdir" "-e" "CARGO_HOME=/opt/rustwide/cargo-home" "-e" "RUSTUP_HOME=/opt/rustwide/rustup-home" "-e" "CARGO_TARGET_DIR=/opt/rustwide/target" "-w" "/opt/rustwide/workdir" "--user" "0:0" "206c893f77dd803213b0b5b82d6cebcac0f660bc78af93eff6bc1fa30b04705c" "/opt/rustwide/cargo-home/bin/cargo" "+1.100.0-beta.1" "metadata" "--no-deps" "--format-version=1", kill_on_drop: false }`
[INFO] running `Command { std: "docker" "inspect" "206c893f77dd803213b0b5b82d6cebcac0f660bc78af93eff6bc1fa30b04705c", kill_on_drop: false }`
[INFO] running `Command { std: "docker" "exec" "-e" "SOURCE_DIR=/opt/rustwide/workdir" "-e" "CARGO_HOME=/opt/rustwide/cargo-home" "-e" "RUSTUP_HOME=/opt/rustwide/rustup-home" "-e" "CARGO_TARGET_DIR=/opt/rustwide/target" "-e" "CARGO_INCREMENTAL=0" "-e" "RUST_BACKTRACE=full" "-e" "RUSTFLAGS=--cap-lints=warn" "-e" "RUSTDOCFLAGS=--cap-lints=warn" "-w" "/opt/rustwide/workdir" "--user" "0:0" "206c893f77dd803213b0b5b82d6cebcac0f660bc78af93eff6bc1fa30b04705c" "/opt/rustwide/cargo-home/bin/cargo" "+1.100.0-beta.1" "build" "--frozen" "--message-format=json", kill_on_drop: false }`
[INFO] [stderr]    Compiling proc-macro2 v1.0.106
[INFO] [stderr]    Compiling bitflags v2.11.0
[INFO] [stderr]    Compiling bgi-stroked-fonts v0.2.0
[INFO] [stderr]    Compiling quote v1.0.45
[INFO] [stderr]    Compiling syn v2.0.117
[INFO] [stderr]    Compiling thiserror-impl v1.0.69
[INFO] [stderr]    Compiling thiserror v1.0.69
[INFO] [stderr]    Compiling bgi v0.1.0 (/opt/rustwide/workdir)
[INFO] [stderr] warning: unused dependency `bgi-stroked-fonts`
[INFO] [stderr]  --> Cargo.toml:1:15
[INFO] [stderr]   |
[INFO] [stderr] 1 | [dependencies.bgi-stroked-fonts]
[INFO] [stderr]   |               ^^^^^^^^^^^^^^^^^^
[INFO] [stderr]   |
[INFO] [stderr]   = note: `cargo::unused_dependencies` is set to `warn` by default
[INFO] [stderr] help: consider removing the dependency on `bgi-stroked-fonts`
[INFO] [stderr] warning: unused dependency `bitflags`
[INFO] [stderr]  --> Cargo.toml:4:15
[INFO] [stderr]   |
[INFO] [stderr] 4 | [dependencies.bitflags]
[INFO] [stderr]   |               ^^^^^^^^^
[INFO] [stderr]   |
[INFO] [stderr] help: consider removing the dependency on `bitflags`
[INFO] [stderr] warning: `bgi` (manifest) generated 2 warnings
[INFO] [stderr]     Finished `dev` profile [unoptimized + debuginfo] target(s) in 6.82s
[INFO] running `Command { std: "docker" "inspect" "206c893f77dd803213b0b5b82d6cebcac0f660bc78af93eff6bc1fa30b04705c", kill_on_drop: false }`
[INFO] running `Command { std: "docker" "exec" "-e" "SOURCE_DIR=/opt/rustwide/workdir" "-e" "CARGO_HOME=/opt/rustwide/cargo-home" "-e" "RUSTUP_HOME=/opt/rustwide/rustup-home" "-e" "CARGO_TARGET_DIR=/opt/rustwide/target" "-e" "CARGO_INCREMENTAL=0" "-e" "RUST_BACKTRACE=full" "-e" "RUSTFLAGS=--cap-lints=warn" "-e" "RUSTDOCFLAGS=--cap-lints=warn" "-w" "/opt/rustwide/workdir" "--user" "0:0" "206c893f77dd803213b0b5b82d6cebcac0f660bc78af93eff6bc1fa30b04705c" "/opt/rustwide/cargo-home/bin/cargo" "+1.100.0-beta.1" "test" "--frozen" "--no-run" "--message-format=json", kill_on_drop: false }`
[INFO] [stderr]    Compiling libc v0.2.184
[INFO] [stderr]    Compiling memchr v2.8.0
[INFO] [stderr]    Compiling zerocopy v0.8.48
[INFO] [stderr]    Compiling regex-syntax v0.8.10
[INFO] [stderr]    Compiling jiff v0.2.23
[INFO] [stderr]    Compiling anstream v1.0.0
[INFO] [stderr]    Compiling aho-corasick v1.1.4
[INFO] [stderr]    Compiling getrandom v0.2.17
[INFO] [stderr]    Compiling rand_core v0.6.4
[INFO] [stderr]    Compiling regex-automata v0.4.14
[INFO] [stderr]    Compiling regex v1.12.3
[INFO] [stderr]    Compiling env_filter v1.0.1
[INFO] [stderr]    Compiling env_logger v0.11.10
[INFO] [stderr]    Compiling ppv-lite86 v0.2.21
[INFO] [stderr]    Compiling rand_chacha v0.3.1
[INFO] [stderr]    Compiling rand v0.8.5
[INFO] [stderr]    Compiling bgi v0.1.0 (/opt/rustwide/workdir)
[INFO] [stdout] warning: unused imports: `GraphResult` and `graphresult`
[INFO] [stdout]  --> tests/test_fill_color.rs:2:12
[INFO] [stdout]   |
[INFO] [stdout] 2 |     Color, GraphResult, closegraph, floodfill, getcolor, getmaxcolor, getpalette, getpalettesize,
[INFO] [stdout]   |            ^^^^^^^^^^^
[INFO] [stdout] 3 |     graphresult, initgraph, setcolor, setfillpattern, setfillstyle, setpalette,
[INFO] [stdout]   |     ^^^^^^^^^^^
[INFO] [stdout]   |
[INFO] [stdout]   = note: `#[warn(unused_imports)]` (part of `#[warn(unused)]`) on by default
[INFO] [stdout] 
[INFO] [stdout] 
[INFO] [stdout] warning: unused import: `getch`
[INFO] [stdout]  --> tests/test_interactive.rs:2:39
[INFO] [stdout]   |
[INFO] [stdout] 2 |     Color, circle, closegraph, delay, getch, initgraph, ismouseclick, kbhit, line, mouseclick,
[INFO] [stdout]   |                                       ^^^^^
[INFO] [stdout]   |
[INFO] [stdout]   = note: `#[warn(unused_imports)]` (part of `#[warn(unused)]`) on by default
[INFO] [stdout] 
[INFO] [stdout] 
[INFO] [stdout] warning: unused import: `BgiTextSettings`
[INFO] [stdout]  --> tests/test_text_font.rs:2:5
[INFO] [stdout]   |
[INFO] [stdout] 2 |     BgiTextSettings, Color, closegraph, gettextsettings, initgraph, outtextxy, setcolor,
[INFO] [stdout]   |     ^^^^^^^^^^^^^^^
[INFO] [stdout]   |
[INFO] [stdout]   = note: `#[warn(unused_imports)]` (part of `#[warn(unused)]`) on by default
[INFO] [stdout] 
[INFO] [stdout] 
[INFO] [stdout] warning: unused variable: `error_msg`
[INFO] [stdout]    --> tests/test_error_handling.rs:268:9
[INFO] [stdout]     |
[INFO] [stdout] 268 |     let error_msg = grapherrormsg(result);
[INFO] [stdout]     |         ^^^^^^^^^ help: if this is intentional, prefix it with an underscore: `_error_msg`
[INFO] [stdout]     |
[INFO] [stdout]     = note: `#[warn(unused_variables)]` (part of `#[warn(unused)]`) on by default
[INFO] [stdout] 
[INFO] [stdout] 
[INFO] [stdout] warning: unused variable: `color`
[INFO] [stdout]   --> tests/test_drawing_primitives.rs:97:9
[INFO] [stdout]    |
[INFO] [stdout] 97 |     let color = getpixel(5, 5);
[INFO] [stdout]    |         ^^^^^ help: if this is intentional, prefix it with an underscore: `_color`
[INFO] [stdout]    |
[INFO] [stdout]    = note: `#[warn(unused_variables)]` (part of `#[warn(unused)]`) on by default
[INFO] [stdout] 
[INFO] [stdout] 
[INFO] [stdout] warning: unused variable: `color`
[INFO] [stdout]    --> tests/test_drawing_primitives.rs:106:9
[INFO] [stdout]     |
[INFO] [stdout] 106 |     let color = getpixel(5, 5);
[INFO] [stdout]     |         ^^^^^ help: if this is intentional, prefix it with an underscore: `_color`
[INFO] [stdout] 
[INFO] [stdout] 
[INFO] [stdout] warning: unused variable: `pixel_color`
[INFO] [stdout]    --> tests/test_drawing_primitives.rs:140:9
[INFO] [stdout]     |
[INFO] [stdout] 140 |     let pixel_color = getpixel(250, 250);
[INFO] [stdout]     |         ^^^^^^^^^^^ help: if this is intentional, prefix it with an underscore: `_pixel_color`
[INFO] [stdout] 
[INFO] [stdout] 
[INFO] [stdout] warning: unused import: `Point`
[INFO] [stdout]  --> tests/unit/test_backend.rs:7:27
[INFO] [stdout]   |
[INFO] [stdout] 7 |     types::{GraphicsMode, Point, Rect},
[INFO] [stdout]   |                           ^^^^^
[INFO] [stdout]   |
[INFO] [stdout]   = note: `#[warn(unused_imports)]` (part of `#[warn(unused)]`) on by default
[INFO] [stdout] 
[INFO] [stdout] 
[INFO] [stdout] warning: unused import: `Color`
[INFO] [stdout]  --> tests/unit/test_font_settings.rs:3:11
[INFO] [stdout]   |
[INFO] [stdout] 3 | use bgi::{Color, constants::*, font_settings::*};
[INFO] [stdout]   |           ^^^^^
[INFO] [stdout] 
[INFO] [stdout] 
[INFO] [stdout] warning: unused import: `Duration`
[INFO] [stdout]  --> tests/unit/test_input_event.rs:4:17
[INFO] [stdout]   |
[INFO] [stdout] 4 | use std::time::{Duration, Instant};
[INFO] [stdout]   |                 ^^^^^^^^
[INFO] [stdout] 
[INFO] [stdout] 
[INFO] [stdout] warning: unused import: `Color`
[INFO] [stdout]  --> tests/test_mouse_extensions.rs:2:5
[INFO] [stdout]   |
[INFO] [stdout] 2 |     Color, clearmouseclick, closegraph, getmouse, initgraph, ismouseclick, mouseclick, mousex,
[INFO] [stdout]   |     ^^^^^
[INFO] [stdout]   |
[INFO] [stdout]   = note: `#[warn(unused_imports)]` (part of `#[warn(unused)]`) on by default
[INFO] [stdout] 
[INFO] [stdout] 
[INFO] [stdout] warning: unused variable: `window`
[INFO] [stdout]    --> tests/unit/test_backend.rs:613:9
[INFO] [stdout]     |
[INFO] [stdout] 613 |     let window = backend
[INFO] [stdout]     |         ^^^^^^ help: if this is intentional, prefix it with an underscore: `_window`
[INFO] [stdout]     |
[INFO] [stdout]     = note: `#[warn(unused_variables)]` (part of `#[warn(unused)]`) on by default
[INFO] [stdout] 
[INFO] [stdout] 
[INFO] [stdout] warning: unused import: `getviewsettings`
[INFO] [stdout]  --> tests/test_viewport_clipping.rs:2:60
[INFO] [stdout]   |
[INFO] [stdout] 2 |     Color, circle, clearviewport, closegraph, getviewport, getviewsettings, initgraph, line,
[INFO] [stdout]   |                                                            ^^^^^^^^^^^^^^^
[INFO] [stdout]   |
[INFO] [stdout]   = note: `#[warn(unused_imports)]` (part of `#[warn(unused)]`) on by default
[INFO] [stdout] 
[INFO] [stdout] 
[INFO] [stderr] warning: unused dependency `bgi-stroked-fonts`
[INFO] [stderr]  --> Cargo.toml:1:15
[INFO] [stderr]   |
[INFO] [stderr] 1 | [dependencies.bgi-stroked-fonts]
[INFO] [stderr]   |               ^^^^^^^^^^^^^^^^^^
[INFO] [stderr]   |
[INFO] [stderr]   = note: `cargo::unused_dependencies` is set to `warn` by default
[INFO] [stderr] help: consider removing the dependency on `bgi-stroked-fonts`
[INFO] [stderr] warning: unused dependency `bitflags`
[INFO] [stderr]  --> Cargo.toml:4:15
[INFO] [stderr]   |
[INFO] [stderr] 4 | [dependencies.bitflags]
[INFO] [stderr]   |               ^^^^^^^^^
[INFO] [stderr]   |
[INFO] [stderr] help: consider removing the dependency on `bitflags`
[INFO] [stderr] warning: `bgi` (manifest) generated 2 warnings
[INFO] [stderr]     Finished `test` profile [unoptimized + debuginfo] target(s) in 16.86s
[INFO] running `Command { std: "docker" "inspect" "206c893f77dd803213b0b5b82d6cebcac0f660bc78af93eff6bc1fa30b04705c", kill_on_drop: false }`
[INFO] running `Command { std: "docker" "exec" "-e" "SOURCE_DIR=/opt/rustwide/workdir" "-e" "CARGO_HOME=/opt/rustwide/cargo-home" "-e" "RUSTUP_HOME=/opt/rustwide/rustup-home" "-e" "CARGO_TARGET_DIR=/opt/rustwide/target" "-e" "CARGO_INCREMENTAL=0" "-e" "RUST_BACKTRACE=full" "-e" "RUSTFLAGS=--cap-lints=warn" "-e" "RUSTDOCFLAGS=--cap-lints=warn" "-w" "/opt/rustwide/workdir" "--user" "0:0" "206c893f77dd803213b0b5b82d6cebcac0f660bc78af93eff6bc1fa30b04705c" "/opt/rustwide/cargo-home/bin/cargo" "+1.100.0-beta.1" "test" "--frozen", kill_on_drop: false }`
[INFO] [stderr] warning: unused import: `BgiTextSettings`
[INFO] [stderr]  --> tests/test_text_font.rs:2:5
[INFO] [stderr]   |
[INFO] [stderr] 2 |     BgiTextSettings, Color, closegraph, gettextsettings, initgraph, outtextxy, setcolor,
[INFO] [stderr]   |     ^^^^^^^^^^^^^^^
[INFO] [stderr]   |
[INFO] [stderr]   = note: `#[warn(unused_imports)]` (part of `#[warn(unused)]`) on by default
[INFO] [stderr] 
[INFO] [stderr] warning: unused variable: `color`
[INFO] [stderr]   --> tests/test_drawing_primitives.rs:97:9
[INFO] [stderr]    |
[INFO] [stderr] 97 |     let color = getpixel(5, 5);
[INFO] [stderr]    |         ^^^^^ help: if this is intentional, prefix it with an underscore: `_color`
[INFO] [stderr]    |
[INFO] [stderr]    = note: `#[warn(unused_variables)]` (part of `#[warn(unused)]`) on by default
[INFO] [stderr] 
[INFO] [stderr] warning: unused variable: `color`
[INFO] [stderr]    --> tests/test_drawing_primitives.rs:106:9
[INFO] [stderr]     |
[INFO] [stderr] 106 |     let color = getpixel(5, 5);
[INFO] [stderr]     |         ^^^^^ help: if this is intentional, prefix it with an underscore: `_color`
[INFO] [stderr] 
[INFO] [stderr] warning: unused variable: `pixel_color`
[INFO] [stderr]    --> tests/test_drawing_primitives.rs:140:9
[INFO] [stderr]     |
[INFO] [stderr] 140 |     let pixel_color = getpixel(250, 250);
[INFO] [stderr]     |         ^^^^^^^^^^^ help: if this is intentional, prefix it with an underscore: `_pixel_color`
[INFO] [stderr] 
[INFO] [stderr] warning: `bgi` (test "test_text_font") generated 1 warning (run `cargo fix --test "test_text_font" -p bgi` to apply 1 suggestion)
[INFO] [stderr] warning: `bgi` (test "test_drawing_primitives") generated 3 warnings (run `cargo fix --test "test_drawing_primitives" -p bgi` to apply 3 suggestions)
[INFO] [stderr] warning: unused import: `Color`
[INFO] [stderr]  --> tests/test_mouse_extensions.rs:2:5
[INFO] [stderr]   |
[INFO] [stderr] 2 |     Color, clearmouseclick, closegraph, getmouse, initgraph, ismouseclick, mouseclick, mousex,
[INFO] [stderr]   |     ^^^^^
[INFO] [stderr]   |
[INFO] [stderr]   = note: `#[warn(unused_imports)]` (part of `#[warn(unused)]`) on by default
[INFO] [stderr] 
[INFO] [stderr] warning: unused import: `getviewsettings`
[INFO] [stderr]  --> tests/test_viewport_clipping.rs:2:60
[INFO] [stderr]   |
[INFO] [stderr] 2 |     Color, circle, clearviewport, closegraph, getviewport, getviewsettings, initgraph, line,
[INFO] [stderr]   |                                                            ^^^^^^^^^^^^^^^
[INFO] [stderr]   |
[INFO] [stderr]   = note: `#[warn(unused_imports)]` (part of `#[warn(unused)]`) on by default
[INFO] [stderr] 
[INFO] [stderr] warning: `bgi` (test "test_mouse_extensions") generated 1 warning (run `cargo fix --test "test_mouse_extensions" -p bgi` to apply 1 suggestion)
[INFO] [stderr] warning: `bgi` (test "test_viewport_clipping") generated 1 warning (run `cargo fix --test "test_viewport_clipping" -p bgi` to apply 1 suggestion)
[INFO] [stderr] warning: unused import: `Point`
[INFO] [stderr]  --> tests/unit/test_backend.rs:7:27
[INFO] [stderr]   |
[INFO] [stderr] 7 |     types::{GraphicsMode, Point, Rect},
[INFO] [stderr]   |                           ^^^^^
[INFO] [stderr]   |
[INFO] [stderr]   = note: `#[warn(unused_imports)]` (part of `#[warn(unused)]`) on by default
[INFO] [stderr] 
[INFO] [stderr] warning: unused import: `Color`
[INFO] [stderr]  --> tests/unit/test_font_settings.rs:3:11
[INFO] [stderr]   |
[INFO] [stderr] 3 | use bgi::{Color, constants::*, font_settings::*};
[INFO] [stderr]   |           ^^^^^
[INFO] [stderr] 
[INFO] [stderr] warning: unused import: `Duration`
[INFO] [stderr]  --> tests/unit/test_input_event.rs:4:17
[INFO] [stderr]   |
[INFO] [stderr] 4 | use std::time::{Duration, Instant};
[INFO] [stderr]   |                 ^^^^^^^^
[INFO] [stderr] 
[INFO] [stderr] warning: unused variable: `window`
[INFO] [stderr]    --> tests/unit/test_backend.rs:613:9
[INFO] [stderr]     |
[INFO] [stderr] 613 |     let window = backend
[INFO] [stderr]     |         ^^^^^^ help: if this is intentional, prefix it with an underscore: `_window`
[INFO] [stderr]     |
[INFO] [stderr]     = note: `#[warn(unused_variables)]` (part of `#[warn(unused)]`) on by default
[INFO] [stderr] 
[INFO] [stderr] warning: unused imports: `GraphResult` and `graphresult`
[INFO] [stderr]  --> tests/test_fill_color.rs:2:12
[INFO] [stderr]   |
[INFO] [stderr] 2 |     Color, GraphResult, closegraph, floodfill, getcolor, getmaxcolor, getpalette, getpalettesize,
[INFO] [stderr]   |            ^^^^^^^^^^^
[INFO] [stderr] 3 |     graphresult, initgraph, setcolor, setfillpattern, setfillstyle, setpalette,
[INFO] [stderr]   |     ^^^^^^^^^^^
[INFO] [stderr]   |
[INFO] [stderr]   = note: `#[warn(unused_imports)]` (part of `#[warn(unused)]`) on by default
[INFO] [stderr] 
[INFO] [stderr] warning: unused import: `getch`
[INFO] [stderr]  --> tests/test_interactive.rs:2:39
[INFO] [stderr]   |
[INFO] [stderr] 2 |     Color, circle, closegraph, delay, getch, initgraph, ismouseclick, kbhit, line, mouseclick,
[INFO] [stderr]   |                                       ^^^^^
[INFO] [stderr]   |
[INFO] [stderr]   = note: `#[warn(unused_imports)]` (part of `#[warn(unused)]`) on by default
[INFO] [stderr] 
[INFO] [stderr] warning: unused variable: `error_msg`
[INFO] [stderr]    --> tests/test_error_handling.rs:268:9
[INFO] [stderr]     |
[INFO] [stderr] 268 |     let error_msg = grapherrormsg(result);
[INFO] [stderr]     |         ^^^^^^^^^ help: if this is intentional, prefix it with an underscore: `_error_msg`
[INFO] [stderr]     |
[INFO] [stderr]     = note: `#[warn(unused_variables)]` (part of `#[warn(unused)]`) on by default
[INFO] [stderr] 
[INFO] [stderr] warning: `bgi` (test "test_unit") generated 4 warnings (run `cargo fix --test "test_unit" -p bgi` to apply 4 suggestions)
[INFO] [stderr] warning: `bgi` (test "test_fill_color") generated 1 warning (run `cargo fix --test "test_fill_color" -p bgi` to apply 1 suggestion)
[INFO] [stderr] warning: `bgi` (test "test_interactive") generated 1 warning (run `cargo fix --test "test_interactive" -p bgi` to apply 1 suggestion)
[INFO] [stderr] warning: `bgi` (test "test_error_handling") generated 1 warning (run `cargo fix --test "test_error_handling" -p bgi` to apply 1 suggestion)
[INFO] [stderr] warning: unused dependency `bgi-stroked-fonts`
[INFO] [stderr]  --> Cargo.toml:1:15
[INFO] [stderr]   |
[INFO] [stderr] 1 | [dependencies.bgi-stroked-fonts]
[INFO] [stderr]   |               ^^^^^^^^^^^^^^^^^^
[INFO] [stderr]   |
[INFO] [stderr]   = note: `cargo::unused_dependencies` is set to `warn` by default
[INFO] [stderr] help: consider removing the dependency on `bgi-stroked-fonts`
[INFO] [stderr] warning: unused dependency `bitflags`
[INFO] [stderr]  --> Cargo.toml:4:15
[INFO] [stderr]   |
[INFO] [stderr] 4 | [dependencies.bitflags]
[INFO] [stderr]   |               ^^^^^^^^^
[INFO] [stderr]   |
[INFO] [stderr] help: consider removing the dependency on `bitflags`
[INFO] [stderr] warning: `bgi` (manifest) generated 2 warnings
[INFO] [stderr]     Finished `test` profile [unoptimized + debuginfo] target(s) in 0.14s
[INFO] [stderr]      Running unittests src/lib.rs (/opt/rustwide/target/debug/build/bgi/77706e4231b3d39f/out/bgi-77706e4231b3d39f)
[INFO] [stdout] 
[INFO] [stdout] running 3 tests
[INFO] [stderr]      Running tests/test_backend.rs (/opt/rustwide/target/debug/build/bgi/bc1c26c4d21ca64a/out/test_backend-bc1c26c4d21ca64a)
[INFO] [stdout] test input::tests::test_capacity_limit ... ok
[INFO] [stdout] test input::tests::test_event_queue_basic ... ok
[INFO] [stdout] test input::tests::test_mouse_position_cache ... ok
[INFO] [stdout] 
[INFO] [stdout] test result: ok. 3 passed; 0 failed; 0 ignored; 0 measured; 0 filtered out; finished in 0.00s
[INFO] [stdout] 
[INFO] [stdout] 
[INFO] [stdout] running 8 tests
[INFO] [stdout] test test_pixel_buffer_backend::test_pixel_buffer_capabilities ... ok
[INFO] [stdout] test test_pixel_buffer_backend::test_pixel_buffer_basic_operations ... ok
[INFO] [stdout] test test_pixel_buffer_backend::test_pixel_buffer_multiple_windows ... ok
[INFO] [stdout] test test_pixel_buffer_backend::test_pixel_buffer_colors ... ok
[INFO] [stdout] test test_pixel_buffer_backend::test_pixel_buffer_input ... ok
[INFO] [stdout] test test_pixel_buffer_backend::test_pixel_buffer_error_handling ... ok
[INFO] [stdout] test test_pixel_buffer_backend::test_pixel_buffer_performance ... ok
[INFO] [stdout] test test_pixel_buffer_backend::test_pixel_buffer_coordinates ... ok
[INFO] [stdout] 
[INFO] [stdout] test result: ok. 8 passed; 0 failed; 0 ignored; 0 measured; 0 filtered out; finished in 0.01s
[INFO] [stdout] 
[INFO] [stderr]      Running tests/test_bit_pattern.rs (/opt/rustwide/target/debug/build/bgi/6637e6b7bd4f3049/out/test_bit_pattern-6637e6b7bd4f3049)
[INFO] [stdout] 
[INFO] [stdout] running 1 test
[INFO] [stdout] test test_bit_pattern_logic ... ok
[INFO] [stdout] 
[INFO] [stdout] test result: ok. 1 passed; 0 failed; 0 ignored; 0 measured; 0 filtered out; finished in 0.00s
[INFO] [stdout] 
[INFO] [stderr]      Running tests/test_color_fill.rs (/opt/rustwide/target/debug/build/bgi/d5a44e1650c103d9/out/test_color_fill-d5a44e1650c103d9)
[INFO] [stdout] 
[INFO] [stdout] running 8 tests
[INFO] [stdout] test test_color_fill_combinations ... ok
[INFO] [stdout] test test_floodfill_integration ... ok
[INFO] [stdout] test test_filled_shapes_integration ... ok
[INFO] [stdout] test test_fill_styles_integration ... ok
[INFO] [stdout] test test_fill_without_initialization_fails_gracefully ... ok
[INFO] [stdout] test test_pattern_fill_integration ... ok
[INFO] [stdout] test test_color_fill_integration ... ok
[INFO] [stdout] test test_fill_operations_sequence ... ok
[INFO] [stdout] 
[INFO] [stdout] test result: ok. 8 passed; 0 failed; 0 ignored; 0 measured; 0 filtered out; finished in 0.00s
[INFO] [stdout] 
[INFO] [stderr]      Running tests/test_drawing_algorithms.rs (/opt/rustwide/target/debug/build/bgi/06994f8b99c2c3dc/out/test_drawing_algorithms-06994f8b99c2c3dc)
[INFO] [stdout] 
[INFO] [stdout] running 6 tests
[INFO] [stdout] test test_advanced_pixel_detection ... ok
[INFO] [stdout] test test_line_pattern_differences ... ok
[INFO] [stdout] test test_all_drawing_functions_comprehensive ... ok
[INFO] [stdout] test test_line_comprehensive ... ok
[INFO] [stdout] test test_circle_comprehensive ... ok
[INFO] [stdout] test test_multiple_primitives_together ... ok
[INFO] [stderr]      Running tests/test_drawing_primitives.rs (/opt/rustwide/target/debug/build/bgi/bf5f5cf70f071d12/out/test_drawing_primitives-bf5f5cf70f071d12)
[INFO] [stdout] 
[INFO] [stdout] test result: ok. 6 passed; 0 failed; 0 ignored; 0 measured; 0 filtered out; finished in 0.06s
[INFO] [stdout] 
[INFO] [stdout] 
[INFO] [stdout] running 10 tests
[INFO] [stdout] test test_getpixel_uninitialized ... ok
[INFO] [stdout] test test_drawing_primitives_sequence ... ok
[INFO] [stdout] test test_arc_contract ... ok
[INFO] [stdout] test test_putpixel_contract ... ok
[INFO] [stdout] test test_getpixel_contract ... ok
[INFO] [stdout] test test_rectangle_contract ... ok
[INFO] [stdout] test test_ellipse_contract ... ok
[INFO] [stdout] test test_line_contract ... ok
[INFO] [stdout] test test_circle_contract ... ok
[INFO] [stdout] test test_line_uninitialized ... ok
[INFO] [stdout] 
[INFO] [stdout] test result: ok. 10 passed; 0 failed; 0 ignored; 0 measured; 0 filtered out; finished in 0.01s
[INFO] [stdout] 
[INFO] [stderr]      Running tests/test_error_handling.rs (/opt/rustwide/target/debug/build/bgi/dd802e755d4a5039/out/test_error_handling-dd802e755d4a5039)
[INFO] [stdout] 
[INFO] [stdout] running 14 tests
[INFO] [stdout] test test_error_handling_operations_after_failure ... ok
[INFO] [stdout] test test_error_handling_invalid_mode ... ok
[INFO] [stdout] test test_error_handling_graceful_degradation ... ok
[INFO] [stdout] test test_error_handling_result_consistency ... ok
[INFO] [stdout] test test_error_handling_multiple_failures ... ok
[INFO] [stdout] test test_error_handling_recovery ... ok
[INFO] [stdout] test test_error_handling_all_error_types ... ok
[INFO] [stdout] test test_error_messages ... ok
[INFO] [stdout] test test_error_handling_resource_cleanup ... ok
[INFO] [stdout] test test_error_handling_concurrent_operations ... ok
[INFO] [stdout] test test_error_handling_invalid_driver ... ok
[INFO] [stdout] test test_error_handling_initialization ... ok
[INFO] [stdout] test test_error_handling_bgi_error_conversion ... ok
[INFO] [stderr]      Running tests/test_fill_color.rs (/opt/rustwide/target/debug/build/bgi/7a0cc51c3ec4ef3c/out/test_fill_color-7a0cc51c3ec4ef3c)
[INFO] [stdout] test test_error_handling_edge_cases ... ok
[INFO] [stdout] 
[INFO] [stdout] test result: ok. 14 passed; 0 failed; 0 ignored; 0 measured; 0 filtered out; finished in 0.01s
[INFO] [stdout] 
[INFO] [stdout] 
[INFO] [stdout] running 10 tests
[INFO] [stdout] test test_getpalette_entries ... ok
[INFO] [stdout] test test_setfillpattern ... ok
[INFO] [stdout] test test_setpalette_color ... ok
[INFO] [stdout] test test_palette_operations ... ok
[INFO] [stdout] test test_color_boundaries ... ok
[INFO] [stdout] test test_setfillstyle_solid ... ok
[INFO] [stdout] test test_setcolor_getcolor_cycle ... ok
[INFO] [stdout] test test_fill_with_no_graphics ... ok
[INFO] [stdout] test test_floodfill_basic ... ok
[INFO] [stdout] test test_palette_consistency ... ok
[INFO] [stdout] 
[INFO] [stdout] test result: ok. 10 passed; 0 failed; 0 ignored; 0 measured; 0 filtered out; finished in 0.06s
[INFO] [stdout] 
[INFO] [stderr]      Running tests/test_filled_shapes.rs (/opt/rustwide/target/debug/build/bgi/ffc8a063919f4fde/out/test_filled_shapes-ffc8a063919f4fde)
[INFO] [stdout] 
[INFO] [stdout] running 10 tests
[INFO] [stdout] test test_filled_shapes_parameter_validation ... ok
[INFO] [stdout] test test_fillpoly_polygons ... ok
[INFO] [stdout] test test_filled_shapes_without_graphics ... ok
[INFO] [stdout] test test_fillellipse_basic ... ok
[INFO] [stdout] test test_filled_shapes_boundary_cases ... ok
[INFO] [stdout] test test_filled_shapes_with_colors ... ok
[INFO] [stdout] test test_filled_shapes_performance ... ok
[INFO] [stdout] test test_pieslice_circular ... ok
[INFO] [stdout] test test_bar_rectangles ... ok
[INFO] [stdout] test test_sector_drawing ... ok
[INFO] [stdout] 
[INFO] [stdout] test result: ok. 10 passed; 0 failed; 0 ignored; 0 measured; 0 filtered out; finished in 0.01s
[INFO] [stdout] 
[INFO] [stderr]      Running tests/graphics/test_fonts.rs (/opt/rustwide/target/debug/build/bgi/bd0724ab7908ab78/out/test_graphics_fonts-bd0724ab7908ab78)
[INFO] [stdout] 
[INFO] [stdout] running 5 tests
[INFO] [stdout] test test_font_direction ... ignored, TDD skeleton - awaiting font system implementation
[INFO] [stdout] test test_font_loading ... ignored, TDD skeleton - awaiting font system implementation
[INFO] [stdout] test test_font_size_settings ... ignored, TDD skeleton - awaiting font system implementation
[INFO] [stdout] test test_text_height_calculation ... ignored, TDD skeleton - awaiting font system implementation
[INFO] [stdout] test test_text_width_calculation ... ignored, TDD skeleton - awaiting font system implementation
[INFO] [stdout] 
[INFO] [stdout] test result: ok. 0 passed; 0 failed; 5 ignored; 0 measured; 0 filtered out; finished in 0.00s
[INFO] [stdout] 
[INFO] [stderr]      Running tests/test_graphics_init.rs (/opt/rustwide/target/debug/build/bgi/93b57ae438e099fc/out/test_graphics_init-93b57ae438e099fc)
[INFO] [stdout] 
[INFO] [stdout] running 10 tests
[INFO] [stdout] test test_closegraph_contract ... ok
[INFO] [stdout] test test_initgraph_invalid_mode ... ok
[INFO] [stdout] test test_setgraphmode_contract ... ok
[INFO] [stderr]      Running tests/graphics/test_state.rs (/opt/rustwide/target/debug/build/bgi/8251a4f2724aa781/out/test_graphics_state-8251a4f2724aa781)
[INFO] [stdout] test test_setgraphmode_invalid ... ok
[INFO] [stdout] test test_grapherrormsg_contract ... ok
[INFO] [stdout] test test_graphresult_contract ... ok
[INFO] [stdout] test test_getgraphmode_contract ... ok
[INFO] [stdout] test test_graphics_context_lifecycle ... ok
[INFO] [stdout] test test_detectgraph_contract ... ok
[INFO] [stdout] test test_initgraph_contract ... ok
[INFO] [stdout] 
[INFO] [stdout] test result: ok. 10 passed; 0 failed; 0 ignored; 0 measured; 0 filtered out; finished in 0.01s
[INFO] [stdout] 
[INFO] [stdout] 
[INFO] [stdout] running 6 tests
[INFO] [stdout] test test_color_state_management ... ok
[INFO] [stdout] test test_fill_style_state_management ... ok
[INFO] [stdout] test test_graphics_state_initialization ... ok
[INFO] [stdout] test test_line_style_state_management ... ok
[INFO] [stdout] test test_graphics_state_persistence ... ok
[INFO] [stdout] test test_viewport_state_management ... ok
[INFO] [stdout] 
[INFO] [stderr]      Running tests/test_image_operations.rs (/opt/rustwide/target/debug/build/bgi/613d061a0ad724a3/out/test_image_operations-613d061a0ad724a3)
[INFO] [stdout] test result: ok. 6 passed; 0 failed; 0 ignored; 0 measured; 0 filtered out; finished in 0.00s
[INFO] [stdout] 
[INFO] [stdout] 
[INFO] [stdout] running 8 tests
[INFO] [stdout] test test_image_roundtrip ... ok
[INFO] [stdout] test test_imagesize_contract ... ok
[INFO] [stdout] test test_image_operations_without_graphics ... ok
[INFO] [stdout] test test_getimagesize_contract ... ok
[INFO] [stdout] test test_getimage_contract ... ok
[INFO] [stdout] test test_loadimage_contract ... ok
[INFO] [stdout] test test_putimage_contract ... ok
[INFO] [stdout] test test_saveimage_contract ... ok
[INFO] [stdout] 
[INFO] [stdout] test result: ok. 8 passed; 0 failed; 0 ignored; 0 measured; 0 filtered out; finished in 0.01s
[INFO] [stdout] 
[INFO] [stdout] 
[INFO] [stdout] running 5 tests
[INFO] [stdout] test test_input_without_graphics ... ok
[INFO] [stdout] test test_mouse_coordinate_range ... ok
[INFO] [stdout] test test_keyboard_input_contract ... ok
[INFO] [stderr]      Running tests/test_input_handling.rs (/opt/rustwide/target/debug/build/bgi/419a1bc36ef3c252/out/test_input_handling-419a1bc36ef3c252)
[INFO] [stdout] test test_input_polling_consistency ... ok
[INFO] [stderr]      Running tests/integration/test_backend_selection.rs (/opt/rustwide/target/debug/build/bgi/25f8d8dc5cb37d70/out/test_integration_backend_selection-25f8d8dc5cb37d70)
[INFO] [stdout] test test_mouse_input_contract ... ok
[INFO] [stderr]      Running tests/integration/test_coordinates.rs (/opt/rustwide/target/debug/build/bgi/b475a182d781c19a/out/test_integration_coordinates-b475a182d781c19a)
[INFO] [stdout] 
[INFO] [stderr]      Running tests/integration/test_visual_output.rs (/opt/rustwide/target/debug/build/bgi/c55fdd5a869f99af/out/test_integration_visual_output-c55fdd5a869f99af)
[INFO] [stdout] test result: ok. 5 passed; 0 failed; 0 ignored; 0 measured; 0 filtered out; finished in 0.00s
[INFO] [stdout] 
[INFO] [stdout] 
[INFO] [stdout] running 6 tests
[INFO] [stdout] test test_automatic_backend_fallback ... ignored, TDD skeleton - awaiting backend selection implementation
[INFO] [stdout] test test_backend_feature_flags ... ignored, TDD skeleton - awaiting backend selection implementation
[INFO] [stdout] test test_backend_selection_via_environment ... ignored, TDD skeleton - awaiting backend selection implementation
[INFO] [stdout] test test_backend_state_isolation ... ignored, TDD skeleton - awaiting backend selection implementation
[INFO] [stdout] test test_backend_switching_consistency ... ignored, TDD skeleton - awaiting backend selection implementation
[INFO] [stdout] test test_invalid_backend_handling ... ignored, TDD skeleton - awaiting backend selection implementation
[INFO] [stdout] 
[INFO] [stdout] test result: ok. 0 passed; 0 failed; 6 ignored; 0 measured; 0 filtered out; finished in 0.00s
[INFO] [stdout] 
[INFO] [stdout] 
[INFO] [stdout] running 6 tests
[INFO] [stdout] test test_logical_to_physical_coordinate_transformation ... ok
[INFO] [stdout] test test_aspect_ratio_preservation ... ok
[INFO] [stdout] test test_viewport_coordinate_transformation ... ok
[INFO] [stdout] test test_mouse_coordinate_transformation ... ok
[INFO] [stdout] test test_scaling_coordinate_transformation ... ok
[INFO] [stdout] test test_coordinate_bounds_clipping ... ok
[INFO] [stdout] 
[INFO] [stdout] test result: ok. 6 passed; 0 failed; 0 ignored; 0 measured; 0 filtered out; finished in 0.00s
[INFO] [stdout] 
[INFO] [stdout] 
[INFO] [stdout] running 9 tests
[INFO] [stdout] test test_pgm_output_generation ... ignored, TDD skeleton - awaiting visual output implementation
[INFO] [stdout] test test_visual_buffer_consistency ... ignored, TDD skeleton - awaiting visual output implementation
[INFO] [stdout] test test_visual_color_accuracy ... ignored, TDD skeleton - awaiting visual output implementation
[INFO] [stdout] test test_visual_filled_shapes ... ignored, TDD skeleton - awaiting visual output implementation
[INFO] [stdout] test test_visual_line_drawing ... ignored, TDD skeleton - awaiting visual output implementation
[INFO] [stdout] test test_visual_output_pixel_accuracy ... ignored, TDD skeleton - awaiting visual output implementation
[INFO] [stdout] test test_visual_performance_basic ... ignored, TDD skeleton - awaiting visual output implementation
[INFO] [stdout] test test_visual_shape_drawing ... ignored, TDD skeleton - awaiting visual output implementation
[INFO] [stdout] test test_visual_text_rendering ... ignored, TDD skeleton - awaiting visual output implementation
[INFO] [stdout] 
[INFO] [stdout] test result: ok. 0 passed; 0 failed; 9 ignored; 0 measured; 0 filtered out; finished in 0.00s
[INFO] [stdout] 
[INFO] [stderr]      Running tests/test_interactive.rs (/opt/rustwide/target/debug/build/bgi/28d91e70939f9a43/out/test_interactive-28d91e70939f9a43)
[INFO] [stdout] 
[INFO] [stdout] running 8 tests
[INFO] [stdout] test test_interactive_timing ... ignored, Timing test - can be flaky in CI environments
[INFO] [stdout] test test_interactive_input_boundaries ... ok
[INFO] [stdout] test test_interactive_mouse_simulation ... ok
[INFO] [stdout] test test_interactive_without_graphics ... ok
[INFO] [stdout] test test_interactive_event_consistency ... ok
[INFO] [stdout] test test_interactive_response_drawing ... ok
[INFO] [stdout] test test_interactive_keyboard_simulation ... ok
[INFO] [stdout] test test_interactive_drawing_loop_simulation ... ok
[INFO] [stdout] 
[INFO] [stdout] test result: ok. 7 passed; 0 failed; 1 ignored; 0 measured; 0 filtered out; finished in 0.03s
[INFO] [stdout] 
[INFO] [stderr]      Running tests/test_line_patterns.rs (/opt/rustwide/target/debug/build/bgi/cf8fb3091a63b076/out/test_line_patterns-cf8fb3091a63b076)
[INFO] [stdout] 
[INFO] [stdout] running 3 tests
[INFO] [stdout] test test_write_mode_functions ... ok
[INFO] [stdout] test test_line_patterns_basic ... ok
[INFO] [stdout] test test_rectangle_with_line_patterns ... ok
[INFO] [stdout] 
[INFO] [stdout] test result: ok. 3 passed; 0 failed; 0 ignored; 0 measured; 0 filtered out; finished in 0.00s
[INFO] [stdout] 
[INFO] [stderr]      Running tests/test_mouse_extensions.rs (/opt/rustwide/target/debug/build/bgi/530ed55cda978ba6/out/test_mouse_extensions-530ed55cda978ba6)
[INFO] [stdout] 
[INFO] [stdout] running 9 tests
[INFO] [stdout] test test_getmouse_contract ... ok
[INFO] [stdout] test test_ismouseclick_contract ... ok
[INFO] [stdout] test test_mouse_operations_without_graphics ... ok
[INFO] [stdout] test test_setmouse_contract ... ok
[INFO] [stdout] test test_mouseclick_contract ... ok
[INFO] [stdout] test test_mousex_mousey_contract ... ok
[INFO] [stdout] test test_clearmouseclick_contract ... ok
[INFO] [stdout] test test_mouse_coordinate_consistency ... ok
[INFO] [stdout] test test_mouse_button_range ... ok
[INFO] [stdout] 
[INFO] [stdout] test result: ok. 9 passed; 0 failed; 0 ignored; 0 measured; 0 filtered out; finished in 0.00s
[INFO] [stdout] 
[INFO] [stderr]      Running tests/test_optimizations.rs (/opt/rustwide/target/debug/build/bgi/1e6a4bf5545623e9/out/test_optimizations-1e6a4bf5545623e9)
[INFO] [stdout] 
[INFO] [stdout] running 7 tests
[INFO] [stdout] test tests::test_macro_validation_equivalence ... ok
[INFO] [stdout] test tests::test_optimization_correctness ... ok
[INFO] [stdout] test tests::test_drawing_pool_efficiency ... ok
[INFO] [stdout] test tests::test_batch_drawing_performance ... ok
[INFO] [stdout] test tests::test_performance_improvement ... ok
[INFO] [stdout] test tests::test_optimized_context_validation ... ok
[INFO] [stdout] test tests::test_const_optimized_shapes ... FAILED
[INFO] [stdout] 
[INFO] [stdout] failures:
[INFO] [stdout] 
[INFO] [stdout] ---- tests::test_const_optimized_shapes stdout ----
[INFO] [stdout] Const optimized shapes took: 51.057376ms
[INFO] [stdout] 
[INFO] [stdout] thread 'tests::test_const_optimized_shapes' (1441) panicked at tests/test_optimizations.rs:91:9:
[INFO] [stdout] Const optimized shapes took too long: 51.057376ms
[INFO] [stdout] stack backtrace:
[INFO] [stdout]    0:     0x60d57d5c9261 - std[617be2ca0a6fd877]::backtrace_rs::backtrace::libunwind::trace
[INFO] [stdout]                                at /rustc/e3feeb59cd1bdd011a2bfcc0747b55125d9b8527/library/std/src/../../backtrace/src/backtrace/libunwind.rs:117:9
[INFO] [stdout]    1:     0x60d57d5c9261 - std[617be2ca0a6fd877]::backtrace_rs::backtrace::trace_unsynchronized::<std[617be2ca0a6fd877]::sys::backtrace::_print_fmt::{closure#1}>
[INFO] [stdout]                                at /rustc/e3feeb59cd1bdd011a2bfcc0747b55125d9b8527/library/std/src/../../backtrace/src/backtrace/mod.rs:66:14
[INFO] [stdout]    2:     0x60d57d5c9261 - std[617be2ca0a6fd877]::sys::backtrace::_print_fmt
[INFO] [stdout]                                at /rustc/e3feeb59cd1bdd011a2bfcc0747b55125d9b8527/library/std/src/sys/backtrace.rs:74:9
[INFO] [stdout]    3:     0x60d57d5c9261 - <<std[617be2ca0a6fd877]::sys::backtrace::BacktraceLock>::print::DisplayBacktrace as core[a373ad73a504971]::fmt::Display>::fmt
[INFO] [stdout]                                at /rustc/e3feeb59cd1bdd011a2bfcc0747b55125d9b8527/library/std/src/sys/backtrace.rs:44:26
[INFO] [stdout]    4:     0x60d57d5dd29a - <core[a373ad73a504971]::fmt::rt::Argument>::fmt
[INFO] [stdout]                                at /rustc/e3feeb59cd1bdd011a2bfcc0747b55125d9b8527/library/core/src/fmt/rt.rs:152:76
[INFO] [stdout]    5:     0x60d57d5dd29a - core[a373ad73a504971]::fmt::write
[INFO] [stdout]    6:     0x60d57d5cd47c - core[a373ad73a504971]::io::write::default_write_fmt::<alloc[2e1b2a31b91974c5]::vec::Vec<u8>>
[INFO] [stdout]                                at /rustc/e3feeb59cd1bdd011a2bfcc0747b55125d9b8527/library/core/src/io/write.rs:402:11
[INFO] [stdout]    7:     0x60d57d5cd47c - <alloc[2e1b2a31b91974c5]::vec::Vec<u8> as core[a373ad73a504971]::io::write::Write>::write_fmt
[INFO] [stdout]                                at /rustc/e3feeb59cd1bdd011a2bfcc0747b55125d9b8527/library/core/src/io/write.rs:335:13
[INFO] [stdout]    8:     0x60d57d5a56c6 - <std[617be2ca0a6fd877]::sys::backtrace::BacktraceLock>::print
[INFO] [stdout]                                at /rustc/e3feeb59cd1bdd011a2bfcc0747b55125d9b8527/library/std/src/sys/backtrace.rs:47:9
[INFO] [stdout]    9:     0x60d57d5a56c6 - std[617be2ca0a6fd877]::panicking::default_hook::{closure#0}
[INFO] [stdout]                                at /rustc/e3feeb59cd1bdd011a2bfcc0747b55125d9b8527/library/std/src/panicking.rs:289:27
[INFO] [stdout]   10:     0x60d57d5c18f9 - std[617be2ca0a6fd877]::panicking::default_hook
[INFO] [stdout]                                at /rustc/e3feeb59cd1bdd011a2bfcc0747b55125d9b8527/library/std/src/panicking.rs:313:9
[INFO] [stdout]   11:     0x60d57d549e60 - <alloc[2e1b2a31b91974c5]::boxed::Box<dyn for<'a, 'b> core[a373ad73a504971]::ops::function::Fn<(&'a std[617be2ca0a6fd877]::panic::PanicHookInfo<'b>,), Output = ()> + core[a373ad73a504971]::marker::Sync + core[a373ad73a504971]::marker::Send> as core[a373ad73a504971]::ops::function::Fn<(&std[617be2ca0a6fd877]::panic::PanicHookInfo,)>>::call
[INFO] [stdout]                                at /rustc/e3feeb59cd1bdd011a2bfcc0747b55125d9b8527/library/alloc/src/boxed.rs:2328:9
[INFO] [stdout]   12:     0x60d57d549e60 - test[aada8e7e76ba119b]::test_main_inner::{closure#0}
[INFO] [stdout]                                at /rustc/e3feeb59cd1bdd011a2bfcc0747b55125d9b8527/library/test/src/lib.rs:137:21
[INFO] [stdout]   13:     0x60d57d5c1ab2 - <alloc[2e1b2a31b91974c5]::boxed::Box<dyn for<'a, 'b> core[a373ad73a504971]::ops::function::Fn<(&'a std[617be2ca0a6fd877]::panic::PanicHookInfo<'b>,), Output = ()> + core[a373ad73a504971]::marker::Sync + core[a373ad73a504971]::marker::Send> as core[a373ad73a504971]::ops::function::Fn<(&std[617be2ca0a6fd877]::panic::PanicHookInfo,)>>::call
[INFO] [stdout]                                at /rustc/e3feeb59cd1bdd011a2bfcc0747b55125d9b8527/library/alloc/src/boxed.rs:2328:9
[INFO] [stdout]   14:     0x60d57d5c1ab2 - std[617be2ca0a6fd877]::panicking::panic_with_hook
[INFO] [stdout]                                at /rustc/e3feeb59cd1bdd011a2bfcc0747b55125d9b8527/library/std/src/panicking.rs:819:13
[INFO] [stdout]   15:     0x60d57d5a5772 - std[617be2ca0a6fd877]::panicking::panic_handler::{closure#0}
[INFO] [stdout]                                at /rustc/e3feeb59cd1bdd011a2bfcc0747b55125d9b8527/library/std/src/panicking.rs:685:13
[INFO] [stdout]   16:     0x60d57d59e489 - std[617be2ca0a6fd877]::sys::backtrace::__rust_end_short_backtrace::<std[617be2ca0a6fd877]::panicking::panic_handler::{closure#0}, !>
[INFO] [stdout]                                at /rustc/e3feeb59cd1bdd011a2bfcc0747b55125d9b8527/library/std/src/sys/backtrace.rs:182:18
[INFO] [stdout]   17:     0x60d57d5a637d - __rustc[ea4f61d10b84890b]::rust_begin_unwind
[INFO] [stdout]                                at /rustc/e3feeb59cd1bdd011a2bfcc0747b55125d9b8527/library/std/src/panicking.rs:676:5
[INFO] [stdout]   18:     0x60d57d5dda2c - core[a373ad73a504971]::panicking::panic_fmt
[INFO] [stdout]                                at /rustc/e3feeb59cd1bdd011a2bfcc0747b55125d9b8527/library/core/src/panicking.rs:80:14
[INFO] [stdout]   19:     0x60d57d53a7d7 - test_optimizations[b780eeeec9ca96ec]::tests::test_const_optimized_shapes
[INFO] [stdout]                                at /opt/rustwide/workdir/tests/test_optimizations.rs:91:9
[INFO] [stdout]   20:     0x60d57d5398f7 - test_optimizations[b780eeeec9ca96ec]::tests::test_const_optimized_shapes::{closure#0}
[INFO] [stdout]                                at /opt/rustwide/workdir/tests/test_optimizations.rs:71:37
[INFO] [stdout]   21:     0x60d57d53d196 - <test_optimizations[b780eeeec9ca96ec]::tests::test_const_optimized_shapes::{closure#0} as core[a373ad73a504971]::ops::function::FnOnce<()>>::call_once
[INFO] [stdout]                                at /rustc/e3feeb59cd1bdd011a2bfcc0747b55125d9b8527/library/core/src/ops/function.rs:250:5
[INFO] [stdout]   22:     0x60d57d53d2ab - <fn() -> core[a373ad73a504971]::result::Result<(), alloc[2e1b2a31b91974c5]::string::String> as core[a373ad73a504971]::ops::function::FnOnce<()>>::call_once
[INFO] [stdout]                                at /rustc/e3feeb59cd1bdd011a2bfcc0747b55125d9b8527/library/core/src/ops/function.rs:250:5
[INFO] [stdout]   23:     0x60d57d53d2ab - test[aada8e7e76ba119b]::__rust_begin_short_backtrace::<core[a373ad73a504971]::result::Result<(), alloc[2e1b2a31b91974c5]::string::String>, fn() -> core[a373ad73a504971]::result::Result<(), alloc[2e1b2a31b91974c5]::string::String>>
[INFO] [stdout]                                at /rustc/e3feeb59cd1bdd011a2bfcc0747b55125d9b8527/library/test/src/lib.rs:701:18
[INFO] [stdout]   24:     0x60d57d54a485 - test[aada8e7e76ba119b]::run_test_in_process::{closure#0}
[INFO] [stdout]                                at /rustc/e3feeb59cd1bdd011a2bfcc0747b55125d9b8527/library/test/src/lib.rs:724:74
[INFO] [stdout]   25:     0x60d57d54a485 - <core[a373ad73a504971]::panic::unwind_safe::AssertUnwindSafe<test[aada8e7e76ba119b]::run_test_in_process::{closure#0}> as core[a373ad73a504971]::ops::function::FnOnce<()>>::call_once
[INFO] [stdout]                                at /rustc/e3feeb59cd1bdd011a2bfcc0747b55125d9b8527/library/core/src/panic/unwind_safe.rs:275:9
[INFO] [stdout]   26:     0x60d57d54a485 - std[617be2ca0a6fd877]::panicking::catch_unwind::do_call::<core[a373ad73a504971]::panic::unwind_safe::AssertUnwindSafe<test[aada8e7e76ba119b]::run_test_in_process::{closure#0}>, core[a373ad73a504971]::result::Result<(), alloc[2e1b2a31b91974c5]::string::String>>
[INFO] [stdout]                                at /rustc/e3feeb59cd1bdd011a2bfcc0747b55125d9b8527/library/std/src/panicking.rs:573:43
[INFO] [stdout]   27:     0x60d57d54a485 - std[617be2ca0a6fd877]::panicking::catch_unwind::<core[a373ad73a504971]::result::Result<(), alloc[2e1b2a31b91974c5]::string::String>, core[a373ad73a504971]::panic::unwind_safe::AssertUnwindSafe<test[aada8e7e76ba119b]::run_test_in_process::{closure#0}>>
[INFO] [stdout]                                at /rustc/e3feeb59cd1bdd011a2bfcc0747b55125d9b8527/library/std/src/panicking.rs:541:19
[INFO] [stdout]   28:     0x60d57d54a485 - std[617be2ca0a6fd877]::panic::catch_unwind::<core[a373ad73a504971]::panic::unwind_safe::AssertUnwindSafe<test[aada8e7e76ba119b]::run_test_in_process::{closure#0}>, core[a373ad73a504971]::result::Result<(), alloc[2e1b2a31b91974c5]::string::String>>
[INFO] [stdout]                                at /rustc/e3feeb59cd1bdd011a2bfcc0747b55125d9b8527/library/std/src/panic.rs:359:14
[INFO] [stdout]   29:     0x60d57d54a485 - test[aada8e7e76ba119b]::run_test_in_process
[INFO] [stdout]                                at /rustc/e3feeb59cd1bdd011a2bfcc0747b55125d9b8527/library/test/src/lib.rs:724:27
[INFO] [stdout]   30:     0x60d57d54a485 - test[aada8e7e76ba119b]::run_test::{closure#0}
[INFO] [stdout]                                at /rustc/e3feeb59cd1bdd011a2bfcc0747b55125d9b8527/library/test/src/lib.rs:645:43
[INFO] [stdout]   31:     0x60d57d543d74 - test[aada8e7e76ba119b]::run_test::{closure#1}
[INFO] [stdout]                                at /rustc/e3feeb59cd1bdd011a2bfcc0747b55125d9b8527/library/test/src/lib.rs:675:41
[INFO] [stdout]   32:     0x60d57d543d74 - std[617be2ca0a6fd877]::sys::backtrace::__rust_begin_short_backtrace::<test[aada8e7e76ba119b]::run_test::{closure#1}, ()>
[INFO] [stdout]                                at /rustc/e3feeb59cd1bdd011a2bfcc0747b55125d9b8527/library/std/src/sys/backtrace.rs:166:18
[INFO] [stdout]   33:     0x60d57d54d512 - std[617be2ca0a6fd877]::thread::lifecycle::spawn_unchecked::<test[aada8e7e76ba119b]::run_test::{closure#1}, ()>::{closure#1}::{closure#0}
[INFO] [stdout]                                at /rustc/e3feeb59cd1bdd011a2bfcc0747b55125d9b8527/library/std/src/thread/lifecycle.rs:70:13
[INFO] [stdout]   34:     0x60d57d54d512 - <core[a373ad73a504971]::panic::unwind_safe::AssertUnwindSafe<std[617be2ca0a6fd877]::thread::lifecycle::spawn_unchecked<test[aada8e7e76ba119b]::run_test::{closure#1}, ()>::{closure#1}::{closure#0}> as core[a373ad73a504971]::ops::function::FnOnce<()>>::call_once
[INFO] [stdout]                                at /rustc/e3feeb59cd1bdd011a2bfcc0747b55125d9b8527/library/core/src/panic/unwind_safe.rs:275:9
[INFO] [stdout]   35:     0x60d57d54d512 - std[617be2ca0a6fd877]::panicking::catch_unwind::do_call::<core[a373ad73a504971]::panic::unwind_safe::AssertUnwindSafe<std[617be2ca0a6fd877]::thread::lifecycle::spawn_unchecked<test[aada8e7e76ba119b]::run_test::{closure#1}, ()>::{closure#1}::{closure#0}>, ()>
[INFO] [stdout]                                at /rustc/e3feeb59cd1bdd011a2bfcc0747b55125d9b8527/library/std/src/panicking.rs:573:43
[INFO] [stdout]   36:     0x60d57d54d512 - std[617be2ca0a6fd877]::panicking::catch_unwind::<(), core[a373ad73a504971]::panic::unwind_safe::AssertUnwindSafe<std[617be2ca0a6fd877]::thread::lifecycle::spawn_unchecked<test[aada8e7e76ba119b]::run_test::{closure#1}, ()>::{closure#1}::{closure#0}>>
[INFO] [stdout]                                at /rustc/e3feeb59cd1bdd011a2bfcc0747b55125d9b8527/library/std/src/panicking.rs:541:19
[INFO] [stdout]   37:     0x60d57d54d512 - std[617be2ca0a6fd877]::panic::catch_unwind::<core[a373ad73a504971]::panic::unwind_safe::AssertUnwindSafe<std[617be2ca0a6fd877]::thread::lifecycle::spawn_unchecked<test[aada8e7e76ba119b]::run_test::{closure#1}, ()>::{closure#1}::{closure#0}>, ()>
[INFO] [stdout]                                at /rustc/e3feeb59cd1bdd011a2bfcc0747b55125d9b8527/library/std/src/panic.rs:359:14
[INFO] [stdout]   38:     0x60d57d54d512 - std[617be2ca0a6fd877]::thread::lifecycle::spawn_unchecked::<test[aada8e7e76ba119b]::run_test::{closure#1}, ()>::{closure#1}
[INFO] [stdout]                                at /rustc/e3feeb59cd1bdd011a2bfcc0747b55125d9b8527/library/std/src/thread/lifecycle.rs:68:26
[INFO] [stdout]   39:     0x60d57d54d512 - <std[617be2ca0a6fd877]::thread::lifecycle::spawn_unchecked<test[aada8e7e76ba119b]::run_test::{closure#1}, ()>::{closure#1} as core[a373ad73a504971]::ops::function::FnOnce<()>>::call_once::{shim:vtable#0}
[INFO] [stdout]                                at /rustc/e3feeb59cd1bdd011a2bfcc0747b55125d9b8527/library/core/src/ops/function.rs:250:5
[INFO] [stdout]   40:     0x60d57d5c8abf - <alloc[2e1b2a31b91974c5]::boxed::Box<dyn core[a373ad73a504971]::ops::function::FnOnce<(), Output = ()> + core[a373ad73a504971]::marker::Send> as core[a373ad73a504971]::ops::function::FnOnce<()>>::call_once
[INFO] [stdout]                                at /rustc/e3feeb59cd1bdd011a2bfcc0747b55125d9b8527/library/alloc/src/boxed.rs:2314:9
[INFO] [stdout]   41:     0x60d57d5c8abf - <std[617be2ca0a6fd877]::sys::thread::unix::Thread>::new::thread_start
[INFO] [stdout]                                at /rustc/e3feeb59cd1bdd011a2bfcc0747b55125d9b8527/library/std/src/sys/thread/unix.rs:127:17
[INFO] [stdout]   42:     0x721630a3adfa - <unknown>
[INFO] [stdout]   43:     0x721630ace3d4 - clone
[INFO] [stdout]   44:                0x0 - <unknown>
[INFO] [stdout] 
[INFO] [stdout] 
[INFO] [stdout] failures:
[INFO] [stderr] error: test failed, to rerun pass `--test test_optimizations`
[INFO] [stdout]     tests::test_const_optimized_shapes
[INFO] [stdout] 
[INFO] [stdout] test result: FAILED. 6 passed; 1 failed; 0 ignored; 0 measured; 0 filtered out; finished in 0.07s
[INFO] [stdout] 
[INFO] running `Command { std: "docker" "inspect" "206c893f77dd803213b0b5b82d6cebcac0f660bc78af93eff6bc1fa30b04705c", kill_on_drop: false }`
[INFO] running `Command { std: "docker" "rm" "-f" "206c893f77dd803213b0b5b82d6cebcac0f660bc78af93eff6bc1fa30b04705c", kill_on_drop: false }`
[INFO] [stdout] 206c893f77dd803213b0b5b82d6cebcac0f660bc78af93eff6bc1fa30b04705c
