[INFO] fetching crate aube-util 2.6.1...
[INFO] testing aube-util-2.6.1 against 1.99.0-beta.8 for beta-1.100-2
[INFO] extracting crate aube-util 2.6.1 into /workspace/builds/worker-2-tc1/source
[INFO] started tweaking crates.io crate aube-util 2.6.1
[INFO] removed 0 missing tests
[INFO] finished tweaking crates.io crate aube-util 2.6.1
[INFO] tweaked toml for crates.io crate aube-util 2.6.1 written to /workspace/builds/worker-2-tc1/source/Cargo.toml
[INFO] validating manifest of crates.io crate aube-util 2.6.1 on toolchain 1.99.0-beta.8
[INFO] running `Command { std: CARGO_HOME="/workspace/cargo-home" RUSTUP_HOME="/workspace/rustup-home" "/workspace/cargo-home/bin/cargo" "+1.99.0-beta.8" "metadata" "--manifest-path" "Cargo.toml" "--no-deps", kill_on_drop: false }`
[INFO] crate crates.io crate aube-util 2.6.1 already has a lockfile, it will not be regenerated
[INFO] running `Command { std: CARGO_HOME="/workspace/cargo-home" RUSTUP_HOME="/workspace/rustup-home" "/workspace/cargo-home/bin/cargo" "+1.99.0-beta.8" "fetch" "--manifest-path" "Cargo.toml", kill_on_drop: false }`
[INFO] [stderr]     Blocking waiting for file lock on package cache
[INFO] [stderr]     Updating crates.io index
[INFO] [stderr]  Downloading crates ...
[INFO] [stderr]   Downloaded webpki-root-certs v1.0.9
[INFO] [stderr]   Downloaded reqwest v0.13.5
[INFO] [stderr]   Downloaded zlib-rs v0.6.7
[INFO] [stderr]   Downloaded tokio-rustls v0.26.5
[INFO] [stderr]   Downloaded rustls-native-certs v0.8.4
[INFO] [stderr]   Downloaded h2 v0.4.18
[INFO] [stderr]   Downloaded reflink-copy v0.1.30
[INFO] [stderr]   Downloaded aube-codes v2.6.1
[INFO] running `Command { std: "docker" "create" "-v" "/var/lib/crater-agent-workspace/builds/worker-2-tc1/source:/opt/rustwide/workdir:ro,Z" "-v" "/var/lib/crater-agent-workspace/builds/worker-2-tc1/target:/opt/rustwide/target:rw,Z" "-v" "/var/lib/crater-agent-workspace/cargo-home:/opt/rustwide/cargo-home:ro,Z" "-v" "/var/lib/crater-agent-workspace/rustup-home:/opt/rustwide/rustup-home:ro,Z" "-m" "1610612736" "--network" "none" "ghcr.io/rust-lang/crates-build-env/linux@sha256:3111399a4047eeb3a02b7a90e478d715f38a8c6669b5c4b49d30a17385265909" "sleep" "infinity", kill_on_drop: false }`
[INFO] [stdout] 9befee2e83ccf0a16d586d966c328cd1628dcc8577561dbdf3638d0f3c97332b
[INFO] running `Command { std: "docker" "start" "9befee2e83ccf0a16d586d966c328cd1628dcc8577561dbdf3638d0f3c97332b", kill_on_drop: false }`
[INFO] running `Command { std: "docker" "inspect" "9befee2e83ccf0a16d586d966c328cd1628dcc8577561dbdf3638d0f3c97332b", kill_on_drop: false }`
[INFO] running `Command { std: "docker" "exec" "-e" "SOURCE_DIR=/opt/rustwide/workdir" "-e" "CARGO_HOME=/opt/rustwide/cargo-home" "-e" "RUSTUP_HOME=/opt/rustwide/rustup-home" "-e" "CARGO_TARGET_DIR=/opt/rustwide/target" "-w" "/opt/rustwide/workdir" "--user" "0:0" "9befee2e83ccf0a16d586d966c328cd1628dcc8577561dbdf3638d0f3c97332b" "/opt/rustwide/cargo-home/bin/cargo" "+1.99.0-beta.8" "metadata" "--no-deps" "--format-version=1", kill_on_drop: false }`
[INFO] running `Command { std: "docker" "inspect" "9befee2e83ccf0a16d586d966c328cd1628dcc8577561dbdf3638d0f3c97332b", kill_on_drop: false }`
[INFO] running `Command { std: "docker" "exec" "-e" "SOURCE_DIR=/opt/rustwide/workdir" "-e" "CARGO_HOME=/opt/rustwide/cargo-home" "-e" "RUSTUP_HOME=/opt/rustwide/rustup-home" "-e" "CARGO_TARGET_DIR=/opt/rustwide/target" "-e" "CARGO_INCREMENTAL=0" "-e" "RUST_BACKTRACE=full" "-e" "RUSTFLAGS=--cap-lints=warn" "-e" "RUSTDOCFLAGS=--cap-lints=warn" "-w" "/opt/rustwide/workdir" "--user" "0:0" "9befee2e83ccf0a16d586d966c328cd1628dcc8577561dbdf3638d0f3c97332b" "/opt/rustwide/cargo-home/bin/cargo" "+1.99.0-beta.8" "build" "--frozen" "--message-format=json", kill_on_drop: false }`
[INFO] [stderr]    Compiling syn v3.0.4
[INFO] [stderr]    Compiling syn v2.0.119
[INFO] [stderr]    Compiling smallvec v1.16.1
[INFO] [stderr]    Compiling jobserver v0.1.35
[INFO] [stderr]    Compiling find-msvc-tools v0.1.11
[INFO] [stderr]    Compiling errno v0.3.14
[INFO] [stderr]    Compiling pkg-config v0.3.34
[INFO] [stderr]    Compiling mio v1.2.2
[INFO] [stderr]    Compiling socket2 v0.6.5
[INFO] [stderr]    Compiling litemap v0.8.3
[INFO] [stderr]    Compiling writeable v0.6.4
[INFO] [stderr]    Compiling icu_normalizer_data v2.3.0
[INFO] [stderr]    Compiling icu_properties_data v2.3.0
[INFO] [stderr]    Compiling zstd-safe v7.2.4
[INFO] [stderr]    Compiling alloc-no-stdlib v2.0.4
[INFO] [stderr]    Compiling crc32fast v1.5.1
[INFO] [stderr]    Compiling signal-hook-registry v1.4.8
[INFO] [stderr]    Compiling parking_lot_core v0.9.12
[INFO] [stderr]    Compiling indexmap v2.14.0
[INFO] [stderr]    Compiling crossbeam-utils v0.8.22
[INFO] [stderr]    Compiling alloc-stdlib v0.2.4
[INFO] [stderr]    Compiling simd-adler32 v0.3.10
[INFO] [stderr]    Compiling adler2 v2.0.1
[INFO] [stderr]    Compiling crossbeam-epoch v0.9.20
[INFO] [stderr]    Compiling parking_lot v0.12.5
[INFO] [stderr]    Compiling miniz_oxide v0.9.1
[INFO] [stderr]    Compiling cc v1.4.4
[INFO] [stderr]    Compiling brotli-decompressor v5.0.3
[INFO] [stderr]    Compiling futures-task v0.3.34
[INFO] [stderr]    Compiling compression-core v0.4.32
[INFO] [stderr]    Compiling serde_json v1.0.151
[INFO] [stderr]    Compiling crossbeam-deque v0.8.7
[INFO] [stderr]    Compiling bitflags v2.13.1
[INFO] [stderr]    Compiling futures-channel v0.3.34
[INFO] [stderr]    Compiling sync_wrapper v1.0.2
[INFO] [stderr]    Compiling futures-util v0.3.34
[INFO] [stderr]    Compiling rustix v1.1.4
[INFO] [stderr]    Compiling ipnet v2.12.1
[INFO] [stderr]    Compiling memmap2 v0.9.11
[INFO] [stderr]    Compiling rustls-pki-types v1.15.1
[INFO] [stderr]    Compiling arrayvec v0.7.8
[INFO] [stderr]    Compiling constant_time_eq v0.4.2
[INFO] [stderr]    Compiling cpufeatures v0.3.0
[INFO] [stderr]    Compiling foldhash v0.2.0
[INFO] [stderr]    Compiling webpki-root-certs v1.0.9
[INFO] [stderr]    Compiling flate2 v1.1.10
[INFO] [stderr]    Compiling rayon-core v1.13.0
[INFO] [stderr]    Compiling brotli v8.0.4
[INFO] [stderr]    Compiling zstd-sys v2.1.0+zstd.1.5.7
[INFO] [stderr]    Compiling blake3 v1.8.7
[INFO] [stderr]    Compiling reflink-copy v0.1.30
[INFO] [stderr]    Compiling synstructure v0.13.2
[INFO] [stderr]    Compiling zerovec-derive v0.11.6
[INFO] [stderr]    Compiling displaydoc v0.2.7
[INFO] [stderr]    Compiling tokio-macros v2.7.2
[INFO] [stderr]    Compiling serde_derive v1.0.229
[INFO] [stderr]    Compiling thiserror-impl v2.0.20
[INFO] [stderr]    Compiling zerofrom-derive v0.1.7
[INFO] [stderr]    Compiling yoke-derive v0.8.2
[INFO] [stderr]    Compiling tracing-attributes v0.1.31
[INFO] [stderr]    Compiling tokio v1.53.1
[INFO] [stderr]    Compiling tracing v0.1.44
[INFO] [stderr]    Compiling thiserror v2.0.20
[INFO] [stderr]    Compiling zerofrom v0.1.8
[INFO] [stderr]    Compiling yoke v0.8.3
[INFO] [stderr]    Compiling zerovec v0.11.8
[INFO] [stderr]    Compiling zerotrie v0.2.5
[INFO] [stderr]    Compiling tinystr v0.8.4
[INFO] [stderr]    Compiling potential_utf v0.1.6
[INFO] [stderr]    Compiling zstd v0.13.3
[INFO] [stderr]    Compiling icu_locale_core v2.3.0
[INFO] [stderr]    Compiling icu_collections v2.3.0
[INFO] [stderr]    Compiling compression-codecs v0.4.38
[INFO] [stderr]    Compiling serde v1.0.229
[INFO] [stderr]    Compiling icu_provider v2.3.1
[INFO] [stderr]    Compiling icu_normalizer v2.3.0
[INFO] [stderr]    Compiling icu_properties v2.3.0
[INFO] [stderr]    Compiling aube-codes v2.6.1
[INFO] [stderr]    Compiling idna_adapter v1.2.2
[INFO] [stderr]    Compiling idna v1.1.0
[INFO] [stderr]    Compiling url v2.5.8
[INFO] [stderr]    Compiling tokio-util v0.7.19
[INFO] [stderr]    Compiling async-compression v0.4.43
[INFO] [stderr]    Compiling tower v0.5.3
[INFO] [stderr]    Compiling h2 v0.4.18
[INFO] [stderr]    Compiling tower-http v0.6.11
[INFO] [stderr]    Compiling hyper v1.11.0
[INFO] [stderr]    Compiling hyper-util v0.1.20
[INFO] [stderr]    Compiling reqwest v0.13.5
[INFO] [stderr]    Compiling aube-util v2.6.1 (/opt/rustwide/workdir)
[INFO] [stderr]     Finished `dev` profile [unoptimized + debuginfo] target(s) in 46.48s
[INFO] running `Command { std: "docker" "inspect" "9befee2e83ccf0a16d586d966c328cd1628dcc8577561dbdf3638d0f3c97332b", kill_on_drop: false }`
[INFO] running `Command { std: "docker" "exec" "-e" "SOURCE_DIR=/opt/rustwide/workdir" "-e" "CARGO_HOME=/opt/rustwide/cargo-home" "-e" "RUSTUP_HOME=/opt/rustwide/rustup-home" "-e" "CARGO_TARGET_DIR=/opt/rustwide/target" "-e" "CARGO_INCREMENTAL=0" "-e" "RUST_BACKTRACE=full" "-e" "RUSTFLAGS=--cap-lints=warn" "-e" "RUSTDOCFLAGS=--cap-lints=warn" "-w" "/opt/rustwide/workdir" "--user" "0:0" "9befee2e83ccf0a16d586d966c328cd1628dcc8577561dbdf3638d0f3c97332b" "/opt/rustwide/cargo-home/bin/cargo" "+1.99.0-beta.8" "test" "--frozen" "--no-run" "--message-format=json", kill_on_drop: false }`
[INFO] [stderr]    Compiling rustix v1.1.4
[INFO] [stderr]    Compiling getrandom v0.3.4
[INFO] [stderr]    Compiling reflink-copy v0.1.30
[INFO] [stderr]    Compiling tempfile v3.27.0
[INFO] [stderr]    Compiling aube-util v2.6.1 (/opt/rustwide/workdir)
[INFO] [stderr]     Finished `test` profile [unoptimized + debuginfo] target(s) in 10.89s
[INFO] running `Command { std: "docker" "inspect" "9befee2e83ccf0a16d586d966c328cd1628dcc8577561dbdf3638d0f3c97332b", kill_on_drop: false }`
[INFO] running `Command { std: "docker" "exec" "-e" "SOURCE_DIR=/opt/rustwide/workdir" "-e" "CARGO_HOME=/opt/rustwide/cargo-home" "-e" "RUSTUP_HOME=/opt/rustwide/rustup-home" "-e" "CARGO_TARGET_DIR=/opt/rustwide/target" "-e" "CARGO_INCREMENTAL=0" "-e" "RUST_BACKTRACE=full" "-e" "RUSTFLAGS=--cap-lints=warn" "-e" "RUSTDOCFLAGS=--cap-lints=warn" "-w" "/opt/rustwide/workdir" "--user" "0:0" "9befee2e83ccf0a16d586d966c328cd1628dcc8577561dbdf3638d0f3c97332b" "/opt/rustwide/cargo-home/bin/cargo" "+1.99.0-beta.8" "test" "--frozen", kill_on_drop: false }`
[INFO] [stderr]     Finished `test` profile [unoptimized + debuginfo] target(s) in 0.16s
[INFO] [stderr]      Running unittests src/lib.rs (/opt/rustwide/target/debug/deps/aube_util-9e6443417bf104a6)
[INFO] [stdout] 
[INFO] [stdout] running 101 tests
[INFO] [stdout] test adaptive::tests::permit_drop_releases_without_signal ... ok
[INFO] [stdout] test buf::tests::nested_calls_get_fresh_buffer ... ok
[INFO] [stdout] test adaptive::tests::shrinks_on_throttle ... ok
[INFO] [stdout] test adaptive::tests::ewma_converges_toward_sample_mean ... ok
[INFO] [stdout] test cache::tests::disk_cache_roundtrip ... ok
[INFO] [stdout] test cache::tests::freshness_detects_size_change ... ok
[INFO] [stdout] test adaptive::tests::grows_under_stable_latency ... ok
[INFO] [stdout] test adaptive::tests::floor_holds_under_continuous_throttle ... ok
[INFO] [stdout] test buf::tests::bytes_scratch_clears_each_call ... ok
[INFO] [stdout] test concurrency::tests::floor_and_ceiling_inclusive ... ok
[INFO] [stdout] test cache::tests::process_cache_returns_arc_clone ... ok
[INFO] [stdout] test concurrency::tests::unset_returns_none ... ok
[INFO] [stdout] test adaptive::tests::ceiling_holds_under_runaway_growth ... ok
[INFO] [stdout] test concurrency::tests::non_numeric_warns_and_returns_none ... ok
[INFO] [stdout] test diag::tests::extract_pkg_id_returns_name_only ... ok
[INFO] [stdout] test diag::tests::jstr_escapes_all_categories ... ok
[INFO] [stdout] test diag::tests::slot_wire_names_are_distinct_and_stable ... ok
[INFO] [stdout] test cache::tests::process_cache_computes_once ... ok
[INFO] [stdout] test adaptive::tests::shrink_only_on_explicit_throttle ... ok
[INFO] [stdout] test concurrency::tests::above_ceiling_warns_and_returns_none ... ok
[INFO] [stdout] test concurrency::tests::below_floor_warns_and_returns_none ... ok
[INFO] [stdout] test concurrency::tests::empty_warns_and_returns_none ... ok
[INFO] [stdout] test diag::tests::validate_diag_path_rejects_unc_only ... ok
[INFO] [stdout] test adaptive::additional_tests::cusum_ignores_single_outlier ... ok
[INFO] [stdout] test adaptive::additional_tests::cusum_detects_rising_shift ... ok
[INFO] [stdout] test cache::tests::freshness_handles_touch_with_same_content ... ok
[INFO] [stdout] test diag::tests::extract_field_handles_escaped_quotes ... ok
[INFO] [stdout] test diag::tests::longest_chain_matches_brute_force ... ok
[INFO] [stdout] test diag::tests::truncate_is_utf8_boundary_safe ... ok
[INFO] [stdout] test fs_atomic::tests::atomic_write_replaces_existing ... ok
[INFO] [stdout] test env::tests::embedder_and_config_env_read_aube_prefixed_under_default_profile ... ok
[INFO] [stdout] test diag_kernel::tests::current_rss_is_available ... ok
[INFO] [stdout] test engine_context::tests::default_is_upstream_neutral ... ok
[INFO] [stdout] test env::tests::aube_profile_honors_every_settings_env_family ... ok
[INFO] [stdout] test fs_atomic::tests::atomic_write_creates_parent ... ok
[INFO] [stdout] test buf::tests::string_scratch_clears_each_call ... ok
[INFO] [stdout] test fs_atomic::tests::sentinel_roundtrip ... ok
[INFO] [stdout] test env::tests::looks_branded_distinguishes_brand_from_neutral ... ok
[INFO] [stdout] test fs::tests::cross_volume_same_path_is_false ... ok
[INFO] [stdout] test http::priority::tests::header_background_streaming ... ok
[INFO] [stdout] test hash::tests::ordered_seq_hash_detects_count_changes ... ok
[INFO] [stdout] test hash::tests::meta_hash_reacts_to_script_change ... ok
[INFO] [stdout] test http::resolve::tests::host_port_explicit ... ok
[INFO] [stdout] test fs_atomic::tests::sibling_tempdir_differs_per_call ... ok
[INFO] [stdout] test hash::tests::blake3_hash_file_matches_in_memory_under_threshold ... ok
[INFO] [stdout] test http::resolve::tests::host_port_https_default ... ok
[INFO] [stdout] test http::resolve::tests::host_port_http_default ... ok
[INFO] [stdout] test http::resolve::tests::host_port_ipv6_default ... ok
[INFO] [stdout] test http::resolve::tests::host_port_ipv6_explicit ... ok
[INFO] [stdout] test http::resolve::tests::host_port_strips_fragment ... ok
[INFO] [stdout] test hash::tests::manifest_digest_stable_under_key_reorder ... ok
[INFO] [stdout] test http::priority::tests::header_critical_packument ... ok
[INFO] [stdout] test hash::tests::ordered_seq_hash_is_order_sensitive ... ok
[INFO] [stdout] test http::resolve::tests::host_port_strips_userinfo ... ok
[INFO] [stdout] test http::resolve::tests::host_port_invalid ... ok
[INFO] [stdout] test http::priority::tests::header_default_is_u3 ... ok
[INFO] [stdout] test http::ticket_cache::tests::corrupt_magic_loads_empty ... ok
[INFO] [stdout] test http::ticket_cache::tests::killswitch_short_circuits ... ok
[INFO] [stdout] test adaptive::tests::awaits_when_saturated ... ok
[INFO] [stdout] test identity::tests::embedder_unset_is_aube ... ok
[INFO] [stdout] test http::ticket_cache::tests::max_per_host_evicts_oldest ... ok
[INFO] [stdout] test identity::tests::prog_and_cmd_render_aube_under_default_profile ... ok
[INFO] [stdout] test http::ticket_cache::tests::stale_entries_filtered_at_load ... ok
[INFO] [stdout] test io::tests::surfaces_a_channel_error_after_the_buffered_prefix ... ok
[INFO] [stdout] test path::tests::is_noop_on_unix ... ok
[INFO] [stdout] test hash::tests::manifest_digest_ignores_scripts_and_license ... ok
[INFO] [stdout] test io::tests::buffered_only_body_ends_when_the_channel_closes ... ok
[INFO] [stdout] test http::ticket_cache::tests::missing_file_loads_empty ... ok
[INFO] [stdout] test http::priority::tests::header_tarball_incremental ... ok
[INFO] [stdout] test pkg::tests::split_scoped_name ... ok
[INFO] [stdout] test pkg::tests::workspace_catalog_detect ... ok
[INFO] [stdout] test http::ticket_cache::tests::roundtrip_persists_across_open ... ok
[INFO] [stdout] test path::tests::lexical_normalization_ignores_current_dirs ... ok
[INFO] [stdout] test io::tests::reads_buffered_chunks_then_the_channel ... ok
[INFO] [stdout] test path::tests::lexical_normalization_collapses_internal_parent_dirs ... ok
[INFO] [stdout] test hash::tests::manifest_digest_reacts_to_dep_change ... ok
[INFO] [stdout] test path::tests::lexical_normalization_preserves_leading_parent_dirs ... ok
[INFO] [stdout] test pkg::tests::split_plain_name ... ok
[INFO] [stdout] test hash::tests::meta_hash_stable_for_same_inputs ... ok
[INFO] [stdout] test snapshot::tests::clone_tree_handles_empty_source ... ok
[INFO] [stdout] test terminal::tests::borrows_text_that_does_not_need_sanitizing ... ok
[INFO] [stdout] test snapshot::tests::clone_tree_refuses_existing_destination ... ok
[INFO] [stdout] test http::ticket_cache::tests::host_port_lowercases ... ok
[INFO] [stdout] test url::tests::passthrough_when_no_userinfo ... ok
[INFO] [stdout] test http::ticket_cache::tests::invalidate_removes_all_for_host ... ok
[INFO] [stdout] test url::tests::passthrough_when_query_has_no_sensitive_keys ... ok
[INFO] [stdout] test url::tests::redacts_query_auth_case_insensitive ... ok
[INFO] [stdout] test terminal::tests::strips_unicode_format_characters ... ok
[INFO] [stdout] test url::tests::redacts_user_and_password ... ok
[INFO] [stdout] test url::tests::redacts_query_token ... ok
[INFO] [stdout] test url::tests::redacts_scheme_relative_userinfo ... ok
[INFO] [stdout] test url::tests::does_not_redact_at_in_path ... ok
[INFO] [stdout] test pkg::tests::split_empty_version_kept_as_some ... ok
[INFO] [stdout] test url::tests::preserves_fragment_when_redacting_query ... ok
[INFO] [stdout] test url::tests::redacts_query_apikey_alias ... ok
[INFO] [stdout] test url::tests::redacts_userinfo_with_ipv6_host ... ok
[INFO] [stdout] test terminal::tests::multiline_sanitizer_preserves_newlines_and_tabs ... ok
[INFO] [stdout] test snapshot::tests::clone_tree_reproduces_files ... ok
[INFO] [stdout] test hash::tests::blake3_streaming_path_matches_in_memory ... ok
[INFO] [stdout] test concurrency::tests::in_range_returns_value ... FAILED
[INFO] [stdout] test hash::tests::blake3_hash_file_matches_in_memory_over_threshold ... ok
[INFO] [stdout] 
[INFO] [stdout] failures:
[INFO] [stdout] 
[INFO] [stdout] ---- concurrency::tests::in_range_returns_value stdout ----
[INFO] [stdout] 
[INFO] [stdout] thread 'concurrency::tests::in_range_returns_value' (1874) panicked at src/concurrency.rs:86:13:
[INFO] [stdout] assertion `left == right` failed
[INFO] [stdout]   left: Some(8)
[INFO] [stdout]  right: Some(64)
[INFO] [stdout] stack backtrace:
[INFO] [stdout]    0:     0x5857c1af2771 - std[70759c8f55707aa4]::backtrace_rs::backtrace::libunwind::trace
[INFO] [stdout]                                at /rustc/dfb0accb7f508ae8be965d8629557221c889dd98/library/std/src/../../backtrace/src/backtrace/libunwind.rs:117:9
[INFO] [stdout]    1:     0x5857c1af2771 - std[70759c8f55707aa4]::backtrace_rs::backtrace::trace_unsynchronized::<std[70759c8f55707aa4]::sys::backtrace::_print_fmt::{closure#1}>
[INFO] [stdout]                                at /rustc/dfb0accb7f508ae8be965d8629557221c889dd98/library/std/src/../../backtrace/src/backtrace/mod.rs:66:14
[INFO] [stdout]    2:     0x5857c1af2771 - std[70759c8f55707aa4]::sys::backtrace::_print_fmt
[INFO] [stdout]                                at /rustc/dfb0accb7f508ae8be965d8629557221c889dd98/library/std/src/sys/backtrace.rs:74:9
[INFO] [stdout]    3:     0x5857c1af2771 - <<std[70759c8f55707aa4]::sys::backtrace::BacktraceLock>::print::DisplayBacktrace as core[df12db4294e9bfd3]::fmt::Display>::fmt
[INFO] [stdout]                                at /rustc/dfb0accb7f508ae8be965d8629557221c889dd98/library/std/src/sys/backtrace.rs:44:26
[INFO] [stdout]    4:     0x5857c1b086ea - <core[df12db4294e9bfd3]::fmt::rt::Argument>::fmt
[INFO] [stdout]                                at /rustc/dfb0accb7f508ae8be965d8629557221c889dd98/library/core/src/fmt/rt.rs:152:76
[INFO] [stdout]    5:     0x5857c1b086ea - core[df12db4294e9bfd3]::fmt::write
[INFO] [stdout]    6:     0x5857c1af719c - core[df12db4294e9bfd3]::io::write::default_write_fmt::<alloc[2182bb758b4b3781]::vec::Vec<u8>>
[INFO] [stdout]                                at /rustc/dfb0accb7f508ae8be965d8629557221c889dd98/library/core/src/io/write.rs:402:11
[INFO] [stdout]    7:     0x5857c1af719c - <alloc[2182bb758b4b3781]::vec::Vec<u8> as core[df12db4294e9bfd3]::io::write::Write>::write_fmt
[INFO] [stdout]                                at /rustc/dfb0accb7f508ae8be965d8629557221c889dd98/library/core/src/io/write.rs:335:13
[INFO] [stdout]    8:     0x5857c1aca706 - <std[70759c8f55707aa4]::sys::backtrace::BacktraceLock>::print
[INFO] [stdout]                                at /rustc/dfb0accb7f508ae8be965d8629557221c889dd98/library/std/src/sys/backtrace.rs:47:9
[INFO] [stdout]    9:     0x5857c1aca706 - std[70759c8f55707aa4]::panicking::default_hook::{closure#0}
[INFO] [stdout]                                at /rustc/dfb0accb7f508ae8be965d8629557221c889dd98/library/std/src/panicking.rs:292:27
[INFO] [stdout]   10:     0x5857c1ae82d9 - std[70759c8f55707aa4]::panicking::default_hook
[INFO] [stdout]                                at /rustc/dfb0accb7f508ae8be965d8629557221c889dd98/library/std/src/panicking.rs:316:9
[INFO] [stdout]   11:     0x5857c19ac690 - <alloc[2182bb758b4b3781]::boxed::Box<dyn for<'a, 'b> core[df12db4294e9bfd3]::ops::function::Fn<(&'a std[70759c8f55707aa4]::panic::PanicHookInfo<'b>,), Output = ()> + core[df12db4294e9bfd3]::marker::Send + core[df12db4294e9bfd3]::marker::Sync> as core[df12db4294e9bfd3]::ops::function::Fn<(&std[70759c8f55707aa4]::panic::PanicHookInfo,)>>::call
[INFO] [stdout]                                at /rustc/dfb0accb7f508ae8be965d8629557221c889dd98/library/alloc/src/boxed.rs:2334:9
[INFO] [stdout]   12:     0x5857c19ac690 - test[9d35eded1c95d3be]::test_main_inner::<test[9d35eded1c95d3be]::test_main_static::{closure#0}>::{closure#0}
[INFO] [stdout]                                at /rustc/dfb0accb7f508ae8be965d8629557221c889dd98/library/test/src/lib.rs:155:21
[INFO] [stdout]   13:     0x5857c1ae8602 - <alloc[2182bb758b4b3781]::boxed::Box<dyn for<'a, 'b> core[df12db4294e9bfd3]::ops::function::Fn<(&'a std[70759c8f55707aa4]::panic::PanicHookInfo<'b>,), Output = ()> + core[df12db4294e9bfd3]::marker::Send + core[df12db4294e9bfd3]::marker::Sync> as core[df12db4294e9bfd3]::ops::function::Fn<(&std[70759c8f55707aa4]::panic::PanicHookInfo,)>>::call
[INFO] [stdout]                                at /rustc/dfb0accb7f508ae8be965d8629557221c889dd98/library/alloc/src/boxed.rs:2334:9
[INFO] [stdout]   14:     0x5857c1ae8602 - std[70759c8f55707aa4]::panicking::panic_with_hook
[INFO] [stdout]                                at /rustc/dfb0accb7f508ae8be965d8629557221c889dd98/library/std/src/panicking.rs:823:13
[INFO] [stdout]   15:     0x5857c1aca7b2 - std[70759c8f55707aa4]::panicking::panic_handler::{closure#0}
[INFO] [stdout]                                at /rustc/dfb0accb7f508ae8be965d8629557221c889dd98/library/std/src/panicking.rs:688:13
[INFO] [stdout]   16:     0x5857c1ac2f99 - std[70759c8f55707aa4]::sys::backtrace::__rust_end_short_backtrace::<std[70759c8f55707aa4]::panicking::panic_handler::{closure#0}, !>
[INFO] [stdout]                                at /rustc/dfb0accb7f508ae8be965d8629557221c889dd98/library/std/src/sys/backtrace.rs:182:18
[INFO] [stdout]   17:     0x5857c1acb86d - __rustc[8fa7c3cbc660c2b3]::rust_begin_unwind
[INFO] [stdout]                                at /rustc/dfb0accb7f508ae8be965d8629557221c889dd98/library/std/src/panicking.rs:679:5
[INFO] [stdout]   18:     0x5857c1b08f0c - core[df12db4294e9bfd3]::panicking::panic_fmt
[INFO] [stdout]                                at /rustc/dfb0accb7f508ae8be965d8629557221c889dd98/library/core/src/panicking.rs:80:14
[INFO] [stdout]   19:     0x5857c1b08da3 - core[df12db4294e9bfd3]::panicking::assert_failed_inner
[INFO] [stdout]                                at /rustc/dfb0accb7f508ae8be965d8629557221c889dd98/library/core/src/panicking.rs:452:17
[INFO] [stdout]   20:     0x5857c1925c14 - core[df12db4294e9bfd3]::panicking::assert_failed::<core[df12db4294e9bfd3]::option::Option<u32>, core[df12db4294e9bfd3]::option::Option<u32>>
[INFO] [stdout]                                at /rustc/dfb0accb7f508ae8be965d8629557221c889dd98/library/core/src/panicking.rs:407:5
[INFO] [stdout]   21:     0x5857c18c5a90 - aube_util[67233016c94c9ba1]::concurrency::tests::in_range_returns_value::{closure#0}
[INFO] [stdout]                                at /opt/rustwide/workdir/src/concurrency.rs:86:13
[INFO] [stdout]   22:     0x5857c18c0e4e - aube_util[67233016c94c9ba1]::concurrency::tests::with_env::<aube_util[67233016c94c9ba1]::concurrency::tests::in_range_returns_value::{closure#0}>
[INFO] [stdout]                                at /opt/rustwide/workdir/src/concurrency.rs:69:9
[INFO] [stdout]   23:     0x5857c18c77a2 - aube_util[67233016c94c9ba1]::concurrency::tests::in_range_returns_value
[INFO] [stdout]                                at /opt/rustwide/workdir/src/concurrency.rs:85:9
[INFO] [stdout]   24:     0x5857c18c58b7 - aube_util[67233016c94c9ba1]::concurrency::tests::in_range_returns_value::{closure#0}
[INFO] [stdout]                                at /opt/rustwide/workdir/src/concurrency.rs:84:32
[INFO] [stdout]   25:     0x5857c1906826 - <aube_util[67233016c94c9ba1]::concurrency::tests::in_range_returns_value::{closure#0} as core[df12db4294e9bfd3]::ops::function::FnOnce<()>>::call_once
[INFO] [stdout]                                at /rustc/dfb0accb7f508ae8be965d8629557221c889dd98/library/core/src/ops/function.rs:250:5
[INFO] [stdout]   26:     0x5857c199f97b - <fn() -> core[df12db4294e9bfd3]::result::Result<(), alloc[2182bb758b4b3781]::string::String> as core[df12db4294e9bfd3]::ops::function::FnOnce<()>>::call_once
[INFO] [stdout]                                at /rustc/dfb0accb7f508ae8be965d8629557221c889dd98/library/core/src/ops/function.rs:250:5
[INFO] [stdout]   27:     0x5857c199f97b - test[9d35eded1c95d3be]::__rust_begin_short_backtrace::<core[df12db4294e9bfd3]::result::Result<(), alloc[2182bb758b4b3781]::string::String>, fn() -> core[df12db4294e9bfd3]::result::Result<(), alloc[2182bb758b4b3781]::string::String>>
[INFO] [stdout]                                at /rustc/dfb0accb7f508ae8be965d8629557221c889dd98/library/test/src/lib.rs:733:18
[INFO] [stdout]   28:     0x5857c19acfe5 - test[9d35eded1c95d3be]::run_test_in_process::{closure#0}
[INFO] [stdout]                                at /rustc/dfb0accb7f508ae8be965d8629557221c889dd98/library/test/src/lib.rs:756:74
[INFO] [stdout]   29:     0x5857c19acfe5 - <core[df12db4294e9bfd3]::panic::unwind_safe::AssertUnwindSafe<test[9d35eded1c95d3be]::run_test_in_process::{closure#0}> as core[df12db4294e9bfd3]::ops::function::FnOnce<()>>::call_once
[INFO] [stdout]                                at /rustc/dfb0accb7f508ae8be965d8629557221c889dd98/library/core/src/panic/unwind_safe.rs:275:9
[INFO] [stdout]   30:     0x5857c19acfe5 - std[70759c8f55707aa4]::panicking::catch_unwind::do_call::<core[df12db4294e9bfd3]::panic::unwind_safe::AssertUnwindSafe<test[9d35eded1c95d3be]::run_test_in_process::{closure#0}>, core[df12db4294e9bfd3]::result::Result<(), alloc[2182bb758b4b3781]::string::String>>
[INFO] [stdout]                                at /rustc/dfb0accb7f508ae8be965d8629557221c889dd98/library/std/src/panicking.rs:576:43
[INFO] [stdout]   31:     0x5857c19acfe5 - std[70759c8f55707aa4]::panicking::catch_unwind::<core[df12db4294e9bfd3]::result::Result<(), alloc[2182bb758b4b3781]::string::String>, core[df12db4294e9bfd3]::panic::unwind_safe::AssertUnwindSafe<test[9d35eded1c95d3be]::run_test_in_process::{closure#0}>>
[INFO] [stdout]                                at /rustc/dfb0accb7f508ae8be965d8629557221c889dd98/library/std/src/panicking.rs:544:19
[INFO] [stdout]   32:     0x5857c19acfe5 - std[70759c8f55707aa4]::panic::catch_unwind::<core[df12db4294e9bfd3]::panic::unwind_safe::AssertUnwindSafe<test[9d35eded1c95d3be]::run_test_in_process::{closure#0}>, core[df12db4294e9bfd3]::result::Result<(), alloc[2182bb758b4b3781]::string::String>>
[INFO] [stdout]                                at /rustc/dfb0accb7f508ae8be965d8629557221c889dd98/library/std/src/panic.rs:359:14
[INFO] [stdout]   33:     0x5857c19acfe5 - test[9d35eded1c95d3be]::run_test_in_process
[INFO] [stdout]                                at /rustc/dfb0accb7f508ae8be965d8629557221c889dd98/library/test/src/lib.rs:756:27
[INFO] [stdout]   34:     0x5857c19acfe5 - test[9d35eded1c95d3be]::run_test::{closure#0}
[INFO] [stdout]                                at /rustc/dfb0accb7f508ae8be965d8629557221c889dd98/library/test/src/lib.rs:677:43
[INFO] [stdout]   35:     0x5857c19a68a4 - test[9d35eded1c95d3be]::run_test::{closure#1}
[INFO] [stdout]                                at /rustc/dfb0accb7f508ae8be965d8629557221c889dd98/library/test/src/lib.rs:707:41
[INFO] [stdout]   36:     0x5857c19a68a4 - std[70759c8f55707aa4]::sys::backtrace::__rust_begin_short_backtrace::<test[9d35eded1c95d3be]::run_test::{closure#1}, ()>
[INFO] [stdout]                                at /rustc/dfb0accb7f508ae8be965d8629557221c889dd98/library/std/src/sys/backtrace.rs:166:18
[INFO] [stdout]   37:     0x5857c19b0142 - std[70759c8f55707aa4]::thread::lifecycle::spawn_unchecked::<test[9d35eded1c95d3be]::run_test::{closure#1}, ()>::{closure#1}::{closure#0}
[INFO] [stdout]                                at /rustc/dfb0accb7f508ae8be965d8629557221c889dd98/library/std/src/thread/lifecycle.rs:70:13
[INFO] [stdout]   38:     0x5857c19b0142 - <core[df12db4294e9bfd3]::panic::unwind_safe::AssertUnwindSafe<std[70759c8f55707aa4]::thread::lifecycle::spawn_unchecked<test[9d35eded1c95d3be]::run_test::{closure#1}, ()>::{closure#1}::{closure#0}> as core[df12db4294e9bfd3]::ops::function::FnOnce<()>>::call_once
[INFO] [stdout]                                at /rustc/dfb0accb7f508ae8be965d8629557221c889dd98/library/core/src/panic/unwind_safe.rs:275:9
[INFO] [stdout]   39:     0x5857c19b0142 - std[70759c8f55707aa4]::panicking::catch_unwind::do_call::<core[df12db4294e9bfd3]::panic::unwind_safe::AssertUnwindSafe<std[70759c8f55707aa4]::thread::lifecycle::spawn_unchecked<test[9d35eded1c95d3be]::run_test::{closure#1}, ()>::{closure#1}::{closure#0}>, ()>
[INFO] [stdout]                                at /rustc/dfb0accb7f508ae8be965d8629557221c889dd98/library/std/src/panicking.rs:576:43
[INFO] [stdout]   40:     0x5857c19b0142 - std[70759c8f55707aa4]::panicking::catch_unwind::<(), core[df12db4294e9bfd3]::panic::unwind_safe::AssertUnwindSafe<std[70759c8f55707aa4]::thread::lifecycle::spawn_unchecked<test[9d35eded1c95d3be]::run_test::{closure#1}, ()>::{closure#1}::{closure#0}>>
[INFO] [stdout]                                at /rustc/dfb0accb7f508ae8be965d8629557221c889dd98/library/std/src/panicking.rs:544:19
[INFO] [stdout]   41:     0x5857c19b0142 - std[70759c8f55707aa4]::panic::catch_unwind::<core[df12db4294e9bfd3]::panic::unwind_safe::AssertUnwindSafe<std[70759c8f55707aa4]::thread::lifecycle::spawn_unchecked<test[9d35eded1c95d3be]::run_test::{closure#1}, ()>::{closure#1}::{closure#0}>, ()>
[INFO] [stdout]                                at /rustc/dfb0accb7f508ae8be965d8629557221c889dd98/library/std/src/panic.rs:359:14
[INFO] [stdout]   42:     0x5857c19b0142 - std[70759c8f55707aa4]::thread::lifecycle::spawn_unchecked::<test[9d35eded1c95d3be]::run_test::{closure#1}, ()>::{closure#1}
[INFO] [stdout]                                at /rustc/dfb0accb7f508ae8be965d8629557221c889dd98/library/std/src/thread/lifecycle.rs:68:26
[INFO] [stdout]   43:     0x5857c19b0142 - <std[70759c8f55707aa4]::thread::lifecycle::spawn_unchecked<test[9d35eded1c95d3be]::run_test::{closure#1}, ()>::{closure#1} as core[df12db4294e9bfd3]::ops::function::FnOnce<()>>::call_once::{shim:vtable#0}
[INFO] [stdout]                                at /rustc/dfb0accb7f508ae8be965d8629557221c889dd98/library/core/src/ops/function.rs:250:5
[INFO] [stdout]   44:     0x5857c1af16c9 - <alloc[2182bb758b4b3781]::boxed::Box<dyn core[df12db4294e9bfd3]::ops::function::FnOnce<(), Output = ()> + core[df12db4294e9bfd3]::marker::Send> as core[df12db4294e9bfd3]::ops::function::FnOnce<()>>::call_once
[INFO] [stdout]                                at /rustc/dfb0accb7f508ae8be965d8629557221c889dd98/library/alloc/src/boxed.rs:2320:9
[INFO] [stdout]   45:     0x5857c1af16c9 - <std[70759c8f55707aa4]::sys::thread::unix::Thread>::new::thread_start
[INFO] [stdout]                                at /rustc/dfb0accb7f508ae8be965d8629557221c889dd98/library/std/src/sys/thread/unix.rs:123:17
[INFO] [stdout]   46:     0x743292035dfa - <unknown>
[INFO] [stdout]   47:     0x7432920c93d4 - clone
[INFO] [stdout]   48:                0x0 - <unknown>
[INFO] [stdout] 
[INFO] [stdout] 
[INFO] [stdout] failures:
[INFO] [stdout]     concurrency::tests::in_range_returns_value
[INFO] [stdout] 
[INFO] [stdout] test result: FAILED. 100 passed; 1 failed; 0 ignored; 0 measured; 0 filtered out; finished in 0.27s
[INFO] [stdout] 
[INFO] [stderr] error: test failed, to rerun pass `--lib`
[INFO] running `Command { std: "docker" "inspect" "9befee2e83ccf0a16d586d966c328cd1628dcc8577561dbdf3638d0f3c97332b", kill_on_drop: false }`
[INFO] running `Command { std: "docker" "rm" "-f" "9befee2e83ccf0a16d586d966c328cd1628dcc8577561dbdf3638d0f3c97332b", kill_on_drop: false }`
[INFO] [stdout] 9befee2e83ccf0a16d586d966c328cd1628dcc8577561dbdf3638d0f3c97332b
