[INFO] fetching crate amari-core 0.24.1...
[INFO] testing amari-core-0.24.1 against 1.100.0-beta.1 for beta-1.100-2
[INFO] extracting crate amari-core 0.24.1 into /workspace/builds/worker-1-tc2/source
[INFO] started tweaking crates.io crate amari-core 0.24.1
[INFO] removed 0 missing examples
[INFO] removed 0 missing tests
[INFO] finished tweaking crates.io crate amari-core 0.24.1
[INFO] tweaked toml for crates.io crate amari-core 0.24.1 written to /workspace/builds/worker-1-tc2/source/Cargo.toml
[INFO] validating manifest of crates.io crate amari-core 0.24.1 on toolchain 1.100.0-beta.1
[INFO] running `Command { std: CARGO_HOME="/workspace/cargo-home" RUSTUP_HOME="/workspace/rustup-home" "/workspace/cargo-home/bin/cargo" "+1.100.0-beta.1" "metadata" "--manifest-path" "Cargo.toml" "--no-deps", kill_on_drop: false }`
[INFO] crate crates.io crate amari-core 0.24.1 already has a lockfile, it will not be regenerated
[INFO] running `Command { std: CARGO_HOME="/workspace/cargo-home" RUSTUP_HOME="/workspace/rustup-home" "/workspace/cargo-home/bin/cargo" "+1.100.0-beta.1" "fetch" "--manifest-path" "Cargo.toml", kill_on_drop: false }`
[INFO] [stderr] warning: `package.homepage` is redundant with `package.repository`
[INFO] [stderr]   --> Cargo.toml:81:12
[INFO] [stderr]    |
[INFO] [stderr] 81 | homepage = "https://github.com/justinelliottcobb/Amari"
[INFO] [stderr]    |            ^^^^^^^^^^^^^^^^^^^^^^^^^^^^^^^^^^^^^^^^^^^^
[INFO] [stderr] ...
[INFO] [stderr] 86 | repository = "https://github.com/justinelliottcobb/Amari"
[INFO] [stderr]    |              --------------------------------------------
[INFO] [stderr]    |
[INFO] [stderr]    = note: `cargo::redundant_homepage` is set to `warn` by default
[INFO] [stderr] help: consider removing `package.homepage`
[INFO] [stderr] warning: `amari-core` (manifest) generated 1 warning
[INFO] running `Command { std: "docker" "create" "-v" "/var/lib/crater-agent-workspace/builds/worker-1-tc2/source:/opt/rustwide/workdir:ro,Z" "-v" "/var/lib/crater-agent-workspace/builds/worker-1-tc2/target:/opt/rustwide/target:rw,Z" "-v" "/var/lib/crater-agent-workspace/cargo-home:/opt/rustwide/cargo-home:ro,Z" "-v" "/var/lib/crater-agent-workspace/rustup-home:/opt/rustwide/rustup-home:ro,Z" "-m" "1610612736" "--network" "none" "ghcr.io/rust-lang/crates-build-env/linux@sha256:3111399a4047eeb3a02b7a90e478d715f38a8c6669b5c4b49d30a17385265909" "sleep" "infinity", kill_on_drop: false }`
[INFO] [stdout] 096d9d7a84a714126e94b0940239262a13c526f159d439251298b0c724e51d68
[INFO] running `Command { std: "docker" "start" "096d9d7a84a714126e94b0940239262a13c526f159d439251298b0c724e51d68", kill_on_drop: false }`
[INFO] running `Command { std: "docker" "inspect" "096d9d7a84a714126e94b0940239262a13c526f159d439251298b0c724e51d68", kill_on_drop: false }`
[INFO] running `Command { std: "docker" "exec" "-e" "SOURCE_DIR=/opt/rustwide/workdir" "-e" "CARGO_HOME=/opt/rustwide/cargo-home" "-e" "RUSTUP_HOME=/opt/rustwide/rustup-home" "-e" "CARGO_TARGET_DIR=/opt/rustwide/target" "-w" "/opt/rustwide/workdir" "--user" "0:0" "096d9d7a84a714126e94b0940239262a13c526f159d439251298b0c724e51d68" "/opt/rustwide/cargo-home/bin/cargo" "+1.100.0-beta.1" "metadata" "--no-deps" "--format-version=1", kill_on_drop: false }`
[INFO] running `Command { std: "docker" "inspect" "096d9d7a84a714126e94b0940239262a13c526f159d439251298b0c724e51d68", kill_on_drop: false }`
[INFO] running `Command { std: "docker" "exec" "-e" "SOURCE_DIR=/opt/rustwide/workdir" "-e" "CARGO_HOME=/opt/rustwide/cargo-home" "-e" "RUSTUP_HOME=/opt/rustwide/rustup-home" "-e" "CARGO_TARGET_DIR=/opt/rustwide/target" "-e" "CARGO_INCREMENTAL=0" "-e" "RUST_BACKTRACE=full" "-e" "RUSTFLAGS=--cap-lints=warn" "-e" "RUSTDOCFLAGS=--cap-lints=warn" "-w" "/opt/rustwide/workdir" "--user" "0:0" "096d9d7a84a714126e94b0940239262a13c526f159d439251298b0c724e51d68" "/opt/rustwide/cargo-home/bin/cargo" "+1.100.0-beta.1" "build" "--frozen" "--message-format=json", kill_on_drop: false }`
[INFO] [stderr] warning: `package.homepage` is redundant with `package.repository`
[INFO] [stderr]   --> Cargo.toml:81:12
[INFO] [stderr]    |
[INFO] [stderr] 81 | homepage = "https://github.com/justinelliottcobb/Amari"
[INFO] [stderr]    |            ^^^^^^^^^^^^^^^^^^^^^^^^^^^^^^^^^^^^^^^^^^^^
[INFO] [stderr] ...
[INFO] [stderr] 86 | repository = "https://github.com/justinelliottcobb/Amari"
[INFO] [stderr]    |              --------------------------------------------
[INFO] [stderr]    |
[INFO] [stderr]    = note: `cargo::redundant_homepage` is set to `warn` by default
[INFO] [stderr] help: consider removing `package.homepage`
[INFO] [stderr] warning: `amari-core` (manifest) generated 1 warning
[INFO] [stderr]    Compiling proc-macro2 v1.0.107
[INFO] [stderr]    Compiling dashu-int v0.4.3
[INFO] [stderr]    Compiling num-modular v0.6.4
[INFO] [stderr]    Compiling thiserror v2.0.19
[INFO] [stderr]    Compiling dashu-base v0.4.3
[INFO] [stderr]    Compiling bytemuck v1.25.2
[INFO] [stderr]    Compiling approx v0.5.1
[INFO] [stderr]    Compiling quote v1.0.47
[INFO] [stderr]    Compiling syn v3.0.3
[INFO] [stderr]    Compiling thiserror-impl v2.0.19
[INFO] [stderr]    Compiling dashu-float v0.4.5
[INFO] [stderr]    Compiling amari-core v0.24.1 (/opt/rustwide/workdir)
[INFO] [stderr] warning: unused dependency `approx`
[INFO] [stderr]  --> Cargo.toml:6:15
[INFO] [stderr]   |
[INFO] [stderr] 6 | [dependencies.approx]
[INFO] [stderr]   |               ^^^^^^^
[INFO] [stderr]   |
[INFO] [stderr]   = note: `cargo::unused_dependencies` is set to `warn` by default
[INFO] [stderr] help: consider removing the dependency on `approx`
[INFO] [stderr] warning: unused dependency `bytemuck`
[INFO] [stderr]  --> Cargo.toml:9:15
[INFO] [stderr]   |
[INFO] [stderr] 9 | [dependencies.bytemuck]
[INFO] [stderr]   |               ^^^^^^^^^
[INFO] [stderr]   |
[INFO] [stderr] help: consider removing the dependency on `bytemuck`
[INFO] [stderr] warning: `amari-core` (manifest) generated 2 warnings
[INFO] [stderr]     Finished `dev` profile [unoptimized + debuginfo] target(s) in 9.48s
[INFO] running `Command { std: "docker" "inspect" "096d9d7a84a714126e94b0940239262a13c526f159d439251298b0c724e51d68", kill_on_drop: false }`
[INFO] running `Command { std: "docker" "exec" "-e" "SOURCE_DIR=/opt/rustwide/workdir" "-e" "CARGO_HOME=/opt/rustwide/cargo-home" "-e" "RUSTUP_HOME=/opt/rustwide/rustup-home" "-e" "CARGO_TARGET_DIR=/opt/rustwide/target" "-e" "CARGO_INCREMENTAL=0" "-e" "RUST_BACKTRACE=full" "-e" "RUSTFLAGS=--cap-lints=warn" "-e" "RUSTDOCFLAGS=--cap-lints=warn" "-w" "/opt/rustwide/workdir" "--user" "0:0" "096d9d7a84a714126e94b0940239262a13c526f159d439251298b0c724e51d68" "/opt/rustwide/cargo-home/bin/cargo" "+1.100.0-beta.1" "test" "--frozen" "--no-run" "--message-format=json", kill_on_drop: false }`
[INFO] [stderr] warning: `package.homepage` is redundant with `package.repository`
[INFO] [stderr]   --> Cargo.toml:81:12
[INFO] [stderr]    |
[INFO] [stderr] 81 | homepage = "https://github.com/justinelliottcobb/Amari"
[INFO] [stderr]    |            ^^^^^^^^^^^^^^^^^^^^^^^^^^^^^^^^^^^^^^^^^^^^
[INFO] [stderr] ...
[INFO] [stderr] 86 | repository = "https://github.com/justinelliottcobb/Amari"
[INFO] [stderr]    |              --------------------------------------------
[INFO] [stderr]    |
[INFO] [stderr]    = note: `cargo::redundant_homepage` is set to `warn` by default
[INFO] [stderr] help: consider removing `package.homepage`
[INFO] [stderr] warning: `amari-core` (manifest) generated 1 warning
[INFO] [stderr]    Compiling libc v0.2.189
[INFO] [stderr]    Compiling zerocopy v0.8.55
[INFO] [stderr]    Compiling crossbeam-utils v0.8.22
[INFO] [stderr]    Compiling getrandom v0.4.3
[INFO] [stderr]    Compiling rand_core v0.10.1
[INFO] [stderr]    Compiling crossbeam-epoch v0.9.20
[INFO] [stderr]    Compiling crossbeam-deque v0.8.7
[INFO] [stderr]    Compiling cc v1.4.0
[INFO] [stderr]    Compiling rustix v1.1.4
[INFO] [stderr]    Compiling bitflags v2.13.1
[INFO] [stderr]    Compiling either v1.17.0
[INFO] [stderr]    Compiling syn v2.0.119
[INFO] [stderr]    Compiling serde_derive v1.0.229
[INFO] [stderr]    Compiling rayon-core v1.13.0
[INFO] [stderr]    Compiling regex-syntax v0.8.11
[INFO] [stderr]    Compiling serde_json v1.0.151
[INFO] [stderr]    Compiling memchr v2.8.3
[INFO] [stderr]    Compiling fastrand v2.5.0
[INFO] [stderr]    Compiling plotters-backend v0.3.7
[INFO] [stderr]    Compiling ciborium-io v0.2.2
[INFO] [stderr]    Compiling itertools v0.13.0
[INFO] [stderr]    Compiling clap_builder v4.6.5
[INFO] [stderr]    Compiling bit-vec v0.8.0
[INFO] [stderr]    Compiling cast v0.3.0
[INFO] [stderr]    Compiling cpufeatures v0.3.0
[INFO] [stderr]    Compiling plotters-svg v0.3.7
[INFO] [stderr]    Compiling chacha20 v0.10.1
[INFO] [stderr]    Compiling anes v0.1.6
[INFO] [stderr]    Compiling oorandom v11.1.5
[INFO] [stderr]    Compiling bit-set v0.8.0
[INFO] [stderr]    Compiling plotters v0.3.7
[INFO] [stderr]    Compiling unarray v0.1.4
[INFO] [stderr]    Compiling alloca v0.4.0
[INFO] [stderr]    Compiling rayon v1.12.0
[INFO] [stderr]    Compiling getrandom v0.3.4
[INFO] [stderr]    Compiling wait-timeout v0.2.1
[INFO] [stderr]    Compiling regex-automata v0.4.18
[INFO] [stderr]    Compiling page_size v0.6.0
[INFO] [stderr]    Compiling rand v0.10.2
[INFO] [stderr]    Compiling rand_core v0.9.5
[INFO] [stderr]    Compiling rand_xorshift v0.4.0
[INFO] [stderr]    Compiling rand v0.9.5
[INFO] [stderr]    Compiling criterion-plot v0.8.2
[INFO] [stderr]    Compiling clap v4.6.5
[INFO] [stderr]    Compiling tempfile v3.27.0
[INFO] [stderr]    Compiling rusty-fork v0.3.1
[INFO] [stderr]    Compiling serde v1.0.229
[INFO] [stderr]    Compiling tinytemplate v1.2.1
[INFO] [stderr]    Compiling zerocopy-derive v0.8.55
[INFO] [stderr]    Compiling regex v1.13.1
[INFO] [stderr]    Compiling half v2.7.1
[INFO] [stderr]    Compiling ppv-lite86 v0.2.21
[INFO] [stderr]    Compiling ciborium-ll v0.2.2
[INFO] [stderr]    Compiling ciborium v0.2.2
[INFO] [stderr]    Compiling rand_chacha v0.9.0
[INFO] [stderr]    Compiling proptest v1.11.0
[INFO] [stderr]    Compiling criterion v0.8.2
[INFO] [stderr]    Compiling amari-core v0.24.1 (/opt/rustwide/workdir)
[INFO] [stderr] warning: unused dependency `approx`
[INFO] [stderr]  --> Cargo.toml:6:15
[INFO] [stderr]   |
[INFO] [stderr] 6 | [dependencies.approx]
[INFO] [stderr]   |               ^^^^^^^
[INFO] [stderr]   |
[INFO] [stderr]   = note: `cargo::unused_dependencies` is set to `warn` by default
[INFO] [stderr] help: consider removing the dependency on `approx`
[INFO] [stderr] help: to still use for development builds, move to `dev-dependencies`
[INFO] [stderr] warning: unused dependency `bytemuck`
[INFO] [stderr]  --> Cargo.toml:9:15
[INFO] [stderr]   |
[INFO] [stderr] 9 | [dependencies.bytemuck]
[INFO] [stderr]   |               ^^^^^^^^^
[INFO] [stderr]   |
[INFO] [stderr] help: consider removing the dependency on `bytemuck`
[INFO] [stderr] warning: `amari-core` (manifest) generated 2 warnings
[INFO] [stderr]     Finished `test` profile [unoptimized + debuginfo] target(s) in 45.52s
[INFO] running `Command { std: "docker" "inspect" "096d9d7a84a714126e94b0940239262a13c526f159d439251298b0c724e51d68", kill_on_drop: false }`
[INFO] running `Command { std: "docker" "exec" "-e" "SOURCE_DIR=/opt/rustwide/workdir" "-e" "CARGO_HOME=/opt/rustwide/cargo-home" "-e" "RUSTUP_HOME=/opt/rustwide/rustup-home" "-e" "CARGO_TARGET_DIR=/opt/rustwide/target" "-e" "CARGO_INCREMENTAL=0" "-e" "RUST_BACKTRACE=full" "-e" "RUSTFLAGS=--cap-lints=warn" "-e" "RUSTDOCFLAGS=--cap-lints=warn" "-w" "/opt/rustwide/workdir" "--user" "0:0" "096d9d7a84a714126e94b0940239262a13c526f159d439251298b0c724e51d68" "/opt/rustwide/cargo-home/bin/cargo" "+1.100.0-beta.1" "test" "--frozen", kill_on_drop: false }`
[INFO] [stderr] warning: `package.homepage` is redundant with `package.repository`
[INFO] [stderr]   --> Cargo.toml:81:12
[INFO] [stderr]    |
[INFO] [stderr] 81 | homepage = "https://github.com/justinelliottcobb/Amari"
[INFO] [stderr]    |            ^^^^^^^^^^^^^^^^^^^^^^^^^^^^^^^^^^^^^^^^^^^^
[INFO] [stderr] ...
[INFO] [stderr] 86 | repository = "https://github.com/justinelliottcobb/Amari"
[INFO] [stderr]    |              --------------------------------------------
[INFO] [stderr]    |
[INFO] [stderr]    = note: `cargo::redundant_homepage` is set to `warn` by default
[INFO] [stderr] help: consider removing `package.homepage`
[INFO] [stderr] warning: `amari-core` (manifest) generated 1 warning
[INFO] [stderr] warning: unused dependency `approx`
[INFO] [stderr]  --> Cargo.toml:6:15
[INFO] [stderr]   |
[INFO] [stderr] 6 | [dependencies.approx]
[INFO] [stderr]   |               ^^^^^^^
[INFO] [stderr]   |
[INFO] [stderr]   = note: `cargo::unused_dependencies` is set to `warn` by default
[INFO] [stderr] help: consider removing the dependency on `approx`
[INFO] [stderr] help: to still use for development builds, move to `dev-dependencies`
[INFO] [stderr] warning: unused dependency `bytemuck`
[INFO] [stderr]  --> Cargo.toml:9:15
[INFO] [stderr]   |
[INFO] [stderr] 9 | [dependencies.bytemuck]
[INFO] [stderr]   |               ^^^^^^^^^
[INFO] [stderr]   |
[INFO] [stderr] help: consider removing the dependency on `bytemuck`
[INFO] [stderr] warning: `amari-core` (manifest) generated 2 warnings
[INFO] [stderr]     Finished `test` profile [unoptimized + debuginfo] target(s) in 0.23s
[INFO] [stderr]      Running unittests src/lib.rs (/opt/rustwide/target/debug/build/amari-core/2eb8ffc6f17c94f5/out/amari_core-2eb8ffc6f17c94f5)
[INFO] [stdout] 
[INFO] [stdout] running 202 tests
[INFO] [stdout] test aligned_alloc::tests::test_aligned_coefficients ... ok
[INFO] [stdout] test basis::tests::test_basis_helpers ... ok
[INFO] [stdout] test cayley::tests::test_euclidean_3d ... ok
[INFO] [stdout] test aligned_alloc::tests::test_memory_pool ... ok
[INFO] [stdout] test cayley::tests::test_null_vectors ... ok
[INFO] [stdout] test aligned_alloc::tests::test_aligned_memory ... ok
[INFO] [stdout] test comprehensive_tests::accessor_tests::test_as_slice ... ok
[INFO] [stdout] test comprehensive_tests::accessor_tests::test_get_set ... ok
[INFO] [stdout] test cayley::tests::test_minkowski_spacetime ... ok
[INFO] [stdout] test aligned_alloc::tests::test_aligned_f64_vec ... ok
[INFO] [stdout] test basis::tests::test_builder ... ok
[INFO] [stdout] test comprehensive_tests::accessor_tests::test_set_scalar ... ok
[INFO] [stdout] test comprehensive_tests::accessor_tests::test_trivector_part ... ok
[INFO] [stdout] test comprehensive_tests::accessor_tests::test_set_vector_component ... ok
[INFO] [stdout] test comprehensive_tests::arithmetic_tests::test_addition ... ok
[INFO] [stdout] test comprehensive_tests::arithmetic_tests::test_operator_addition ... ok
[INFO] [stdout] test comprehensive_tests::accessor_tests::test_scalar_part ... ok
[INFO] [stdout] test basis::tests::test_blade_names ... ok
[INFO] [stdout] test comprehensive_tests::bivector_tests::test_bivector_basis_bivectors ... ok
[INFO] [stdout] test comprehensive_tests::bivector_tests::test_bivector_from_components ... ok
[INFO] [stdout] test comprehensive_tests::accessor_tests::test_set_bivector_component ... ok
[INFO] [stdout] test comprehensive_tests::accessor_tests::test_bivector_part ... ok
[INFO] [stdout] test comprehensive_tests::bivector_tests::test_bivector_from_multivector ... ok
[INFO] [stdout] test comprehensive_tests::bivector_tests::test_bivector_geometric_product_with_vector ... ok
[INFO] [stdout] test comprehensive_tests::accessor_tests::test_vector_part ... ok
[INFO] [stdout] test comprehensive_tests::arithmetic_tests::test_scalar_multiplication ... ok
[INFO] [stdout] test comprehensive_tests::bivector_tests::test_bivector_geometric_product_with_bivector ... ok
[INFO] [stdout] test comprehensive_tests::advanced_operations_tests::test_exp_bivector ... ok
[INFO] [stdout] test comprehensive_tests::bivector_tests::test_bivector_index_access ... ok
[INFO] [stdout] test comprehensive_tests::advanced_operations_tests::test_exp_zero ... ok
[INFO] [stdout] test comprehensive_tests::bivector_tests::test_bivector_get ... ok
[INFO] [stdout] test comprehensive_tests::accessor_tests::test_vector_component ... ok
[INFO] [stdout] test comprehensive_tests::arithmetic_tests::test_operator_subtraction ... ok
[INFO] [stdout] test comprehensive_tests::arithmetic_tests::test_operator_negation ... ok
[INFO] [stdout] test comprehensive_tests::bivector_tests::test_bivector_inner_product_with_vector ... ok
[INFO] [stdout] test comprehensive_tests::advanced_operations_tests::test_exp_scalar ... ok
[INFO] [stdout] test comprehensive_tests::bivector_tests::test_bivector_outer_product_with_vector ... ok
[INFO] [stdout] test comprehensive_tests::bivector_tests::test_bivector_outer_product ... ok
[INFO] [stdout] test comprehensive_tests::bivector_tests::test_bivector_inner_product ... ok
[INFO] [stdout] test comprehensive_tests::bivector_tests::test_bivector_right_contraction ... ok
[INFO] [stdout] test comprehensive_tests::constructor_tests::test_basis_vector ... ok
[INFO] [stdout] test comprehensive_tests::bivector_tests::test_bivector_magnitude ... ok
[INFO] [stdout] test comprehensive_tests::constructor_tests::test_from_slice ... ok
[INFO] [stdout] test comprehensive_tests::constructor_tests::test_scalar ... ok
[INFO] [stdout] test comprehensive_tests::integration_tests::test_basis_vector_anticommutativity ... ok
[INFO] [stdout] test comprehensive_tests::constructor_tests::test_zero ... ok
[INFO] [stdout] test comprehensive_tests::integration_tests::test_distributivity ... ok
[INFO] [stdout] test comprehensive_tests::integration_tests::test_basis_vector_squares ... ok
[INFO] [stdout] test comprehensive_tests::integration_tests::test_identity_elements ... ok
[INFO] [stdout] test comprehensive_tests::integration_tests::test_reverse_involution ... ok
[INFO] [stdout] test comprehensive_tests::operation_tests::test_grade ... ok
[INFO] [stdout] test comprehensive_tests::operation_tests::test_grade_projection ... ok
[INFO] [stdout] test comprehensive_tests::operation_tests::test_reverse ... ok
[INFO] [stdout] test comprehensive_tests::product_tests::test_geometric_product ... ok
[INFO] [stdout] test comprehensive_tests::product_tests::test_geometric_product_associativity ... ok
[INFO] [stdout] test comprehensive_tests::product_tests::test_inner_product ... ok
[INFO] [stdout] test comprehensive_tests::product_tests::test_outer_product_antisymmetric ... ok
[INFO] [stdout] test comprehensive_tests::constructor_tests::test_from_coefficients ... ok
[INFO] [stdout] test comprehensive_tests::scalar_tests::test_scalar_commutative_multiplication ... ok
[INFO] [stdout] test comprehensive_tests::scalar_tests::test_scalar_from_trait ... ok
[INFO] [stdout] test comprehensive_tests::utility_tests::test_norm ... ok
[INFO] [stdout] test comprehensive_tests::scalar_tests::test_scalar_identity ... ok
[INFO] [stdout] test comprehensive_tests::product_tests::test_scalar_product ... ok
[INFO] [stdout] test comprehensive_tests::utility_tests::test_norm_squared ... ok
[INFO] [stdout] test comprehensive_tests::utility_tests::test_magnitude ... ok
[INFO] [stdout] test comprehensive_tests::scalar_tests::test_scalar_geometric_product_with_vector ... ok
[INFO] [stdout] test comprehensive_tests::utility_tests::test_normalize_zero ... ok
[INFO] [stdout] test comprehensive_tests::utility_tests::test_normalize_small ... ok
[INFO] [stdout] test comprehensive_tests::utility_tests::test_abs ... ok
[INFO] [stdout] test comprehensive_tests::utility_tests::test_normalize ... ok
[INFO] [stdout] test comprehensive_tests::utility_tests::test_inverse ... ok
[INFO] [stdout] test comprehensive_tests::scalar_tests::test_scalar_geometric_product_with_multivector ... ok
[INFO] [stdout] test comprehensive_tests::scalar_tests::test_scalar_one ... ok
[INFO] [stdout] test comprehensive_tests::utility_tests::test_approx_eq ... ok
[INFO] [stdout] test comprehensive_tests::utility_tests::test_equality ... ok
[INFO] [stdout] test comprehensive_tests::utility_tests::test_inverse_zero ... ok
[INFO] [stdout] test comprehensive_tests::utility_tests::test_is_zero ... ok
[INFO] [stdout] test comprehensive_tests::utility_tests::test_inverse_small ... ok
[INFO] [stdout] test comprehensive_tests::vector_tests::test_vector_add ... ok
[INFO] [stdout] test comprehensive_tests::scalar_tests::test_scalar_from ... ok
[INFO] [stdout] test comprehensive_tests::vector_tests::test_vector_geometric_product_with_scalar ... ok
[INFO] [stdout] test comprehensive_tests::vector_tests::test_vector_as_slice ... ok
[INFO] [stdout] test comprehensive_tests::vector_tests::test_vector_hodge_dual ... ok
[INFO] [stdout] test comprehensive_tests::vector_tests::test_vector_from_components ... ok
[INFO] [stdout] test comprehensive_tests::vector_tests::test_vector_from_multivector ... ok
[INFO] [stdout] test comprehensive_tests::vector_tests::test_vector_inner_product ... ok
[INFO] [stdout] test comprehensive_tests::vector_tests::test_vector_geometric_product_with_multivector ... ok
[INFO] [stdout] test comprehensive_tests::vector_tests::test_vector_basis_vectors ... ok
[INFO] [stdout] test comprehensive_tests::vector_tests::test_vector_inner_product_with_mv ... ok
[INFO] [stdout] test comprehensive_tests::vector_tests::test_vector_left_contraction ... ok
[INFO] [stdout] test comprehensive_tests::vector_tests::test_vector_inner_product_with_bivector ... ok
[INFO] [stdout] test comprehensive_tests::vector_tests::test_vector_magnitude ... ok
[INFO] [stdout] test comprehensive_tests::vector_tests::test_vector_geometric_product_with_bivector ... ok
[INFO] [stdout] test comprehensive_tests::vector_tests::test_vector_geometric_product_with_vector ... ok
[INFO] [stdout] test comprehensive_tests::vector_tests::test_vector_norm_squared ... ok
[INFO] [stdout] test comprehensive_tests::vector_tests::test_vector_normalize ... ok
[INFO] [stdout] test comprehensive_tests::vector_tests::test_vector_normalize_zero ... ok
[INFO] [stdout] test comprehensive_tests::vector_tests::test_vector_outer_product ... ok
[INFO] [stdout] test comprehensive_tests::vector_tests::test_vector_outer_product_with_bivector ... ok
[INFO] [stdout] test comprehensive_tests::vector_tests::test_vector_outer_product_with_mv ... ok
[INFO] [stdout] test comprehensive_tests::product_tests::test_outer_product ... ok
[INFO] [stdout] test comprehensive_tests::vector_tests::test_vector_reverse ... ok
[INFO] [stdout] test comprehensive_tests::vector_tests::test_vector_zero ... ok
[INFO] [stdout] test generic::tests::test_blade_product_e12_e1_cl300 ... ok
[INFO] [stdout] test generic::tests::test_blade_product_e1_e1_cl300 ... ok
[INFO] [stdout] test generic::tests::test_blade_product_e1_e2_cl300 ... ok
[INFO] [stdout] test generic::tests::test_blade_product_e2_e1_cl300 ... ok
[INFO] [stdout] test generic::tests::test_blade_product_e3_e3_cl210 ... ok
[INFO] [stdout] test generic::tests::test_blade_product_null_signature ... ok
[INFO] [stdout] test generic::tests::test_blade_product_scalar_scalar ... ok
[INFO] [stdout] test generic::tests::test_generic_gp_matches_const_generic_cl210 ... ok
[INFO] [stdout] test generic::tests::test_generic_gp_matches_const_generic_cl300 ... ok
[INFO] [stdout] test generic::tests::test_generic_gp_scalar_only ... ok
[INFO] [stdout] test gf2::clifford::tests::test_basis_vector_square_degenerate ... ok
[INFO] [stdout] test gf2::clifford::tests::test_basis_vector_square_nondegenerate ... ok
[INFO] [stdout] test comprehensive_tests::vector_tests::test_vector_norm ... ok
[INFO] [stdout] test generic::tests::test_generic_gp_random_cl410 ... ok
[INFO] [stdout] test gf2::clifford::tests::test_commutativity_over_gf2 ... ok
[INFO] [stdout] test gf2::clifford::tests::test_geometric_product_associativity ... ok
[INFO] [stdout] test gf2::clifford::tests::test_grade_projection ... ok
[INFO] [stdout] test gf2::clifford::tests::test_outer_product_dependent ... ok
[INFO] [stdout] test gf2::clifford::tests::test_outer_product_independent_blades ... ok
[INFO] [stdout] test gf2::clifford::tests::test_pseudoscalar_product ... ok
[INFO] [stdout] test gf2::clifford::tests::test_reverse ... ok
[INFO] [stdout] test gf2::clifford::tests::test_to_real_from_real_roundtrip ... ok
[INFO] [stdout] test gf2::grassmannian::tests::test_binary_grassmannian_size ... ok
[INFO] [stdout] test gf2::clifford::tests::test_zero_and_identity ... ok
[INFO] [stdout] test gf2::grassmannian::tests::test_gaussian_binomial_edge_cases ... ok
[INFO] [stdout] test gf2::grassmannian::tests::test_schubert_cell_size_formula ... ok
[INFO] [stdout] test gf2::matrix::tests::test_full_rank ... ok
[INFO] [stdout] test gf2::grassmannian::tests::test_enumerate_subspaces_valid_rref ... ok
[INFO] [stdout] test gf2::matrix::tests::test_matrix_product ... ok
[INFO] [stdout] test gf2::matrix::tests::test_identity_properties ... ok
[INFO] [stdout] test gf2::matrix::tests::test_row_echelon_and_rank ... ok
[INFO] [stdout] test gf2::matrix::tests::test_rank_deficient ... ok
[INFO] [stdout] test gf2::matrix::tests::test_solve ... ok
[INFO] [stdout] test gf2::matrix::tests::test_solve_inconsistent ... ok
[INFO] [stdout] test gf2::grassmannian::tests::test_schubert_cell_sizes_sum ... ok
[INFO] [stdout] test gf2::matrix::tests::test_determinant_non_square ... ok
[INFO] [stdout] test gf2::scalar::tests::test_conversions ... ok
[INFO] [stdout] test gf2::scalar::tests::test_field_addition ... ok
[INFO] [stdout] test gf2::matrix::tests::test_transpose_roundtrip ... ok
[INFO] [stdout] test gf2::scalar::tests::test_multiplicative_inverse ... ok
[INFO] [stdout] test gf2::grassmannian::tests::test_gaussian_binomial_known_values ... ok
[INFO] [stdout] test gf2::scalar::tests::test_distributivity ... ok
[INFO] [stdout] test gf2::scalar::tests::test_field_multiplication ... ok
[INFO] [stdout] test gf2::matrix::tests::test_null_space ... ok
[INFO] [stdout] test gf2::scalar::tests::test_self_inverse ... ok
[INFO] [stdout] test gf2::vector::tests::test_hamming_weight_and_distance ... ok
[INFO] [stdout] test gf2::vector::tests::test_large_vector ... ok
[INFO] [stdout] test gf2::vector::tests::test_xor_addition ... ok
[INFO] [stdout] test gf2::vector::tests::test_dot_product ... ok
[INFO] [stdout] test gf2::vector::tests::test_from_bits ... ok
[INFO] [stdout] test gf2::vector::tests::test_from_u64_roundtrip ... ok
[INFO] [stdout] test gf2::vector::tests::test_get_set_roundtrip ... ok
[INFO] [stdout] test gf2::vector::tests::test_zero_vector ... ok
[INFO] [stdout] test gf2::grassmannian::tests::test_enumerate_subspaces_count ... ok
[INFO] [stdout] test gf2::matrix::tests::test_matrix_vector_product ... ok
[INFO] [stdout] test precision::tests::test_dashu_float_creation ... ok
[INFO] [stdout] test precision::tests::test_standard_float_precision ... ok
[INFO] [stdout] test precision::tests::test_default_tolerance ... ok
[INFO] [stdout] test precision::tests::test_dashu_float_arithmetic ... ok
[INFO] [stdout] test precision::tests::test_dashu_float_precision_operations ... ok
[INFO] [stdout] test precision::tests::test_dashu_float_transcendental ... ok
[INFO] [stdout] test rotor::tests::test_reflection ... ok
[INFO] [stdout] test property_tests::unit_property_tests::test_property_framework ... ok
[INFO] [stdout] test property_tests::prop_addition_commutative ... ok
[INFO] [stdout] test property_tests::prop_additive_identity ... ok
[INFO] [stdout] test rotor::tests::test_rotor_composition ... ok
[INFO] [stdout] test simd::tests::test_aligned_buffer ... ok
[INFO] [stdout] test simd::tests::test_runtime_feature_detection ... ok
[INFO] [stdout] test property_tests::prop_outer_product_antisymmetric ... ok
[INFO] [stdout] test rotor::tests::test_rotor_90_degrees ... ok
[INFO] [stdout] test tests::test_grade_operations ... ok
[INFO] [stdout] test tests::test_metric_signature ... ok
[INFO] [stdout] test tests::test_inner_and_outer_products ... ok
[INFO] [stdout] test tests::test_algebraic_identities ... ok
[INFO] [stdout] test unicode_ops::tests::test_extended_unicode_operations ... ok
[INFO] [stdout] test tests::test_basis_vectors ... ok
[INFO] [stdout] test tests::test_wedge_product ... ok
[INFO] [stdout] test tests::test_rotor_from_bivector ... ok
[INFO] [stdout] test unicode_ops::tests::test_unicode_inner_product ... ok
[INFO] [stdout] test unicode_ops::tests::test_unicode_wedge_product ... ok
[INFO] [stdout] test unicode_ops::tests::test_unicode_grade_projection ... ok
[INFO] [stdout] test unicode_ops::tests::test_unicode_mathematical_identities ... ok
[INFO] [stdout] test unicode_ops::tests::test_unicode_geometric_product ... ok
[INFO] [stdout] test verified::tests::test_outer_product_type_safety ... ok
[INFO] [stdout] test unicode_ops::tests::test_unicode_unary_operations ... ok
[INFO] [stdout] test verified::tests::test_phantom_type_dimension_safety ... ok
[INFO] [stdout] test verified::tests::test_signature_type_safety ... ok
[INFO] [stdout] test verified::tests::test_grade_preservation ... ok
[INFO] [stdout] test property_tests::prop_scalar_multiplication_commutative ... ok
[INFO] [stdout] test property_tests::prop_multiplicative_identity ... ok
[INFO] [stdout] test property_tests::prop_outer_product_self_zero ... ok
[INFO] [stdout] test property_tests::prop_basis_anticommutativity ... ok
[INFO] [stdout] test property_tests::prop_basis_vector_squares ... ok
[INFO] [stdout] test property_tests::prop_left_distributivity ... ok
[INFO] [stdout] test property_tests::prop_norm_via_reverse ... ok
[INFO] [stdout] test property_tests::prop_addition_associative ... ok
[INFO] [stdout] test property_tests::prop_reverse_antiautomorphism ... ok
[INFO] [stdout] test property_tests::prop_rotor_preserves_norm ... ok
[INFO] [stdout] test property_tests::prop_geometric_product_associative ... ok
[INFO] [stdout] 
[INFO] [stdout] test result: ok. 202 passed; 0 failed; 0 ignored; 0 measured; 0 filtered out; finished in 0.08s
[INFO] [stdout] 
[INFO] [stderr]      Running tests/audit_tests.rs (/opt/rustwide/target/debug/build/amari-core/91fe81171268557a/out/audit_tests-91fe81171268557a)
[INFO] [stdout] 
[INFO] [stdout] running 17 tests
[INFO] [stdout] test contraction_tests::test_left_contraction_vector_bivector ... ok
[INFO] [stdout] test cayley_tests::test_full_cayley_table_cl300 ... ok
[INFO] [stdout] test contraction_tests::test_left_contraction_vector_vector ... ok
[INFO] [stdout] test contraction_tests::test_inner_product_vector_bivector ... ok
[INFO] [stdout] test hodge_dual_tests::test_hodge_dual_basis_vectors_3d ... ok
[INFO] [stdout] test hodge_dual_tests::test_hodge_dual_double_dual_3d ... ok
[INFO] [stdout] test hodge_dual_tests::test_hodge_dual_bivectors_3d ... ok
[INFO] [stdout] test hodge_dual_tests::test_hodge_dual_scalar_pseudoscalar_3d ... ok
[INFO] [stdout] test numeric_tests::test_geometric_product_associativity ... ok
[INFO] [stdout] test numeric_tests::test_identity_geometric_product ... ok
[INFO] [stdout] test hodge_dual_tests::test_hodge_dual_mixed_grade ... ok
[INFO] [stdout] test numeric_tests::test_inverse_zero ... ok
[INFO] [stdout] test numeric_tests::test_large_coefficients ... ok
[INFO] [stdout] test numeric_tests::test_near_zero_normalize ... ok
[INFO] [stdout] test numeric_tests::test_normalize_zero_vector ... ok
[INFO] [stdout] test signature_tests::test_projective_ga_cl201 ... ok
[INFO] [stdout] test signature_tests::test_minkowski_spacetime_cl130 ... ok
[INFO] [stdout] 
[INFO] [stdout] test result: ok. 17 passed; 0 failed; 0 ignored; 0 measured; 0 filtered out; finished in 0.00s
[INFO] [stdout] 
[INFO] [stderr]      Running tests/geometric_product.rs (/opt/rustwide/target/debug/build/amari-core/d499a8f9adeece63/out/geometric_product-d499a8f9adeece63)
[INFO] [stdout] 
[INFO] [stdout] running 15 tests
[INFO] [stdout] test geometric_product_tests::test_basis_vector_squared_negative_signature ... ok
[INFO] [stdout] test geometric_product_tests::test_basis_vector_squared_null_signature ... ok
[INFO] [stdout] test geometric_product_tests::test_basis_vector_squared_positive_signature ... ok
[INFO] [stdout] test geometric_product_tests::test_general_multivector_product ... ok
[INFO] [stdout] test geometric_product_tests::test_bivector_vector_product ... ok
[INFO] [stdout] test geometric_product_tests::test_geometric_product_distributivity ... ok
[INFO] [stdout] test geometric_product_tests::test_grade_mixing_in_product ... ok
[INFO] [stdout] test geometric_product_tests::test_geometric_product_associativity ... ok
[INFO] [stdout] test geometric_product_tests::test_multiplicative_identity ... ok
[INFO] [stdout] test geometric_product_tests::test_orthogonal_basis_vectors_anticommute ... ok
[INFO] [stdout] test geometric_product_tests::test_scalar_multiplication_commutes ... ok
[INFO] [stdout] test geometric_product_tests::test_vector_bivector_product ... ok
[INFO] [stdout] test geometric_product_tests::test_zero_element ... ok
[INFO] [stdout] test geometric_product_tests::test_self_product_positive_definite ... ok
[INFO] [stdout] test performance_tests::test_geometric_product_performance ... FAILED
[INFO] [stdout] 
[INFO] [stdout] failures:
[INFO] [stdout] 
[INFO] [stdout] ---- performance_tests::test_geometric_product_performance stdout ----
[INFO] [stdout] 
[INFO] [stdout] thread 'performance_tests::test_geometric_product_performance' (1628) panicked at tests/geometric_product.rs:232:9:
[INFO] [stdout] Geometric product too slow: 121.632753ms
[INFO] [stdout] stack backtrace:
[INFO] [stdout]    0:     0x61e36b943f01 - std[617be2ca0a6fd877]::backtrace_rs::backtrace::libunwind::trace
[INFO] [stdout]                                at /rustc/e3feeb59cd1bdd011a2bfcc0747b55125d9b8527/library/std/src/../../backtrace/src/backtrace/libunwind.rs:117:9
[INFO] [stdout]    1:     0x61e36b943f01 - std[617be2ca0a6fd877]::backtrace_rs::backtrace::trace_unsynchronized::<std[617be2ca0a6fd877]::sys::backtrace::_print_fmt::{closure#1}>
[INFO] [stdout]                                at /rustc/e3feeb59cd1bdd011a2bfcc0747b55125d9b8527/library/std/src/../../backtrace/src/backtrace/mod.rs:66:14
[INFO] [stdout]    2:     0x61e36b943f01 - std[617be2ca0a6fd877]::sys::backtrace::_print_fmt
[INFO] [stdout]                                at /rustc/e3feeb59cd1bdd011a2bfcc0747b55125d9b8527/library/std/src/sys/backtrace.rs:74:9
[INFO] [stdout]    3:     0x61e36b943f01 - <<std[617be2ca0a6fd877]::sys::backtrace::BacktraceLock>::print::DisplayBacktrace as core[a373ad73a504971]::fmt::Display>::fmt
[INFO] [stdout]                                at /rustc/e3feeb59cd1bdd011a2bfcc0747b55125d9b8527/library/std/src/sys/backtrace.rs:44:26
[INFO] [stdout]    4:     0x61e36b9581fa - <core[a373ad73a504971]::fmt::rt::Argument>::fmt
[INFO] [stdout]                                at /rustc/e3feeb59cd1bdd011a2bfcc0747b55125d9b8527/library/core/src/fmt/rt.rs:152:76
[INFO] [stdout]    5:     0x61e36b9581fa - core[a373ad73a504971]::fmt::write
[INFO] [stdout]    6:     0x61e36b94811c - core[a373ad73a504971]::io::write::default_write_fmt::<alloc[2e1b2a31b91974c5]::vec::Vec<u8>>
[INFO] [stdout]                                at /rustc/e3feeb59cd1bdd011a2bfcc0747b55125d9b8527/library/core/src/io/write.rs:402:11
[INFO] [stdout]    7:     0x61e36b94811c - <alloc[2e1b2a31b91974c5]::vec::Vec<u8> as core[a373ad73a504971]::io::write::Write>::write_fmt
[INFO] [stdout]                                at /rustc/e3feeb59cd1bdd011a2bfcc0747b55125d9b8527/library/core/src/io/write.rs:335:13
[INFO] [stdout]    8:     0x61e36b920366 - <std[617be2ca0a6fd877]::sys::backtrace::BacktraceLock>::print
[INFO] [stdout]                                at /rustc/e3feeb59cd1bdd011a2bfcc0747b55125d9b8527/library/std/src/sys/backtrace.rs:47:9
[INFO] [stdout]    9:     0x61e36b920366 - std[617be2ca0a6fd877]::panicking::default_hook::{closure#0}
[INFO] [stdout]                                at /rustc/e3feeb59cd1bdd011a2bfcc0747b55125d9b8527/library/std/src/panicking.rs:289:27
[INFO] [stdout]   10:     0x61e36b93c599 - std[617be2ca0a6fd877]::panicking::default_hook
[INFO] [stdout]                                at /rustc/e3feeb59cd1bdd011a2bfcc0747b55125d9b8527/library/std/src/panicking.rs:313:9
[INFO] [stdout]   11:     0x61e36b8d6fa0 - <alloc[2e1b2a31b91974c5]::boxed::Box<dyn for<'a, 'b> core[a373ad73a504971]::ops::function::Fn<(&'a std[617be2ca0a6fd877]::panic::PanicHookInfo<'b>,), Output = ()> + core[a373ad73a504971]::marker::Sync + core[a373ad73a504971]::marker::Send> as core[a373ad73a504971]::ops::function::Fn<(&std[617be2ca0a6fd877]::panic::PanicHookInfo,)>>::call
[INFO] [stdout]                                at /rustc/e3feeb59cd1bdd011a2bfcc0747b55125d9b8527/library/alloc/src/boxed.rs:2328:9
[INFO] [stdout]   12:     0x61e36b8d6fa0 - test[aada8e7e76ba119b]::test_main_inner::{closure#0}
[INFO] [stdout]                                at /rustc/e3feeb59cd1bdd011a2bfcc0747b55125d9b8527/library/test/src/lib.rs:137:21
[INFO] [stdout]   13:     0x61e36b93c752 - <alloc[2e1b2a31b91974c5]::boxed::Box<dyn for<'a, 'b> core[a373ad73a504971]::ops::function::Fn<(&'a std[617be2ca0a6fd877]::panic::PanicHookInfo<'b>,), Output = ()> + core[a373ad73a504971]::marker::Sync + core[a373ad73a504971]::marker::Send> as core[a373ad73a504971]::ops::function::Fn<(&std[617be2ca0a6fd877]::panic::PanicHookInfo,)>>::call
[INFO] [stdout]                                at /rustc/e3feeb59cd1bdd011a2bfcc0747b55125d9b8527/library/alloc/src/boxed.rs:2328:9
[INFO] [stdout]   14:     0x61e36b93c752 - std[617be2ca0a6fd877]::panicking::panic_with_hook
[INFO] [stdout]                                at /rustc/e3feeb59cd1bdd011a2bfcc0747b55125d9b8527/library/std/src/panicking.rs:819:13
[INFO] [stdout]   15:     0x61e36b920412 - std[617be2ca0a6fd877]::panicking::panic_handler::{closure#0}
[INFO] [stdout]                                at /rustc/e3feeb59cd1bdd011a2bfcc0747b55125d9b8527/library/std/src/panicking.rs:685:13
[INFO] [stdout]   16:     0x61e36b919129 - std[617be2ca0a6fd877]::sys::backtrace::__rust_end_short_backtrace::<std[617be2ca0a6fd877]::panicking::panic_handler::{closure#0}, !>
[INFO] [stdout]                                at /rustc/e3feeb59cd1bdd011a2bfcc0747b55125d9b8527/library/std/src/sys/backtrace.rs:182:18
[INFO] [stdout]   17:     0x61e36b92101d - __rustc[ea4f61d10b84890b]::rust_begin_unwind
[INFO] [stdout]                                at /rustc/e3feeb59cd1bdd011a2bfcc0747b55125d9b8527/library/std/src/panicking.rs:676:5
[INFO] [stdout]   18:     0x61e36b95896c - core[a373ad73a504971]::panicking::panic_fmt
[INFO] [stdout]                                at /rustc/e3feeb59cd1bdd011a2bfcc0747b55125d9b8527/library/core/src/panicking.rs:80:14
[INFO] [stdout]   19:     0x61e36b8c4943 - geometric_product[b6d69b3319864bbc]::performance_tests::test_geometric_product_performance
[INFO] [stdout]                                at /opt/rustwide/workdir/tests/geometric_product.rs:232:9
[INFO] [stdout]   20:     0x61e36b8bf8e7 - geometric_product[b6d69b3319864bbc]::performance_tests::test_geometric_product_performance::{closure#0}
[INFO] [stdout]                                at /opt/rustwide/workdir/tests/geometric_product.rs:221:44
[INFO] [stdout]   21:     0x61e36b8ca1a6 - <geometric_product[b6d69b3319864bbc]::performance_tests::test_geometric_product_performance::{closure#0} as core[a373ad73a504971]::ops::function::FnOnce<()>>::call_once
[INFO] [stdout]                                at /rustc/e3feeb59cd1bdd011a2bfcc0747b55125d9b8527/library/core/src/ops/function.rs:250:5
[INFO] [stdout]   22:     0x61e36b8ca3eb - <fn() -> core[a373ad73a504971]::result::Result<(), alloc[2e1b2a31b91974c5]::string::String> as core[a373ad73a504971]::ops::function::FnOnce<()>>::call_once
[INFO] [stdout]                                at /rustc/e3feeb59cd1bdd011a2bfcc0747b55125d9b8527/library/core/src/ops/function.rs:250:5
[INFO] [stdout]   23:     0x61e36b8ca3eb - test[aada8e7e76ba119b]::__rust_begin_short_backtrace::<core[a373ad73a504971]::result::Result<(), alloc[2e1b2a31b91974c5]::string::String>, fn() -> core[a373ad73a504971]::result::Result<(), alloc[2e1b2a31b91974c5]::string::String>>
[INFO] [stdout]                                at /rustc/e3feeb59cd1bdd011a2bfcc0747b55125d9b8527/library/test/src/lib.rs:701:18
[INFO] [stdout]   24:     0x61e36b8d75c5 - test[aada8e7e76ba119b]::run_test_in_process::{closure#0}
[INFO] [stdout]                                at /rustc/e3feeb59cd1bdd011a2bfcc0747b55125d9b8527/library/test/src/lib.rs:724:74
[INFO] [stdout]   25:     0x61e36b8d75c5 - <core[a373ad73a504971]::panic::unwind_safe::AssertUnwindSafe<test[aada8e7e76ba119b]::run_test_in_process::{closure#0}> as core[a373ad73a504971]::ops::function::FnOnce<()>>::call_once
[INFO] [stdout]                                at /rustc/e3feeb59cd1bdd011a2bfcc0747b55125d9b8527/library/core/src/panic/unwind_safe.rs:275:9
[INFO] [stdout]   26:     0x61e36b8d75c5 - std[617be2ca0a6fd877]::panicking::catch_unwind::do_call::<core[a373ad73a504971]::panic::unwind_safe::AssertUnwindSafe<test[aada8e7e76ba119b]::run_test_in_process::{closure#0}>, core[a373ad73a504971]::result::Result<(), alloc[2e1b2a31b91974c5]::string::String>>
[INFO] [stdout]                                at /rustc/e3feeb59cd1bdd011a2bfcc0747b55125d9b8527/library/std/src/panicking.rs:573:43
[INFO] [stdout]   27:     0x61e36b8d75c5 - std[617be2ca0a6fd877]::panicking::catch_unwind::<core[a373ad73a504971]::result::Result<(), alloc[2e1b2a31b91974c5]::string::String>, core[a373ad73a504971]::panic::unwind_safe::AssertUnwindSafe<test[aada8e7e76ba119b]::run_test_in_process::{closure#0}>>
[INFO] [stdout]                                at /rustc/e3feeb59cd1bdd011a2bfcc0747b55125d9b8527/library/std/src/panicking.rs:541:19
[INFO] [stdout]   28:     0x61e36b8d75c5 - std[617be2ca0a6fd877]::panic::catch_unwind::<core[a373ad73a504971]::panic::unwind_safe::AssertUnwindSafe<test[aada8e7e76ba119b]::run_test_in_process::{closure#0}>, core[a373ad73a504971]::result::Result<(), alloc[2e1b2a31b91974c5]::string::String>>
[INFO] [stdout]                                at /rustc/e3feeb59cd1bdd011a2bfcc0747b55125d9b8527/library/std/src/panic.rs:359:14
[INFO] [stdout]   29:     0x61e36b8d75c5 - test[aada8e7e76ba119b]::run_test_in_process
[INFO] [stdout]                                at /rustc/e3feeb59cd1bdd011a2bfcc0747b55125d9b8527/library/test/src/lib.rs:724:27
[INFO] [stdout]   30:     0x61e36b8d75c5 - test[aada8e7e76ba119b]::run_test::{closure#0}
[INFO] [stdout]                                at /rustc/e3feeb59cd1bdd011a2bfcc0747b55125d9b8527/library/test/src/lib.rs:645:43
[INFO] [stdout]   31:     0x61e36b8d0eb4 - test[aada8e7e76ba119b]::run_test::{closure#1}
[INFO] [stdout]                                at /rustc/e3feeb59cd1bdd011a2bfcc0747b55125d9b8527/library/test/src/lib.rs:675:41
[INFO] [stdout]   32:     0x61e36b8d0eb4 - std[617be2ca0a6fd877]::sys::backtrace::__rust_begin_short_backtrace::<test[aada8e7e76ba119b]::run_test::{closure#1}, ()>
[INFO] [stdout]                                at /rustc/e3feeb59cd1bdd011a2bfcc0747b55125d9b8527/library/std/src/sys/backtrace.rs:166:18
[INFO] [stdout]   33:     0x61e36b8da652 - std[617be2ca0a6fd877]::thread::lifecycle::spawn_unchecked::<test[aada8e7e76ba119b]::run_test::{closure#1}, ()>::{closure#1}::{closure#0}
[INFO] [stdout]                                at /rustc/e3feeb59cd1bdd011a2bfcc0747b55125d9b8527/library/std/src/thread/lifecycle.rs:70:13
[INFO] [stdout]   34:     0x61e36b8da652 - <core[a373ad73a504971]::panic::unwind_safe::AssertUnwindSafe<std[617be2ca0a6fd877]::thread::lifecycle::spawn_unchecked<test[aada8e7e76ba119b]::run_test::{closure#1}, ()>::{closure#1}::{closure#0}> as core[a373ad73a504971]::ops::function::FnOnce<()>>::call_once
[INFO] [stdout]                                at /rustc/e3feeb59cd1bdd011a2bfcc0747b55125d9b8527/library/core/src/panic/unwind_safe.rs:275:9
[INFO] [stdout]   35:     0x61e36b8da652 - std[617be2ca0a6fd877]::panicking::catch_unwind::do_call::<core[a373ad73a504971]::panic::unwind_safe::AssertUnwindSafe<std[617be2ca0a6fd877]::thread::lifecycle::spawn_unchecked<test[aada8e7e76ba119b]::run_test::{closure#1}, ()>::{closure#1}::{closure#0}>, ()>
[INFO] [stdout]                                at /rustc/e3feeb59cd1bdd011a2bfcc0747b55125d9b8527/library/std/src/panicking.rs:573:43
[INFO] [stdout]   36:     0x61e36b8da652 - std[617be2ca0a6fd877]::panicking::catch_unwind::<(), core[a373ad73a504971]::panic::unwind_safe::AssertUnwindSafe<std[617be2ca0a6fd877]::thread::lifecycle::spawn_unchecked<test[aada8e7e76ba119b]::run_test::{closure#1}, ()>::{closure#1}::{closure#0}>>
[INFO] [stdout]                                at /rustc/e3feeb59cd1bdd011a2bfcc0747b55125d9b8527/library/std/src/panicking.rs:541:19
[INFO] [stdout]   37:     0x61e36b8da652 - std[617be2ca0a6fd877]::panic::catch_unwind::<core[a373ad73a504971]::panic::unwind_safe::AssertUnwindSafe<std[617be2ca0a6fd877]::thread::lifecycle::spawn_unchecked<test[aada8e7e76ba119b]::run_test::{closure#1}, ()>::{closure#1}::{closure#0}>, ()>
[INFO] [stdout]                                at /rustc/e3feeb59cd1bdd011a2bfcc0747b55125d9b8527/library/std/src/panic.rs:359:14
[INFO] [stdout]   38:     0x61e36b8da652 - std[617be2ca0a6fd877]::thread::lifecycle::spawn_unchecked::<test[aada8e7e76ba119b]::run_test::{closure#1}, ()>::{closure#1}
[INFO] [stdout]                                at /rustc/e3feeb59cd1bdd011a2bfcc0747b55125d9b8527/library/std/src/thread/lifecycle.rs:68:26
[INFO] [stdout]   39:     0x61e36b8da652 - <std[617be2ca0a6fd877]::thread::lifecycle::spawn_unchecked<test[aada8e7e76ba119b]::run_test::{closure#1}, ()>::{closure#1} as core[a373ad73a504971]::ops::function::FnOnce<()>>::call_once::{shim:vtable#0}
[INFO] [stdout]                                at /rustc/e3feeb59cd1bdd011a2bfcc0747b55125d9b8527/library/core/src/ops/function.rs:250:5
[INFO] [stdout]   40:     0x61e36b94375f - <alloc[2e1b2a31b91974c5]::boxed::Box<dyn core[a373ad73a504971]::ops::function::FnOnce<(), Output = ()> + core[a373ad73a504971]::marker::Send> as core[a373ad73a504971]::ops::function::FnOnce<()>>::call_once
[INFO] [stdout]                                at /rustc/e3feeb59cd1bdd011a2bfcc0747b55125d9b8527/library/alloc/src/boxed.rs:2314:9
[INFO] [stdout]   41:     0x61e36b94375f - <std[617be2ca0a6fd877]::sys::thread::unix::Thread>::new::thread_start
[INFO] [stdout]                                at /rustc/e3feeb59cd1bdd011a2bfcc0747b55125d9b8527/library/std/src/sys/thread/unix.rs:127:17
[INFO] [stdout]   42:     0x7dcd78318dfa - <unknown>
[INFO] [stdout]   43:     0x7dcd783ac3d4 - clone
[INFO] [stdout]   44:                0x0 - <unknown>
[INFO] [stdout] 
[INFO] [stdout] 
[INFO] [stdout] failures:
[INFO] [stdout]     performance_tests::test_geometric_product_performance
[INFO] [stdout] 
[INFO] [stdout] test result: FAILED. 14 passed; 1 failed; 0 ignored; 0 measured; 0 filtered out; finished in 0.15s
[INFO] [stdout] 
[INFO] [stderr] error: test failed, to rerun pass `--test geometric_product`
[INFO] running `Command { std: "docker" "inspect" "096d9d7a84a714126e94b0940239262a13c526f159d439251298b0c724e51d68", kill_on_drop: false }`
[INFO] running `Command { std: "docker" "rm" "-f" "096d9d7a84a714126e94b0940239262a13c526f159d439251298b0c724e51d68", kill_on_drop: false }`
[INFO] [stdout] 096d9d7a84a714126e94b0940239262a13c526f159d439251298b0c724e51d68
