[INFO] cloning repository https://github.com/zzkluck/rust_web_template
[INFO] running `Command { std: "git" "-c" "credential.helper=" "-c" "credential.helper=/workspace/cargo-home/bin/git-credential-null" "clone" "--bare" "https://github.com/zzkluck/rust_web_template" "/workspace/cache/git-repos/https%3A%2F%2Fgithub.com%2Fzzkluck%2Frust_web_template", kill_on_drop: false }`
[INFO] [stderr] Cloning into bare repository '/workspace/cache/git-repos/https%3A%2F%2Fgithub.com%2Fzzkluck%2Frust_web_template'...
[INFO] running `Command { std: "git" "rev-parse" "HEAD", kill_on_drop: false }`
[INFO] [stdout] 1630dc3d6bd12ec0976536511eb043301086499f
[INFO] testing zzkluck/rust_web_template against 1.100.0-beta.1 for beta-1.100-2
[INFO] running `Command { std: "git" "clone" "/workspace/cache/git-repos/https%3A%2F%2Fgithub.com%2Fzzkluck%2Frust_web_template" "/workspace/builds/worker-4-tc2/source", kill_on_drop: false }`
[INFO] [stderr] Cloning into '/workspace/builds/worker-4-tc2/source'...
[INFO] [stderr] done.
[INFO] started tweaking git repo https://github.com/zzkluck/rust_web_template
[INFO] finished tweaking git repo https://github.com/zzkluck/rust_web_template
[INFO] tweaked toml for git repo https://github.com/zzkluck/rust_web_template written to /workspace/builds/worker-4-tc2/source/Cargo.toml
[INFO] validating manifest of git repo https://github.com/zzkluck/rust_web_template on toolchain 1.100.0-beta.1
[INFO] running `Command { std: CARGO_HOME="/workspace/cargo-home" RUSTUP_HOME="/workspace/rustup-home" "/workspace/cargo-home/bin/cargo" "+1.100.0-beta.1" "metadata" "--manifest-path" "Cargo.toml" "--no-deps", kill_on_drop: false }`
[INFO] crate git repo https://github.com/zzkluck/rust_web_template already has a lockfile, it will not be regenerated
[INFO] running `Command { std: CARGO_HOME="/workspace/cargo-home" RUSTUP_HOME="/workspace/rustup-home" "/workspace/cargo-home/bin/cargo" "+1.100.0-beta.1" "fetch" "--manifest-path" "Cargo.toml", kill_on_drop: false }`
[INFO] running `Command { std: "docker" "create" "-v" "/var/lib/crater-agent-workspace/builds/worker-4-tc2/source:/opt/rustwide/workdir:ro,Z" "-v" "/var/lib/crater-agent-workspace/builds/worker-4-tc2/target:/opt/rustwide/target:rw,Z" "-v" "/var/lib/crater-agent-workspace/cargo-home:/opt/rustwide/cargo-home:ro,Z" "-v" "/var/lib/crater-agent-workspace/rustup-home:/opt/rustwide/rustup-home:ro,Z" "-m" "1610612736" "--network" "none" "ghcr.io/rust-lang/crates-build-env/linux@sha256:3111399a4047eeb3a02b7a90e478d715f38a8c6669b5c4b49d30a17385265909" "sleep" "infinity", kill_on_drop: false }`
[INFO] [stdout] 46b20e4a403c34ff46f116acf113b186a9659c8ec8526847700f0ac04d7f92dd
[INFO] running `Command { std: "docker" "start" "46b20e4a403c34ff46f116acf113b186a9659c8ec8526847700f0ac04d7f92dd", kill_on_drop: false }`
[INFO] running `Command { std: "docker" "inspect" "46b20e4a403c34ff46f116acf113b186a9659c8ec8526847700f0ac04d7f92dd", kill_on_drop: false }`
[INFO] running `Command { std: "docker" "exec" "-e" "SOURCE_DIR=/opt/rustwide/workdir" "-e" "CARGO_HOME=/opt/rustwide/cargo-home" "-e" "RUSTUP_HOME=/opt/rustwide/rustup-home" "-e" "CARGO_TARGET_DIR=/opt/rustwide/target" "-w" "/opt/rustwide/workdir" "--user" "0:0" "46b20e4a403c34ff46f116acf113b186a9659c8ec8526847700f0ac04d7f92dd" "/opt/rustwide/cargo-home/bin/cargo" "+1.100.0-beta.1" "metadata" "--no-deps" "--format-version=1", kill_on_drop: false }`
[INFO] running `Command { std: "docker" "inspect" "46b20e4a403c34ff46f116acf113b186a9659c8ec8526847700f0ac04d7f92dd", kill_on_drop: false }`
[INFO] running `Command { std: "docker" "exec" "-e" "SOURCE_DIR=/opt/rustwide/workdir" "-e" "CARGO_HOME=/opt/rustwide/cargo-home" "-e" "RUSTUP_HOME=/opt/rustwide/rustup-home" "-e" "CARGO_TARGET_DIR=/opt/rustwide/target" "-e" "CARGO_INCREMENTAL=0" "-e" "RUST_BACKTRACE=full" "-e" "RUSTFLAGS=--cap-lints=warn" "-e" "RUSTDOCFLAGS=--cap-lints=warn" "-w" "/opt/rustwide/workdir" "--user" "0:0" "46b20e4a403c34ff46f116acf113b186a9659c8ec8526847700f0ac04d7f92dd" "/opt/rustwide/cargo-home/bin/cargo" "+1.100.0-beta.1" "build" "--frozen" "--message-format=json", kill_on_drop: false }`
[INFO] [stderr]    Compiling proc-macro2 v1.0.89
[INFO] [stderr]    Compiling unicode-ident v1.0.13
[INFO] [stderr]    Compiling libc v0.2.161
[INFO] [stderr]    Compiling autocfg v1.4.0
[INFO] [stderr]    Compiling version_check v0.9.5
[INFO] [stderr]    Compiling once_cell v1.20.2
[INFO] [stderr]    Compiling pin-project-lite v0.2.14
[INFO] [stderr]    Compiling memchr v2.7.4
[INFO] [stderr]    Compiling bytes v1.8.0
[INFO] [stderr]    Compiling futures-core v0.3.31
[INFO] [stderr]    Compiling serde v1.0.213
[INFO] [stderr]    Compiling byteorder v1.5.0
[INFO] [stderr]    Compiling parking_lot_core v0.9.10
[INFO] [stderr]    Compiling scopeguard v1.2.0
[INFO] [stderr]    Compiling log v0.4.22
[INFO] [stderr]    Compiling typenum v1.17.0
[INFO] [stderr]    Compiling lock_api v0.4.12
[INFO] [stderr]    Compiling shlex v1.3.0
[INFO] [stderr]    Compiling quote v1.0.37
[INFO] [stderr]    Compiling generic-array v0.14.7
[INFO] [stderr]    Compiling const-oid v0.9.6
[INFO] [stderr]    Compiling smallvec v1.13.2
[INFO] [stderr]    Compiling syn v2.0.85
[INFO] [stderr]    Compiling itoa v1.0.11
[INFO] [stderr]    Compiling slab v0.4.9
[INFO] [stderr]    Compiling tracing-core v0.1.32
[INFO] [stderr]    Compiling zeroize v1.8.1
[INFO] [stderr]    Compiling getrandom v0.2.15
[INFO] [stderr]    Compiling jobserver v0.1.32
[INFO] [stderr]    Compiling socket2 v0.5.7
[INFO] [stderr]    Compiling libm v0.2.11
[INFO] [stderr]    Compiling cc v1.1.31
[INFO] [stderr]    Compiling num-traits v0.2.19
[INFO] [stderr]    Compiling parking_lot v0.12.3
[INFO] [stderr]    Compiling futures-task v0.3.31
[INFO] [stderr]    Compiling spin v0.9.8
[INFO] [stderr]    Compiling futures-io v0.3.31
[INFO] [stderr]    Compiling signal-hook-registry v1.4.2
[INFO] [stderr]    Compiling mio v1.0.2
[INFO] [stderr]    Compiling futures-sink v0.3.31
[INFO] [stderr]    Compiling allocator-api2 v0.2.18
[INFO] [stderr]    Compiling rand_core v0.6.4
[INFO] [stderr]    Compiling percent-encoding v2.3.1
[INFO] [stderr]    Compiling tinyvec_macros v0.1.1
[INFO] [stderr]    Compiling thiserror v1.0.65
[INFO] [stderr]    Compiling tinyvec v1.8.0
[INFO] [stderr]    Compiling ahash v0.8.11
[INFO] [stderr]    Compiling rustls-pki-types v1.10.0
[INFO] [stderr]    Compiling equivalent v1.0.1
[INFO] [stderr]    Compiling hashbrown v0.15.0
[INFO] [stderr]    Compiling paste v1.0.15
[INFO] [stderr]    Compiling block-buffer v0.10.4
[INFO] [stderr]    Compiling crypto-common v0.1.6
[INFO] [stderr]    Compiling digest v0.10.7
[INFO] [stderr]    Compiling cpufeatures v0.2.14
[INFO] [stderr]    Compiling unicode-bidi v0.3.17
[INFO] [stderr]    Compiling unicode-normalization v0.1.24
[INFO] [stderr]    Compiling form_urlencoded v1.2.1
[INFO] [stderr]    Compiling futures-util v0.3.31
[INFO] [stderr]    Compiling indexmap v2.6.0
[INFO] [stderr]    Compiling base64ct v1.6.0
[INFO] [stderr]    Compiling ring v0.17.8
[INFO] [stderr]    Compiling rustls v0.23.15
[INFO] [stderr]    Compiling crossbeam-utils v0.8.20
[INFO] [stderr]    Compiling pem-rfc7468 v0.7.0
[INFO] [stderr]    Compiling idna v0.5.0
[INFO] [stderr]    Compiling der v0.7.9
[INFO] [stderr]    Compiling num-integer v0.1.46
[INFO] [stderr]    Compiling minimal-lexical v0.2.1
[INFO] [stderr]    Compiling num-bigint-dig v0.8.4
[INFO] [stderr]    Compiling nom v7.1.3
[INFO] [stderr]    Compiling num-iter v0.1.45
[INFO] [stderr]    Compiling webpki-roots v0.26.1
[INFO] [stderr]    Compiling lazy_static v1.5.0
[INFO] [stderr]    Compiling crunchy v0.2.2
[INFO] [stderr]    Compiling iana-time-zone v0.1.61
[INFO] [stderr]    Compiling concurrent-queue v2.5.0
[INFO] [stderr]    Compiling rustls-pemfile v2.2.0
[INFO] [stderr]    Compiling crc-catalog v2.4.0
[INFO] [stderr]    Compiling ryu v1.0.18
[INFO] [stderr]    Compiling tiny-keccak v2.0.2
[INFO] [stderr]    Compiling httparse v1.9.5
[INFO] [stderr]    Compiling parking v2.2.1
[INFO] [stderr]    Compiling pkg-config v0.3.31
[INFO] [stderr]    Compiling unicode_categories v0.1.1
[INFO] [stderr]    Compiling serde_json v1.0.132
[INFO] [stderr]    Compiling spki v0.7.3
[INFO] [stderr]    Compiling event-listener v5.3.1
[INFO] [stderr]    Compiling pkcs8 v0.10.2
[INFO] [stderr]    Compiling pkcs1 v0.7.5
[INFO] [stderr]    Compiling crc v3.2.1
[INFO] [stderr]    Compiling zstd-sys v2.0.13+zstd.1.5.6
[INFO] [stderr]    Compiling crossbeam-queue v0.3.11
[INFO] [stderr]    Compiling atoi v2.0.0
[INFO] [stderr]    Compiling signature v2.2.0
[INFO] [stderr]    Compiling futures-channel v0.3.31
[INFO] [stderr]    Compiling sqlformat v0.2.6
[INFO] [stderr]    Compiling tokio v1.41.0
[INFO] [stderr]    Compiling http v1.1.0
[INFO] [stderr]    Compiling hmac v0.12.1
[INFO] [stderr]    Compiling ucd-trie v0.1.7
[INFO] [stderr]    Compiling rustix v0.38.38
[INFO] [stderr]    Compiling unicode-properties v0.1.3
[INFO] [stderr]    Compiling stringprep v0.1.5
[INFO] [stderr]    Compiling hkdf v0.12.4
[INFO] [stderr]    Compiling const-random-macro v0.1.16
[INFO] [stderr]    Compiling futures-intrusive v0.5.0
[INFO] [stderr]    Compiling serde_derive v1.0.213
[INFO] [stderr]    Compiling zerocopy-derive v0.7.35
[INFO] [stderr]    Compiling tracing-attributes v0.1.27
[INFO] [stderr]    Compiling tokio-macros v2.4.0
[INFO] [stderr]    Compiling thiserror-impl v1.0.65
[INFO] [stderr]    Compiling zerocopy v0.7.35
[INFO] [stderr]    Compiling tracing v0.1.40
[INFO] [stderr]    Compiling ppv-lite86 v0.2.20
[INFO] [stderr]    Compiling rand_chacha v0.3.1
[INFO] [stderr]    Compiling hashbrown v0.14.5
[INFO] [stderr]    Compiling rand v0.8.5
[INFO] [stderr]    Compiling rustls-webpki v0.102.8
[INFO] [stderr]    Compiling hashlink v0.9.1
[INFO] [stderr]    Compiling pest v2.7.14
[INFO] [stderr]    Compiling tokio-stream v0.1.16
[INFO] [stderr]    Compiling http-body v1.0.1
[INFO] [stderr]    Compiling chrono v0.4.38
[INFO] [stderr]    Compiling url v2.5.2
[INFO] [stderr]    Compiling either v1.13.0
[INFO] [stderr]    Compiling bitflags v2.6.0
[INFO] [stderr]    Compiling md-5 v0.10.6
[INFO] [stderr]    Compiling sha2 v0.10.8
[INFO] [stderr]    Compiling bytestring v1.3.1
[INFO] [stderr]    Compiling dotenvy v0.15.7
[INFO] [stderr]    Compiling local-waker v0.1.4
[INFO] [stderr]    Compiling whoami v1.5.2
[INFO] [stderr]    Compiling alloc-no-stdlib v2.0.4
[INFO] [stderr]    Compiling linux-raw-sys v0.4.14
[INFO] [stderr]    Compiling zstd-safe v7.2.1
[INFO] [stderr]    Compiling alloc-stdlib v0.2.2
[INFO] [stderr]    Compiling rsa v0.9.6
[INFO] [stderr]    Compiling pest_meta v2.7.14
[INFO] [stderr]    Compiling sqlx-core v0.8.2
[INFO] [stderr]    Compiling tokio-util v0.7.12
[INFO] [stderr]    Compiling const-random v0.1.18
[INFO] [stderr]    Compiling http v0.2.12
[INFO] [stderr]    Compiling sha1 v0.10.6
[INFO] [stderr]    Compiling aho-corasick v1.1.3
[INFO] [stderr]    Compiling encoding_rs v0.8.34
[INFO] [stderr]    Compiling time-core v0.1.2
[INFO] [stderr]    Compiling fastrand v2.1.1
[INFO] [stderr]    Compiling num-conv v0.1.0
[INFO] [stderr]    Compiling regex-lite v0.1.6
[INFO] [stderr]    Compiling regex-syntax v0.8.5
[INFO] [stderr]    Compiling adler2 v2.0.0
[INFO] [stderr]    Compiling base64 v0.22.1
[INFO] [stderr]    Compiling miniz_oxide v0.8.0
[INFO] [stderr]    Compiling sqlx-mysql v0.8.2
[INFO] [stderr]    Compiling time-macros v0.2.18
[INFO] [stderr]    Compiling deranged v0.3.11
[INFO] [stderr]    Compiling tempfile v3.13.0
[INFO] [stderr]    Compiling pest_generator v2.7.14
[INFO] [stderr]    Compiling dlv-list v0.5.2
[INFO] [stderr]    Compiling hyper v1.5.0
[INFO] [stderr]    Compiling brotli-decompressor v4.0.1
[INFO] [stderr]    Compiling regex-automata v0.4.8
[INFO] [stderr]    Compiling actix-utils v3.0.1
[INFO] [stderr]    Compiling toml_datetime v0.6.8
[INFO] [stderr]    Compiling serde_spanned v0.6.8
[INFO] [stderr]    Compiling actix-rt v2.10.0
[INFO] [stderr]    Compiling actix-service v2.0.2
[INFO] [stderr]    Compiling cookie v0.16.2
[INFO] [stderr]    Compiling crc32fast v1.4.2
[INFO] [stderr]    Compiling heck v0.5.0
[INFO] [stderr]    Compiling winnow v0.6.20
[INFO] [stderr]    Compiling convert_case v0.4.0
[INFO] [stderr]    Compiling zstd v0.13.2
[INFO] [stderr]    Compiling derive_more v0.99.18
[INFO] [stderr]    Compiling sqlx-macros-core v0.8.2
[INFO] [stderr]    Compiling hyper-util v0.1.9
[INFO] [stderr]    Compiling flate2 v1.0.34
[INFO] [stderr]    Compiling regex v1.11.0
[INFO] [stderr]    Compiling brotli v6.0.0
[INFO] [stderr]    Compiling pest_derive v2.7.14
[INFO] [stderr]    Compiling time v0.3.36
[INFO] [stderr]    Compiling toml_edit v0.22.22
[INFO] [stderr]    Compiling ordered-multimap v0.7.3
[INFO] [stderr]    Compiling actix-router v0.5.3
[INFO] [stderr]    Compiling h2 v0.3.26
[INFO] [stderr]    Compiling actix-codec v0.5.2
[INFO] [stderr]    Compiling tokio-rustls v0.26.0
[INFO] [stderr]    Compiling local-channel v0.1.5
[INFO] [stderr]    Compiling serde_urlencoded v0.7.1
[INFO] [stderr]    Compiling hashlink v0.8.4
[INFO] [stderr]    Compiling arraydeque v0.5.1
[INFO] [stderr]    Compiling base64 v0.21.7
[INFO] [stderr]    Compiling unicode-segmentation v1.12.0
[INFO] [stderr]    Compiling language-tags v0.3.2
[INFO] [stderr]    Compiling ron v0.8.1
[INFO] [stderr]    Compiling convert_case v0.6.0
[INFO] [stderr]    Compiling yaml-rust2 v0.8.1
[INFO] [stderr]    Compiling toml v0.8.19
[INFO] [stderr]    Compiling actix-web-codegen v4.3.0
[INFO] [stderr]    Compiling hyper-rustls v0.27.3
[INFO] [stderr]    Compiling rust-ini v0.20.0
[INFO] [stderr]    Compiling sqlx-macros v0.8.2
[INFO] [stderr]    Compiling json5 v0.4.1
[INFO] [stderr]    Compiling actix-server v2.5.0
[INFO] [stderr]    Compiling http-body-util v0.1.2
[INFO] [stderr]    Compiling actix-macros v0.2.4
[INFO] [stderr]    Compiling async-trait v0.1.83
[INFO] [stderr]    Compiling sync_wrapper v1.0.1
[INFO] [stderr]    Compiling ipnet v2.10.1
[INFO] [stderr]    Compiling pathdiff v0.2.2
[INFO] [stderr]    Compiling impl-more v0.1.8
[INFO] [stderr]    Compiling uuid v1.11.0
[INFO] [stderr]    Compiling reqwest v0.12.8
[INFO] [stderr]    Compiling config v0.14.1
[INFO] [stderr]    Compiling sqlx v0.8.2
[INFO] [stderr]    Compiling actix-http v3.9.0
[INFO] [stderr]    Compiling actix-web v4.9.0
[INFO] [stderr]    Compiling zz_rust_web_template v0.0.1 (/opt/rustwide/workdir)
[INFO] [stdout] warning: hiding a lifetime that's elided elsewhere is confusing
[INFO] [stdout]   --> src/domain/ruoyi_prompt_request.rs:13:31
[INFO] [stdout]    |
[INFO] [stdout] 13 |     pub fn to_node_input_list(&self) -> Vec<ComfyNodeInput> {
[INFO] [stdout]    |                               ^^^^^         ^^^^^^^^^^^^^^ the same lifetime is hidden here
[INFO] [stdout]    |                               |
[INFO] [stdout]    |                               the lifetime is elided here
[INFO] [stdout]    |
[INFO] [stdout]    = help: the same lifetime is referred to in inconsistent ways, making the signature confusing
[INFO] [stdout]    = note: `#[warn(mismatched_lifetime_syntaxes)]` on by default
[INFO] [stdout] help: use `'_` for type paths
[INFO] [stdout]    |
[INFO] [stdout] 13 |     pub fn to_node_input_list(&self) -> Vec<ComfyNodeInput<'_>> {
[INFO] [stdout]    |                                                           ++++
[INFO] [stdout] 
[INFO] [stdout] 
[INFO] [stderr] warning: unused dependency `uuid`
[INFO] [stderr]   --> Cargo.toml:27:15
[INFO] [stderr]    |
[INFO] [stderr] 27 | [dependencies.uuid]
[INFO] [stderr]    |               ^^^^^
[INFO] [stderr]    |
[INFO] [stderr]    = note: `cargo::unused_dependencies` is set to `warn` by default
[INFO] [stderr] help: consider removing the dependency on `uuid`
[INFO] [stderr] warning: `zz_rust_web_template` (manifest) generated 1 warning
[INFO] [stderr]     Finished `dev` profile [unoptimized + debuginfo] target(s) in 3m 31s
[INFO] [stderr] warning: the following packages contain code that will be rejected by a future version of Rust: num-bigint-dig v0.8.4
[INFO] [stderr] note: to see what the problems were, use the option `--future-incompat-report`, or run `cargo report future-incompatibilities --id 1`
[INFO] running `Command { std: "docker" "inspect" "46b20e4a403c34ff46f116acf113b186a9659c8ec8526847700f0ac04d7f92dd", kill_on_drop: false }`
[INFO] running `Command { std: "docker" "exec" "-e" "SOURCE_DIR=/opt/rustwide/workdir" "-e" "CARGO_HOME=/opt/rustwide/cargo-home" "-e" "RUSTUP_HOME=/opt/rustwide/rustup-home" "-e" "CARGO_TARGET_DIR=/opt/rustwide/target" "-e" "CARGO_INCREMENTAL=0" "-e" "RUST_BACKTRACE=full" "-e" "RUSTFLAGS=--cap-lints=warn" "-e" "RUSTDOCFLAGS=--cap-lints=warn" "-w" "/opt/rustwide/workdir" "--user" "0:0" "46b20e4a403c34ff46f116acf113b186a9659c8ec8526847700f0ac04d7f92dd" "/opt/rustwide/cargo-home/bin/cargo" "+1.100.0-beta.1" "test" "--frozen" "--no-run" "--message-format=json", kill_on_drop: false }`
[INFO] [stderr]    Compiling futures-macro v0.3.31
[INFO] [stderr]    Compiling h2 v0.4.6
[INFO] [stderr]    Compiling futures-util v0.3.31
[INFO] [stderr]    Compiling num_cpus v1.16.0
[INFO] [stderr]    Compiling deadpool-runtime v0.1.4
[INFO] [stderr]    Compiling assert-json-diff v2.0.2
[INFO] [stderr]    Compiling deadpool v0.10.0
[INFO] [stderr]    Compiling sqlx-core v0.8.2
[INFO] [stderr]    Compiling http-body-util v0.1.2
[INFO] [stderr]    Compiling h2 v0.3.26
[INFO] [stderr]    Compiling actix-server v2.5.0
[INFO] [stderr]    Compiling futures-executor v0.3.31
[INFO] [stderr]    Compiling futures v0.3.31
[INFO] [stderr]    Compiling hyper v1.5.0
[INFO] [stderr]    Compiling sqlx-mysql v0.8.2
[INFO] [stderr]    Compiling hyper-util v0.1.9
[INFO] [stderr]    Compiling hyper-rustls v0.27.3
[INFO] [stderr]    Compiling wiremock v0.6.2
[INFO] [stderr]    Compiling reqwest v0.12.8
[INFO] [stderr]    Compiling actix-http v3.9.0
[INFO] [stderr]    Compiling sqlx-macros-core v0.8.2
[INFO] [stderr]    Compiling sqlx-macros v0.8.2
[INFO] [stderr]    Compiling sqlx v0.8.2
[INFO] [stderr]    Compiling actix-web v4.9.0
[INFO] [stderr]    Compiling zz_rust_web_template v0.0.1 (/opt/rustwide/workdir)
[INFO] [stdout] warning: hiding a lifetime that's elided elsewhere is confusing
[INFO] [stdout]   --> src/domain/ruoyi_prompt_request.rs:13:31
[INFO] [stdout]    |
[INFO] [stdout] 13 |     pub fn to_node_input_list(&self) -> Vec<ComfyNodeInput> {
[INFO] [stdout]    |                               ^^^^^         ^^^^^^^^^^^^^^ the same lifetime is hidden here
[INFO] [stdout]    |                               |
[INFO] [stdout]    |                               the lifetime is elided here
[INFO] [stdout]    |
[INFO] [stdout]    = help: the same lifetime is referred to in inconsistent ways, making the signature confusing
[INFO] [stdout]    = note: `#[warn(mismatched_lifetime_syntaxes)]` on by default
[INFO] [stdout] help: use `'_` for type paths
[INFO] [stdout]    |
[INFO] [stdout] 13 |     pub fn to_node_input_list(&self) -> Vec<ComfyNodeInput<'_>> {
[INFO] [stdout]    |                                                           ++++
[INFO] [stdout] 
[INFO] [stdout] 
[INFO] [stdout] warning: hiding a lifetime that's elided elsewhere is confusing
[INFO] [stdout]   --> src/domain/ruoyi_prompt_request.rs:13:31
[INFO] [stdout]    |
[INFO] [stdout] 13 |     pub fn to_node_input_list(&self) -> Vec<ComfyNodeInput> {
[INFO] [stdout]    |                               ^^^^^         ^^^^^^^^^^^^^^ the same lifetime is hidden here
[INFO] [stdout]    |                               |
[INFO] [stdout]    |                               the lifetime is elided here
[INFO] [stdout]    |
[INFO] [stdout]    = help: the same lifetime is referred to in inconsistent ways, making the signature confusing
[INFO] [stdout]    = note: `#[warn(mismatched_lifetime_syntaxes)]` on by default
[INFO] [stdout] help: use `'_` for type paths
[INFO] [stdout]    |
[INFO] [stdout] 13 |     pub fn to_node_input_list(&self) -> Vec<ComfyNodeInput<'_>> {
[INFO] [stdout]    |                                                           ++++
[INFO] [stdout] 
[INFO] [stdout] 
[INFO] [stderr] warning: unused dependency `uuid`
[INFO] [stderr]   --> Cargo.toml:27:15
[INFO] [stderr]    |
[INFO] [stderr] 27 | [dependencies.uuid]
[INFO] [stderr]    |               ^^^^^
[INFO] [stderr]    |
[INFO] [stderr]    = note: `cargo::unused_dependencies` is set to `warn` by default
[INFO] [stderr] help: consider removing the dependency on `uuid`
[INFO] [stderr] warning: `zz_rust_web_template` (manifest) generated 1 warning
[INFO] [stderr]     Finished `test` profile [unoptimized + debuginfo] target(s) in 1m 12s
[INFO] [stderr] warning: the following packages contain code that will be rejected by a future version of Rust: num-bigint-dig v0.8.4
[INFO] [stderr] note: to see what the problems were, use the option `--future-incompat-report`, or run `cargo report future-incompatibilities --id 1`
[INFO] running `Command { std: "docker" "inspect" "46b20e4a403c34ff46f116acf113b186a9659c8ec8526847700f0ac04d7f92dd", kill_on_drop: false }`
[INFO] running `Command { std: "docker" "exec" "-e" "SOURCE_DIR=/opt/rustwide/workdir" "-e" "CARGO_HOME=/opt/rustwide/cargo-home" "-e" "RUSTUP_HOME=/opt/rustwide/rustup-home" "-e" "CARGO_TARGET_DIR=/opt/rustwide/target" "-e" "CARGO_INCREMENTAL=0" "-e" "RUST_BACKTRACE=full" "-e" "RUSTFLAGS=--cap-lints=warn" "-e" "RUSTDOCFLAGS=--cap-lints=warn" "-w" "/opt/rustwide/workdir" "--user" "0:0" "46b20e4a403c34ff46f116acf113b186a9659c8ec8526847700f0ac04d7f92dd" "/opt/rustwide/cargo-home/bin/cargo" "+1.100.0-beta.1" "test" "--frozen", kill_on_drop: false }`
[INFO] [stderr] warning: hiding a lifetime that's elided elsewhere is confusing
[INFO] [stderr]   --> src/domain/ruoyi_prompt_request.rs:13:31
[INFO] [stderr]    |
[INFO] [stderr] 13 |     pub fn to_node_input_list(&self) -> Vec<ComfyNodeInput> {
[INFO] [stderr]    |                               ^^^^^         ^^^^^^^^^^^^^^ the same lifetime is hidden here
[INFO] [stderr]    |                               |
[INFO] [stderr]    |                               the lifetime is elided here
[INFO] [stderr]    |
[INFO] [stderr]    = help: the same lifetime is referred to in inconsistent ways, making the signature confusing
[INFO] [stderr]    = note: `#[warn(mismatched_lifetime_syntaxes)]` on by default
[INFO] [stderr] help: use `'_` for type paths
[INFO] [stderr]    |
[INFO] [stderr] 13 |     pub fn to_node_input_list(&self) -> Vec<ComfyNodeInput<'_>> {
[INFO] [stderr]    |                                                           ++++
[INFO] [stderr] 
[INFO] [stderr] warning: `zz_rust_web_template` (lib) generated 1 warning (run `cargo fix --lib -p zz_rust_web_template` to apply 1 suggestion)
[INFO] [stderr] warning: `zz_rust_web_template` (lib test) generated 1 warning (1 duplicate)
[INFO] [stderr] warning: unused dependency `uuid`
[INFO] [stderr]   --> Cargo.toml:27:15
[INFO] [stderr]    |
[INFO] [stderr] 27 | [dependencies.uuid]
[INFO] [stderr]    |               ^^^^^
[INFO] [stderr]    |
[INFO] [stderr]    = note: `cargo::unused_dependencies` is set to `warn` by default
[INFO] [stderr] help: consider removing the dependency on `uuid`
[INFO] [stderr] warning: `zz_rust_web_template` (manifest) generated 1 warning
[INFO] [stderr]     Finished `test` profile [unoptimized + debuginfo] target(s) in 0.54s
[INFO] [stderr] warning: the following packages contain code that will be rejected by a future version of Rust: num-bigint-dig v0.8.4
[INFO] [stderr] note: to see what the problems were, use the option `--future-incompat-report`, or run `cargo report future-incompatibilities --id 1`
[INFO] [stderr]      Running unittests src/lib.rs (/opt/rustwide/target/debug/build/zz_rust_web_template/ef151cd775f1325a/out/zz_rust_web_template-ef151cd775f1325a)
[INFO] [stdout] 
[INFO] [stdout] running 9 tests
[INFO] [stdout] test domain::comfy_queue_response::tests::response_json_can_be_parsed ... ok
[INFO] [stdout] test domain::workflow::tests::set_workflow_success ... ok
[INFO] [stdout] test domain::comfy_queue_response::tests::prompt_not_exists ... ok
[INFO] [stdout] test domain::comfy_queue_response::tests::prompt_exists_normal ... ok
[INFO] [stdout] test domain::ruoyi_prompt_request::tests::prompt_request_to_node_input_list_should_success ... ok
[INFO] [stdout] test domain::workflow::tests::get_workflow_by_id_should_success_and_auto_gen_map ... ok
[INFO] [stdout] test domain::comfy_queue_response::tests::response_parse_reject_empty_json ... ok
[INFO] [stdout] test domain::workflow::tests::workflow_serialization_from_json_should_success ... ok
[INFO] [stdout] test configuration::tests::get_configuration_should_success ... FAILED
[INFO] [stdout] 
[INFO] [stdout] failures:
[INFO] [stdout] 
[INFO] [stdout] ---- configuration::tests::get_configuration_should_success stdout ----
[INFO] [stdout] 
[INFO] [stdout] thread 'configuration::tests::get_configuration_should_success' (3954) panicked at src/configuration.rs:43:9:
[INFO] [stdout] assertion failed: configuration.is_ok()
[INFO] [stdout] stack backtrace:
[INFO] [stdout]    0:     0x609ee3412151 - std[617be2ca0a6fd877]::backtrace_rs::backtrace::libunwind::trace
[INFO] [stdout]                                at /rustc/e3feeb59cd1bdd011a2bfcc0747b55125d9b8527/library/std/src/../../backtrace/src/backtrace/libunwind.rs:117:9
[INFO] [stdout]    1:     0x609ee3412151 - std[617be2ca0a6fd877]::backtrace_rs::backtrace::trace_unsynchronized::<std[617be2ca0a6fd877]::sys::backtrace::_print_fmt::{closure#1}>
[INFO] [stdout]                                at /rustc/e3feeb59cd1bdd011a2bfcc0747b55125d9b8527/library/std/src/../../backtrace/src/backtrace/mod.rs:66:14
[INFO] [stdout]    2:     0x609ee3412151 - std[617be2ca0a6fd877]::sys::backtrace::_print_fmt
[INFO] [stdout]                                at /rustc/e3feeb59cd1bdd011a2bfcc0747b55125d9b8527/library/std/src/sys/backtrace.rs:74:9
[INFO] [stdout]    3:     0x609ee3412151 - <<std[617be2ca0a6fd877]::sys::backtrace::BacktraceLock>::print::DisplayBacktrace as core[a373ad73a504971]::fmt::Display>::fmt
[INFO] [stdout]                                at /rustc/e3feeb59cd1bdd011a2bfcc0747b55125d9b8527/library/std/src/sys/backtrace.rs:44:26
[INFO] [stdout]    4:     0x609ee34289aa - <core[a373ad73a504971]::fmt::rt::Argument>::fmt
[INFO] [stdout]                                at /rustc/e3feeb59cd1bdd011a2bfcc0747b55125d9b8527/library/core/src/fmt/rt.rs:152:76
[INFO] [stdout]    5:     0x609ee34289aa - core[a373ad73a504971]::fmt::write
[INFO] [stdout]    6:     0x609ee341636c - core[a373ad73a504971]::io::write::default_write_fmt::<alloc[2e1b2a31b91974c5]::vec::Vec<u8>>
[INFO] [stdout]                                at /rustc/e3feeb59cd1bdd011a2bfcc0747b55125d9b8527/library/core/src/io/write.rs:402:11
[INFO] [stdout]    7:     0x609ee341636c - <alloc[2e1b2a31b91974c5]::vec::Vec<u8> as core[a373ad73a504971]::io::write::Write>::write_fmt
[INFO] [stdout]                                at /rustc/e3feeb59cd1bdd011a2bfcc0747b55125d9b8527/library/core/src/io/write.rs:335:13
[INFO] [stdout]    8:     0x609ee33edf46 - <std[617be2ca0a6fd877]::sys::backtrace::BacktraceLock>::print
[INFO] [stdout]                                at /rustc/e3feeb59cd1bdd011a2bfcc0747b55125d9b8527/library/std/src/sys/backtrace.rs:47:9
[INFO] [stdout]    9:     0x609ee33edf46 - std[617be2ca0a6fd877]::panicking::default_hook::{closure#0}
[INFO] [stdout]                                at /rustc/e3feeb59cd1bdd011a2bfcc0747b55125d9b8527/library/std/src/panicking.rs:289:27
[INFO] [stdout]   10:     0x609ee340a489 - std[617be2ca0a6fd877]::panicking::default_hook
[INFO] [stdout]                                at /rustc/e3feeb59cd1bdd011a2bfcc0747b55125d9b8527/library/std/src/panicking.rs:313:9
[INFO] [stdout]   11:     0x609ee3365d00 - <alloc[2e1b2a31b91974c5]::boxed::Box<dyn for<'a, 'b> core[a373ad73a504971]::ops::function::Fn<(&'a std[617be2ca0a6fd877]::panic::PanicHookInfo<'b>,), Output = ()> + core[a373ad73a504971]::marker::Sync + core[a373ad73a504971]::marker::Send> as core[a373ad73a504971]::ops::function::Fn<(&std[617be2ca0a6fd877]::panic::PanicHookInfo,)>>::call
[INFO] [stdout]                                at /rustc/e3feeb59cd1bdd011a2bfcc0747b55125d9b8527/library/alloc/src/boxed.rs:2328:9
[INFO] [stdout]   12:     0x609ee3365d00 - test[aada8e7e76ba119b]::test_main_inner::{closure#0}
[INFO] [stdout]                                at /rustc/e3feeb59cd1bdd011a2bfcc0747b55125d9b8527/library/test/src/lib.rs:137:21
[INFO] [stdout]   13:     0x609ee340a642 - <alloc[2e1b2a31b91974c5]::boxed::Box<dyn for<'a, 'b> core[a373ad73a504971]::ops::function::Fn<(&'a std[617be2ca0a6fd877]::panic::PanicHookInfo<'b>,), Output = ()> + core[a373ad73a504971]::marker::Sync + core[a373ad73a504971]::marker::Send> as core[a373ad73a504971]::ops::function::Fn<(&std[617be2ca0a6fd877]::panic::PanicHookInfo,)>>::call
[INFO] [stdout]                                at /rustc/e3feeb59cd1bdd011a2bfcc0747b55125d9b8527/library/alloc/src/boxed.rs:2328:9
[INFO] [stdout]   14:     0x609ee340a642 - std[617be2ca0a6fd877]::panicking::panic_with_hook
[INFO] [stdout]                                at /rustc/e3feeb59cd1bdd011a2bfcc0747b55125d9b8527/library/std/src/panicking.rs:819:13
[INFO] [stdout]   15:     0x609ee33ee024 - std[617be2ca0a6fd877]::panicking::panic_handler::{closure#0}
[INFO] [stdout]                                at /rustc/e3feeb59cd1bdd011a2bfcc0747b55125d9b8527/library/std/src/panicking.rs:678:13
[INFO] [stdout]   16:     0x609ee33e6b79 - std[617be2ca0a6fd877]::sys::backtrace::__rust_end_short_backtrace::<std[617be2ca0a6fd877]::panicking::panic_handler::{closure#0}, !>
[INFO] [stdout]                                at /rustc/e3feeb59cd1bdd011a2bfcc0747b55125d9b8527/library/std/src/sys/backtrace.rs:182:18
[INFO] [stdout]   17:     0x609ee33eebfd - __rustc[ea4f61d10b84890b]::rust_begin_unwind
[INFO] [stdout]                                at /rustc/e3feeb59cd1bdd011a2bfcc0747b55125d9b8527/library/std/src/panicking.rs:676:5
[INFO] [stdout]   18:     0x609ee342919c - core[a373ad73a504971]::panicking::panic_fmt
[INFO] [stdout]                                at /rustc/e3feeb59cd1bdd011a2bfcc0747b55125d9b8527/library/core/src/panicking.rs:80:14
[INFO] [stdout]   19:     0x609ee3429162 - core[a373ad73a504971]::panicking::panic
[INFO] [stdout]                                at /rustc/e3feeb59cd1bdd011a2bfcc0747b55125d9b8527/library/core/src/panicking.rs:150:5
[INFO] [stdout]   20:     0x609ee3145cfc - zz_rust_web_template[fdf5a601bf63f36b]::configuration::tests::get_configuration_should_success
[INFO] [stdout]                                at /opt/rustwide/workdir/src/configuration.rs:43:9
[INFO] [stdout]   21:     0x609ee3145387 - zz_rust_web_template[fdf5a601bf63f36b]::configuration::tests::get_configuration_should_success::{closure#0}
[INFO] [stdout]                                at /opt/rustwide/workdir/src/configuration.rs:41:42
[INFO] [stdout]   22:     0x609ee31470e6 - <zz_rust_web_template[fdf5a601bf63f36b]::configuration::tests::get_configuration_should_success::{closure#0} as core[a373ad73a504971]::ops::function::FnOnce<()>>::call_once
[INFO] [stdout]                                at /rustc/e3feeb59cd1bdd011a2bfcc0747b55125d9b8527/library/core/src/ops/function.rs:250:5
[INFO] [stdout]   23:     0x609ee335914b - <fn() -> core[a373ad73a504971]::result::Result<(), alloc[2e1b2a31b91974c5]::string::String> as core[a373ad73a504971]::ops::function::FnOnce<()>>::call_once
[INFO] [stdout]                                at /rustc/e3feeb59cd1bdd011a2bfcc0747b55125d9b8527/library/core/src/ops/function.rs:250:5
[INFO] [stdout]   24:     0x609ee335914b - test[aada8e7e76ba119b]::__rust_begin_short_backtrace::<core[a373ad73a504971]::result::Result<(), alloc[2e1b2a31b91974c5]::string::String>, fn() -> core[a373ad73a504971]::result::Result<(), alloc[2e1b2a31b91974c5]::string::String>>
[INFO] [stdout]                                at /rustc/e3feeb59cd1bdd011a2bfcc0747b55125d9b8527/library/test/src/lib.rs:701:18
[INFO] [stdout]   25:     0x609ee3366325 - test[aada8e7e76ba119b]::run_test_in_process::{closure#0}
[INFO] [stdout]                                at /rustc/e3feeb59cd1bdd011a2bfcc0747b55125d9b8527/library/test/src/lib.rs:724:74
[INFO] [stdout]   26:     0x609ee3366325 - <core[a373ad73a504971]::panic::unwind_safe::AssertUnwindSafe<test[aada8e7e76ba119b]::run_test_in_process::{closure#0}> as core[a373ad73a504971]::ops::function::FnOnce<()>>::call_once
[INFO] [stdout]                                at /rustc/e3feeb59cd1bdd011a2bfcc0747b55125d9b8527/library/core/src/panic/unwind_safe.rs:275:9
[INFO] [stdout]   27:     0x609ee3366325 - std[617be2ca0a6fd877]::panicking::catch_unwind::do_call::<core[a373ad73a504971]::panic::unwind_safe::AssertUnwindSafe<test[aada8e7e76ba119b]::run_test_in_process::{closure#0}>, core[a373ad73a504971]::result::Result<(), alloc[2e1b2a31b91974c5]::string::String>>
[INFO] [stdout]                                at /rustc/e3feeb59cd1bdd011a2bfcc0747b55125d9b8527/library/std/src/panicking.rs:573:43
[INFO] [stdout]   28:     0x609ee3366325 - std[617be2ca0a6fd877]::panicking::catch_unwind::<core[a373ad73a504971]::result::Result<(), alloc[2e1b2a31b91974c5]::string::String>, core[a373ad73a504971]::panic::unwind_safe::AssertUnwindSafe<test[aada8e7e76ba119b]::run_test_in_process::{closure#0}>>
[INFO] [stdout]                                at /rustc/e3feeb59cd1bdd011a2bfcc0747b55125d9b8527/library/std/src/panicking.rs:541:19
[INFO] [stdout]   29:     0x609ee3366325 - std[617be2ca0a6fd877]::panic::catch_unwind::<core[a373ad73a504971]::panic::unwind_safe::AssertUnwindSafe<test[aada8e7e76ba119b]::run_test_in_process::{closure#0}>, core[a373ad73a504971]::result::Result<(), alloc[2e1b2a31b91974c5]::string::String>>
[INFO] [stdout]                                at /rustc/e3feeb59cd1bdd011a2bfcc0747b55125d9b8527/library/std/src/panic.rs:359:14
[INFO] [stdout]   30:     0x609ee3366325 - test[aada8e7e76ba119b]::run_test_in_process
[INFO] [stdout]                                at /rustc/e3feeb59cd1bdd011a2bfcc0747b55125d9b8527/library/test/src/lib.rs:724:27
[INFO] [stdout]   31:     0x609ee3366325 - test[aada8e7e76ba119b]::run_test::{closure#0}
[INFO] [stdout]                                at /rustc/e3feeb59cd1bdd011a2bfcc0747b55125d9b8527/library/test/src/lib.rs:645:43
[INFO] [stdout]   32:     0x609ee335fc14 - test[aada8e7e76ba119b]::run_test::{closure#1}
[INFO] [stdout]                                at /rustc/e3feeb59cd1bdd011a2bfcc0747b55125d9b8527/library/test/src/lib.rs:675:41
[INFO] [stdout]   33:     0x609ee335fc14 - std[617be2ca0a6fd877]::sys::backtrace::__rust_begin_short_backtrace::<test[aada8e7e76ba119b]::run_test::{closure#1}, ()>
[INFO] [stdout]                                at /rustc/e3feeb59cd1bdd011a2bfcc0747b55125d9b8527/library/std/src/sys/backtrace.rs:166:18
[INFO] [stdout]   34:     0x609ee33693b2 - std[617be2ca0a6fd877]::thread::lifecycle::spawn_unchecked::<test[aada8e7e76ba119b]::run_test::{closure#1}, ()>::{closure#1}::{closure#0}
[INFO] [stdout]                                at /rustc/e3feeb59cd1bdd011a2bfcc0747b55125d9b8527/library/std/src/thread/lifecycle.rs:70:13
[INFO] [stdout]   35:     0x609ee33693b2 - <core[a373ad73a504971]::panic::unwind_safe::AssertUnwindSafe<std[617be2ca0a6fd877]::thread::lifecycle::spawn_unchecked<test[aada8e7e76ba119b]::run_test::{closure#1}, ()>::{closure#1}::{closure#0}> as core[a373ad73a504971]::ops::function::FnOnce<()>>::call_once
[INFO] [stdout]                                at /rustc/e3feeb59cd1bdd011a2bfcc0747b55125d9b8527/library/core/src/panic/unwind_safe.rs:275:9
[INFO] [stdout]   36:     0x609ee33693b2 - std[617be2ca0a6fd877]::panicking::catch_unwind::do_call::<core[a373ad73a504971]::panic::unwind_safe::AssertUnwindSafe<std[617be2ca0a6fd877]::thread::lifecycle::spawn_unchecked<test[aada8e7e76ba119b]::run_test::{closure#1}, ()>::{closure#1}::{closure#0}>, ()>
[INFO] [stdout]                                at /rustc/e3feeb59cd1bdd011a2bfcc0747b55125d9b8527/library/std/src/panicking.rs:573:43
[INFO] [stdout]   37:     0x609ee33693b2 - std[617be2ca0a6fd877]::panicking::catch_unwind::<(), core[a373ad73a504971]::panic::unwind_safe::AssertUnwindSafe<std[617be2ca0a6fd877]::thread::lifecycle::spawn_unchecked<test[aada8e7e76ba119b]::run_test::{closure#1}, ()>::{closure#1}::{closure#0}>>
[INFO] [stdout]                                at /rustc/e3feeb59cd1bdd011a2bfcc0747b55125d9b8527/library/std/src/panicking.rs:541:19
[INFO] [stdout]   38:     0x609ee33693b2 - std[617be2ca0a6fd877]::panic::catch_unwind::<core[a373ad73a504971]::panic::unwind_safe::AssertUnwindSafe<std[617be2ca0a6fd877]::thread::lifecycle::spawn_unchecked<test[aada8e7e76ba119b]::run_test::{closure#1}, ()>::{closure#1}::{closure#0}>, ()>
[INFO] [stdout]                                at /rustc/e3feeb59cd1bdd011a2bfcc0747b55125d9b8527/library/std/src/panic.rs:359:14
[INFO] [stdout]   39:     0x609ee33693b2 - std[617be2ca0a6fd877]::thread::lifecycle::spawn_unchecked::<test[aada8e7e76ba119b]::run_test::{closure#1}, ()>::{closure#1}
[INFO] [stdout]                                at /rustc/e3feeb59cd1bdd011a2bfcc0747b55125d9b8527/library/std/src/thread/lifecycle.rs:68:26
[INFO] [stdout]   40:     0x609ee33693b2 - <std[617be2ca0a6fd877]::thread::lifecycle::spawn_unchecked<test[aada8e7e76ba119b]::run_test::{closure#1}, ()>::{closure#1} as core[a373ad73a504971]::ops::function::FnOnce<()>>::call_once::{shim:vtable#0}
[INFO] [stdout]                                at /rustc/e3feeb59cd1bdd011a2bfcc0747b55125d9b8527/library/core/src/ops/function.rs:250:5
[INFO] [stdout]   41:     0x609ee341164f - <alloc[2e1b2a31b91974c5]::boxed::Box<dyn core[a373ad73a504971]::ops::function::FnOnce<(), Output = ()> + core[a373ad73a504971]::marker::Send> as core[a373ad73a504971]::ops::function::FnOnce<()>>::call_once
[INFO] [stdout]                                at /rustc/e3feeb59cd1bdd011a2bfcc0747b55125d9b8527/library/alloc/src/boxed.rs:2314:9
[INFO] [stdout]   42:     0x609ee341164f - <std[617be2ca0a6fd877]::sys::thread::unix::Thread>::new::thread_start
[INFO] [stdout]                                at /rustc/e3feeb59cd1bdd011a2bfcc0747b55125d9b8527/library/std/src/sys/thread/unix.rs:127:17
[INFO] [stdout]   43:     0x733090e37dfa - <unknown>
[INFO] [stdout]   44:     0x733090ecb3d4 - clone
[INFO] [stdout]   45:                0x0 - <unknown>
[INFO] [stdout] 
[INFO] [stdout] 
[INFO] [stdout] failures:
[INFO] [stdout]     configuration::tests::get_configuration_should_success
[INFO] [stdout] 
[INFO] [stdout] test result: FAILED. 8 passed; 1 failed; 0 ignored; 0 measured; 0 filtered out; finished in 0.23s
[INFO] [stdout] 
[INFO] [stderr] error: test failed, to rerun pass `--lib`
[INFO] running `Command { std: "docker" "inspect" "46b20e4a403c34ff46f116acf113b186a9659c8ec8526847700f0ac04d7f92dd", kill_on_drop: false }`
[INFO] running `Command { std: "docker" "rm" "-f" "46b20e4a403c34ff46f116acf113b186a9659c8ec8526847700f0ac04d7f92dd", kill_on_drop: false }`
[INFO] [stdout] 46b20e4a403c34ff46f116acf113b186a9659c8ec8526847700f0ac04d7f92dd
