[INFO] cloning repository https://github.com/wonker007/surgicalfs-mcpserver
[INFO] running `Command { std: "git" "-c" "credential.helper=" "-c" "credential.helper=/workspace/cargo-home/bin/git-credential-null" "clone" "--bare" "https://github.com/wonker007/surgicalfs-mcpserver" "/workspace/cache/git-repos/https%3A%2F%2Fgithub.com%2Fwonker007%2Fsurgicalfs-mcpserver", kill_on_drop: false }`
[INFO] [stderr] Cloning into bare repository '/workspace/cache/git-repos/https%3A%2F%2Fgithub.com%2Fwonker007%2Fsurgicalfs-mcpserver'...
[INFO] running `Command { std: "git" "rev-parse" "HEAD", kill_on_drop: false }`
[INFO] [stdout] 14dea4ade059c8e53c09415229751cf309ed7afd
[INFO] testing wonker007/surgicalfs-mcpserver against 1.99.0-beta.8 for beta-1.100-2
[INFO] running `Command { std: "git" "clone" "/workspace/cache/git-repos/https%3A%2F%2Fgithub.com%2Fwonker007%2Fsurgicalfs-mcpserver" "/workspace/builds/worker-7-tc1/source", kill_on_drop: false }`
[INFO] [stderr] Cloning into '/workspace/builds/worker-7-tc1/source'...
[INFO] [stderr] done.
[INFO] removed /workspace/builds/worker-7-tc1/source/.cargo/config.toml
[INFO] started tweaking git repo https://github.com/wonker007/surgicalfs-mcpserver
[INFO] finished tweaking git repo https://github.com/wonker007/surgicalfs-mcpserver
[INFO] tweaked toml for git repo https://github.com/wonker007/surgicalfs-mcpserver written to /workspace/builds/worker-7-tc1/source/Cargo.toml
[INFO] validating manifest of git repo https://github.com/wonker007/surgicalfs-mcpserver on toolchain 1.99.0-beta.8
[INFO] running `Command { std: CARGO_HOME="/workspace/cargo-home" RUSTUP_HOME="/workspace/rustup-home" "/workspace/cargo-home/bin/cargo" "+1.99.0-beta.8" "metadata" "--manifest-path" "Cargo.toml" "--no-deps", kill_on_drop: false }`
[INFO] crate git repo https://github.com/wonker007/surgicalfs-mcpserver already has a lockfile, it will not be regenerated
[INFO] running `Command { std: CARGO_HOME="/workspace/cargo-home" RUSTUP_HOME="/workspace/rustup-home" "/workspace/cargo-home/bin/cargo" "+1.99.0-beta.8" "fetch" "--manifest-path" "Cargo.toml", kill_on_drop: false }`
[INFO] [stderr]     Updating crates.io index
[INFO] [stderr]  Downloading crates ...
[INFO] [stderr]   Downloaded serde_json_path v0.7.2
[INFO] [stderr]   Downloaded serde_json_path_macros_internal v0.1.2
[INFO] [stderr]   Downloaded serde_json_path_macros v0.1.6
[INFO] [stderr]   Downloaded msdos_time v0.1.6
[INFO] [stderr]   Downloaded inventory v0.3.22
[INFO] [stderr]   Downloaded type1-encoding-parser v0.1.0
[INFO] [stderr]   Downloaded memchr v1.0.2
[INFO] [stderr]   Downloaded adobe-cmap-parser v0.4.1
[INFO] [stderr]   Downloaded podio v0.1.7
[INFO] [stderr]   Downloaded serde_json_path_core v0.2.2
[INFO] [stderr]   Downloaded error-chain v0.10.0
[INFO] [stderr]   Downloaded rmcp-macros v1.7.0
[INFO] [stderr]   Downloaded postscript v0.14.1
[INFO] [stderr]   Downloaded zip v0.2.8
[INFO] [stderr]   Downloaded sysinfo v0.35.2
[INFO] [stderr]   Downloaded euclid v0.20.14
[INFO] [stderr]   Downloaded calamine v0.26.1
[INFO] [stderr]   Downloaded pdf-extract v0.7.12
[INFO] [stderr]   Downloaded quick-xml v0.9.4
[INFO] [stderr]   Downloaded pom v1.1.0
[INFO] [stderr]   Downloaded rmcp v1.7.0
[INFO] [stderr]   Downloaded encoding_rs v0.7.2
[INFO] [stderr]   Downloaded dotext v0.1.1
[INFO] [stderr]   Downloaded lopdf v0.34.0
[INFO] running `Command { std: "docker" "create" "-v" "/var/lib/crater-agent-workspace/builds/worker-7-tc1/source:/opt/rustwide/workdir:ro,Z" "-v" "/var/lib/crater-agent-workspace/builds/worker-7-tc1/target:/opt/rustwide/target:rw,Z" "-v" "/var/lib/crater-agent-workspace/cargo-home:/opt/rustwide/cargo-home:ro,Z" "-v" "/var/lib/crater-agent-workspace/rustup-home:/opt/rustwide/rustup-home:ro,Z" "-m" "1610612736" "--network" "none" "ghcr.io/rust-lang/crates-build-env/linux@sha256:3111399a4047eeb3a02b7a90e478d715f38a8c6669b5c4b49d30a17385265909" "sleep" "infinity", kill_on_drop: false }`
[INFO] [stdout] 326a3db9e2b2b37815108a6200fbe072c92195de5a12e80a8d0ba4aec6fb1897
[INFO] running `Command { std: "docker" "start" "326a3db9e2b2b37815108a6200fbe072c92195de5a12e80a8d0ba4aec6fb1897", kill_on_drop: false }`
[INFO] running `Command { std: "docker" "inspect" "326a3db9e2b2b37815108a6200fbe072c92195de5a12e80a8d0ba4aec6fb1897", kill_on_drop: false }`
[INFO] running `Command { std: "docker" "exec" "-e" "SOURCE_DIR=/opt/rustwide/workdir" "-e" "CARGO_HOME=/opt/rustwide/cargo-home" "-e" "RUSTUP_HOME=/opt/rustwide/rustup-home" "-e" "CARGO_TARGET_DIR=/opt/rustwide/target" "-w" "/opt/rustwide/workdir" "--user" "0:0" "326a3db9e2b2b37815108a6200fbe072c92195de5a12e80a8d0ba4aec6fb1897" "/opt/rustwide/cargo-home/bin/cargo" "+1.99.0-beta.8" "metadata" "--no-deps" "--format-version=1", kill_on_drop: false }`
[INFO] running `Command { std: "docker" "inspect" "326a3db9e2b2b37815108a6200fbe072c92195de5a12e80a8d0ba4aec6fb1897", kill_on_drop: false }`
[INFO] running `Command { std: "docker" "exec" "-e" "SOURCE_DIR=/opt/rustwide/workdir" "-e" "CARGO_HOME=/opt/rustwide/cargo-home" "-e" "RUSTUP_HOME=/opt/rustwide/rustup-home" "-e" "CARGO_TARGET_DIR=/opt/rustwide/target" "-e" "CARGO_INCREMENTAL=0" "-e" "RUST_BACKTRACE=full" "-e" "RUSTFLAGS=--cap-lints=warn" "-e" "RUSTDOCFLAGS=--cap-lints=warn" "-w" "/opt/rustwide/workdir" "--user" "0:0" "326a3db9e2b2b37815108a6200fbe072c92195de5a12e80a8d0ba4aec6fb1897" "/opt/rustwide/cargo-home/bin/cargo" "+1.99.0-beta.8" "build" "--frozen" "--message-format=json", kill_on_drop: false }`
[INFO] [stderr]    Compiling syn v2.0.117
[INFO] [stderr]    Compiling libc v0.2.183
[INFO] [stderr]    Compiling simd-adler32 v0.3.8
[INFO] [stderr]    Compiling serde_json v1.0.149
[INFO] [stderr]    Compiling aho-corasick v1.1.4
[INFO] [stderr]    Compiling generic-array v0.14.7
[INFO] [stderr]    Compiling http v1.4.2
[INFO] [stderr]    Compiling object v0.37.3
[INFO] [stderr]    Compiling miniz_oxide v0.8.9
[INFO] [stderr]    Compiling slab v0.4.12
[INFO] [stderr]    Compiling gimli v0.32.3
[INFO] [stderr]    Compiling flate2 v1.1.9
[INFO] [stderr]    Compiling http-body v1.0.1
[INFO] [stderr]    Compiling block-buffer v0.10.4
[INFO] [stderr]    Compiling crypto-common v0.1.7
[INFO] [stderr]    Compiling digest v0.10.7
[INFO] [stderr]    Compiling ref-cast v1.0.25
[INFO] [stderr]    Compiling regex-automata v0.4.14
[INFO] [stderr]    Compiling parking_lot_core v0.9.12
[INFO] [stderr]    Compiling errno v0.3.14
[INFO] [stderr]    Compiling signal-hook-registry v1.4.8
[INFO] [stderr]    Compiling socket2 v0.6.3
[INFO] [stderr]    Compiling parking_lot v0.12.5
[INFO] [stderr]    Compiling mio v1.1.1
[INFO] [stderr]    Compiling num-conv v0.2.0
[INFO] [stderr]    Compiling rustc-demangle v0.1.27
[INFO] [stderr]    Compiling time v0.3.47
[INFO] [stderr]    Compiling addr2line v0.25.1
[INFO] [stderr]    Compiling cc v1.2.57
[INFO] [stderr]    Compiling time v0.1.45
[INFO] [stderr]    Compiling getrandom v0.3.4
[INFO] [stderr]    Compiling nom v7.1.3
[INFO] [stderr]    Compiling pom v1.1.0
[INFO] [stderr]    Compiling memchr v2.8.0
[INFO] [stderr]    Compiling bumpalo v3.20.2
[INFO] [stderr]    Compiling darling_core v0.23.0
[INFO] [stderr]    Compiling serde_derive_internals v0.29.1
[INFO] [stderr]    Compiling backtrace v0.3.76
[INFO] [stderr]    Compiling zip v2.4.2
[INFO] [stderr]    Compiling inventory v0.3.22
[INFO] [stderr]    Compiling encoding_rs v0.7.2
[INFO] [stderr]    Compiling blake3 v1.8.3
[INFO] [stderr]    Compiling error-chain v0.10.0
[INFO] [stderr]    Compiling zopfli v0.8.3
[INFO] [stderr]    Compiling matchers v0.2.0
[INFO] [stderr]    Compiling msdos_time v0.1.6
[INFO] [stderr]    Compiling rand_core v0.9.5
[INFO] [stderr]    Compiling serde_derive v1.0.228
[INFO] [stderr]    Compiling tokio-macros v2.6.1
[INFO] [stderr]    Compiling thiserror-impl v2.0.18
[INFO] [stderr]    Compiling tracing-attributes v0.1.31
[INFO] [stderr]    Compiling futures-macro v0.3.32
[INFO] [stderr]    Compiling tokio v1.50.0
[INFO] [stderr]    Compiling ref-cast-impl v1.0.25
[INFO] [stderr]    Compiling darling_macro v0.23.0
[INFO] [stderr]    Compiling darling v0.23.0
[INFO] [stderr]    Compiling displaydoc v0.2.5
[INFO] [stderr]    Compiling serde_json_path_macros_internal v0.1.2
[INFO] [stderr]    Compiling futures-util v0.3.32
[INFO] [stderr]    Compiling thiserror v2.0.18
[INFO] [stderr]    Compiling schemars_derive v1.2.1
[INFO] [stderr]    Compiling memchr v1.0.2
[INFO] [stderr]    Compiling md-5 v0.10.6
[INFO] [stderr]    Compiling http-body-util v0.1.3
[INFO] [stderr]    Compiling tracing v0.1.44
[INFO] [stderr]    Compiling crossbeam-epoch v0.9.18
[INFO] [stderr]    Compiling tracing-log v0.2.0
[INFO] [stderr]    Compiling bstr v1.12.1
[INFO] [stderr]    Compiling rmcp v1.7.0
[INFO] [stderr]    Compiling weezl v0.1.12
[INFO] [stderr]    Compiling option-ext v0.2.0
[INFO] [stderr]    Compiling podio v0.1.7
[INFO] [stderr]    Compiling rangemap v1.7.1
[INFO] [stderr]    Compiling axum-core v0.5.6
[INFO] [stderr]    Compiling lopdf v0.34.0
[INFO] [stderr]    Compiling globset v0.4.18
[INFO] [stderr]    Compiling clap_builder v4.6.0
[INFO] [stderr]    Compiling serde v1.0.228
[INFO] [stderr]    Compiling zip v0.2.8
[INFO] [stderr]    Compiling dirs-sys v0.5.0
[INFO] [stderr]    Compiling chrono v0.4.44
[INFO] [stderr]    Compiling serde_json_path_core v0.2.2
[INFO] [stderr]    Compiling toml_datetime v0.6.11
[INFO] [stderr]    Compiling futures-executor v0.3.32
[INFO] [stderr]    Compiling serde_spanned v0.6.9
[INFO] [stderr]    Compiling tracing-serde v0.2.0
[INFO] [stderr]    Compiling tracing-subscriber v0.3.23
[INFO] [stderr]    Compiling futures v0.3.32
[INFO] [stderr]    Compiling toml_edit v0.22.27
[INFO] [stderr]    Compiling serde_json_path_macros v0.1.6
[INFO] [stderr]    Compiling serde_urlencoded v0.7.1
[INFO] [stderr]    Compiling clap_derive v4.6.0
[INFO] [stderr]    Compiling crossbeam-deque v0.8.6
[INFO] [stderr]    Compiling quick-xml v0.9.4
[INFO] [stderr]    Compiling schemars v1.2.1
[INFO] [stderr]    Compiling hyper v1.10.1
[INFO] [stderr]    Compiling tokio-util v0.7.18
[INFO] [stderr]    Compiling hyper-util v0.1.20
[INFO] [stderr]    Compiling tower v0.5.3
[INFO] [stderr]    Compiling rmcp-macros v1.7.0
[INFO] [stderr]    Compiling rand_chacha v0.9.0
[INFO] [stderr]    Compiling async-trait v0.1.89
[INFO] [stderr]    Compiling thiserror-impl v1.0.69
[INFO] [stderr]    Compiling regex v1.12.3
[INFO] [stderr]    Compiling adobe-cmap-parser v0.4.1
[INFO] [stderr]    Compiling type1-encoding-parser v0.1.0
[INFO] [stderr]    Compiling codepage v0.1.2
[INFO] [stderr]    Compiling quick-xml v0.31.0
[INFO] [stderr]    Compiling crossbeam-channel v0.5.15
[INFO] [stderr]    Compiling euclid v0.20.14
[INFO] [stderr]    Compiling csv-core v0.1.13
[INFO] [stderr]    Compiling pastey v0.2.1
[INFO] [stderr]    Compiling postscript v0.14.1
[INFO] [stderr]    Compiling arrayvec v0.7.6
[INFO] [stderr]    Compiling symlink v0.1.0
[INFO] [stderr]    Compiling tracing-appender v0.2.5
[INFO] [stderr]    Compiling tower-http v0.6.11
[INFO] [stderr]    Compiling calamine v0.26.1
[INFO] [stderr]    Compiling pdf-extract v0.7.12
[INFO] [stderr]    Compiling axum v0.8.9
[INFO] [stderr]    Compiling csv v1.4.0
[INFO] [stderr]    Compiling thiserror v1.0.69
[INFO] [stderr]    Compiling serde_json_path v0.7.2
[INFO] [stderr]    Compiling rand v0.9.4
[INFO] [stderr]    Compiling tokio-stream v0.1.18
[INFO] [stderr]    Compiling clap v4.6.0
[INFO] [stderr]    Compiling toml v0.8.23
[INFO] [stderr]    Compiling dotext v0.1.1
[INFO] [stderr]    Compiling ignore v0.4.25
[INFO] [stderr]    Compiling dirs v6.0.0
[INFO] [stderr]    Compiling sha2 v0.10.9
[INFO] [stderr]    Compiling sysinfo v0.35.2
[INFO] [stderr]    Compiling dunce v1.0.5
[INFO] [stderr]    Compiling glob v0.3.3
[INFO] [stderr]    Compiling surgicalfs-mcp v0.6.0 (/opt/rustwide/workdir)
[INFO] [stderr]     Finished `dev` profile [unoptimized + debuginfo] target(s) in 2m 27s
[INFO] running `Command { std: "docker" "inspect" "326a3db9e2b2b37815108a6200fbe072c92195de5a12e80a8d0ba4aec6fb1897", kill_on_drop: false }`
[INFO] running `Command { std: "docker" "exec" "-e" "SOURCE_DIR=/opt/rustwide/workdir" "-e" "CARGO_HOME=/opt/rustwide/cargo-home" "-e" "RUSTUP_HOME=/opt/rustwide/rustup-home" "-e" "CARGO_TARGET_DIR=/opt/rustwide/target" "-e" "CARGO_INCREMENTAL=0" "-e" "RUST_BACKTRACE=full" "-e" "RUSTFLAGS=--cap-lints=warn" "-e" "RUSTDOCFLAGS=--cap-lints=warn" "-w" "/opt/rustwide/workdir" "--user" "0:0" "326a3db9e2b2b37815108a6200fbe072c92195de5a12e80a8d0ba4aec6fb1897" "/opt/rustwide/cargo-home/bin/cargo" "+1.99.0-beta.8" "test" "--frozen" "--no-run" "--message-format=json", kill_on_drop: false }`
[INFO] [stderr]    Compiling surgicalfs-mcp v0.6.0 (/opt/rustwide/workdir)
[INFO] [stderr]     Finished `test` profile [unoptimized + debuginfo] target(s) in 27.14s
[INFO] running `Command { std: "docker" "inspect" "326a3db9e2b2b37815108a6200fbe072c92195de5a12e80a8d0ba4aec6fb1897", kill_on_drop: false }`
[INFO] running `Command { std: "docker" "exec" "-e" "SOURCE_DIR=/opt/rustwide/workdir" "-e" "CARGO_HOME=/opt/rustwide/cargo-home" "-e" "RUSTUP_HOME=/opt/rustwide/rustup-home" "-e" "CARGO_TARGET_DIR=/opt/rustwide/target" "-e" "CARGO_INCREMENTAL=0" "-e" "RUST_BACKTRACE=full" "-e" "RUSTFLAGS=--cap-lints=warn" "-e" "RUSTDOCFLAGS=--cap-lints=warn" "-w" "/opt/rustwide/workdir" "--user" "0:0" "326a3db9e2b2b37815108a6200fbe072c92195de5a12e80a8d0ba4aec6fb1897" "/opt/rustwide/cargo-home/bin/cargo" "+1.99.0-beta.8" "test" "--frozen", kill_on_drop: false }`
[INFO] [stderr]     Finished `test` profile [unoptimized + debuginfo] target(s) in 0.30s
[INFO] [stderr]      Running unittests src/lib.rs (/opt/rustwide/target/debug/deps/surgicalfs_mcp-856f96b6339beffe)
[INFO] [stdout] 
[INFO] [stdout] running 104 tests
[INFO] [stdout] test config::tests::test_server_config_defaults_when_absent ... ok
[INFO] [stdout] test config::tests::test_server_config_parsed ... ok
[INFO] [stdout] test encoding::tests::test_binary_detection ... ok
[INFO] [stdout] test config::tests::test_runtime_idle_timeout_parses ... ok
[INFO] [stdout] test encoding::tests::test_utf8_bom_strip ... ok
[INFO] [stdout] test encoding::tests::test_utf8_decode ... ok
[INFO] [stdout] test encoding::tests::test_windows1252_fallback ... ok
[INFO] [stdout] test config::tests::test_parse_toml ... ok
[INFO] [stdout] test pathguard::tests::test_null_byte_in_path ... ok
[INFO] [stdout] test pathguard::tests::test_empty_path ... ok
[INFO] [stdout] test pathguard::tests::test_dot_dot_path ... ok
[INFO] [stdout] test pathguard::tests::test_size_check ... ok
[INFO] [stdout] test pathguard::tests::test_valid_path ... ok
[INFO] [stdout] test pathguard::tests::test_validate_new_outside_allowlist ... ok
[INFO] [stdout] test pathguard::tests::test_validate_new_valid ... ok
[INFO] [stdout] test response_budget::tests::test_hard_truncation_by_bytes ... ok
[INFO] [stdout] test response_budget::tests::test_smart_truncation_by_lines ... ok
[INFO] [stdout] test pathguard::tests::test_traversal_basic ... ok
[INFO] [stdout] test config::tests::test_from_directories ... ok
[INFO] [stdout] test pathguard::tests::test_path_outside_allowlist ... ok
[INFO] [stdout] test response_budget::tests::test_within_budget_unchanged ... ok
[INFO] [stdout] test response_budget::tests::test_unlimited_unchanged ... ok
[INFO] [stdout] test search_backend::tests::test_native_search_case_insensitive ... ok
[INFO] [stdout] test search_backend::tests::test_native_search_directory ... ok
[INFO] [stdout] test pathguard::tests::test_sibling_directory_bypass ... ok
[INFO] [stdout] test response_budget::tests::test_smart_truncation_cuts_at_newline ... ok
[INFO] [stdout] test search_backend::tests::test_native_search_literal ... ok
[INFO] [stdout] test search_backend::tests::test_native_search_regex ... ok
[INFO] [stdout] test search_backend::tests::test_parse_ripgrep_json_empty ... ok
[INFO] [stdout] test search_backend::tests::test_parse_ripgrep_json_match ... ok
[INFO] [stdout] test tools::compat::tests::test_directory_tree_json_format ... ok
[INFO] [stdout] test tools::compat::tests::test_edit_file_dry_run ... ok
[INFO] [stdout] test tools::compat::tests::test_edit_file_multiple_edits ... ok
[INFO] [stdout] test tools::compat::tests::test_get_file_info_compat ... ok
[INFO] [stdout] test tools::compat::tests::test_list_allowed_directories ... ok
[INFO] [stdout] test tools::compat::tests::test_list_directory_format ... ok
[INFO] [stdout] test tools::compat::tests::test_read_file ... ok
[INFO] [stdout] test tools::compat::tests::test_read_media_file_png ... ok
[INFO] [stdout] test tools::compat::tests::test_read_multiple_files_partial ... ok
[INFO] [stdout] test tools::compat::tests::test_search_files_glob ... ok
[INFO] [stdout] test search_backend::tests::test_native_search_max_results ... ok
[INFO] [stdout] test tools::compat::tests::test_create_directory_idempotent ... ok
[INFO] [stdout] test tools::csv_ops::tests::test_csv_info ... ok
[INFO] [stdout] test tools::csv_ops::tests::test_csv_read ... ok
[INFO] [stdout] test tools::csv_ops::tests::test_csv_write ... ok
[INFO] [stdout] test tools::csv_ops::tests::test_csv_query ... ok
[INFO] [stdout] test tools::csv_ops::tests::test_delimiter_detection ... ok
[INFO] [stdout] test tools::directory::tests::test_directory_list ... ok
[INFO] [stdout] test tools::inspect::tests::test_file_head ... ok
[INFO] [stdout] test tools::inspect::tests::test_file_info ... ok
[INFO] [stdout] test search_backend::tests::test_detect_backend ... ok
[INFO] [stdout] test tools::inspect::tests::test_line_range_validation ... ok
[INFO] [stdout] test tools::directory::tests::test_directory_tree ... ok
[INFO] [stdout] test tools::inspect::tests::test_file_tail ... ok
[INFO] [stdout] test tools::inspect::tests::test_file_read_lines ... ok
[INFO] [stdout] test tools::json_ops::tests::test_json_mutate_array_append ... ok
[INFO] [stdout] test tools::json_ops::tests::test_json_query ... ok
[INFO] [stdout] test tools::json_ops::tests::test_parse_json_path_segments ... ok
[INFO] [stdout] test tools::manage::tests::test_atomic_write_cleans_temp_on_rename_failure ... ok
[INFO] [stdout] test tools::manage::tests::test_file_copy ... ok
[INFO] [stdout] test tools::json_ops::tests::test_json_mutate_set ... ok
[INFO] [stdout] test tools::manage::tests::test_file_copy_no_overwrite ... ok
[INFO] [stdout] test tools::manage::tests::test_file_move ... ok
[INFO] [stdout] test tools::manage::tests::test_file_write_and_delete ... ok
[INFO] [stdout] test tools::manage::tests::test_file_write_leaves_no_temp_file ... ok
[INFO] [stdout] test tools::manage::tests::test_file_write_chunked_stateless ... ok
[INFO] [stdout] test tools::manage::tests::test_file_write_no_overwrite ... ok
[INFO] [stdout] test tools::manage::tests::test_file_write_chunked ... ok
[INFO] [stdout] test tools::mutate::tests::test_atomic_write_overwrites_existing_no_temp ... ok
[INFO] [stdout] test tools::manage::tests::test_file_write_stream ... ok
[INFO] [stdout] test tools::mutate::tests::test_file_batch_edit ... ok
[INFO] [stdout] test tools::mutate::tests::test_atomic_write_creates_file_no_temp ... ok
[INFO] [stdout] test tools::mutate::tests::test_file_append ... ok
[INFO] [stdout] test tools::mutate::tests::test_file_insert_after ... ok
[INFO] [stdout] test tools::mutate::tests::test_file_insert_anchor_as_string ... ok
[INFO] [stdout] test tools::mutate::tests::test_file_insert_anchor_string_position ... ok
[INFO] [stdout] test tools::mutate::tests::test_file_insert_anchor_string_line ... ok
[INFO] [stdout] test tools::mutate::tests::test_file_replace_first_only ... ok
[INFO] [stdout] test tools::mutate::tests::test_file_patch_lines ... ok
[INFO] [stdout] test tools::mutate::tests::test_file_replace_literal ... ok
[INFO] [stdout] test tools::mutate::tests::test_file_replace_multiline_first_occurrence ... ok
[INFO] [stdout] test tools::mutate::tests::test_file_replace_multiline_last_occurrence ... ok
[INFO] [stdout] test tools::mutate::tests::test_file_replace_multiline_literal ... ok
[INFO] [stdout] test tools::search::tests::test_file_grep_case_insensitive ... ok
[INFO] [stdout] test tools::search::tests::test_file_grep_line_numbers_only ... ok
[INFO] [stdout] test tools::search::tests::test_file_grep_max_results ... ok
[INFO] [stdout] test tools::mutate::tests::test_file_replace_multiline_with_replacement_newlines ... ok
[INFO] [stdout] test tools::mutate::tests::test_file_replace_multiline_with_crlf ... ok
[INFO] [stdout] test tools::search::tests::test_file_grep_rejects_directory ... ok
[INFO] [stdout] test tools::search::tests::test_file_grep_with_content ... ok
[INFO] [stdout] test tools::search::tests::test_search_replace_preview_literal ... ok
[INFO] [stdout] test tools::search::tests::test_file_grep_regex ... ok
[INFO] [stdout] test tools::spreadsheet::tests::test_col_to_letter ... ok
[INFO] [stdout] test tools::spreadsheet::tests::test_letter_to_col ... ok
[INFO] [stdout] test tools::spreadsheet::tests::test_parse_excel_range ... ok
[INFO] [stdout] test tools::utility::tests::test_blake3_checksum ... ok
[INFO] [stdout] test tools::utility::tests::test_md5_checksum ... ok
[INFO] [stdout] test tools::utility::tests::test_sha256_checksum ... ok
[INFO] [stdout] test config::tests::test_analytics_defaults_and_parse ... ok
[INFO] [stdout] test tools::search::tests::test_search_replace_preview_regex ... ok
[INFO] [stdout] test search_backend::tests::test_native_search_context_lines ... ok
[INFO] [stdout] test pathguard::tests::test_null_bytes_rejected ... FAILED
[INFO] [stdout] test config::tests::test_from_empty_directories_fails ... ok
[INFO] [stdout] test tools::json_ops::tests::test_json_mutate_delete ... ok
[INFO] [stdout] 
[INFO] [stdout] failures:
[INFO] [stdout] 
[INFO] [stdout] ---- pathguard::tests::test_null_bytes_rejected stdout ----
[INFO] [stdout] 
[INFO] [stdout] thread 'pathguard::tests::test_null_bytes_rejected' (2040) panicked at src/pathguard.rs:199:72:
[INFO] [stdout] called `Result::unwrap()` on an `Err` value: SurgicalError(ToolError { code: PathDenied, message: "Cannot canonicalize allowed directory 'C:\\': No such file or directory (os error 2)", suggestion: "Ensure the directory exists and is accessible." })
[INFO] [stdout] stack backtrace:
[INFO] [stdout]    0:     0x5629ce3addb1 - std[70759c8f55707aa4]::backtrace_rs::backtrace::libunwind::trace
[INFO] [stdout]                                at /rustc/dfb0accb7f508ae8be965d8629557221c889dd98/library/std/src/../../backtrace/src/backtrace/libunwind.rs:117:9
[INFO] [stdout]    1:     0x5629ce3addb1 - std[70759c8f55707aa4]::backtrace_rs::backtrace::trace_unsynchronized::<std[70759c8f55707aa4]::sys::backtrace::_print_fmt::{closure#1}>
[INFO] [stdout]                                at /rustc/dfb0accb7f508ae8be965d8629557221c889dd98/library/std/src/../../backtrace/src/backtrace/mod.rs:66:14
[INFO] [stdout]    2:     0x5629ce3addb1 - std[70759c8f55707aa4]::sys::backtrace::_print_fmt
[INFO] [stdout]                                at /rustc/dfb0accb7f508ae8be965d8629557221c889dd98/library/std/src/sys/backtrace.rs:74:9
[INFO] [stdout]    3:     0x5629ce3addb1 - <<std[70759c8f55707aa4]::sys::backtrace::BacktraceLock>::print::DisplayBacktrace as core[df12db4294e9bfd3]::fmt::Display>::fmt
[INFO] [stdout]                                at /rustc/dfb0accb7f508ae8be965d8629557221c889dd98/library/std/src/sys/backtrace.rs:44:26
[INFO] [stdout]    4:     0x5629ce3c605a - <core[df12db4294e9bfd3]::fmt::rt::Argument>::fmt
[INFO] [stdout]                                at /rustc/dfb0accb7f508ae8be965d8629557221c889dd98/library/core/src/fmt/rt.rs:152:76
[INFO] [stdout]    5:     0x5629ce3c605a - core[df12db4294e9bfd3]::fmt::write
[INFO] [stdout]    6:     0x5629ce3b2a3c - core[df12db4294e9bfd3]::io::write::default_write_fmt::<alloc[2182bb758b4b3781]::vec::Vec<u8>>
[INFO] [stdout]                                at /rustc/dfb0accb7f508ae8be965d8629557221c889dd98/library/core/src/io/write.rs:402:11
[INFO] [stdout]    7:     0x5629ce3b2a3c - <alloc[2182bb758b4b3781]::vec::Vec<u8> as core[df12db4294e9bfd3]::io::write::Write>::write_fmt
[INFO] [stdout]                                at /rustc/dfb0accb7f508ae8be965d8629557221c889dd98/library/core/src/io/write.rs:335:13
[INFO] [stdout]    8:     0x5629ce386026 - <std[70759c8f55707aa4]::sys::backtrace::BacktraceLock>::print
[INFO] [stdout]                                at /rustc/dfb0accb7f508ae8be965d8629557221c889dd98/library/std/src/sys/backtrace.rs:47:9
[INFO] [stdout]    9:     0x5629ce386026 - std[70759c8f55707aa4]::panicking::default_hook::{closure#0}
[INFO] [stdout]                                at /rustc/dfb0accb7f508ae8be965d8629557221c889dd98/library/std/src/panicking.rs:292:27
[INFO] [stdout]   10:     0x5629ce3a3fd9 - std[70759c8f55707aa4]::panicking::default_hook
[INFO] [stdout]                                at /rustc/dfb0accb7f508ae8be965d8629557221c889dd98/library/std/src/panicking.rs:316:9
[INFO] [stdout]   11:     0x5629cdf5d360 - <alloc[2182bb758b4b3781]::boxed::Box<dyn for<'a, 'b> core[df12db4294e9bfd3]::ops::function::Fn<(&'a std[70759c8f55707aa4]::panic::PanicHookInfo<'b>,), Output = ()> + core[df12db4294e9bfd3]::marker::Send + core[df12db4294e9bfd3]::marker::Sync> as core[df12db4294e9bfd3]::ops::function::Fn<(&std[70759c8f55707aa4]::panic::PanicHookInfo,)>>::call
[INFO] [stdout]                                at /rustc/dfb0accb7f508ae8be965d8629557221c889dd98/library/alloc/src/boxed.rs:2334:9
[INFO] [stdout]   12:     0x5629cdf5d360 - test[9d35eded1c95d3be]::test_main_inner::<test[9d35eded1c95d3be]::test_main_static::{closure#0}>::{closure#0}
[INFO] [stdout]                                at /rustc/dfb0accb7f508ae8be965d8629557221c889dd98/library/test/src/lib.rs:155:21
[INFO] [stdout]   13:     0x5629ce3a4192 - <alloc[2182bb758b4b3781]::boxed::Box<dyn for<'a, 'b> core[df12db4294e9bfd3]::ops::function::Fn<(&'a std[70759c8f55707aa4]::panic::PanicHookInfo<'b>,), Output = ()> + core[df12db4294e9bfd3]::marker::Send + core[df12db4294e9bfd3]::marker::Sync> as core[df12db4294e9bfd3]::ops::function::Fn<(&std[70759c8f55707aa4]::panic::PanicHookInfo,)>>::call
[INFO] [stdout]                                at /rustc/dfb0accb7f508ae8be965d8629557221c889dd98/library/alloc/src/boxed.rs:2334:9
[INFO] [stdout]   14:     0x5629ce3a4192 - std[70759c8f55707aa4]::panicking::panic_with_hook
[INFO] [stdout]                                at /rustc/dfb0accb7f508ae8be965d8629557221c889dd98/library/std/src/panicking.rs:823:13
[INFO] [stdout]   15:     0x5629ce3860d2 - std[70759c8f55707aa4]::panicking::panic_handler::{closure#0}
[INFO] [stdout]                                at /rustc/dfb0accb7f508ae8be965d8629557221c889dd98/library/std/src/panicking.rs:688:13
[INFO] [stdout]   16:     0x5629ce37e519 - std[70759c8f55707aa4]::sys::backtrace::__rust_end_short_backtrace::<std[70759c8f55707aa4]::panicking::panic_handler::{closure#0}, !>
[INFO] [stdout]                                at /rustc/dfb0accb7f508ae8be965d8629557221c889dd98/library/std/src/sys/backtrace.rs:182:18
[INFO] [stdout]   17:     0x5629ce386ecd - __rustc[8fa7c3cbc660c2b3]::rust_begin_unwind
[INFO] [stdout]                                at /rustc/dfb0accb7f508ae8be965d8629557221c889dd98/library/std/src/panicking.rs:679:5
[INFO] [stdout]   18:     0x5629ce3c692c - core[df12db4294e9bfd3]::panicking::panic_fmt
[INFO] [stdout]                                at /rustc/dfb0accb7f508ae8be965d8629557221c889dd98/library/core/src/panicking.rs:80:14
[INFO] [stdout]   19:     0x5629ce3c6652 - core[df12db4294e9bfd3]::result::unwrap_failed
[INFO] [stdout]                                at /rustc/dfb0accb7f508ae8be965d8629557221c889dd98/library/core/src/result.rs:1871:5
[INFO] [stdout]   20:     0x5629cdd48314 - <core[df12db4294e9bfd3]::result::Result<surgicalfs_mcp[7c9b1ccffbc2dff0]::pathguard::PathGuard, surgicalfs_mcp[7c9b1ccffbc2dff0]::errors::SurgicalError>>::unwrap
[INFO] [stdout]                                at /rustc/dfb0accb7f508ae8be965d8629557221c889dd98/library/core/src/result.rs:1232:23
[INFO] [stdout]   21:     0x5629cdd48314 - surgicalfs_mcp[7c9b1ccffbc2dff0]::pathguard::tests::test_null_bytes_rejected
[INFO] [stdout]                                at /opt/rustwide/workdir/src/pathguard.rs:199:72
[INFO] [stdout]   22:     0x5629cdd3a3c7 - surgicalfs_mcp[7c9b1ccffbc2dff0]::pathguard::tests::test_null_bytes_rejected::{closure#0}
[INFO] [stdout]                                at /opt/rustwide/workdir/src/pathguard.rs:198:34
[INFO] [stdout]   23:     0x5629cdcaf946 - <surgicalfs_mcp[7c9b1ccffbc2dff0]::pathguard::tests::test_null_bytes_rejected::{closure#0} as core[df12db4294e9bfd3]::ops::function::FnOnce<()>>::call_once
[INFO] [stdout]                                at /rustc/dfb0accb7f508ae8be965d8629557221c889dd98/library/core/src/ops/function.rs:250:5
[INFO] [stdout]   24:     0x5629cdf5064b - <fn() -> core[df12db4294e9bfd3]::result::Result<(), alloc[2182bb758b4b3781]::string::String> as core[df12db4294e9bfd3]::ops::function::FnOnce<()>>::call_once
[INFO] [stdout]                                at /rustc/dfb0accb7f508ae8be965d8629557221c889dd98/library/core/src/ops/function.rs:250:5
[INFO] [stdout]   25:     0x5629cdf5064b - test[9d35eded1c95d3be]::__rust_begin_short_backtrace::<core[df12db4294e9bfd3]::result::Result<(), alloc[2182bb758b4b3781]::string::String>, fn() -> core[df12db4294e9bfd3]::result::Result<(), alloc[2182bb758b4b3781]::string::String>>
[INFO] [stdout]                                at /rustc/dfb0accb7f508ae8be965d8629557221c889dd98/library/test/src/lib.rs:733:18
[INFO] [stdout]   26:     0x5629cdf5dcb5 - test[9d35eded1c95d3be]::run_test_in_process::{closure#0}
[INFO] [stdout]                                at /rustc/dfb0accb7f508ae8be965d8629557221c889dd98/library/test/src/lib.rs:756:74
[INFO] [stdout]   27:     0x5629cdf5dcb5 - <core[df12db4294e9bfd3]::panic::unwind_safe::AssertUnwindSafe<test[9d35eded1c95d3be]::run_test_in_process::{closure#0}> as core[df12db4294e9bfd3]::ops::function::FnOnce<()>>::call_once
[INFO] [stdout]                                at /rustc/dfb0accb7f508ae8be965d8629557221c889dd98/library/core/src/panic/unwind_safe.rs:275:9
[INFO] [stdout]   28:     0x5629cdf5dcb5 - std[70759c8f55707aa4]::panicking::catch_unwind::do_call::<core[df12db4294e9bfd3]::panic::unwind_safe::AssertUnwindSafe<test[9d35eded1c95d3be]::run_test_in_process::{closure#0}>, core[df12db4294e9bfd3]::result::Result<(), alloc[2182bb758b4b3781]::string::String>>
[INFO] [stdout]                                at /rustc/dfb0accb7f508ae8be965d8629557221c889dd98/library/std/src/panicking.rs:576:43
[INFO] [stdout]   29:     0x5629cdf5dcb5 - std[70759c8f55707aa4]::panicking::catch_unwind::<core[df12db4294e9bfd3]::result::Result<(), alloc[2182bb758b4b3781]::string::String>, core[df12db4294e9bfd3]::panic::unwind_safe::AssertUnwindSafe<test[9d35eded1c95d3be]::run_test_in_process::{closure#0}>>
[INFO] [stdout]                                at /rustc/dfb0accb7f508ae8be965d8629557221c889dd98/library/std/src/panicking.rs:544:19
[INFO] [stdout]   30:     0x5629cdf5dcb5 - std[70759c8f55707aa4]::panic::catch_unwind::<core[df12db4294e9bfd3]::panic::unwind_safe::AssertUnwindSafe<test[9d35eded1c95d3be]::run_test_in_process::{closure#0}>, core[df12db4294e9bfd3]::result::Result<(), alloc[2182bb758b4b3781]::string::String>>
[INFO] [stdout]                                at /rustc/dfb0accb7f508ae8be965d8629557221c889dd98/library/std/src/panic.rs:359:14
[INFO] [stdout]   31:     0x5629cdf5dcb5 - test[9d35eded1c95d3be]::run_test_in_process
[INFO] [stdout]                                at /rustc/dfb0accb7f508ae8be965d8629557221c889dd98/library/test/src/lib.rs:756:27
[INFO] [stdout]   32:     0x5629cdf5dcb5 - test[9d35eded1c95d3be]::run_test::{closure#0}
[INFO] [stdout]                                at /rustc/dfb0accb7f508ae8be965d8629557221c889dd98/library/test/src/lib.rs:677:43
[INFO] [stdout]   33:     0x5629cdf57574 - test[9d35eded1c95d3be]::run_test::{closure#1}
[INFO] [stdout]                                at /rustc/dfb0accb7f508ae8be965d8629557221c889dd98/library/test/src/lib.rs:707:41
[INFO] [stdout]   34:     0x5629cdf57574 - std[70759c8f55707aa4]::sys::backtrace::__rust_begin_short_backtrace::<test[9d35eded1c95d3be]::run_test::{closure#1}, ()>
[INFO] [stdout]                                at /rustc/dfb0accb7f508ae8be965d8629557221c889dd98/library/std/src/sys/backtrace.rs:166:18
[INFO] [stdout]   35:     0x5629cdf60e12 - std[70759c8f55707aa4]::thread::lifecycle::spawn_unchecked::<test[9d35eded1c95d3be]::run_test::{closure#1}, ()>::{closure#1}::{closure#0}
[INFO] [stdout]                                at /rustc/dfb0accb7f508ae8be965d8629557221c889dd98/library/std/src/thread/lifecycle.rs:70:13
[INFO] [stdout]   36:     0x5629cdf60e12 - <core[df12db4294e9bfd3]::panic::unwind_safe::AssertUnwindSafe<std[70759c8f55707aa4]::thread::lifecycle::spawn_unchecked<test[9d35eded1c95d3be]::run_test::{closure#1}, ()>::{closure#1}::{closure#0}> as core[df12db4294e9bfd3]::ops::function::FnOnce<()>>::call_once
[INFO] [stdout]                                at /rustc/dfb0accb7f508ae8be965d8629557221c889dd98/library/core/src/panic/unwind_safe.rs:275:9
[INFO] [stdout]   37:     0x5629cdf60e12 - std[70759c8f55707aa4]::panicking::catch_unwind::do_call::<core[df12db4294e9bfd3]::panic::unwind_safe::AssertUnwindSafe<std[70759c8f55707aa4]::thread::lifecycle::spawn_unchecked<test[9d35eded1c95d3be]::run_test::{closure#1}, ()>::{closure#1}::{closure#0}>, ()>
[INFO] [stdout]                                at /rustc/dfb0accb7f508ae8be965d8629557221c889dd98/library/std/src/panicking.rs:576:43
[INFO] [stdout]   38:     0x5629cdf60e12 - std[70759c8f55707aa4]::panicking::catch_unwind::<(), core[df12db4294e9bfd3]::panic::unwind_safe::AssertUnwindSafe<std[70759c8f55707aa4]::thread::lifecycle::spawn_unchecked<test[9d35eded1c95d3be]::run_test::{closure#1}, ()>::{closure#1}::{closure#0}>>
[INFO] [stdout]                                at /rustc/dfb0accb7f508ae8be965d8629557221c889dd98/library/std/src/panicking.rs:544:19
[INFO] [stdout]   39:     0x5629cdf60e12 - std[70759c8f55707aa4]::panic::catch_unwind::<core[df12db4294e9bfd3]::panic::unwind_safe::AssertUnwindSafe<std[70759c8f55707aa4]::thread::lifecycle::spawn_unchecked<test[9d35eded1c95d3be]::run_test::{closure#1}, ()>::{closure#1}::{closure#0}>, ()>
[INFO] [stdout]                                at /rustc/dfb0accb7f508ae8be965d8629557221c889dd98/library/std/src/panic.rs:359:14
[INFO] [stdout]   40:     0x5629cdf60e12 - std[70759c8f55707aa4]::thread::lifecycle::spawn_unchecked::<test[9d35eded1c95d3be]::run_test::{closure#1}, ()>::{closure#1}
[INFO] [stdout]                                at /rustc/dfb0accb7f508ae8be965d8629557221c889dd98/library/std/src/thread/lifecycle.rs:68:26
[INFO] [stdout]   41:     0x5629cdf60e12 - <std[70759c8f55707aa4]::thread::lifecycle::spawn_unchecked<test[9d35eded1c95d3be]::run_test::{closure#1}, ()>::{closure#1} as core[df12db4294e9bfd3]::ops::function::FnOnce<()>>::call_once::{shim:vtable#0}
[INFO] [stdout]                                at /rustc/dfb0accb7f508ae8be965d8629557221c889dd98/library/core/src/ops/function.rs:250:5
[INFO] [stdout]   42:     0x5629ce3acd19 - <alloc[2182bb758b4b3781]::boxed::Box<dyn core[df12db4294e9bfd3]::ops::function::FnOnce<(), Output = ()> + core[df12db4294e9bfd3]::marker::Send> as core[df12db4294e9bfd3]::ops::function::FnOnce<()>>::call_once
[INFO] [stdout]                                at /rustc/dfb0accb7f508ae8be965d8629557221c889dd98/library/alloc/src/boxed.rs:2320:9
[INFO] [stdout]   43:     0x5629ce3acd19 - <std[70759c8f55707aa4]::sys::thread::unix::Thread>::new::thread_start
[INFO] [stdout]                                at /rustc/dfb0accb7f508ae8be965d8629557221c889dd98/library/std/src/sys/thread/unix.rs:123:17
[INFO] [stdout]   44:     0x7f5d1ce11dfa - <unknown>
[INFO] [stdout]   45:     0x7f5d1cea53d4 - clone
[INFO] [stdout]   46:                0x0 - <unknown>
[INFO] [stdout] 
[INFO] [stdout] 
[INFO] [stdout] failures:
[INFO] [stdout]     pathguard::tests::test_null_bytes_rejected
[INFO] [stdout] 
[INFO] [stdout] test result: FAILED. 103 passed; 1 failed; 0 ignored; 0 measured; 0 filtered out; finished in 0.23s
[INFO] [stdout] 
[INFO] [stderr] error: test failed, to rerun pass `--lib`
[INFO] running `Command { std: "docker" "inspect" "326a3db9e2b2b37815108a6200fbe072c92195de5a12e80a8d0ba4aec6fb1897", kill_on_drop: false }`
[INFO] running `Command { std: "docker" "rm" "-f" "326a3db9e2b2b37815108a6200fbe072c92195de5a12e80a8d0ba4aec6fb1897", kill_on_drop: false }`
[INFO] [stdout] 326a3db9e2b2b37815108a6200fbe072c92195de5a12e80a8d0ba4aec6fb1897
