[INFO] cloning repository https://github.com/tomharmon/rusty-script
[INFO] running `Command { std: "git" "-c" "credential.helper=" "-c" "credential.helper=/workspace/cargo-home/bin/git-credential-null" "clone" "--bare" "https://github.com/tomharmon/rusty-script" "/workspace/cache/git-repos/https%3A%2F%2Fgithub.com%2Ftomharmon%2Frusty-script", kill_on_drop: false }`
[INFO] [stderr] Cloning into bare repository '/workspace/cache/git-repos/https%3A%2F%2Fgithub.com%2Ftomharmon%2Frusty-script'...
[INFO] running `Command { std: "git" "rev-parse" "HEAD", kill_on_drop: false }`
[INFO] [stdout] 64ced31a75ef4cc8425dd9d9e3fb9c1c45f913c5
[INFO] testing tomharmon/rusty-script against 1.100.0-beta.1 for beta-1.100-2
[INFO] running `Command { std: "git" "clone" "/workspace/cache/git-repos/https%3A%2F%2Fgithub.com%2Ftomharmon%2Frusty-script" "/workspace/builds/worker-5-tc2/source", kill_on_drop: false }`
[INFO] [stderr] Cloning into '/workspace/builds/worker-5-tc2/source'...
[INFO] [stderr] done.
[INFO] removed /workspace/builds/worker-5-tc2/source/rust-toolchain.toml
[INFO] started tweaking git repo https://github.com/tomharmon/rusty-script
[INFO] finished tweaking git repo https://github.com/tomharmon/rusty-script
[INFO] tweaked toml for git repo https://github.com/tomharmon/rusty-script written to /workspace/builds/worker-5-tc2/source/Cargo.toml
[INFO] validating manifest of git repo https://github.com/tomharmon/rusty-script on toolchain 1.100.0-beta.1
[INFO] running `Command { std: CARGO_HOME="/workspace/cargo-home" RUSTUP_HOME="/workspace/rustup-home" "/workspace/cargo-home/bin/cargo" "+1.100.0-beta.1" "metadata" "--manifest-path" "Cargo.toml" "--no-deps", kill_on_drop: false }`
[INFO] crate git repo https://github.com/tomharmon/rusty-script already has a lockfile, it will not be regenerated
[INFO] running `Command { std: CARGO_HOME="/workspace/cargo-home" RUSTUP_HOME="/workspace/rustup-home" "/workspace/cargo-home/bin/cargo" "+1.100.0-beta.1" "fetch" "--manifest-path" "Cargo.toml", kill_on_drop: false }`
[INFO] [stderr] warning: unused workspace dependency `rts-ide`
[INFO] [stderr]   --> Cargo.toml:44:25
[INFO] [stderr]    |
[INFO] [stderr] 44 | [workspace.dependencies.rts-ide]
[INFO] [stderr]    |                         ^^^^^^^
[INFO] [stderr]    |
[INFO] [stderr]    = note: `cargo::unused_workspace_dependencies` is set to `warn` by default
[INFO] [stderr] help: consider removing the workspace dependency `rts-ide`
[INFO] [stderr] warning: workspace (manifest) generated 1 warning
[INFO] [stderr]     Blocking waiting for file lock on package cache
[INFO] [stderr]     Blocking waiting for file lock on package cache
[INFO] running `Command { std: "docker" "create" "-v" "/var/lib/crater-agent-workspace/builds/worker-5-tc2/source:/opt/rustwide/workdir:ro,Z" "-v" "/var/lib/crater-agent-workspace/builds/worker-5-tc2/target:/opt/rustwide/target:rw,Z" "-v" "/var/lib/crater-agent-workspace/cargo-home:/opt/rustwide/cargo-home:ro,Z" "-v" "/var/lib/crater-agent-workspace/rustup-home:/opt/rustwide/rustup-home:ro,Z" "-m" "1610612736" "--network" "none" "ghcr.io/rust-lang/crates-build-env/linux@sha256:3111399a4047eeb3a02b7a90e478d715f38a8c6669b5c4b49d30a17385265909" "sleep" "infinity", kill_on_drop: false }`
[INFO] [stdout] dab975c1ded7eaad3c8e93a555ca2662f61931f5f8971e36ca9feeaed623e22f
[INFO] running `Command { std: "docker" "start" "dab975c1ded7eaad3c8e93a555ca2662f61931f5f8971e36ca9feeaed623e22f", kill_on_drop: false }`
[INFO] running `Command { std: "docker" "inspect" "dab975c1ded7eaad3c8e93a555ca2662f61931f5f8971e36ca9feeaed623e22f", kill_on_drop: false }`
[INFO] running `Command { std: "docker" "exec" "-e" "SOURCE_DIR=/opt/rustwide/workdir" "-e" "CARGO_HOME=/opt/rustwide/cargo-home" "-e" "RUSTUP_HOME=/opt/rustwide/rustup-home" "-e" "CARGO_TARGET_DIR=/opt/rustwide/target" "-w" "/opt/rustwide/workdir" "--user" "0:0" "dab975c1ded7eaad3c8e93a555ca2662f61931f5f8971e36ca9feeaed623e22f" "/opt/rustwide/cargo-home/bin/cargo" "+1.100.0-beta.1" "metadata" "--no-deps" "--format-version=1", kill_on_drop: false }`
[INFO] running `Command { std: "docker" "inspect" "dab975c1ded7eaad3c8e93a555ca2662f61931f5f8971e36ca9feeaed623e22f", kill_on_drop: false }`
[INFO] running `Command { std: "docker" "exec" "-e" "SOURCE_DIR=/opt/rustwide/workdir" "-e" "CARGO_HOME=/opt/rustwide/cargo-home" "-e" "RUSTUP_HOME=/opt/rustwide/rustup-home" "-e" "CARGO_TARGET_DIR=/opt/rustwide/target" "-e" "CARGO_INCREMENTAL=0" "-e" "RUST_BACKTRACE=full" "-e" "RUSTFLAGS=--cap-lints=warn" "-e" "RUSTDOCFLAGS=--cap-lints=warn" "-w" "/opt/rustwide/workdir" "--user" "0:0" "dab975c1ded7eaad3c8e93a555ca2662f61931f5f8971e36ca9feeaed623e22f" "/opt/rustwide/cargo-home/bin/cargo" "+1.100.0-beta.1" "build" "--frozen" "--message-format=json", kill_on_drop: false }`
[INFO] [stderr] warning: unused workspace dependency `rts-ide`
[INFO] [stderr]   --> Cargo.toml:44:25
[INFO] [stderr]    |
[INFO] [stderr] 44 | [workspace.dependencies.rts-ide]
[INFO] [stderr]    |                         ^^^^^^^
[INFO] [stderr]    |
[INFO] [stderr]    = note: `cargo::unused_workspace_dependencies` is set to `warn` by default
[INFO] [stderr] help: consider removing the workspace dependency `rts-ide`
[INFO] [stderr] warning: workspace (manifest) generated 1 warning
[INFO] [stderr]    Compiling proc-macro2 v1.0.107
[INFO] [stderr]    Compiling allocator-api2 v0.2.21
[INFO] [stderr]    Compiling cfg-if v1.0.4
[INFO] [stderr]    Compiling serde v1.0.229
[INFO] [stderr]    Compiling memchr v2.8.3
[INFO] [stderr]    Compiling rustversion v1.0.23
[INFO] [stderr]    Compiling rustc-hash v2.1.3
[INFO] [stderr]    Compiling thiserror v2.0.19
[INFO] [stderr]    Compiling static_assertions v1.1.0
[INFO] [stderr]    Compiling siphasher v1.0.3
[INFO] [stderr]    Compiling num-traits v0.2.19
[INFO] [stderr]    Compiling bitflags v2.13.1
[INFO] [stderr]    Compiling owo-colors v4.3.0
[INFO] [stderr]    Compiling smawk v0.3.3
[INFO] [stderr]    Compiling unicode-linebreak v0.1.5
[INFO] [stderr]    Compiling unicode-width v0.2.2
[INFO] [stderr]    Compiling crossbeam-utils v0.8.22
[INFO] [stderr]    Compiling libc v0.2.189
[INFO] [stderr]    Compiling unicode-segmentation v1.13.3
[INFO] [stderr]    Compiling oxc_data_structures v0.141.0
[INFO] [stderr]    Compiling fastrand v2.5.0
[INFO] [stderr]    Compiling oxc_estree v0.141.0
[INFO] [stderr]    Compiling phf_shared v0.14.0
[INFO] [stderr]    Compiling dragonbox_ecma v0.1.12
[INFO] [stderr]    Compiling cow-utils v0.1.3
[INFO] [stderr]    Compiling quote v1.0.47
[INFO] [stderr]    Compiling textwrap v0.16.2
[INFO] [stderr]    Compiling nonmax v0.5.5
[INFO] [stderr]    Compiling hashbrown v0.14.5
[INFO] [stderr]    Compiling syn v3.0.3
[INFO] [stderr]    Compiling syn v2.0.119
[INFO] [stderr]    Compiling hashbrown v0.17.1
[INFO] [stderr]    Compiling phf_generator v0.14.0
[INFO] [stderr]    Compiling phf v0.14.0
[INFO] [stderr]    Compiling unicode-id-start v1.4.0
[INFO] [stderr]    Compiling serde_json v1.0.151
[INFO] [stderr]    Compiling once_cell v1.21.4
[INFO] [stderr]    Compiling rustix v1.1.4
[INFO] [stderr]    Compiling hashbrown v0.16.1
[INFO] [stderr]    Compiling crossbeam-epoch v0.9.20
[INFO] [stderr]    Compiling ref-cast v1.0.26
[INFO] [stderr]    Compiling ryu v1.0.23
[INFO] [stderr]    Compiling either v1.17.0
[INFO] [stderr]    Compiling castaway v0.2.4
[INFO] [stderr]    Compiling compact_str v0.10.0
[INFO] [stderr]    Compiling find-msvc-tools v0.1.9
[INFO] [stderr]    Compiling tracing-core v0.1.36
[INFO] [stderr]    Compiling pin-project-lite v0.2.17
[INFO] [stderr]    Compiling crossbeam-deque v0.8.7
[INFO] [stderr]    Compiling rustc-hash v1.1.0
[INFO] [stderr]    Compiling num-integer v0.1.46
[INFO] [stderr]    Compiling float-cmp v0.10.0
[INFO] [stderr]    Compiling arrayvec v0.7.8
[INFO] [stderr]    Compiling cc v1.4.0
[INFO] [stderr]    Compiling self_cell v1.3.0
[INFO] [stderr]    Compiling countme v3.0.1
[INFO] [stderr]    Compiling rts-base v0.1.0 (/opt/rustwide/workdir/crates/rts-base)
[INFO] [stderr]    Compiling text-size v1.1.1
[INFO] [stderr]    Compiling halfbrown v0.4.0
[INFO] [stderr]    Compiling num-bigint v0.5.1
[INFO] [stderr]    Compiling memoffset v0.9.1
[INFO] [stderr]    Compiling toml_write v0.1.2
[INFO] [stderr]    Compiling rowan v0.16.1
[INFO] [stderr]    Compiling winnow v0.7.15
[INFO] [stderr]    Compiling simdutf8 v0.1.5
[INFO] [stderr]    Compiling indexmap v2.14.0
[INFO] [stderr]    Compiling oxc_allocator v0.141.0
[INFO] [stderr]    Compiling value-trait v0.12.2
[INFO] [stderr]    Compiling rayon-core v1.13.0
[INFO] [stderr]    Compiling fast-glob v1.1.0
[INFO] [stderr]    Compiling compact_str v0.9.1
[INFO] [stderr]    Compiling json-strip-comments v3.1.1
[INFO] [stderr]    Compiling typeid v1.0.3
[INFO] [stderr]    Compiling nodejs-built-in-modules v1.0.0
[INFO] [stderr]    Compiling cpufeatures v0.3.0
[INFO] [stderr]    Compiling portable-atomic v1.14.0
[INFO] [stderr]    Compiling outref v0.5.2
[INFO] [stderr]    Compiling utf8parse v0.2.2
[INFO] [stderr]    Compiling oxc_sourcemap v8.1.2
[INFO] [stderr]    Compiling vsimd v0.8.0
[INFO] [stderr]    Compiling anstyle-parse v1.0.0
[INFO] [stderr]    Compiling oxc_str v0.141.0
[INFO] [stderr]    Compiling rts-syntax v0.1.0 (/opt/rustwide/workdir/crates/rts-syntax)
[INFO] [stderr]    Compiling intrusive-collections v0.10.2
[INFO] [stderr]    Compiling object v0.37.3
[INFO] [stderr]    Compiling hashlink v0.12.1
[INFO] [stderr]    Compiling base64-simd v0.8.0
[INFO] [stderr]    Compiling itertools v0.15.0
[INFO] [stderr]    Compiling rayon v1.12.0
[INFO] [stderr]    Compiling crossbeam-queue v0.3.13
[INFO] [stderr]    Compiling salsa-macro-rules v0.28.1
[INFO] [stderr]    Compiling seq-macro v0.3.6
[INFO] [stderr]    Compiling blake3 v1.8.5
[INFO] [stderr]    Compiling is_terminal_polyfill v1.70.2
[INFO] [stderr]    Compiling boxcar v0.2.14
[INFO] [stderr]    Compiling anstyle v1.0.14
[INFO] [stderr]    Compiling json-escape-simd v3.1.1
[INFO] [stderr]    Compiling rts-hir v0.1.0 (/opt/rustwide/workdir/crates/rts-hir)
[INFO] [stderr]    Compiling thin-vec v0.2.19
[INFO] [stderr]    Compiling anstyle-query v1.1.5
[INFO] [stderr]    Compiling colorchoice v1.0.5
[INFO] [stderr]    Compiling inventory v0.3.24
[INFO] [stderr]    Compiling anstream v1.0.0
[INFO] [stderr]    Compiling rts-traits v0.1.0 (/opt/rustwide/workdir/crates/rts-traits)
[INFO] [stderr]    Compiling heck v0.5.0
[INFO] [stderr]    Compiling anyhow v1.0.104
[INFO] [stderr]    Compiling clap_lex v1.1.0
[INFO] [stderr]    Compiling is_ci v1.2.0
[INFO] [stderr]    Compiling strsim v0.11.1
[INFO] [stderr]    Compiling supports-color v3.0.2
[INFO] [stderr]    Compiling unicode-width v0.1.14
[INFO] [stderr]    Compiling supports-hyperlinks v3.2.0
[INFO] [stderr]    Compiling terminal_size v0.4.4
[INFO] [stderr]    Compiling clap_builder v4.6.2
[INFO] [stderr]    Compiling supports-unicode v3.0.0
[INFO] [stderr]    Compiling rts-runtime-abi v0.1.0 (/opt/rustwide/workdir/crates/rts-runtime-abi)
[INFO] [stderr]    Compiling walkdir v2.5.0
[INFO] [stderr]    Compiling pathdiff v0.2.3
[INFO] [stderr]    Compiling serde_derive v1.0.229
[INFO] [stderr]    Compiling thiserror-impl v2.0.19
[INFO] [stderr]    Compiling oxc_ast_macros v0.141.0
[INFO] [stderr]    Compiling ref-cast-impl v1.0.26
[INFO] [stderr]    Compiling clap_derive v4.6.4
[INFO] [stderr]    Compiling simd-json v0.17.3
[INFO] [stderr]    Compiling backtrace v0.3.76
[INFO] [stderr]    Compiling oxc-miette-derive v3.0.1
[INFO] [stderr]    Compiling phf_macros v0.14.0
[INFO] [stderr]    Compiling tracing-attributes v0.1.31
[INFO] [stderr]    Compiling salsa-macros v0.28.1
[INFO] [stderr]    Compiling miette-derive v7.6.0
[INFO] [stderr]    Compiling clap v4.6.4
[INFO] [stderr]    Compiling backtrace-ext v0.2.1
[INFO] [stderr]    Compiling oxc-miette v3.0.1
[INFO] [stderr]    Compiling tracing v0.1.44
[INFO] [stderr]    Compiling miette v7.6.0
[INFO] [stderr]    Compiling oxc_span v0.141.0
[INFO] [stderr]    Compiling oxc_diagnostics v0.141.0
[INFO] [stderr]    Compiling oxc_regular_expression v0.141.0
[INFO] [stderr]    Compiling smallvec v1.15.2
[INFO] [stderr]    Compiling oxc_index v5.0.0
[INFO] [stderr]    Compiling serde_spanned v0.6.9
[INFO] [stderr]    Compiling toml_datetime v0.6.11
[INFO] [stderr]    Compiling parking_lot_core v0.9.12
[INFO] [stderr]    Compiling toml_edit v0.22.27
[INFO] [stderr]    Compiling dashmap v6.2.1
[INFO] [stderr]    Compiling parking_lot v0.12.5
[INFO] [stderr]    Compiling oxc_syntax v0.141.0
[INFO] [stderr]    Compiling salsa v0.28.1
[INFO] [stderr]    Compiling oxc_resolver v11.24.2
[INFO] [stderr]    Compiling oxc_ast v0.141.0
[INFO] [stderr]    Compiling toml v0.8.23
[INFO] [stderr]    Compiling rts-project v0.1.0 (/opt/rustwide/workdir/crates/rts-project)
[INFO] [stderr]    Compiling rts-check v0.1.0 (/opt/rustwide/workdir/crates/rts-check)
[INFO] [stderr]    Compiling rts-ide v0.1.0 (/opt/rustwide/workdir/crates/rts-ide)
[INFO] [stderr]    Compiling oxc_ecmascript v0.141.0
[INFO] [stderr]    Compiling oxc_ast_visit v0.141.0
[INFO] [stderr]    Compiling oxc_parser v0.141.0
[INFO] [stderr]    Compiling oxc_semantic v0.141.0
[INFO] [stderr]    Compiling oxc_codegen v0.141.0
[INFO] [stderr]    Compiling rts-interop v0.1.0 (/opt/rustwide/workdir/crates/rts-interop)
[INFO] [stderr]    Compiling rts-emit v0.1.0 (/opt/rustwide/workdir/crates/rts-emit)
[INFO] [stderr]    Compiling rusty-script v0.1.0 (/opt/rustwide/workdir/crates/rusty-script-cli)
[INFO] [stderr]     Finished `dev` profile [unoptimized + debuginfo] target(s) in 1m 16s
[INFO] running `Command { std: "docker" "inspect" "dab975c1ded7eaad3c8e93a555ca2662f61931f5f8971e36ca9feeaed623e22f", kill_on_drop: false }`
[INFO] running `Command { std: "docker" "exec" "-e" "SOURCE_DIR=/opt/rustwide/workdir" "-e" "CARGO_HOME=/opt/rustwide/cargo-home" "-e" "RUSTUP_HOME=/opt/rustwide/rustup-home" "-e" "CARGO_TARGET_DIR=/opt/rustwide/target" "-e" "CARGO_INCREMENTAL=0" "-e" "RUST_BACKTRACE=full" "-e" "RUSTFLAGS=--cap-lints=warn" "-e" "RUSTDOCFLAGS=--cap-lints=warn" "-w" "/opt/rustwide/workdir" "--user" "0:0" "dab975c1ded7eaad3c8e93a555ca2662f61931f5f8971e36ca9feeaed623e22f" "/opt/rustwide/cargo-home/bin/cargo" "+1.100.0-beta.1" "test" "--frozen" "--no-run" "--message-format=json", kill_on_drop: false }`
[INFO] [stderr] warning: unused workspace dependency `rts-ide`
[INFO] [stderr]   --> Cargo.toml:44:25
[INFO] [stderr]    |
[INFO] [stderr] 44 | [workspace.dependencies.rts-ide]
[INFO] [stderr]    |                         ^^^^^^^
[INFO] [stderr]    |
[INFO] [stderr]    = note: `cargo::unused_workspace_dependencies` is set to `warn` by default
[INFO] [stderr] help: consider removing the workspace dependency `rts-ide`
[INFO] [stderr] warning: workspace (manifest) generated 1 warning
[INFO] [stderr]    Compiling getrandom v0.4.3
[INFO] [stderr]    Compiling rts-interop v0.1.0 (/opt/rustwide/workdir/crates/rts-interop)
[INFO] [stderr]    Compiling rts-emit v0.1.0 (/opt/rustwide/workdir/crates/rts-emit)
[INFO] [stderr]    Compiling rts-traits v0.1.0 (/opt/rustwide/workdir/crates/rts-traits)
[INFO] [stderr]    Compiling rts-check v0.1.0 (/opt/rustwide/workdir/crates/rts-check)
[INFO] [stderr]    Compiling rts-hir v0.1.0 (/opt/rustwide/workdir/crates/rts-hir)
[INFO] [stderr]    Compiling rts-syntax v0.1.0 (/opt/rustwide/workdir/crates/rts-syntax)
[INFO] [stderr]    Compiling rts-ide v0.1.0 (/opt/rustwide/workdir/crates/rts-ide)
[INFO] [stderr]    Compiling tempfile v3.27.0
[INFO] [stderr]    Compiling rts-runtime-abi v0.1.0 (/opt/rustwide/workdir/crates/rts-runtime-abi)
[INFO] [stderr]    Compiling rts-base v0.1.0 (/opt/rustwide/workdir/crates/rts-base)
[INFO] [stderr]    Compiling rusty-script v0.1.0 (/opt/rustwide/workdir/crates/rusty-script-cli)
[INFO] [stderr]    Compiling rts-project v0.1.0 (/opt/rustwide/workdir/crates/rts-project)
[INFO] [stderr]     Finished `test` profile [unoptimized + debuginfo] target(s) in 18.72s
[INFO] running `Command { std: "docker" "inspect" "dab975c1ded7eaad3c8e93a555ca2662f61931f5f8971e36ca9feeaed623e22f", kill_on_drop: false }`
[INFO] running `Command { std: "docker" "exec" "-e" "SOURCE_DIR=/opt/rustwide/workdir" "-e" "CARGO_HOME=/opt/rustwide/cargo-home" "-e" "RUSTUP_HOME=/opt/rustwide/rustup-home" "-e" "CARGO_TARGET_DIR=/opt/rustwide/target" "-e" "CARGO_INCREMENTAL=0" "-e" "RUST_BACKTRACE=full" "-e" "RUSTFLAGS=--cap-lints=warn" "-e" "RUSTDOCFLAGS=--cap-lints=warn" "-w" "/opt/rustwide/workdir" "--user" "0:0" "dab975c1ded7eaad3c8e93a555ca2662f61931f5f8971e36ca9feeaed623e22f" "/opt/rustwide/cargo-home/bin/cargo" "+1.100.0-beta.1" "test" "--frozen", kill_on_drop: false }`
[INFO] [stderr] warning: unused workspace dependency `rts-ide`
[INFO] [stderr]   --> Cargo.toml:44:25
[INFO] [stderr]    |
[INFO] [stderr] 44 | [workspace.dependencies.rts-ide]
[INFO] [stderr]    |                         ^^^^^^^
[INFO] [stderr]    |
[INFO] [stderr]    = note: `cargo::unused_workspace_dependencies` is set to `warn` by default
[INFO] [stderr] help: consider removing the workspace dependency `rts-ide`
[INFO] [stderr] warning: workspace (manifest) generated 1 warning
[INFO] [stderr]     Finished `test` profile [unoptimized + debuginfo] target(s) in 0.45s
[INFO] [stderr]      Running unittests src/lib.rs (/opt/rustwide/target/debug/build/rts-base/bb00ebbea37aae0c/out/rts_base-bb00ebbea37aae0c)
[INFO] [stdout] 
[INFO] [stdout] running 3 tests
[INFO] [stdout] test cancel::tests::cancellation_is_shared ... ok
[INFO] [stdout] test diagnostic::tests::diagnostics_always_have_a_primary_span_and_can_carry_a_fix ... ok
[INFO] [stdout] test span::tests::ranges_are_half_open ... ok
[INFO] [stdout] 
[INFO] [stdout] test result: ok. 3 passed; 0 failed; 0 ignored; 0 measured; 0 filtered out; finished in 0.00s
[INFO] [stdout] 
[INFO] [stderr]      Running unittests src/lib.rs (/opt/rustwide/target/debug/build/rts-check/299fb4a4f3ba4b7c/out/rts_check-299fb4a4f3ba4b7c)
[INFO] [stdout] 
[INFO] [stdout] running 24 tests
[INFO] [stdout] test tests::invalid_variant_paths_do_not_satisfy_exhaustiveness ... ok
[INFO] [stdout] test tests::generic_parameters_shadow_top_level_type_names ... ok
[INFO] [stdout] test tests::match_payloads_and_boolean_exhaustiveness_are_checked ... ok
[INFO] [stdout] test tests::async_calls_and_fixed_option_result_propagation_type_check ... ok
[INFO] [stdout] test tests::closures_have_their_own_return_and_async_context ... ok
[INFO] [stdout] test tests::private_fields_cannot_be_constructed_across_modules ... ok
[INFO] [stdout] test tests::invalid_control_flow_and_pattern_shapes_are_diagnosed ... ok
[INFO] [stdout] test tests::enum_record_constructors_and_shapes_are_checked ... ok
[INFO] [stdout] test tests::projects_with_the_same_module_identity_keep_independent_sources ... ok
[INFO] [stdout] test tests::println_accepts_any_values_and_returns_unit ... ok
[INFO] [stdout] test tests::condition_bindings_do_not_leak_into_else_or_following_code ... ok
[INFO] [stdout] test tests::editing_one_body_does_not_recompute_an_unrelated_body ... ok
[INFO] [stdout] test tests::diagnostics_are_deterministic_and_error_hir_recovers ... ok
[INFO] [stdout] test tests::function_calls_and_nominal_fields_are_inferred ... ok
[INFO] [stdout] test tests::propagation_only_constrains_the_residual_type ... ok
[INFO] [stdout] test tests::loop_values_assignment_values_and_inferred_try_are_sound ... ok
[INFO] [stdout] test tests::qualified_blanket_trait_calls_normalize_self_associated_results ... ok
[INFO] [stdout] test tests::kernel_safety_and_local_inference_report_precise_failures ... ok
[INFO] [stdout] test tests::trait_methods_defaults_blanket_impls_and_qualified_calls_are_solved ... ok
[INFO] [stdout] test tests::dependency_body_edits_do_not_invalidate_importers_but_signature_edits_do ... ok
[INFO] [stdout] test tests::missing_and_ambiguous_methods_are_hard_errors ... ok
[INFO] [stdout] test tests::resolves_project_imports_and_enforces_visibility ... ok
[INFO] [stdout] test tests::signature_type_names_use_the_project_definition_map ... ok
[INFO] [stdout] test tests::unused_generic_arguments_and_body_annotations_are_validated ... ok
[INFO] [stdout] 
[INFO] [stdout] test result: ok. 24 passed; 0 failed; 0 ignored; 0 measured; 0 filtered out; finished in 0.05s
[INFO] [stdout] 
[INFO] [stderr]      Running unittests src/lib.rs (/opt/rustwide/target/debug/build/rts-emit/be4d0c2ba8630ce2/out/rts_emit-be4d0c2ba8630ce2)
[INFO] [stdout] 
[INFO] [stdout] running 1 test
[INFO] [stdout] test api::tests::decodes_ecmascript_string_escapes ... ok
[INFO] [stdout] 
[INFO] [stdout] test result: ok. 1 passed; 0 failed; 0 ignored; 0 measured; 0 filtered out; finished in 0.00s
[INFO] [stdout] 
[INFO] [stderr]      Running tests/emitter.rs (/opt/rustwide/target/debug/build/rts-emit/34da4bd1cad43d04/out/emitter-34da4bd1cad43d04)
[INFO] [stdout] 
[INFO] [stdout] running 30 tests
[INFO] [stdout] test emits_runtime_evidence_checks_for_blanket_impl_bounds ... ok
[INFO] [stdout] test await_in_a_synchronous_function_fails_with_a_source_diagnostic ... ok
[INFO] [stdout] test emits_abi_assertion_and_oxc_source_map ... ok
[INFO] [stdout] test emits_only_lexically_visible_trait_candidates ... ok
[INFO] [stdout] test decodes_escaped_import_specifiers_before_rewriting ... ok
[INFO] [stdout] test explicit_enum_discriminants_fail_closed ... ok
[INFO] [stdout] test generic_method_calls_fail_closed_until_evidence_lowering_exists ... ok
[INFO] [stdout] test nonlocal_control_flow_across_generated_expression_boundaries_fails_closed ... ok
[INFO] [stdout] test malformed_templates_are_hard_errors_with_no_output ... ok
[INFO] [stdout] test emits_current_template_free_modules ... ok
[INFO] [stdout] test qualified_generic_methods_fail_closed_until_evidence_lowering_exists ... ok
[INFO] [stdout] test executes_option_result_try_and_let_else ... ok
[INFO] [stdout] test rewrites_import_specifiers_structurally ... ok
[INFO] [stdout] test println_forwards_multiple_values_and_returns_unit ... ok
[INFO] [stdout] test unsupported_trait_bounds_and_malformed_literals_fail_closed ... ok
[INFO] [stdout] test unsupported_semantics_are_hard_errors_with_no_output ... ok
[INFO] [stdout] test executes_tuple_and_unit_struct_constructors_nominally ... ok
[INFO] [stdout] test executes_current_multi_module_example_with_rewritten_imports ... ok
[INFO] [stdout] test canonicalizes_rust_numeric_spellings_to_valid_module_javascript ... ok
[INFO] [stdout] test executes_await_inside_value_control_flow_and_template_interpolations ... ok
[INFO] [stdout] test executes_ecmascript_string_escapes_without_changing_their_values ... ok
[INFO] [stdout] test executes_trait_implementations_for_primitive_types ... ok
[INFO] [stdout] test executes_top_level_shadowing_with_the_previous_binding_in_scope ... ok
[INFO] [stdout] test record_update_preserves_source_evaluation_order_and_explicit_precedence ... ok
[INFO] [stdout] test executes_nominal_enum_match_and_block_tail_values ... ok
[INFO] [stdout] test executes_structured_templates_without_reparsing_source_text ... ok
[INFO] [stdout] test executes_trait_defaults_qualified_calls_and_blanket_impls ... ok
[INFO] [stdout] test executes_async_closures_loops_and_ranges ... ok
[INFO] [stdout] test propagation_is_caught_by_the_closure_that_uses_question_mark ... ok
[INFO] [stderr]      Running unittests src/lib.rs (/opt/rustwide/target/debug/build/rts-hir/b2b7299b688a0ef1/out/rts_hir-b2b7299b688a0ef1)
[INFO] [stdout] test executes_current_single_module_examples ... ok
[INFO] [stdout] 
[INFO] [stdout] test result: ok. 30 passed; 0 failed; 0 ignored; 0 measured; 0 filtered out; finished in 2.22s
[INFO] [stdout] 
[INFO] [stdout] 
[INFO] [stdout] running 0 tests
[INFO] [stdout] 
[INFO] [stdout] test result: ok. 0 passed; 0 failed; 0 ignored; 0 measured; 0 filtered out; finished in 0.00s
[INFO] [stdout] 
[INFO] [stderr]      Running tests/lowering.rs (/opt/rustwide/target/debug/build/rts-hir/675d303383b66388/out/lowering-675d303383b66388)
[INFO] [stdout] 
[INFO] [stdout] running 21 tests
[INFO] [stdout] test expression_statements_preserve_block_tail_semantics ... ok
[INFO] [stdout] test closure_parameter_types_stay_attached_to_their_own_patterns ... ok
[INFO] [stdout] test println_lowers_as_a_builtin_instead_of_a_global_call ... ok
[INFO] [stdout] test import_specifiers_are_decoded_as_javascript_strings ... ok
[INFO] [stdout] test qualified_calls_retain_member_generics_and_precise_owner_ranges ... ok
[INFO] [stdout] test only_block_like_or_final_expressions_may_omit_semicolons ... ok
[INFO] [stdout] test shift_assignments_do_not_degrade_to_unknown_operators ... ok
[INFO] [stdout] test malformed_and_unsupported_syntax_becomes_error_hir ... ok
[INFO] [stdout] test invalid_javascript_only_template_syntax_is_explicit_error_hir ... ok
[INFO] [stdout] test malformed_template_interpolation_does_not_poison_its_siblings ... ok
[INFO] [stdout] test kernel_semantics_remain_first_class_nodes ... ok
[INFO] [stdout] test all_expression_families_lower_structurally ... ok
[INFO] [stdout] test templates_lower_rustscript_expressions_and_block_tails ... ok
[INFO] [stdout] test structural_summary_matches_golden ... ok
[INFO] [stdout] test templates_preserve_ordered_quasis_and_lower_nested_interpolations ... ok
[INFO] [stdout] test deterministic_ids_survive_unchanged_prefix_traversal ... ok
[INFO] [stdout] test malformed_roles_do_not_reuse_neighboring_expressions ... ok
[INFO] [stdout] test declarations_imports_generics_and_bounds_are_structural ... ok
[INFO] [stdout] test every_current_example_lowers_without_hir_errors ... ok
[INFO] [stdout] test wide_left_associative_chains_lower_without_unbounded_recursion ... ok
[INFO] [stdout] test deterministic_malformed_corpus_stays_lossless_and_range_safe ... ok
[INFO] [stdout] 
[INFO] [stdout] test result: ok. 21 passed; 0 failed; 0 ignored; 0 measured; 0 filtered out; finished in 0.36s
[INFO] [stdout] 
[INFO] [stderr]      Running unittests src/lib.rs (/opt/rustwide/target/debug/build/rts-ide/f7a9d5c5c400f999/out/rts_ide-f7a9d5c5c400f999)
[INFO] [stdout] 
[INFO] [stdout] running 18 tests
[INFO] [stdout] test tests::snapshots_are_send_and_sync_without_database_handles ... ok
[INFO] [stdout] test tests::type_and_value_namespaces_do_not_confuse_parameter_bindings ... ok
[INFO] [stdout] test tests::fields_variants_completion_and_unknown_member_results_are_conservative ... ok
[INFO] [stdout] test tests::cancellation_is_observed_at_every_public_query_boundary ... ok
[INFO] [stdout] test tests::exported_and_local_alias_renames_have_distinct_edit_sets ... ok
[INFO] [stdout] test tests::lexical_resolution_honors_shadowing_and_activation ... ok
[INFO] [stdout] test tests::duplicate_bindings_report_ambiguity_instead_of_guessing ... ok
[INFO] [stdout] test tests::references_and_rename_span_unaliased_imports_but_preserve_aliases ... ok
[INFO] [stdout] test tests::malformed_source_still_provides_partial_navigation_and_diagnostics ... ok
[INFO] [stdout] test tests::cross_file_import_navigation_visibility_and_cycles_are_safe ... ok
[INFO] [stdout] test tests::record_field_keys_values_and_shorthand_are_not_conflated ... ok
[INFO] [stdout] test tests::positions_are_utf8_byte_offsets_and_reject_mid_codepoint_offsets ... ok
[INFO] [stdout] test tests::query_results_are_deterministic_across_equivalent_snapshots ... ok
[INFO] [stdout] test tests::unicode_identifier_prefixes_preserve_utf8_byte_ranges ... ok
[INFO] [stdout] test tests::snapshots_are_revision_pinned_and_edits_are_visible_only_to_new_snapshots ... ok
[INFO] [stdout] test tests::for_iterables_and_nested_block_bindings_resolve_in_their_real_scopes ... ok
[INFO] [stdout] test tests::duplicate_members_and_import_targets_report_ambiguity ... ok
[INFO] [stdout] test tests::persistent_host_updates_project_edges_without_mutating_old_snapshots ... ok
[INFO] [stderr]      Running unittests src/lib.rs (/opt/rustwide/target/debug/build/rts-interop/0f41efd17b0a4e8e/out/rts_interop-0f41efd17b0a4e8e)
[INFO] [stdout] 
[INFO] [stdout] test result: ok. 18 passed; 0 failed; 0 ignored; 0 measured; 0 filtered out; finished in 0.05s
[INFO] [stdout] 
[INFO] [stdout] 
[INFO] [stdout] running 0 tests
[INFO] [stdout] 
[INFO] [stdout] test result: ok. 0 passed; 0 failed; 0 ignored; 0 measured; 0 filtered out; finished in 0.00s
[INFO] [stdout] 
[INFO] [stderr]      Running tests/declaration_emit.rs (/opt/rustwide/target/debug/build/rts-interop/199730598ec23613/out/declaration_emit-199730598ec23613)
[INFO] [stdout] 
[INFO] [stdout] running 2 tests
[INFO] [stdout] test empty_enums_and_unannotated_parameters_remain_valid ... ok
[INFO] [stdout] test emits_public_hir_surface_as_valid_typescript ... ok
[INFO] [stdout] 
[INFO] [stdout] test result: ok. 2 passed; 0 failed; 0 ignored; 0 measured; 0 filtered out; finished in 0.04s
[INFO] [stdout] 
[INFO] [stderr]      Running tests/declaration_import.rs (/opt/rustwide/target/debug/build/rts-interop/2cee9de257fb11e5/out/declaration_import-2cee9de257fb11e5)
[INFO] [stdout] 
[INFO] [stdout] running 16 tests
[INFO] [stdout] test any_and_unknown_unions_do_not_hide_dynamic_or_unknown_trust ... ok
[INFO] [stdout] test class_parameter_properties_are_visible_but_private_members_are_not ... ok
[INFO] [stdout] test unsupported_types_fail_closed_unless_dynamic_fallback_is_explicit ... ok
[INFO] [stdout] test ambient_modules_namespaces_and_commonjs_exports_are_explicit ... ok
[INFO] [stdout] test namespace_privacy_and_type_only_local_reexports_are_preserved ... ok
[INFO] [stdout] test nullable_any_and_unknown_do_not_leak_trust ... ok
[INFO] [stdout] test local_alias_default_and_named_exports_resolve_private_declarations ... ok
[INFO] [stdout] test invalid_builtin_arity_and_type_parameter_application_fail_closed ... ok
[INFO] [stdout] test class_surface_is_nominal_and_retains_mutability ... ok
[INFO] [stdout] test esm_default_expressions_never_become_commonjs_export_assignments ... ok
[INFO] [stdout] test canonical_metadata_rejects_unknown_fields_bad_versions_and_excessive_depth ... ok
[INFO] [stdout] test malformed_sources_recover_with_ranges_and_never_panic ... ok
[INFO] [stdout] test canonical_serialization_ignores_formatting_and_semantic_set_order ... ok
[INFO] [stdout] test overloads_and_generic_constraints_are_preserved ... ok
[INFO] [stdout] test tuples_intersections_callable_objects_and_import_types_are_structured ... ok
[INFO] [stdout] test imports_utility_and_async_declaration_shapes ... ok
[INFO] [stdout] 
[INFO] [stdout] test result: ok. 16 passed; 0 failed; 0 ignored; 0 measured; 0 filtered out; finished in 0.03s
[INFO] [stdout] 
[INFO] [stderr]      Running unittests src/lib.rs (/opt/rustwide/target/debug/build/rts-project/27f83da55f41f545/out/rts_project-27f83da55f41f545)
[INFO] [stdout] 
[INFO] [stdout] running 35 tests
[INFO] [stdout] test graph::tests::represents_esm_cycles_as_sccs ... ok
[INFO] [stdout] test cache::tests::runtime_bytes_participate_in_snapshot_identity ... ok
[INFO] [stdout] test cache::tests::changed_direct_resolution_identity_invalidates_importer ... ok
[INFO] [stdout] test cache::tests::direct_import_identities_are_order_independent_and_include_externals ... ok
[INFO] [stdout] test graph::tests::installed_package_copies_have_distinct_ids ... ok
[INFO] [stdout] test graph::tests::published_semantic_ids_do_not_depend_on_machine_paths ... ok
[INFO] [stdout] test cache::tests::dependency_only_edit_does_not_invalidate_importer ... ok
[INFO] [stdout] test cache::tests::runtime_trait_classification_invalidates_importer_without_dependency_hashes ... ok
[INFO] [stdout] test graph::tests::url_significant_source_paths_have_distinct_stable_module_identities ... ok
[INFO] [stdout] test graph::tests::unversioned_local_packages_receive_ephemeral_workspace_ids ... ok
[INFO] [stdout] test cache::tests::url_significant_module_names_round_trip_through_run_tree_specifiers ... ok
[INFO] [stdout] test manifest::tests::corrupt_manifest_has_a_located_diagnostic ... ok
[INFO] [stdout] test cache::tests::lockfile_or_resolution_config_changes_invalidate_artifact ... ok
[INFO] [stdout] test cache::tests::rts_and_rtsx_siblings_never_share_a_run_path ... ok
[INFO] [stdout] test graph::tests::reachable_graph_ignores_external_imports ... ok
[INFO] [stdout] test resolver::tests::exposes_node_builtins_without_turning_them_into_files ... ok
[INFO] [stdout] test manifest::tests::missing_optional_manifest_uses_defaults ... ok
[INFO] [stdout] test resolver::tests::preserves_real_query_and_fragment_semantics_for_external_imports ... ok
[INFO] [stdout] test resolver::tests::stable_identities_distinguish_literal_path_characters_from_url_parts ... ok
[INFO] [stdout] test cache::tests::cyclic_modules_have_independent_non_recursive_keys ... ok
[INFO] [stdout] test cache::tests::encoded_percent_sequences_target_literal_percent_filenames ... ok
[INFO] [stdout] test resolver::tests::rejects_extensionless_relative_rustscript_imports ... ok
[INFO] [stdout] test manifest::tests::parses_manifest_basics_and_aliases ... ok
[INFO] [stdout] test cache::tests::run_tree_relative_paths_are_stable_but_snapshots_are_immutable ... ok
[INFO] [stdout] test manifest::tests::package_json_only_dependencies_establish_package_boundaries ... ok
[INFO] [stdout] test resolver::tests::resolves_manifest_path_aliases ... ok
[INFO] [stdout] test vfs::tests::relative_parent_components_are_not_accidentally_cancelled ... ok
[INFO] [stdout] test resolver::tests::resolves_url_significant_rustscript_filenames_as_literal_paths ... ok
[INFO] [stdout] test vfs::tests::memory_vfs_normalizes_paths_and_tracks_source_hashes ... ok
[INFO] [stdout] test resolver::tests::resolves_separate_installed_dependency_versions_from_each_importer ... ok
[INFO] [stdout] test manifest::tests::resolution_inputs_include_ancestor_locks_nested_manifests_and_tsconfig ... ok
[INFO] [stdout] test resolver::tests::metadata_exports_are_paired_with_the_import_runtime_target ... ok
[INFO] [stdout] test resolver::tests::honors_package_exports_for_esm_imports ... ok
[INFO] [stdout] test manifest::tests::invalid_manifest_collects_semantic_diagnostics ... ok
[INFO] [stdout] test resolver::tests::node_main_wins_over_nonstandard_module_field ... ok
[INFO] [stdout] 
[INFO] [stdout] test result: ok. 35 passed; 0 failed; 0 ignored; 0 measured; 0 filtered out; finished in 0.03s
[INFO] [stdout] 
[INFO] [stderr]      Running unittests src/lib.rs (/opt/rustwide/target/debug/build/rts-runtime-abi/c2213043e0793a79/out/rts_runtime_abi-c2213043e0793a79)
[INFO] [stdout] 
[INFO] [stdout] running 2 tests
[INFO] [stdout] test tests::crate_has_no_runtime_install_step ... ok
[INFO] [stdout] test tests::embedded_runtime_declares_matching_abi ... ok
[INFO] [stdout] 
[INFO] [stdout] test result: ok. 2 passed; 0 failed; 0 ignored; 0 measured; 0 filtered out; finished in 0.00s
[INFO] [stdout] 
[INFO] [stderr]      Running unittests src/lib.rs (/opt/rustwide/target/debug/build/rts-syntax/9a574a452cf7470a/out/rts_syntax-9a574a452cf7470a)
[INFO] [stdout] 
[INFO] [stdout] running 9 tests
[INFO] [stdout] test lexer::tests::lexer_is_lossless ... ok
[INFO] [stdout] test ast::tests::declarations_expose_names_as_base_values ... ok
[INFO] [stdout] test ast::tests::typed_module_entries_include_extensions_and_statements ... ok
[INFO] [stdout] test lexer::tests::nested_comments_are_one_token ... ok
[INFO] [stdout] test parser::tests::imports_templates_and_top_level_statements_are_nodes ... ok
[INFO] [stdout] test lexer::tests::unterminated_input_stays_in_a_token ... ok
[INFO] [stdout] test parser::tests::malformed_source_has_a_lossless_partial_tree_and_multiple_errors ... ok
[INFO] [stdout] test parser::tests::unsupported_items_are_diagnostics_not_silently_accepted ... ok
[INFO] [stdout] test lexer::tests::nested_templates_and_braces_are_structured_and_lossless ... ok
[INFO] [stdout] 
[INFO] [stdout] test result: ok. 9 passed; 0 failed; 0 ignored; 0 measured; 0 filtered out; finished in 0.01s
[INFO] [stdout] 
[INFO] [stderr]      Running tests/conformance.rs (/opt/rustwide/target/debug/build/rts-syntax/f2fa0fb102cd8dab/out/conformance-f2fa0fb102cd8dab)
[INFO] [stdout] 
[INFO] [stdout] running 15 tests
[INFO] [stdout] test blocks_retain_item_and_import_entries ... ok
[INFO] [stdout] 
[INFO] [stdout] running 1 test
[INFO] [stdout] test template_expression_diagnostics_use_original_source_ranges ... ok
[INFO] [stdout] test templates_have_typed_lossless_parts_and_normal_expressions ... ok
[INFO] [stdout] test ref_patterns_are_consistently_unsupported ... ok
[INFO] [stdout] test user_macros_are_lossless_hard_errors ... ok
[INFO] [stdout] test condition_rhs_does_not_steal_the_branch_block_as_a_constructor ... ok
[INFO] [stdout] test println_is_the_supported_builtin_macro ... ok
[INFO] [stdout] test role_specific_accessors_do_not_reuse_neighboring_expressions ... ok
[INFO] [stdout] test ranges_shifts_and_nested_generic_closers_conform ... ok
[INFO] [stdout] test esm_clauses_are_role_checked_and_from_is_contextual ... ok
[INFO] [stdout] test unsupported_or_ambiguous_forms_are_hard_diagnostics ... ok
[INFO] [stdout] test numeric_literals_are_validated_before_hir ... ok
[INFO] [stdout] test declarations_expose_exact_identifier_ranges ... ok
[INFO] [stdout] test comparison_and_range_chains_are_rejected ... ok
[INFO] [stderr]      Running tests/examples.rs (/opt/rustwide/target/debug/build/rts-syntax/a88d7ca724f7e1ef/out/examples-a88d7ca724f7e1ef)
[INFO] [stdout] test deeply_nested_valid_input_is_bounded_in_a_subprocess ... ok
[INFO] [stdout] 
[INFO] [stdout] test result: ok. 1 passed; 0 failed; 0 ignored; 0 measured; 14 filtered out; finished in 0.27s
[INFO] [stdout] 
[INFO] [stdout] test deeply_nested_valid_input_is_bounded_in_a_subprocess ... ok
[INFO] [stdout] 
[INFO] [stdout] test result: ok. 15 passed; 0 failed; 0 ignored; 0 measured; 0 filtered out; finished in 0.28s
[INFO] [stdout] 
[INFO] [stdout] 
[INFO] [stdout] running 3 tests
[INFO] [stdout] test typed_ast_covers_hir_inputs_for_the_trait_example ... ok
[INFO] [stdout] test extensions_have_dedicated_nodes_in_real_examples ... ok
[INFO] [stderr]      Running tests/golden.rs (/opt/rustwide/target/debug/build/rts-syntax/74f7b1fc560377b4/out/golden-74f7b1fc560377b4)
[INFO] [stdout] test current_language_examples_parse_losslessly ... ok
[INFO] [stdout] 
[INFO] [stdout] test result: ok. 3 passed; 0 failed; 0 ignored; 0 measured; 0 filtered out; finished in 0.01s
[INFO] [stdout] 
[INFO] [stdout] 
[INFO] [stdout] running 1 test
[INFO] [stdout] test module_tree_golden ... ok
[INFO] [stdout] 
[INFO] [stdout] test result: ok. 1 passed; 0 failed; 0 ignored; 0 measured; 0 filtered out; finished in 0.00s
[INFO] [stdout] 
[INFO] [stderr]      Running unittests src/lib.rs (/opt/rustwide/target/debug/build/rts-traits/df5c3d1640b5e01a/out/rts_traits-df5c3d1640b5e01a)
[INFO] [stderr]      Running tests/coherence.rs (/opt/rustwide/target/debug/build/rts-traits/af42980689f5d35c/out/coherence-af42980689f5d35c)
[INFO] [stdout] 
[INFO] [stdout] running 0 tests
[INFO] [stdout] 
[INFO] [stdout] test result: ok. 0 passed; 0 failed; 0 ignored; 0 measured; 0 filtered out; finished in 0.00s
[INFO] [stdout] 
[INFO] [stdout] 
[INFO] [stdout] running 7 tests
[INFO] [stdout] test coherence_validation_observes_cancellation ... ok
[INFO] [stdout] test uncovered_blanket_parameter_is_rejected ... ok
[INFO] [stdout] test orphan_rule_requires_owned_trait_or_nominal_target ... ok
[INFO] [stdout] test parameter_environment_is_canonical_and_deduplicated ... ok
[INFO] [stdout] test conservative_overlap_ignores_where_clause_disjointness ... ok
[INFO] [stdout] test nominal_outer_blanket_is_accepted_and_universal_impl_is_rejected ... ok
[INFO] [stdout] test impl_completeness_and_associated_type_ownership_are_checked ... ok
[INFO] [stdout] 
[INFO] [stdout] test result: ok. 7 passed; 0 failed; 0 ignored; 0 measured; 0 filtered out; finished in 0.00s
[INFO] [stdout] 
[INFO] [stderr]      Running tests/solver.rs (/opt/rustwide/target/debug/build/rts-traits/ee173e51d5619a9b/out/solver-ee173e51d5619a9b)
[INFO] [stdout] 
[INFO] [stdout] running 11 tests
[INFO] [stdout] test restricted_blanket_uses_generic_where_bound ... ok
[INFO] [stdout] test depth_and_goal_budgets_produce_overflow_and_cancellation_is_observed ... ok
[INFO] [stdout] test unification_substitutes_and_performs_occurs_check ... ok
[INFO] [stdout] test associated_type_normalizes_from_impl_and_environment ... ok
[INFO] [stdout] test canonicalization_renumbers_by_first_use ... ok
[INFO] [stdout] test concrete_goal_results_are_memoized ... ok
[INFO] [stdout] test object_safety_and_explicit_associated_bindings_are_checked ... ok
[INFO] [stdout] test parameter_bounds_and_supertraits_are_candidates ... ok
[INFO] [stdout] test concrete_subtrait_impl_proves_supertrait ... ok
[INFO] [stdout] test recursive_candidate_is_ambiguous_not_successful ... ok
[INFO] [stdout] test multiple_matching_impls_are_ambiguous_and_explanations_are_sorted ... ok
[INFO] [stdout] 
[INFO] [stdout] test result: ok. 11 passed; 0 failed; 0 ignored; 0 measured; 0 filtered out; finished in 0.03s
[INFO] [stdout] 
[INFO] [stderr]      Running unittests src/main.rs (/opt/rustwide/target/debug/build/rusty-script/9d8e410fa4f12822/out/rts-9d8e410fa4f12822)
[INFO] [stdout] 
[INFO] [stdout] running 3 tests
[INFO] [stdout] test tests::module_paths_are_url_encoded_without_encoding_separators ... ok
[INFO] [stdout] test tests::changed_output_files_are_replaced ... ok
[INFO] [stdout] test tests::concurrent_replacements_use_unique_temporary_files ... ok
[INFO] [stdout] 
[INFO] [stdout] test result: ok. 3 passed; 0 failed; 0 ignored; 0 measured; 0 filtered out; finished in 0.03s
[INFO] [stdout] 
[INFO] [stderr]      Running tests/architecture.rs (/opt/rustwide/target/debug/build/rusty-script/f08a82bebaddcd6e/out/architecture-f08a82bebaddcd6e)
[INFO] [stdout] 
[INFO] [stdout] running 1 test
[INFO] [stdout] test compiler_crates_respect_dependency_direction ... ok
[INFO] [stdout] 
[INFO] [stdout] test result: ok. 1 passed; 0 failed; 0 ignored; 0 measured; 0 filtered out; finished in 0.00s
[INFO] [stdout] 
[INFO] [stderr]      Running tests/checker_cutover.rs (/opt/rustwide/target/debug/build/rusty-script/780d9916fd5b3ffc/out/checker_cutover-780d9916fd5b3ffc)
[INFO] [stdout] 
[INFO] [stdout] running 9 tests
[INFO] [stdout] test check_command_has_no_legacy_parser_or_checker_fallback ... ok
[INFO] [stdout] test check_accepts_legal_source_cycles_project_wide ... ok
[INFO] [stdout] test check_resolves_cross_file_imports_and_reports_private_declarations ... ok
[INFO] [stdout] test checker_diagnostics_preserve_ranges_and_recover_from_malformed_input ... ok
[INFO] [stdout] test checked_emit_rejects_semantic_errors_while_no_check_emits ... ok
[INFO] [stdout] test foreign_imports_are_hard_errors_with_command_specific_help ... ok
[INFO] [stdout] test deny_warnings_changes_the_exit_code_without_changing_diagnostics ... ok
[INFO] [stdout] test multiple_input_packages_are_analyzed_independently_and_deterministically ... ok
[INFO] [stdout] test default_emit_checks_local_imports_before_emission ... ok
[INFO] [stdout] 
[INFO] [stdout] test result: ok. 9 passed; 0 failed; 0 ignored; 0 measured; 0 filtered out; finished in 0.14s
[INFO] [stdout] 
[INFO] [stderr]      Running tests/cli.rs (/opt/rustwide/target/debug/build/rusty-script/a993893bae51b40c/out/cli-a993893bae51b40c)
[INFO] [stdout] 
[INFO] [stdout] running 6 tests
[INFO] [stdout] test checker_returns_a_failing_exit_code ... ok
[INFO] [stdout] test runs_default_and_blanket_trait_dictionaries ... FAILED
[INFO] [stdout] test runs_propagation_and_rust_shadowing ... FAILED
[INFO] [stdout] test lazily_compiles_local_modules ... FAILED
[INFO] [stdout] test every_example_runs_and_passes_the_independent_checker ... FAILED
[INFO] [stdout] test runs_traits_adts_and_patterns_end_to_end ... FAILED
[INFO] [stderr] error: test failed, to rerun pass `-p rusty-script --test cli`
[INFO] [stdout] 
[INFO] [stdout] failures:
[INFO] [stdout] 
[INFO] [stdout] ---- runs_default_and_blanket_trait_dictionaries stdout ----
[INFO] [stdout] 
[INFO] [stdout] thread 'runs_default_and_blanket_trait_dictionaries' (3771) panicked at crates/rusty-script-cli/tests/cli.rs:147:5:
[INFO] [stdout] rts: could not create /opt/rustwide/workdir/.rustyscript/cache: Read-only file system (os error 30)
[INFO] [stdout] 
[INFO] [stdout] stack backtrace:
[INFO] [stdout]    0:     0x5fa2a809c9a1 - std[617be2ca0a6fd877]::backtrace_rs::backtrace::libunwind::trace
[INFO] [stdout]                                at /rustc/e3feeb59cd1bdd011a2bfcc0747b55125d9b8527/library/std/src/../../backtrace/src/backtrace/libunwind.rs:117:9
[INFO] [stdout]    1:     0x5fa2a809c9a1 - std[617be2ca0a6fd877]::backtrace_rs::backtrace::trace_unsynchronized::<std[617be2ca0a6fd877]::sys::backtrace::_print_fmt::{closure#1}>
[INFO] [stdout]                                at /rustc/e3feeb59cd1bdd011a2bfcc0747b55125d9b8527/library/std/src/../../backtrace/src/backtrace/mod.rs:66:14
[INFO] [stdout]    2:     0x5fa2a809c9a1 - std[617be2ca0a6fd877]::sys::backtrace::_print_fmt
[INFO] [stdout]                                at /rustc/e3feeb59cd1bdd011a2bfcc0747b55125d9b8527/library/std/src/sys/backtrace.rs:74:9
[INFO] [stdout]    3:     0x5fa2a809c9a1 - <<std[617be2ca0a6fd877]::sys::backtrace::BacktraceLock>::print::DisplayBacktrace as core[a373ad73a504971]::fmt::Display>::fmt
[INFO] [stdout]                                at /rustc/e3feeb59cd1bdd011a2bfcc0747b55125d9b8527/library/std/src/sys/backtrace.rs:44:26
[INFO] [stdout]    4:     0x5fa2a80b090a - <core[a373ad73a504971]::fmt::rt::Argument>::fmt
[INFO] [stdout]                                at /rustc/e3feeb59cd1bdd011a2bfcc0747b55125d9b8527/library/core/src/fmt/rt.rs:152:76
[INFO] [stdout]    5:     0x5fa2a80b090a - core[a373ad73a504971]::fmt::write
[INFO] [stdout]    6:     0x5fa2a80a0bbc - core[a373ad73a504971]::io::write::default_write_fmt::<alloc[2e1b2a31b91974c5]::vec::Vec<u8>>
[INFO] [stdout]                                at /rustc/e3feeb59cd1bdd011a2bfcc0747b55125d9b8527/library/core/src/io/write.rs:402:11
[INFO] [stdout]    7:     0x5fa2a80a0bbc - <alloc[2e1b2a31b91974c5]::vec::Vec<u8> as core[a373ad73a504971]::io::write::Write>::write_fmt
[INFO] [stdout]                                at /rustc/e3feeb59cd1bdd011a2bfcc0747b55125d9b8527/library/core/src/io/write.rs:335:13
[INFO] [stdout]    8:     0x5fa2a8078546 - <std[617be2ca0a6fd877]::sys::backtrace::BacktraceLock>::print
[INFO] [stdout]                                at /rustc/e3feeb59cd1bdd011a2bfcc0747b55125d9b8527/library/std/src/sys/backtrace.rs:47:9
[INFO] [stdout]    9:     0x5fa2a8078546 - std[617be2ca0a6fd877]::panicking::default_hook::{closure#0}
[INFO] [stdout]                                at /rustc/e3feeb59cd1bdd011a2bfcc0747b55125d9b8527/library/std/src/panicking.rs:289:27
[INFO] [stdout]   10:     0x5fa2a8094d39 - std[617be2ca0a6fd877]::panicking::default_hook
[INFO] [stdout]                                at /rustc/e3feeb59cd1bdd011a2bfcc0747b55125d9b8527/library/std/src/panicking.rs:313:9
[INFO] [stdout]   11:     0x5fa2a8030d70 - <alloc[2e1b2a31b91974c5]::boxed::Box<dyn for<'a, 'b> core[a373ad73a504971]::ops::function::Fn<(&'a std[617be2ca0a6fd877]::panic::PanicHookInfo<'b>,), Output = ()> + core[a373ad73a504971]::marker::Sync + core[a373ad73a504971]::marker::Send> as core[a373ad73a504971]::ops::function::Fn<(&std[617be2ca0a6fd877]::panic::PanicHookInfo,)>>::call
[INFO] [stdout]                                at /rustc/e3feeb59cd1bdd011a2bfcc0747b55125d9b8527/library/alloc/src/boxed.rs:2328:9
[INFO] [stdout]   12:     0x5fa2a8030d70 - test[aada8e7e76ba119b]::test_main_inner::{closure#0}
[INFO] [stdout]                                at /rustc/e3feeb59cd1bdd011a2bfcc0747b55125d9b8527/library/test/src/lib.rs:137:21
[INFO] [stdout]   13:     0x5fa2a8094ef2 - <alloc[2e1b2a31b91974c5]::boxed::Box<dyn for<'a, 'b> core[a373ad73a504971]::ops::function::Fn<(&'a std[617be2ca0a6fd877]::panic::PanicHookInfo<'b>,), Output = ()> + core[a373ad73a504971]::marker::Sync + core[a373ad73a504971]::marker::Send> as core[a373ad73a504971]::ops::function::Fn<(&std[617be2ca0a6fd877]::panic::PanicHookInfo,)>>::call
[INFO] [stdout]                                at /rustc/e3feeb59cd1bdd011a2bfcc0747b55125d9b8527/library/alloc/src/boxed.rs:2328:9
[INFO] [stdout]   14:     0x5fa2a8094ef2 - std[617be2ca0a6fd877]::panicking::panic_with_hook
[INFO] [stdout]                                at /rustc/e3feeb59cd1bdd011a2bfcc0747b55125d9b8527/library/std/src/panicking.rs:819:13
[INFO] [stdout]   15:     0x5fa2a80785f2 - std[617be2ca0a6fd877]::panicking::panic_handler::{closure#0}
[INFO] [stdout]                                at /rustc/e3feeb59cd1bdd011a2bfcc0747b55125d9b8527/library/std/src/panicking.rs:685:13
[INFO] [stdout]   16:     0x5fa2a8071259 - std[617be2ca0a6fd877]::sys::backtrace::__rust_end_short_backtrace::<std[617be2ca0a6fd877]::panicking::panic_handler::{closure#0}, !>
[INFO] [stdout]                                at /rustc/e3feeb59cd1bdd011a2bfcc0747b55125d9b8527/library/std/src/sys/backtrace.rs:182:18
[INFO] [stdout]   17:     0x5fa2a80791fd - __rustc[ea4f61d10b84890b]::rust_begin_unwind
[INFO] [stdout]                                at /rustc/e3feeb59cd1bdd011a2bfcc0747b55125d9b8527/library/std/src/panicking.rs:676:5
[INFO] [stdout]   18:     0x5fa2a80b103c - core[a373ad73a504971]::panicking::panic_fmt
[INFO] [stdout]                                at /rustc/e3feeb59cd1bdd011a2bfcc0747b55125d9b8527/library/core/src/panicking.rs:80:14
[INFO] [stdout]   19:     0x5fa2a80200a8 - core[a373ad73a504971]::panicking::panic_display::<alloc[2e1b2a31b91974c5]::borrow::Cow<str>>
[INFO] [stdout]                                at /rustc/e3feeb59cd1bdd011a2bfcc0747b55125d9b8527/library/core/src/panicking.rs:259:5
[INFO] [stdout]   20:     0x5fa2a801ada5 - cli[c8bdb01dcd93af]::runs_default_and_blanket_trait_dictionaries
[INFO] [stdout]                                at /opt/rustwide/workdir/crates/rusty-script-cli/tests/cli.rs:147:5
[INFO] [stdout]   21:     0x5fa2a8019727 - cli[c8bdb01dcd93af]::runs_default_and_blanket_trait_dictionaries::{closure#0}
[INFO] [stdout]                                at /opt/rustwide/workdir/crates/rusty-script-cli/tests/cli.rs:137:49
[INFO] [stdout]   22:     0x5fa2a801f116 - <cli[c8bdb01dcd93af]::runs_default_and_blanket_trait_dictionaries::{closure#0} as core[a373ad73a504971]::ops::function::FnOnce<()>>::call_once
[INFO] [stdout]                                at /rustc/e3feeb59cd1bdd011a2bfcc0747b55125d9b8527/library/core/src/ops/function.rs:250:5
[INFO] [stdout]   23:     0x5fa2a80241bb - <fn() -> core[a373ad73a504971]::result::Result<(), alloc[2e1b2a31b91974c5]::string::String> as core[a373ad73a504971]::ops::function::FnOnce<()>>::call_once
[INFO] [stdout]                                at /rustc/e3feeb59cd1bdd011a2bfcc0747b55125d9b8527/library/core/src/ops/function.rs:250:5
[INFO] [stdout]   24:     0x5fa2a80241bb - test[aada8e7e76ba119b]::__rust_begin_short_backtrace::<core[a373ad73a504971]::result::Result<(), alloc[2e1b2a31b91974c5]::string::String>, fn() -> core[a373ad73a504971]::result::Result<(), alloc[2e1b2a31b91974c5]::string::String>>
[INFO] [stdout]                                at /rustc/e3feeb59cd1bdd011a2bfcc0747b55125d9b8527/library/test/src/lib.rs:701:18
[INFO] [stdout]   25:     0x5fa2a8031395 - test[aada8e7e76ba119b]::run_test_in_process::{closure#0}
[INFO] [stdout]                                at /rustc/e3feeb59cd1bdd011a2bfcc0747b55125d9b8527/library/test/src/lib.rs:724:74
[INFO] [stdout]   26:     0x5fa2a8031395 - <core[a373ad73a504971]::panic::unwind_safe::AssertUnwindSafe<test[aada8e7e76ba119b]::run_test_in_process::{closure#0}> as core[a373ad73a504971]::ops::function::FnOnce<()>>::call_once
[INFO] [stdout]                                at /rustc/e3feeb59cd1bdd011a2bfcc0747b55125d9b8527/library/core/src/panic/unwind_safe.rs:275:9
[INFO] [stdout]   27:     0x5fa2a8031395 - std[617be2ca0a6fd877]::panicking::catch_unwind::do_call::<core[a373ad73a504971]::panic::unwind_safe::AssertUnwindSafe<test[aada8e7e76ba119b]::run_test_in_process::{closure#0}>, core[a373ad73a504971]::result::Result<(), alloc[2e1b2a31b91974c5]::string::String>>
[INFO] [stdout]                                at /rustc/e3feeb59cd1bdd011a2bfcc0747b55125d9b8527/library/std/src/panicking.rs:573:43
[INFO] [stdout]   28:     0x5fa2a8031395 - std[617be2ca0a6fd877]::panicking::catch_unwind::<core[a373ad73a504971]::result::Result<(), alloc[2e1b2a31b91974c5]::string::String>, core[a373ad73a504971]::panic::unwind_safe::AssertUnwindSafe<test[aada8e7e76ba119b]::run_test_in_process::{closure#0}>>
[INFO] [stdout]                                at /rustc/e3feeb59cd1bdd011a2bfcc0747b55125d9b8527/library/std/src/panicking.rs:541:19
[INFO] [stdout]   29:     0x5fa2a8031395 - std[617be2ca0a6fd877]::panic::catch_unwind::<core[a373ad73a504971]::panic::unwind_safe::AssertUnwindSafe<test[aada8e7e76ba119b]::run_test_in_process::{closure#0}>, core[a373ad73a504971]::result::Result<(), alloc[2e1b2a31b91974c5]::string::String>>
[INFO] [stdout]                                at /rustc/e3feeb59cd1bdd011a2bfcc0747b55125d9b8527/library/std/src/panic.rs:359:14
[INFO] [stdout]   30:     0x5fa2a8031395 - test[aada8e7e76ba119b]::run_test_in_process
[INFO] [stdout]                                at /rustc/e3feeb59cd1bdd011a2bfcc0747b55125d9b8527/library/test/src/lib.rs:724:27
[INFO] [stdout]   31:     0x5fa2a8031395 - test[aada8e7e76ba119b]::run_test::{closure#0}
[INFO] [stdout]                                at /rustc/e3feeb59cd1bdd011a2bfcc0747b55125d9b8527/library/test/src/lib.rs:645:43
[INFO] [stdout]   32:     0x5fa2a802ac84 - test[aada8e7e76ba119b]::run_test::{closure#1}
[INFO] [stdout]                                at /rustc/e3feeb59cd1bdd011a2bfcc0747b55125d9b8527/library/test/src/lib.rs:675:41
[INFO] [stdout]   33:     0x5fa2a802ac84 - std[617be2ca0a6fd877]::sys::backtrace::__rust_begin_short_backtrace::<test[aada8e7e76ba119b]::run_test::{closure#1}, ()>
[INFO] [stdout]                                at /rustc/e3feeb59cd1bdd011a2bfcc0747b55125d9b8527/library/std/src/sys/backtrace.rs:166:18
[INFO] [stdout]   34:     0x5fa2a8034422 - std[617be2ca0a6fd877]::thread::lifecycle::spawn_unchecked::<test[aada8e7e76ba119b]::run_test::{closure#1}, ()>::{closure#1}::{closure#0}
[INFO] [stdout]                                at /rustc/e3feeb59cd1bdd011a2bfcc0747b55125d9b8527/library/std/src/thread/lifecycle.rs:70:13
[INFO] [stdout]   35:     0x5fa2a8034422 - <core[a373ad73a504971]::panic::unwind_safe::AssertUnwindSafe<std[617be2ca0a6fd877]::thread::lifecycle::spawn_unchecked<test[aada8e7e76ba119b]::run_test::{closure#1}, ()>::{closure#1}::{closure#0}> as core[a373ad73a504971]::ops::function::FnOnce<()>>::call_once
[INFO] [stdout]                                at /rustc/e3feeb59cd1bdd011a2bfcc0747b55125d9b8527/library/core/src/panic/unwind_safe.rs:275:9
[INFO] [stdout]   36:     0x5fa2a8034422 - std[617be2ca0a6fd877]::panicking::catch_unwind::do_call::<core[a373ad73a504971]::panic::unwind_safe::AssertUnwindSafe<std[617be2ca0a6fd877]::thread::lifecycle::spawn_unchecked<test[aada8e7e76ba119b]::run_test::{closure#1}, ()>::{closure#1}::{closure#0}>, ()>
[INFO] [stdout]                                at /rustc/e3feeb59cd1bdd011a2bfcc0747b55125d9b8527/library/std/src/panicking.rs:573:43
[INFO] [stdout]   37:     0x5fa2a8034422 - std[617be2ca0a6fd877]::panicking::catch_unwind::<(), core[a373ad73a504971]::panic::unwind_safe::AssertUnwindSafe<std[617be2ca0a6fd877]::thread::lifecycle::spawn_unchecked<test[aada8e7e76ba119b]::run_test::{closure#1}, ()>::{closure#1}::{closure#0}>>
[INFO] [stdout]                                at /rustc/e3feeb59cd1bdd011a2bfcc0747b55125d9b8527/library/std/src/panicking.rs:541:19
[INFO] [stdout]   38:     0x5fa2a8034422 - std[617be2ca0a6fd877]::panic::catch_unwind::<core[a373ad73a504971]::panic::unwind_safe::AssertUnwindSafe<std[617be2ca0a6fd877]::thread::lifecycle::spawn_unchecked<test[aada8e7e76ba119b]::run_test::{closure#1}, ()>::{closure#1}::{closure#0}>, ()>
[INFO] [stdout]                                at /rustc/e3feeb59cd1bdd011a2bfcc0747b55125d9b8527/library/std/src/panic.rs:359:14
[INFO] [stdout]   39:     0x5fa2a8034422 - std[617be2ca0a6fd877]::thread::lifecycle::spawn_unchecked::<test[aada8e7e76ba119b]::run_test::{closure#1}, ()>::{closure#1}
[INFO] [stdout]                                at /rustc/e3feeb59cd1bdd011a2bfcc0747b55125d9b8527/library/std/src/thread/lifecycle.rs:68:26
[INFO] [stdout]   40:     0x5fa2a8034422 - <std[617be2ca0a6fd877]::thread::lifecycle::spawn_unchecked<test[aada8e7e76ba119b]::run_test::{closure#1}, ()>::{closure#1} as core[a373ad73a504971]::ops::function::FnOnce<()>>::call_once::{shim:vtable#0}
[INFO] [stdout]                                at /rustc/e3feeb59cd1bdd011a2bfcc0747b55125d9b8527/library/core/src/ops/function.rs:250:5
[INFO] [stdout]   41:     0x5fa2a809c01f - <alloc[2e1b2a31b91974c5]::boxed::Box<dyn core[a373ad73a504971]::ops::function::FnOnce<(), Output = ()> + core[a373ad73a504971]::marker::Send> as core[a373ad73a504971]::ops::function::FnOnce<()>>::call_once
[INFO] [stdout]                                at /rustc/e3feeb59cd1bdd011a2bfcc0747b55125d9b8527/library/alloc/src/boxed.rs:2314:9
[INFO] [stdout]   42:     0x5fa2a809c01f - <std[617be2ca0a6fd877]::sys::thread::unix::Thread>::new::thread_start
[INFO] [stdout]                                at /rustc/e3feeb59cd1bdd011a2bfcc0747b55125d9b8527/library/std/src/sys/thread/unix.rs:127:17
[INFO] [stdout]   43:     0x73180f25cdfa - <unknown>
[INFO] [stdout]   44:     0x73180f2f03d4 - clone
[INFO] [stdout]   45:                0x0 - <unknown>
[INFO] [stdout] 
[INFO] [stdout] ---- runs_propagation_and_rust_shadowing stdout ----
[INFO] [stdout] 
[INFO] [stdout] thread 'runs_propagation_and_rust_shadowing' (3772) panicked at crates/rusty-script-cli/tests/cli.rs:128:5:
[INFO] [stdout] rts: could not create /opt/rustwide/workdir/.rustyscript/cache: Read-only file system (os error 30)
[INFO] [stdout] 
[INFO] [stdout] stack backtrace:
[INFO] [stdout]    0:     0x5fa2a809c9a1 - std[617be2ca0a6fd877]::backtrace_rs::backtrace::libunwind::trace
[INFO] [stdout]                                at /rustc/e3feeb59cd1bdd011a2bfcc0747b55125d9b8527/library/std/src/../../backtrace/src/backtrace/libunwind.rs:117:9
[INFO] [stdout]    1:     0x5fa2a809c9a1 - std[617be2ca0a6fd877]::backtrace_rs::backtrace::trace_unsynchronized::<std[617be2ca0a6fd877]::sys::backtrace::_print_fmt::{closure#1}>
[INFO] [stdout]                                at /rustc/e3feeb59cd1bdd011a2bfcc0747b55125d9b8527/library/std/src/../../backtrace/src/backtrace/mod.rs:66:14
[INFO] [stdout]    2:     0x5fa2a809c9a1 - std[617be2ca0a6fd877]::sys::backtrace::_print_fmt
[INFO] [stdout]                                at /rustc/e3feeb59cd1bdd011a2bfcc0747b55125d9b8527/library/std/src/sys/backtrace.rs:74:9
[INFO] [stdout]    3:     0x5fa2a809c9a1 - <<std[617be2ca0a6fd877]::sys::backtrace::BacktraceLock>::print::DisplayBacktrace as core[a373ad73a504971]::fmt::Display>::fmt
[INFO] [stdout]                                at /rustc/e3feeb59cd1bdd011a2bfcc0747b55125d9b8527/library/std/src/sys/backtrace.rs:44:26
[INFO] [stdout]    4:     0x5fa2a80b090a - <core[a373ad73a504971]::fmt::rt::Argument>::fmt
[INFO] [stdout]                                at /rustc/e3feeb59cd1bdd011a2bfcc0747b55125d9b8527/library/core/src/fmt/rt.rs:152:76
[INFO] [stdout]    5:     0x5fa2a80b090a - core[a373ad73a504971]::fmt::write
[INFO] [stdout]    6:     0x5fa2a80a0bbc - core[a373ad73a504971]::io::write::default_write_fmt::<alloc[2e1b2a31b91974c5]::vec::Vec<u8>>
[INFO] [stdout]                                at /rustc/e3feeb59cd1bdd011a2bfcc0747b55125d9b8527/library/core/src/io/write.rs:402:11
[INFO] [stdout]    7:     0x5fa2a80a0bbc - <alloc[2e1b2a31b91974c5]::vec::Vec<u8> as core[a373ad73a504971]::io::write::Write>::write_fmt
[INFO] [stdout]                                at /rustc/e3feeb59cd1bdd011a2bfcc0747b55125d9b8527/library/core/src/io/write.rs:335:13
[INFO] [stdout]    8:     0x5fa2a8078546 - <std[617be2ca0a6fd877]::sys::backtrace::BacktraceLock>::print
[INFO] [stdout]                                at /rustc/e3feeb59cd1bdd011a2bfcc0747b55125d9b8527/library/std/src/sys/backtrace.rs:47:9
[INFO] [stdout]    9:     0x5fa2a8078546 - std[617be2ca0a6fd877]::panicking::default_hook::{closure#0}
[INFO] [stdout]                                at /rustc/e3feeb59cd1bdd011a2bfcc0747b55125d9b8527/library/std/src/panicking.rs:289:27
[INFO] [stdout]   10:     0x5fa2a8094d39 - std[617be2ca0a6fd877]::panicking::default_hook
[INFO] [stdout]                                at /rustc/e3feeb59cd1bdd011a2bfcc0747b55125d9b8527/library/std/src/panicking.rs:313:9
[INFO] [stdout]   11:     0x5fa2a8030d70 - <alloc[2e1b2a31b91974c5]::boxed::Box<dyn for<'a, 'b> core[a373ad73a504971]::ops::function::Fn<(&'a std[617be2ca0a6fd877]::panic::PanicHookInfo<'b>,), Output = ()> + core[a373ad73a504971]::marker::Sync + core[a373ad73a504971]::marker::Send> as core[a373ad73a504971]::ops::function::Fn<(&std[617be2ca0a6fd877]::panic::PanicHookInfo,)>>::call
[INFO] [stdout]                                at /rustc/e3feeb59cd1bdd011a2bfcc0747b55125d9b8527/library/alloc/src/boxed.rs:2328:9
[INFO] [stdout]   12:     0x5fa2a8030d70 - test[aada8e7e76ba119b]::test_main_inner::{closure#0}
[INFO] [stdout]                                at /rustc/e3feeb59cd1bdd011a2bfcc0747b55125d9b8527/library/test/src/lib.rs:137:21
[INFO] [stdout]   13:     0x5fa2a8094ef2 - <alloc[2e1b2a31b91974c5]::boxed::Box<dyn for<'a, 'b> core[a373ad73a504971]::ops::function::Fn<(&'a std[617be2ca0a6fd877]::panic::PanicHookInfo<'b>,), Output = ()> + core[a373ad73a504971]::marker::Sync + core[a373ad73a504971]::marker::Send> as core[a373ad73a504971]::ops::function::Fn<(&std[617be2ca0a6fd877]::panic::PanicHookInfo,)>>::call
[INFO] [stdout]                                at /rustc/e3feeb59cd1bdd011a2bfcc0747b55125d9b8527/library/alloc/src/boxed.rs:2328:9
[INFO] [stdout]   14:     0x5fa2a8094ef2 - std[617be2ca0a6fd877]::panicking::panic_with_hook
[INFO] [stdout]                                at /rustc/e3feeb59cd1bdd011a2bfcc0747b55125d9b8527/library/std/src/panicking.rs:819:13
[INFO] [stdout]   15:     0x5fa2a80785f2 - std[617be2ca0a6fd877]::panicking::panic_handler::{closure#0}
[INFO] [stdout]                                at /rustc/e3feeb59cd1bdd011a2bfcc0747b55125d9b8527/library/std/src/panicking.rs:685:13
[INFO] [stdout]   16:     0x5fa2a8071259 - std[617be2ca0a6fd877]::sys::backtrace::__rust_end_short_backtrace::<std[617be2ca0a6fd877]::panicking::panic_handler::{closure#0}, !>
[INFO] [stdout]                                at /rustc/e3feeb59cd1bdd011a2bfcc0747b55125d9b8527/library/std/src/sys/backtrace.rs:182:18
[INFO] [stdout]   17:     0x5fa2a80791fd - __rustc[ea4f61d10b84890b]::rust_begin_unwind
[INFO] [stdout]                                at /rustc/e3feeb59cd1bdd011a2bfcc0747b55125d9b8527/library/std/src/panicking.rs:676:5
[INFO] [stdout]   18:     0x5fa2a80b103c - core[a373ad73a504971]::panicking::panic_fmt
[INFO] [stdout]                                at /rustc/e3feeb59cd1bdd011a2bfcc0747b55125d9b8527/library/core/src/panicking.rs:80:14
[INFO] [stdout]   19:     0x5fa2a80200a8 - core[a373ad73a504971]::panicking::panic_display::<alloc[2e1b2a31b91974c5]::borrow::Cow<str>>
[INFO] [stdout]                                at /rustc/e3feeb59cd1bdd011a2bfcc0747b55125d9b8527/library/core/src/panicking.rs:259:5
[INFO] [stdout]   20:     0x5fa2a801a7a5 - cli[c8bdb01dcd93af]::runs_propagation_and_rust_shadowing
[INFO] [stdout]                                at /opt/rustwide/workdir/crates/rusty-script-cli/tests/cli.rs:128:5
[INFO] [stdout]   21:     0x5fa2a80196c7 - cli[c8bdb01dcd93af]::runs_propagation_and_rust_shadowing::{closure#0}
[INFO] [stdout]                                at /opt/rustwide/workdir/crates/rusty-script-cli/tests/cli.rs:118:41
[INFO] [stdout]   22:     0x5fa2a801f0d6 - <cli[c8bdb01dcd93af]::runs_propagation_and_rust_shadowing::{closure#0} as core[a373ad73a504971]::ops::function::FnOnce<()>>::call_once
[INFO] [stdout]                                at /rustc/e3feeb59cd1bdd011a2bfcc0747b55125d9b8527/library/core/src/ops/function.rs:250:5
[INFO] [stdout]   23:     0x5fa2a80241bb - <fn() -> core[a373ad73a504971]::result::Result<(), alloc[2e1b2a31b91974c5]::string::String> as core[a373ad73a504971]::ops::function::FnOnce<()>>::call_once
[INFO] [stdout]                                at /rustc/e3feeb59cd1bdd011a2bfcc0747b55125d9b8527/library/core/src/ops/function.rs:250:5
[INFO] [stdout]   24:     0x5fa2a80241bb - test[aada8e7e76ba119b]::__rust_begin_short_backtrace::<core[a373ad73a504971]::result::Result<(), alloc[2e1b2a31b91974c5]::string::String>, fn() -> core[a373ad73a504971]::result::Result<(), alloc[2e1b2a31b91974c5]::string::String>>
[INFO] [stdout]                                at /rustc/e3feeb59cd1bdd011a2bfcc0747b55125d9b8527/library/test/src/lib.rs:701:18
[INFO] [stdout]   25:     0x5fa2a8031395 - test[aada8e7e76ba119b]::run_test_in_process::{closure#0}
[INFO] [stdout]                                at /rustc/e3feeb59cd1bdd011a2bfcc0747b55125d9b8527/library/test/src/lib.rs:724:74
[INFO] [stdout]   26:     0x5fa2a8031395 - <core[a373ad73a504971]::panic::unwind_safe::AssertUnwindSafe<test[aada8e7e76ba119b]::run_test_in_process::{closure#0}> as core[a373ad73a504971]::ops::function::FnOnce<()>>::call_once
[INFO] [stdout]                                at /rustc/e3feeb59cd1bdd011a2bfcc0747b55125d9b8527/library/core/src/panic/unwind_safe.rs:275:9
[INFO] [stdout]   27:     0x5fa2a8031395 - std[617be2ca0a6fd877]::panicking::catch_unwind::do_call::<core[a373ad73a504971]::panic::unwind_safe::AssertUnwindSafe<test[aada8e7e76ba119b]::run_test_in_process::{closure#0}>, core[a373ad73a504971]::result::Result<(), alloc[2e1b2a31b91974c5]::string::String>>
[INFO] [stdout]                                at /rustc/e3feeb59cd1bdd011a2bfcc0747b55125d9b8527/library/std/src/panicking.rs:573:43
[INFO] [stdout]   28:     0x5fa2a8031395 - std[617be2ca0a6fd877]::panicking::catch_unwind::<core[a373ad73a504971]::result::Result<(), alloc[2e1b2a31b91974c5]::string::String>, core[a373ad73a504971]::panic::unwind_safe::AssertUnwindSafe<test[aada8e7e76ba119b]::run_test_in_process::{closure#0}>>
[INFO] [stdout]                                at /rustc/e3feeb59cd1bdd011a2bfcc0747b55125d9b8527/library/std/src/panicking.rs:541:19
[INFO] [stdout]   29:     0x5fa2a8031395 - std[617be2ca0a6fd877]::panic::catch_unwind::<core[a373ad73a504971]::panic::unwind_safe::AssertUnwindSafe<test[aada8e7e76ba119b]::run_test_in_process::{closure#0}>, core[a373ad73a504971]::result::Result<(), alloc[2e1b2a31b91974c5]::string::String>>
[INFO] [stdout]                                at /rustc/e3feeb59cd1bdd011a2bfcc0747b55125d9b8527/library/std/src/panic.rs:359:14
[INFO] [stdout]   30:     0x5fa2a8031395 - test[aada8e7e76ba119b]::run_test_in_process
[INFO] [stdout]                                at /rustc/e3feeb59cd1bdd011a2bfcc0747b55125d9b8527/library/test/src/lib.rs:724:27
[INFO] [stdout]   31:     0x5fa2a8031395 - test[aada8e7e76ba119b]::run_test::{closure#0}
[INFO] [stdout]                                at /rustc/e3feeb59cd1bdd011a2bfcc0747b55125d9b8527/library/test/src/lib.rs:645:43
[INFO] [stdout]   32:     0x5fa2a802ac84 - test[aada8e7e76ba119b]::run_test::{closure#1}
[INFO] [stdout]                                at /rustc/e3feeb59cd1bdd011a2bfcc0747b55125d9b8527/library/test/src/lib.rs:675:41
[INFO] [stdout]   33:     0x5fa2a802ac84 - std[617be2ca0a6fd877]::sys::backtrace::__rust_begin_short_backtrace::<test[aada8e7e76ba119b]::run_test::{closure#1}, ()>
[INFO] [stdout]                                at /rustc/e3feeb59cd1bdd011a2bfcc0747b55125d9b8527/library/std/src/sys/backtrace.rs:166:18
[INFO] [stdout]   34:     0x5fa2a8034422 - std[617be2ca0a6fd877]::thread::lifecycle::spawn_unchecked::<test[aada8e7e76ba119b]::run_test::{closure#1}, ()>::{closure#1}::{closure#0}
[INFO] [stdout]                                at /rustc/e3feeb59cd1bdd011a2bfcc0747b55125d9b8527/library/std/src/thread/lifecycle.rs:70:13
[INFO] [stdout]   35:     0x5fa2a8034422 - <core[a373ad73a504971]::panic::unwind_safe::AssertUnwindSafe<std[617be2ca0a6fd877]::thread::lifecycle::spawn_unchecked<test[aada8e7e76ba119b]::run_test::{closure#1}, ()>::{closure#1}::{closure#0}> as core[a373ad73a504971]::ops::function::FnOnce<()>>::call_once
[INFO] [stdout]                                at /rustc/e3feeb59cd1bdd011a2bfcc0747b55125d9b8527/library/core/src/panic/unwind_safe.rs:275:9
[INFO] [stdout]   36:     0x5fa2a8034422 - std[617be2ca0a6fd877]::panicking::catch_unwind::do_call::<core[a373ad73a504971]::panic::unwind_safe::AssertUnwindSafe<std[617be2ca0a6fd877]::thread::lifecycle::spawn_unchecked<test[aada8e7e76ba119b]::run_test::{closure#1}, ()>::{closure#1}::{closure#0}>, ()>
[INFO] [stdout]                                at /rustc/e3feeb59cd1bdd011a2bfcc0747b55125d9b8527/library/std/src/panicking.rs:573:43
[INFO] [stdout]   37:     0x5fa2a8034422 - std[617be2ca0a6fd877]::panicking::catch_unwind::<(), core[a373ad73a504971]::panic::unwind_safe::AssertUnwindSafe<std[617be2ca0a6fd877]::thread::lifecycle::spawn_unchecked<test[aada8e7e76ba119b]::run_test::{closure#1}, ()>::{closure#1}::{closure#0}>>
[INFO] [stdout]                                at /rustc/e3feeb59cd1bdd011a2bfcc0747b55125d9b8527/library/std/src/panicking.rs:541:19
[INFO] [stdout]   38:     0x5fa2a8034422 - std[617be2ca0a6fd877]::panic::catch_unwind::<core[a373ad73a504971]::panic::unwind_safe::AssertUnwindSafe<std[617be2ca0a6fd877]::thread::lifecycle::spawn_unchecked<test[aada8e7e76ba119b]::run_test::{closure#1}, ()>::{closure#1}::{closure#0}>, ()>
[INFO] [stdout]                                at /rustc/e3feeb59cd1bdd011a2bfcc0747b55125d9b8527/library/std/src/panic.rs:359:14
[INFO] [stdout]   39:     0x5fa2a8034422 - std[617be2ca0a6fd877]::thread::lifecycle::spawn_unchecked::<test[aada8e7e76ba119b]::run_test::{closure#1}, ()>::{closure#1}
[INFO] [stdout]                                at /rustc/e3feeb59cd1bdd011a2bfcc0747b55125d9b8527/library/std/src/thread/lifecycle.rs:68:26
[INFO] [stdout]   40:     0x5fa2a8034422 - <std[617be2ca0a6fd877]::thread::lifecycle::spawn_unchecked<test[aada8e7e76ba119b]::run_test::{closure#1}, ()>::{closure#1} as core[a373ad73a504971]::ops::function::FnOnce<()>>::call_once::{shim:vtable#0}
[INFO] [stdout]                                at /rustc/e3feeb59cd1bdd011a2bfcc0747b55125d9b8527/library/core/src/ops/function.rs:250:5
[INFO] [stdout]   41:     0x5fa2a809c01f - <alloc[2e1b2a31b91974c5]::boxed::Box<dyn core[a373ad73a504971]::ops::function::FnOnce<(), Output = ()> + core[a373ad73a504971]::marker::Send> as core[a373ad73a504971]::ops::function::FnOnce<()>>::call_once
[INFO] [stdout]                                at /rustc/e3feeb59cd1bdd011a2bfcc0747b55125d9b8527/library/alloc/src/boxed.rs:2314:9
[INFO] [stdout]   42:     0x5fa2a809c01f - <std[617be2ca0a6fd877]::sys::thread::unix::Thread>::new::thread_start
[INFO] [stdout]                                at /rustc/e3feeb59cd1bdd011a2bfcc0747b55125d9b8527/library/std/src/sys/thread/unix.rs:127:17
[INFO] [stdout]   43:     0x73180f25cdfa - <unknown>
[INFO] [stdout]   44:     0x73180f2f03d4 - clone
[INFO] [stdout]   45:                0x0 - <unknown>
[INFO] [stdout] 
[INFO] [stdout] ---- lazily_compiles_local_modules stdout ----
[INFO] [stdout] 
[INFO] [stdout] thread 'lazily_compiles_local_modules' (3770) panicked at crates/rusty-script-cli/tests/cli.rs:106:5:
[INFO] [stdout] rts: could not create /opt/rustwide/workdir/.rustyscript/cache: Read-only file system (os error 30)
[INFO] [stdout] 
[INFO] [stdout] stack backtrace:
[INFO] [stdout]    0:     0x5fa2a809c9a1 - std[617be2ca0a6fd877]::backtrace_rs::backtrace::libunwind::trace
[INFO] [stdout]                                at /rustc/e3feeb59cd1bdd011a2bfcc0747b55125d9b8527/library/std/src/../../backtrace/src/backtrace/libunwind.rs:117:9
[INFO] [stdout]    1:     0x5fa2a809c9a1 - std[617be2ca0a6fd877]::backtrace_rs::backtrace::trace_unsynchronized::<std[617be2ca0a6fd877]::sys::backtrace::_print_fmt::{closure#1}>
[INFO] [stdout]                                at /rustc/e3feeb59cd1bdd011a2bfcc0747b55125d9b8527/library/std/src/../../backtrace/src/backtrace/mod.rs:66:14
[INFO] [stdout]    2:     0x5fa2a809c9a1 - std[617be2ca0a6fd877]::sys::backtrace::_print_fmt
[INFO] [stdout]                                at /rustc/e3feeb59cd1bdd011a2bfcc0747b55125d9b8527/library/std/src/sys/backtrace.rs:74:9
[INFO] [stdout]    3:     0x5fa2a809c9a1 - <<std[617be2ca0a6fd877]::sys::backtrace::BacktraceLock>::print::DisplayBacktrace as core[a373ad73a504971]::fmt::Display>::fmt
[INFO] [stdout]                                at /rustc/e3feeb59cd1bdd011a2bfcc0747b55125d9b8527/library/std/src/sys/backtrace.rs:44:26
[INFO] [stdout]    4:     0x5fa2a80b090a - <core[a373ad73a504971]::fmt::rt::Argument>::fmt
[INFO] [stdout]                                at /rustc/e3feeb59cd1bdd011a2bfcc0747b55125d9b8527/library/core/src/fmt/rt.rs:152:76
[INFO] [stdout]    5:     0x5fa2a80b090a - core[a373ad73a504971]::fmt::write
[INFO] [stdout]    6:     0x5fa2a80a0bbc - core[a373ad73a504971]::io::write::default_write_fmt::<alloc[2e1b2a31b91974c5]::vec::Vec<u8>>
[INFO] [stdout]                                at /rustc/e3feeb59cd1bdd011a2bfcc0747b55125d9b8527/library/core/src/io/write.rs:402:11
[INFO] [stdout]    7:     0x5fa2a80a0bbc - <alloc[2e1b2a31b91974c5]::vec::Vec<u8> as core[a373ad73a504971]::io::write::Write>::write_fmt
[INFO] [stdout]                                at /rustc/e3feeb59cd1bdd011a2bfcc0747b55125d9b8527/library/core/src/io/write.rs:335:13
[INFO] [stdout]    8:     0x5fa2a8078546 - <std[617be2ca0a6fd877]::sys::backtrace::BacktraceLock>::print
[INFO] [stdout]                                at /rustc/e3feeb59cd1bdd011a2bfcc0747b55125d9b8527/library/std/src/sys/backtrace.rs:47:9
[INFO] [stdout]    9:     0x5fa2a8078546 - std[617be2ca0a6fd877]::panicking::default_hook::{closure#0}
[INFO] [stdout]                                at /rustc/e3feeb59cd1bdd011a2bfcc0747b55125d9b8527/library/std/src/panicking.rs:289:27
[INFO] [stdout]   10:     0x5fa2a8094d39 - std[617be2ca0a6fd877]::panicking::default_hook
[INFO] [stdout]                                at /rustc/e3feeb59cd1bdd011a2bfcc0747b55125d9b8527/library/std/src/panicking.rs:313:9
[INFO] [stdout]   11:     0x5fa2a8030d70 - <alloc[2e1b2a31b91974c5]::boxed::Box<dyn for<'a, 'b> core[a373ad73a504971]::ops::function::Fn<(&'a std[617be2ca0a6fd877]::panic::PanicHookInfo<'b>,), Output = ()> + core[a373ad73a504971]::marker::Sync + core[a373ad73a504971]::marker::Send> as core[a373ad73a504971]::ops::function::Fn<(&std[617be2ca0a6fd877]::panic::PanicHookInfo,)>>::call
[INFO] [stdout]                                at /rustc/e3feeb59cd1bdd011a2bfcc0747b55125d9b8527/library/alloc/src/boxed.rs:2328:9
[INFO] [stdout]   12:     0x5fa2a8030d70 - test[aada8e7e76ba119b]::test_main_inner::{closure#0}
[INFO] [stdout]                                at /rustc/e3feeb59cd1bdd011a2bfcc0747b55125d9b8527/library/test/src/lib.rs:137:21
[INFO] [stdout]   13:     0x5fa2a8094ef2 - <alloc[2e1b2a31b91974c5]::boxed::Box<dyn for<'a, 'b> core[a373ad73a504971]::ops::function::Fn<(&'a std[617be2ca0a6fd877]::panic::PanicHookInfo<'b>,), Output = ()> + core[a373ad73a504971]::marker::Sync + core[a373ad73a504971]::marker::Send> as core[a373ad73a504971]::ops::function::Fn<(&std[617be2ca0a6fd877]::panic::PanicHookInfo,)>>::call
[INFO] [stdout]                                at /rustc/e3feeb59cd1bdd011a2bfcc0747b55125d9b8527/library/alloc/src/boxed.rs:2328:9
[INFO] [stdout]   14:     0x5fa2a8094ef2 - std[617be2ca0a6fd877]::panicking::panic_with_hook
[INFO] [stdout]                                at /rustc/e3feeb59cd1bdd011a2bfcc0747b55125d9b8527/library/std/src/panicking.rs:819:13
[INFO] [stdout]   15:     0x5fa2a80785f2 - std[617be2ca0a6fd877]::panicking::panic_handler::{closure#0}
[INFO] [stdout]                                at /rustc/e3feeb59cd1bdd011a2bfcc0747b55125d9b8527/library/std/src/panicking.rs:685:13
[INFO] [stdout]   16:     0x5fa2a8071259 - std[617be2ca0a6fd877]::sys::backtrace::__rust_end_short_backtrace::<std[617be2ca0a6fd877]::panicking::panic_handler::{closure#0}, !>
[INFO] [stdout]                                at /rustc/e3feeb59cd1bdd011a2bfcc0747b55125d9b8527/library/std/src/sys/backtrace.rs:182:18
[INFO] [stdout]   17:     0x5fa2a80791fd - __rustc[ea4f61d10b84890b]::rust_begin_unwind
[INFO] [stdout]                                at /rustc/e3feeb59cd1bdd011a2bfcc0747b55125d9b8527/library/std/src/panicking.rs:676:5
[INFO] [stdout]   18:     0x5fa2a80b103c - core[a373ad73a504971]::panicking::panic_fmt
[INFO] [stdout]                                at /rustc/e3feeb59cd1bdd011a2bfcc0747b55125d9b8527/library/core/src/panicking.rs:80:14
[INFO] [stdout]   19:     0x5fa2a80200a8 - core[a373ad73a504971]::panicking::panic_display::<alloc[2e1b2a31b91974c5]::borrow::Cow<str>>
[INFO] [stdout]                                at /rustc/e3feeb59cd1bdd011a2bfcc0747b55125d9b8527/library/core/src/panicking.rs:259:5
[INFO] [stdout]   20:     0x5fa2a8019da5 - cli[c8bdb01dcd93af]::lazily_compiles_local_modules
[INFO] [stdout]                                at /opt/rustwide/workdir/crates/rusty-script-cli/tests/cli.rs:106:5
[INFO] [stdout]   21:     0x5fa2a8019667 - cli[c8bdb01dcd93af]::lazily_compiles_local_modules::{closure#0}
[INFO] [stdout]                                at /opt/rustwide/workdir/crates/rusty-script-cli/tests/cli.rs:96:35
[INFO] [stdout]   22:     0x5fa2a801f096 - <cli[c8bdb01dcd93af]::lazily_compiles_local_modules::{closure#0} as core[a373ad73a504971]::ops::function::FnOnce<()>>::call_once
[INFO] [stdout]                                at /rustc/e3feeb59cd1bdd011a2bfcc0747b55125d9b8527/library/core/src/ops/function.rs:250:5
[INFO] [stdout]   23:     0x5fa2a80241bb - <fn() -> core[a373ad73a504971]::result::Result<(), alloc[2e1b2a31b91974c5]::string::String> as core[a373ad73a504971]::ops::function::FnOnce<()>>::call_once
[INFO] [stdout]                                at /rustc/e3feeb59cd1bdd011a2bfcc0747b55125d9b8527/library/core/src/ops/function.rs:250:5
[INFO] [stdout]   24:     0x5fa2a80241bb - test[aada8e7e76ba119b]::__rust_begin_short_backtrace::<core[a373ad73a504971]::result::Result<(), alloc[2e1b2a31b91974c5]::string::String>, fn() -> core[a373ad73a504971]::result::Result<(), alloc[2e1b2a31b91974c5]::string::String>>
[INFO] [stdout]                                at /rustc/e3feeb59cd1bdd011a2bfcc0747b55125d9b8527/library/test/src/lib.rs:701:18
[INFO] [stdout]   25:     0x5fa2a8031395 - test[aada8e7e76ba119b]::run_test_in_process::{closure#0}
[INFO] [stdout]                                at /rustc/e3feeb59cd1bdd011a2bfcc0747b55125d9b8527/library/test/src/lib.rs:724:74
[INFO] [stdout]   26:     0x5fa2a8031395 - <core[a373ad73a504971]::panic::unwind_safe::AssertUnwindSafe<test[aada8e7e76ba119b]::run_test_in_process::{closure#0}> as core[a373ad73a504971]::ops::function::FnOnce<()>>::call_once
[INFO] [stdout]                                at /rustc/e3feeb59cd1bdd011a2bfcc0747b55125d9b8527/library/core/src/panic/unwind_safe.rs:275:9
[INFO] [stdout]   27:     0x5fa2a8031395 - std[617be2ca0a6fd877]::panicking::catch_unwind::do_call::<core[a373ad73a504971]::panic::unwind_safe::AssertUnwindSafe<test[aada8e7e76ba119b]::run_test_in_process::{closure#0}>, core[a373ad73a504971]::result::Result<(), alloc[2e1b2a31b91974c5]::string::String>>
[INFO] [stdout]                                at /rustc/e3feeb59cd1bdd011a2bfcc0747b55125d9b8527/library/std/src/panicking.rs:573:43
[INFO] [stdout]   28:     0x5fa2a8031395 - std[617be2ca0a6fd877]::panicking::catch_unwind::<core[a373ad73a504971]::result::Result<(), alloc[2e1b2a31b91974c5]::string::String>, core[a373ad73a504971]::panic::unwind_safe::AssertUnwindSafe<test[aada8e7e76ba119b]::run_test_in_process::{closure#0}>>
[INFO] [stdout]                                at /rustc/e3feeb59cd1bdd011a2bfcc0747b55125d9b8527/library/std/src/panicking.rs:541:19
[INFO] [stdout]   29:     0x5fa2a8031395 - std[617be2ca0a6fd877]::panic::catch_unwind::<core[a373ad73a504971]::panic::unwind_safe::AssertUnwindSafe<test[aada8e7e76ba119b]::run_test_in_process::{closure#0}>, core[a373ad73a504971]::result::Result<(), alloc[2e1b2a31b91974c5]::string::String>>
[INFO] [stdout]                                at /rustc/e3feeb59cd1bdd011a2bfcc0747b55125d9b8527/library/std/src/panic.rs:359:14
[INFO] [stdout]   30:     0x5fa2a8031395 - test[aada8e7e76ba119b]::run_test_in_process
[INFO] [stdout]                                at /rustc/e3feeb59cd1bdd011a2bfcc0747b55125d9b8527/library/test/src/lib.rs:724:27
[INFO] [stdout]   31:     0x5fa2a8031395 - test[aada8e7e76ba119b]::run_test::{closure#0}
[INFO] [stdout]                                at /rustc/e3feeb59cd1bdd011a2bfcc0747b55125d9b8527/library/test/src/lib.rs:645:43
[INFO] [stdout]   32:     0x5fa2a802ac84 - test[aada8e7e76ba119b]::run_test::{closure#1}
[INFO] [stdout]                                at /rustc/e3feeb59cd1bdd011a2bfcc0747b55125d9b8527/library/test/src/lib.rs:675:41
[INFO] [stdout]   33:     0x5fa2a802ac84 - std[617be2ca0a6fd877]::sys::backtrace::__rust_begin_short_backtrace::<test[aada8e7e76ba119b]::run_test::{closure#1}, ()>
[INFO] [stdout]                                at /rustc/e3feeb59cd1bdd011a2bfcc0747b55125d9b8527/library/std/src/sys/backtrace.rs:166:18
[INFO] [stdout]   34:     0x5fa2a8034422 - std[617be2ca0a6fd877]::thread::lifecycle::spawn_unchecked::<test[aada8e7e76ba119b]::run_test::{closure#1}, ()>::{closure#1}::{closure#0}
[INFO] [stdout]                                at /rustc/e3feeb59cd1bdd011a2bfcc0747b55125d9b8527/library/std/src/thread/lifecycle.rs:70:13
[INFO] [stdout]   35:     0x5fa2a8034422 - <core[a373ad73a504971]::panic::unwind_safe::AssertUnwindSafe<std[617be2ca0a6fd877]::thread::lifecycle::spawn_unchecked<test[aada8e7e76ba119b]::run_test::{closure#1}, ()>::{closure#1}::{closure#0}> as core[a373ad73a504971]::ops::function::FnOnce<()>>::call_once
[INFO] [stdout]                                at /rustc/e3feeb59cd1bdd011a2bfcc0747b55125d9b8527/library/core/src/panic/unwind_safe.rs:275:9
[INFO] [stdout]   36:     0x5fa2a8034422 - std[617be2ca0a6fd877]::panicking::catch_unwind::do_call::<core[a373ad73a504971]::panic::unwind_safe::AssertUnwindSafe<std[617be2ca0a6fd877]::thread::lifecycle::spawn_unchecked<test[aada8e7e76ba119b]::run_test::{closure#1}, ()>::{closure#1}::{closure#0}>, ()>
[INFO] [stdout]                                at /rustc/e3feeb59cd1bdd011a2bfcc0747b55125d9b8527/library/std/src/panicking.rs:573:43
[INFO] [stdout]   37:     0x5fa2a8034422 - std[617be2ca0a6fd877]::panicking::catch_unwind::<(), core[a373ad73a504971]::panic::unwind_safe::AssertUnwindSafe<std[617be2ca0a6fd877]::thread::lifecycle::spawn_unchecked<test[aada8e7e76ba119b]::run_test::{closure#1}, ()>::{closure#1}::{closure#0}>>
[INFO] [stdout]                                at /rustc/e3feeb59cd1bdd011a2bfcc0747b55125d9b8527/library/std/src/panicking.rs:541:19
[INFO] [stdout]   38:     0x5fa2a8034422 - std[617be2ca0a6fd877]::panic::catch_unwind::<core[a373ad73a504971]::panic::unwind_safe::AssertUnwindSafe<std[617be2ca0a6fd877]::thread::lifecycle::spawn_unchecked<test[aada8e7e76ba119b]::run_test::{closure#1}, ()>::{closure#1}::{closure#0}>, ()>
[INFO] [stdout]                                at /rustc/e3feeb59cd1bdd011a2bfcc0747b55125d9b8527/library/std/src/panic.rs:359:14
[INFO] [stdout]   39:     0x5fa2a8034422 - std[617be2ca0a6fd877]::thread::lifecycle::spawn_unchecked::<test[aada8e7e76ba119b]::run_test::{closure#1}, ()>::{closure#1}
[INFO] [stdout]                                at /rustc/e3feeb59cd1bdd011a2bfcc0747b55125d9b8527/library/std/src/thread/lifecycle.rs:68:26
[INFO] [stdout]   40:     0x5fa2a8034422 - <std[617be2ca0a6fd877]::thread::lifecycle::spawn_unchecked<test[aada8e7e76ba119b]::run_test::{closure#1}, ()>::{closure#1} as core[a373ad73a504971]::ops::function::FnOnce<()>>::call_once::{shim:vtable#0}
[INFO] [stdout]                                at /rustc/e3feeb59cd1bdd011a2bfcc0747b55125d9b8527/library/core/src/ops/function.rs:250:5
[INFO] [stdout]   41:     0x5fa2a809c01f - <alloc[2e1b2a31b91974c5]::boxed::Box<dyn core[a373ad73a504971]::ops::function::FnOnce<(), Output = ()> + core[a373ad73a504971]::marker::Send> as core[a373ad73a504971]::ops::function::FnOnce<()>>::call_once
[INFO] [stdout]                                at /rustc/e3feeb59cd1bdd011a2bfcc0747b55125d9b8527/library/alloc/src/boxed.rs:2314:9
[INFO] [stdout]   42:     0x5fa2a809c01f - <std[617be2ca0a6fd877]::sys::thread::unix::Thread>::new::thread_start
[INFO] [stdout]                                at /rustc/e3feeb59cd1bdd011a2bfcc0747b55125d9b8527/library/std/src/sys/thread/unix.rs:127:17
[INFO] [stdout]   43:     0x73180f25cdfa - <unknown>
[INFO] [stdout]   44:     0x73180f2f03d4 - clone
[INFO] [stdout]   45:                0x0 - <unknown>
[INFO] [stdout] 
[INFO] [stdout] ---- every_example_runs_and_passes_the_independent_checker stdout ----
[INFO] [stdout] 
[INFO] [stdout] thread 'every_example_runs_and_passes_the_independent_checker' (3769) panicked at crates/rusty-script-cli/tests/cli.rs:40:13:
[INFO] [stdout] examples/features.rts failed to run:
[INFO] [stdout] rts: could not create /opt/rustwide/workdir/.rustyscript/cache: Read-only file system (os error 30)
[INFO] [stdout] 
[INFO] [stdout] stack backtrace:
[INFO] [stdout]    0:     0x5fa2a809c9a1 - std[617be2ca0a6fd877]::backtrace_rs::backtrace::libunwind::trace
[INFO] [stdout]                                at /rustc/e3feeb59cd1bdd011a2bfcc0747b55125d9b8527/library/std/src/../../backtrace/src/backtrace/libunwind.rs:117:9
[INFO] [stdout]    1:     0x5fa2a809c9a1 - std[617be2ca0a6fd877]::backtrace_rs::backtrace::trace_unsynchronized::<std[617be2ca0a6fd877]::sys::backtrace::_print_fmt::{closure#1}>
[INFO] [stdout]                                at /rustc/e3feeb59cd1bdd011a2bfcc0747b55125d9b8527/library/std/src/../../backtrace/src/backtrace/mod.rs:66:14
[INFO] [stdout]    2:     0x5fa2a809c9a1 - std[617be2ca0a6fd877]::sys::backtrace::_print_fmt
[INFO] [stdout]                                at /rustc/e3feeb59cd1bdd011a2bfcc0747b55125d9b8527/library/std/src/sys/backtrace.rs:74:9
[INFO] [stdout]    3:     0x5fa2a809c9a1 - <<std[617be2ca0a6fd877]::sys::backtrace::BacktraceLock>::print::DisplayBacktrace as core[a373ad73a504971]::fmt::Display>::fmt
[INFO] [stdout]                                at /rustc/e3feeb59cd1bdd011a2bfcc0747b55125d9b8527/library/std/src/sys/backtrace.rs:44:26
[INFO] [stdout]    4:     0x5fa2a80b090a - <core[a373ad73a504971]::fmt::rt::Argument>::fmt
[INFO] [stdout]                                at /rustc/e3feeb59cd1bdd011a2bfcc0747b55125d9b8527/library/core/src/fmt/rt.rs:152:76
[INFO] [stdout]    5:     0x5fa2a80b090a - core[a373ad73a504971]::fmt::write
[INFO] [stdout]    6:     0x5fa2a80a0bbc - core[a373ad73a504971]::io::write::default_write_fmt::<alloc[2e1b2a31b91974c5]::vec::Vec<u8>>
[INFO] [stdout]                                at /rustc/e3feeb59cd1bdd011a2bfcc0747b55125d9b8527/library/core/src/io/write.rs:402:11
[INFO] [stdout]    7:     0x5fa2a80a0bbc - <alloc[2e1b2a31b91974c5]::vec::Vec<u8> as core[a373ad73a504971]::io::write::Write>::write_fmt
[INFO] [stdout]                                at /rustc/e3feeb59cd1bdd011a2bfcc0747b55125d9b8527/library/core/src/io/write.rs:335:13
[INFO] [stdout]    8:     0x5fa2a8078546 - <std[617be2ca0a6fd877]::sys::backtrace::BacktraceLock>::print
[INFO] [stdout]                                at /rustc/e3feeb59cd1bdd011a2bfcc0747b55125d9b8527/library/std/src/sys/backtrace.rs:47:9
[INFO] [stdout]    9:     0x5fa2a8078546 - std[617be2ca0a6fd877]::panicking::default_hook::{closure#0}
[INFO] [stdout]                                at /rustc/e3feeb59cd1bdd011a2bfcc0747b55125d9b8527/library/std/src/panicking.rs:289:27
[INFO] [stdout]   10:     0x5fa2a8094d39 - std[617be2ca0a6fd877]::panicking::default_hook
[INFO] [stdout]                                at /rustc/e3feeb59cd1bdd011a2bfcc0747b55125d9b8527/library/std/src/panicking.rs:313:9
[INFO] [stdout]   11:     0x5fa2a8030d70 - <alloc[2e1b2a31b91974c5]::boxed::Box<dyn for<'a, 'b> core[a373ad73a504971]::ops::function::Fn<(&'a std[617be2ca0a6fd877]::panic::PanicHookInfo<'b>,), Output = ()> + core[a373ad73a504971]::marker::Sync + core[a373ad73a504971]::marker::Send> as core[a373ad73a504971]::ops::function::Fn<(&std[617be2ca0a6fd877]::panic::PanicHookInfo,)>>::call
[INFO] [stdout]                                at /rustc/e3feeb59cd1bdd011a2bfcc0747b55125d9b8527/library/alloc/src/boxed.rs:2328:9
[INFO] [stdout]   12:     0x5fa2a8030d70 - test[aada8e7e76ba119b]::test_main_inner::{closure#0}
[INFO] [stdout]                                at /rustc/e3feeb59cd1bdd011a2bfcc0747b55125d9b8527/library/test/src/lib.rs:137:21
[INFO] [stdout]   13:     0x5fa2a8094ef2 - <alloc[2e1b2a31b91974c5]::boxed::Box<dyn for<'a, 'b> core[a373ad73a504971]::ops::function::Fn<(&'a std[617be2ca0a6fd877]::panic::PanicHookInfo<'b>,), Output = ()> + core[a373ad73a504971]::marker::Sync + core[a373ad73a504971]::marker::Send> as core[a373ad73a504971]::ops::function::Fn<(&std[617be2ca0a6fd877]::panic::PanicHookInfo,)>>::call
[INFO] [stdout]                                at /rustc/e3feeb59cd1bdd011a2bfcc0747b55125d9b8527/library/alloc/src/boxed.rs:2328:9
[INFO] [stdout]   14:     0x5fa2a8094ef2 - std[617be2ca0a6fd877]::panicking::panic_with_hook
[INFO] [stdout]                                at /rustc/e3feeb59cd1bdd011a2bfcc0747b55125d9b8527/library/std/src/panicking.rs:819:13
[INFO] [stdout]   15:     0x5fa2a80785f2 - std[617be2ca0a6fd877]::panicking::panic_handler::{closure#0}
[INFO] [stdout]                                at /rustc/e3feeb59cd1bdd011a2bfcc0747b55125d9b8527/library/std/src/panicking.rs:685:13
[INFO] [stdout]   16:     0x5fa2a8071259 - std[617be2ca0a6fd877]::sys::backtrace::__rust_end_short_backtrace::<std[617be2ca0a6fd877]::panicking::panic_handler::{closure#0}, !>
[INFO] [stdout]                                at /rustc/e3feeb59cd1bdd011a2bfcc0747b55125d9b8527/library/std/src/sys/backtrace.rs:182:18
[INFO] [stdout]   17:     0x5fa2a80791fd - __rustc[ea4f61d10b84890b]::rust_begin_unwind
[INFO] [stdout]                                at /rustc/e3feeb59cd1bdd011a2bfcc0747b55125d9b8527/library/std/src/panicking.rs:676:5
[INFO] [stdout]   18:     0x5fa2a80b103c - core[a373ad73a504971]::panicking::panic_fmt
[INFO] [stdout]                                at /rustc/e3feeb59cd1bdd011a2bfcc0747b55125d9b8527/library/core/src/panicking.rs:80:14
[INFO] [stdout]   19:     0x5fa2a801b61e - cli[c8bdb01dcd93af]::every_example_runs_and_passes_the_independent_checker
[INFO] [stdout]                                at /opt/rustwide/workdir/crates/rusty-script-cli/tests/cli.rs:40:13
[INFO] [stdout]   20:     0x5fa2a8019757 - cli[c8bdb01dcd93af]::every_example_runs_and_passes_the_independent_checker::{closure#0}
[INFO] [stdout]                                at /opt/rustwide/workdir/crates/rusty-script-cli/tests/cli.rs:31:59
[INFO] [stdout]   21:     0x5fa2a801f136 - <cli[c8bdb01dcd93af]::every_example_runs_and_passes_the_independent_checker::{closure#0} as core[a373ad73a504971]::ops::function::FnOnce<()>>::call_once
[INFO] [stdout]                                at /rustc/e3feeb59cd1bdd011a2bfcc0747b55125d9b8527/library/core/src/ops/function.rs:250:5
[INFO] [stdout]   22:     0x5fa2a80241bb - <fn() -> core[a373ad73a504971]::result::Result<(), alloc[2e1b2a31b91974c5]::string::String> as core[a373ad73a504971]::ops::function::FnOnce<()>>::call_once
[INFO] [stdout]                                at /rustc/e3feeb59cd1bdd011a2bfcc0747b55125d9b8527/library/core/src/ops/function.rs:250:5
[INFO] [stdout]   23:     0x5fa2a80241bb - test[aada8e7e76ba119b]::__rust_begin_short_backtrace::<core[a373ad73a504971]::result::Result<(), alloc[2e1b2a31b91974c5]::string::String>, fn() -> core[a373ad73a504971]::result::Result<(), alloc[2e1b2a31b91974c5]::string::String>>
[INFO] [stdout]                                at /rustc/e3feeb59cd1bdd011a2bfcc0747b55125d9b8527/library/test/src/lib.rs:701:18
[INFO] [stdout]   24:     0x5fa2a8031395 - test[aada8e7e76ba119b]::run_test_in_process::{closure#0}
[INFO] [stdout]                                at /rustc/e3feeb59cd1bdd011a2bfcc0747b55125d9b8527/library/test/src/lib.rs:724:74
[INFO] [stdout]   25:     0x5fa2a8031395 - <core[a373ad73a504971]::panic::unwind_safe::AssertUnwindSafe<test[aada8e7e76ba119b]::run_test_in_process::{closure#0}> as core[a373ad73a504971]::ops::function::FnOnce<()>>::call_once
[INFO] [stdout]                                at /rustc/e3feeb59cd1bdd011a2bfcc0747b55125d9b8527/library/core/src/panic/unwind_safe.rs:275:9
[INFO] [stdout]   26:     0x5fa2a8031395 - std[617be2ca0a6fd877]::panicking::catch_unwind::do_call::<core[a373ad73a504971]::panic::unwind_safe::AssertUnwindSafe<test[aada8e7e76ba119b]::run_test_in_process::{closure#0}>, core[a373ad73a504971]::result::Result<(), alloc[2e1b2a31b91974c5]::string::String>>
[INFO] [stdout]                                at /rustc/e3feeb59cd1bdd011a2bfcc0747b55125d9b8527/library/std/src/panicking.rs:573:43
[INFO] [stdout]   27:     0x5fa2a8031395 - std[617be2ca0a6fd877]::panicking::catch_unwind::<core[a373ad73a504971]::result::Result<(), alloc[2e1b2a31b91974c5]::string::String>, core[a373ad73a504971]::panic::unwind_safe::AssertUnwindSafe<test[aada8e7e76ba119b]::run_test_in_process::{closure#0}>>
[INFO] [stdout]                                at /rustc/e3feeb59cd1bdd011a2bfcc0747b55125d9b8527/library/std/src/panicking.rs:541:19
[INFO] [stdout]   28:     0x5fa2a8031395 - std[617be2ca0a6fd877]::panic::catch_unwind::<core[a373ad73a504971]::panic::unwind_safe::AssertUnwindSafe<test[aada8e7e76ba119b]::run_test_in_process::{closure#0}>, core[a373ad73a504971]::result::Result<(), alloc[2e1b2a31b91974c5]::string::String>>
[INFO] [stdout]                                at /rustc/e3feeb59cd1bdd011a2bfcc0747b55125d9b8527/library/std/src/panic.rs:359:14
[INFO] [stdout]   29:     0x5fa2a8031395 - test[aada8e7e76ba119b]::run_test_in_process
[INFO] [stdout]                                at /rustc/e3feeb59cd1bdd011a2bfcc0747b55125d9b8527/library/test/src/lib.rs:724:27
[INFO] [stdout]   30:     0x5fa2a8031395 - test[aada8e7e76ba119b]::run_test::{closure#0}
[INFO] [stdout]                                at /rustc/e3feeb59cd1bdd011a2bfcc0747b55125d9b8527/library/test/src/lib.rs:645:43
[INFO] [stdout]   31:     0x5fa2a802ac84 - test[aada8e7e76ba119b]::run_test::{closure#1}
[INFO] [stdout]                                at /rustc/e3feeb59cd1bdd011a2bfcc0747b55125d9b8527/library/test/src/lib.rs:675:41
[INFO] [stdout]   32:     0x5fa2a802ac84 - std[617be2ca0a6fd877]::sys::backtrace::__rust_begin_short_backtrace::<test[aada8e7e76ba119b]::run_test::{closure#1}, ()>
[INFO] [stdout]                                at /rustc/e3feeb59cd1bdd011a2bfcc0747b55125d9b8527/library/std/src/sys/backtrace.rs:166:18
[INFO] [stdout]   33:     0x5fa2a8034422 - std[617be2ca0a6fd877]::thread::lifecycle::spawn_unchecked::<test[aada8e7e76ba119b]::run_test::{closure#1}, ()>::{closure#1}::{closure#0}
[INFO] [stdout]                                at /rustc/e3feeb59cd1bdd011a2bfcc0747b55125d9b8527/library/std/src/thread/lifecycle.rs:70:13
[INFO] [stdout]   34:     0x5fa2a8034422 - <core[a373ad73a504971]::panic::unwind_safe::AssertUnwindSafe<std[617be2ca0a6fd877]::thread::lifecycle::spawn_unchecked<test[aada8e7e76ba119b]::run_test::{closure#1}, ()>::{closure#1}::{closure#0}> as core[a373ad73a504971]::ops::function::FnOnce<()>>::call_once
[INFO] [stdout]                                at /rustc/e3feeb59cd1bdd011a2bfcc0747b55125d9b8527/library/core/src/panic/unwind_safe.rs:275:9
[INFO] [stdout]   35:     0x5fa2a8034422 - std[617be2ca0a6fd877]::panicking::catch_unwind::do_call::<core[a373ad73a504971]::panic::unwind_safe::AssertUnwindSafe<std[617be2ca0a6fd877]::thread::lifecycle::spawn_unchecked<test[aada8e7e76ba119b]::run_test::{closure#1}, ()>::{closure#1}::{closure#0}>, ()>
[INFO] [stdout]                                at /rustc/e3feeb59cd1bdd011a2bfcc0747b55125d9b8527/library/std/src/panicking.rs:573:43
[INFO] [stdout]   36:     0x5fa2a8034422 - std[617be2ca0a6fd877]::panicking::catch_unwind::<(), core[a373ad73a504971]::panic::unwind_safe::AssertUnwindSafe<std[617be2ca0a6fd877]::thread::lifecycle::spawn_unchecked<test[aada8e7e76ba119b]::run_test::{closure#1}, ()>::{closure#1}::{closure#0}>>
[INFO] [stdout]                                at /rustc/e3feeb59cd1bdd011a2bfcc0747b55125d9b8527/library/std/src/panicking.rs:541:19
[INFO] [stdout]   37:     0x5fa2a8034422 - std[617be2ca0a6fd877]::panic::catch_unwind::<core[a373ad73a504971]::panic::unwind_safe::AssertUnwindSafe<std[617be2ca0a6fd877]::thread::lifecycle::spawn_unchecked<test[aada8e7e76ba119b]::run_test::{closure#1}, ()>::{closure#1}::{closure#0}>, ()>
[INFO] [stdout]                                at /rustc/e3feeb59cd1bdd011a2bfcc0747b55125d9b8527/library/std/src/panic.rs:359:14
[INFO] [stdout]   38:     0x5fa2a8034422 - std[617be2ca0a6fd877]::thread::lifecycle::spawn_unchecked::<test[aada8e7e76ba119b]::run_test::{closure#1}, ()>::{closure#1}
[INFO] [stdout]                                at /rustc/e3feeb59cd1bdd011a2bfcc0747b55125d9b8527/library/std/src/thread/lifecycle.rs:68:26
[INFO] [stdout]   39:     0x5fa2a8034422 - <std[617be2ca0a6fd877]::thread::lifecycle::spawn_unchecked<test[aada8e7e76ba119b]::run_test::{closure#1}, ()>::{closure#1} as core[a373ad73a504971]::ops::function::FnOnce<()>>::call_once::{shim:vtable#0}
[INFO] [stdout]                                at /rustc/e3feeb59cd1bdd011a2bfcc0747b55125d9b8527/library/core/src/ops/function.rs:250:5
[INFO] [stdout]   40:     0x5fa2a809c01f - <alloc[2e1b2a31b91974c5]::boxed::Box<dyn core[a373ad73a504971]::ops::function::FnOnce<(), Output = ()> + core[a373ad73a504971]::marker::Send> as core[a373ad73a504971]::ops::function::FnOnce<()>>::call_once
[INFO] [stdout]                                at /rustc/e3feeb59cd1bdd011a2bfcc0747b55125d9b8527/library/alloc/src/boxed.rs:2314:9
[INFO] [stdout]   41:     0x5fa2a809c01f - <std[617be2ca0a6fd877]::sys::thread::unix::Thread>::new::thread_start
[INFO] [stdout]                                at /rustc/e3feeb59cd1bdd011a2bfcc0747b55125d9b8527/library/std/src/sys/thread/unix.rs:127:17
[INFO] [stdout]   42:     0x73180f25cdfa - <unknown>
[INFO] [stdout]   43:     0x73180f2f03d4 - clone
[INFO] [stdout]   44:                0x0 - <unknown>
[INFO] [stdout] 
[INFO] [stdout] ---- runs_traits_adts_and_patterns_end_to_end stdout ----
[INFO] [stdout] 
[INFO] [stdout] thread 'runs_traits_adts_and_patterns_end_to_end' (3773) panicked at crates/rusty-script-cli/tests/cli.rs:84:5:
[INFO] [stdout] rts: could not create /opt/rustwide/workdir/.rustyscript/cache: Read-only file system (os error 30)
[INFO] [stdout] 
[INFO] [stdout] stack backtrace:
[INFO] [stdout]    0:     0x5fa2a809c9a1 - std[617be2ca0a6fd877]::backtrace_rs::backtrace::libunwind::trace
[INFO] [stdout]                                at /rustc/e3feeb59cd1bdd011a2bfcc0747b55125d9b8527/library/std/src/../../backtrace/src/backtrace/libunwind.rs:117:9
[INFO] [stdout]    1:     0x5fa2a809c9a1 - std[617be2ca0a6fd877]::backtrace_rs::backtrace::trace_unsynchronized::<std[617be2ca0a6fd877]::sys::backtrace::_print_fmt::{closure#1}>
[INFO] [stdout]                                at /rustc/e3feeb59cd1bdd011a2bfcc0747b55125d9b8527/library/std/src/../../backtrace/src/backtrace/mod.rs:66:14
[INFO] [stdout]    2:     0x5fa2a809c9a1 - std[617be2ca0a6fd877]::sys::backtrace::_print_fmt
[INFO] [stdout]                                at /rustc/e3feeb59cd1bdd011a2bfcc0747b55125d9b8527/library/std/src/sys/backtrace.rs:74:9
[INFO] [stdout]    3:     0x5fa2a809c9a1 - <<std[617be2ca0a6fd877]::sys::backtrace::BacktraceLock>::print::DisplayBacktrace as core[a373ad73a504971]::fmt::Display>::fmt
[INFO] [stdout]                                at /rustc/e3feeb59cd1bdd011a2bfcc0747b55125d9b8527/library/std/src/sys/backtrace.rs:44:26
[INFO] [stdout]    4:     0x5fa2a80b090a - <core[a373ad73a504971]::fmt::rt::Argument>::fmt
[INFO] [stdout]                                at /rustc/e3feeb59cd1bdd011a2bfcc0747b55125d9b8527/library/core/src/fmt/rt.rs:152:76
[INFO] [stdout]    5:     0x5fa2a80b090a - core[a373ad73a504971]::fmt::write
[INFO] [stdout]    6:     0x5fa2a80a0bbc - core[a373ad73a504971]::io::write::default_write_fmt::<alloc[2e1b2a31b91974c5]::vec::Vec<u8>>
[INFO] [stdout]                                at /rustc/e3feeb59cd1bdd011a2bfcc0747b55125d9b8527/library/core/src/io/write.rs:402:11
[INFO] [stdout]    7:     0x5fa2a80a0bbc - <alloc[2e1b2a31b91974c5]::vec::Vec<u8> as core[a373ad73a504971]::io::write::Write>::write_fmt
[INFO] [stdout]                                at /rustc/e3feeb59cd1bdd011a2bfcc0747b55125d9b8527/library/core/src/io/write.rs:335:13
[INFO] [stdout]    8:     0x5fa2a8078546 - <std[617be2ca0a6fd877]::sys::backtrace::BacktraceLock>::print
[INFO] [stdout]                                at /rustc/e3feeb59cd1bdd011a2bfcc0747b55125d9b8527/library/std/src/sys/backtrace.rs:47:9
[INFO] [stdout]    9:     0x5fa2a8078546 - std[617be2ca0a6fd877]::panicking::default_hook::{closure#0}
[INFO] [stdout]                                at /rustc/e3feeb59cd1bdd011a2bfcc0747b55125d9b8527/library/std/src/panicking.rs:289:27
[INFO] [stdout]   10:     0x5fa2a8094d39 - std[617be2ca0a6fd877]::panicking::default_hook
[INFO] [stdout]                                at /rustc/e3feeb59cd1bdd011a2bfcc0747b55125d9b8527/library/std/src/panicking.rs:313:9
[INFO] [stdout]   11:     0x5fa2a8030d70 - <alloc[2e1b2a31b91974c5]::boxed::Box<dyn for<'a, 'b> core[a373ad73a504971]::ops::function::Fn<(&'a std[617be2ca0a6fd877]::panic::PanicHookInfo<'b>,), Output = ()> + core[a373ad73a504971]::marker::Sync + core[a373ad73a504971]::marker::Send> as core[a373ad73a504971]::ops::function::Fn<(&std[617be2ca0a6fd877]::panic::PanicHookInfo,)>>::call
[INFO] [stdout]                                at /rustc/e3feeb59cd1bdd011a2bfcc0747b55125d9b8527/library/alloc/src/boxed.rs:2328:9
[INFO] [stdout]   12:     0x5fa2a8030d70 - test[aada8e7e76ba119b]::test_main_inner::{closure#0}
[INFO] [stdout]                                at /rustc/e3feeb59cd1bdd011a2bfcc0747b55125d9b8527/library/test/src/lib.rs:137:21
[INFO] [stdout]   13:     0x5fa2a8094ef2 - <alloc[2e1b2a31b91974c5]::boxed::Box<dyn for<'a, 'b> core[a373ad73a504971]::ops::function::Fn<(&'a std[617be2ca0a6fd877]::panic::PanicHookInfo<'b>,), Output = ()> + core[a373ad73a504971]::marker::Sync + core[a373ad73a504971]::marker::Send> as core[a373ad73a504971]::ops::function::Fn<(&std[617be2ca0a6fd877]::panic::PanicHookInfo,)>>::call
[INFO] [stdout]                                at /rustc/e3feeb59cd1bdd011a2bfcc0747b55125d9b8527/library/alloc/src/boxed.rs:2328:9
[INFO] [stdout]   14:     0x5fa2a8094ef2 - std[617be2ca0a6fd877]::panicking::panic_with_hook
[INFO] [stdout]                                at /rustc/e3feeb59cd1bdd011a2bfcc0747b55125d9b8527/library/std/src/panicking.rs:819:13
[INFO] [stdout]   15:     0x5fa2a80785f2 - std[617be2ca0a6fd877]::panicking::panic_handler::{closure#0}
[INFO] [stdout]                                at /rustc/e3feeb59cd1bdd011a2bfcc0747b55125d9b8527/library/std/src/panicking.rs:685:13
[INFO] [stdout]   16:     0x5fa2a8071259 - std[617be2ca0a6fd877]::sys::backtrace::__rust_end_short_backtrace::<std[617be2ca0a6fd877]::panicking::panic_handler::{closure#0}, !>
[INFO] [stdout]                                at /rustc/e3feeb59cd1bdd011a2bfcc0747b55125d9b8527/library/std/src/sys/backtrace.rs:182:18
[INFO] [stdout]   17:     0x5fa2a80791fd - __rustc[ea4f61d10b84890b]::rust_begin_unwind
[INFO] [stdout]                                at /rustc/e3feeb59cd1bdd011a2bfcc0747b55125d9b8527/library/std/src/panicking.rs:676:5
[INFO] [stdout]   18:     0x5fa2a80b103c - core[a373ad73a504971]::panicking::panic_fmt
[INFO] [stdout]                                at /rustc/e3feeb59cd1bdd011a2bfcc0747b55125d9b8527/library/core/src/panicking.rs:80:14
[INFO] [stdout]   19:     0x5fa2a80200a8 - core[a373ad73a504971]::panicking::panic_display::<alloc[2e1b2a31b91974c5]::borrow::Cow<str>>
[INFO] [stdout]                                at /rustc/e3feeb59cd1bdd011a2bfcc0747b55125d9b8527/library/core/src/panicking.rs:259:5
[INFO] [stdout]   20:     0x5fa2a801aaa5 - cli[c8bdb01dcd93af]::runs_traits_adts_and_patterns_end_to_end
[INFO] [stdout]                                at /opt/rustwide/workdir/crates/rusty-script-cli/tests/cli.rs:84:5
[INFO] [stdout]   21:     0x5fa2a80196f7 - cli[c8bdb01dcd93af]::runs_traits_adts_and_patterns_end_to_end::{closure#0}
[INFO] [stdout]                                at /opt/rustwide/workdir/crates/rusty-script-cli/tests/cli.rs:74:46
[INFO] [stdout]   22:     0x5fa2a801f0f6 - <cli[c8bdb01dcd93af]::runs_traits_adts_and_patterns_end_to_end::{closure#0} as core[a373ad73a504971]::ops::function::FnOnce<()>>::call_once
[INFO] [stdout]                                at /rustc/e3feeb59cd1bdd011a2bfcc0747b55125d9b8527/library/core/src/ops/function.rs:250:5
[INFO] [stdout]   23:     0x5fa2a80241bb - <fn() -> core[a373ad73a504971]::result::Result<(), alloc[2e1b2a31b91974c5]::string::String> as core[a373ad73a504971]::ops::function::FnOnce<()>>::call_once
[INFO] [stdout]                                at /rustc/e3feeb59cd1bdd011a2bfcc0747b55125d9b8527/library/core/src/ops/function.rs:250:5
[INFO] [stdout]   24:     0x5fa2a80241bb - test[aada8e7e76ba119b]::__rust_begin_short_backtrace::<core[a373ad73a504971]::result::Result<(), alloc[2e1b2a31b91974c5]::string::String>, fn() -> core[a373ad73a504971]::result::Result<(), alloc[2e1b2a31b91974c5]::string::String>>
[INFO] [stdout]                                at /rustc/e3feeb59cd1bdd011a2bfcc0747b55125d9b8527/library/test/src/lib.rs:701:18
[INFO] [stdout]   25:     0x5fa2a8031395 - test[aada8e7e76ba119b]::run_test_in_process::{closure#0}
[INFO] [stdout]                                at /rustc/e3feeb59cd1bdd011a2bfcc0747b55125d9b8527/library/test/src/lib.rs:724:74
[INFO] [stdout]   26:     0x5fa2a8031395 - <core[a373ad73a504971]::panic::unwind_safe::AssertUnwindSafe<test[aada8e7e76ba119b]::run_test_in_process::{closure#0}> as core[a373ad73a504971]::ops::function::FnOnce<()>>::call_once
[INFO] [stdout]                                at /rustc/e3feeb59cd1bdd011a2bfcc0747b55125d9b8527/library/core/src/panic/unwind_safe.rs:275:9
[INFO] [stdout]   27:     0x5fa2a8031395 - std[617be2ca0a6fd877]::panicking::catch_unwind::do_call::<core[a373ad73a504971]::panic::unwind_safe::AssertUnwindSafe<test[aada8e7e76ba119b]::run_test_in_process::{closure#0}>, core[a373ad73a504971]::result::Result<(), alloc[2e1b2a31b91974c5]::string::String>>
[INFO] [stdout]                                at /rustc/e3feeb59cd1bdd011a2bfcc0747b55125d9b8527/library/std/src/panicking.rs:573:43
[INFO] [stdout]   28:     0x5fa2a8031395 - std[617be2ca0a6fd877]::panicking::catch_unwind::<core[a373ad73a504971]::result::Result<(), alloc[2e1b2a31b91974c5]::string::String>, core[a373ad73a504971]::panic::unwind_safe::AssertUnwindSafe<test[aada8e7e76ba119b]::run_test_in_process::{closure#0}>>
[INFO] [stdout]                                at /rustc/e3feeb59cd1bdd011a2bfcc0747b55125d9b8527/library/std/src/panicking.rs:541:19
[INFO] [stdout]   29:     0x5fa2a8031395 - std[617be2ca0a6fd877]::panic::catch_unwind::<core[a373ad73a504971]::panic::unwind_safe::AssertUnwindSafe<test[aada8e7e76ba119b]::run_test_in_process::{closure#0}>, core[a373ad73a504971]::result::Result<(), alloc[2e1b2a31b91974c5]::string::String>>
[INFO] [stdout]                                at /rustc/e3feeb59cd1bdd011a2bfcc0747b55125d9b8527/library/std/src/panic.rs:359:14
[INFO] [stdout]   30:     0x5fa2a8031395 - test[aada8e7e76ba119b]::run_test_in_process
[INFO] [stdout]                                at /rustc/e3feeb59cd1bdd011a2bfcc0747b55125d9b8527/library/test/src/lib.rs:724:27
[INFO] [stdout]   31:     0x5fa2a8031395 - test[aada8e7e76ba119b]::run_test::{closure#0}
[INFO] [stdout]                                at /rustc/e3feeb59cd1bdd011a2bfcc0747b55125d9b8527/library/test/src/lib.rs:645:43
[INFO] [stdout]   32:     0x5fa2a802ac84 - test[aada8e7e76ba119b]::run_test::{closure#1}
[INFO] [stdout]                                at /rustc/e3feeb59cd1bdd011a2bfcc0747b55125d9b8527/library/test/src/lib.rs:675:41
[INFO] [stdout]   33:     0x5fa2a802ac84 - std[617be2ca0a6fd877]::sys::backtrace::__rust_begin_short_backtrace::<test[aada8e7e76ba119b]::run_test::{closure#1}, ()>
[INFO] [stdout]                                at /rustc/e3feeb59cd1bdd011a2bfcc0747b55125d9b8527/library/std/src/sys/backtrace.rs:166:18
[INFO] [stdout]   34:     0x5fa2a8034422 - std[617be2ca0a6fd877]::thread::lifecycle::spawn_unchecked::<test[aada8e7e76ba119b]::run_test::{closure#1}, ()>::{closure#1}::{closure#0}
[INFO] [stdout]                                at /rustc/e3feeb59cd1bdd011a2bfcc0747b55125d9b8527/library/std/src/thread/lifecycle.rs:70:13
[INFO] [stdout]   35:     0x5fa2a8034422 - <core[a373ad73a504971]::panic::unwind_safe::AssertUnwindSafe<std[617be2ca0a6fd877]::thread::lifecycle::spawn_unchecked<test[aada8e7e76ba119b]::run_test::{closure#1}, ()>::{closure#1}::{closure#0}> as core[a373ad73a504971]::ops::function::FnOnce<()>>::call_once
[INFO] [stdout]                                at /rustc/e3feeb59cd1bdd011a2bfcc0747b55125d9b8527/library/core/src/panic/unwind_safe.rs:275:9
[INFO] [stdout]   36:     0x5fa2a8034422 - std[617be2ca0a6fd877]::panicking::catch_unwind::do_call::<core[a373ad73a504971]::panic::unwind_safe::AssertUnwindSafe<std[617be2ca0a6fd877]::thread::lifecycle::spawn_unchecked<test[aada8e7e76ba119b]::run_test::{closure#1}, ()>::{closure#1}::{closure#0}>, ()>
[INFO] [stdout]                                at /rustc/e3feeb59cd1bdd011a2bfcc0747b55125d9b8527/library/std/src/panicking.rs:573:43
[INFO] [stdout]   37:     0x5fa2a8034422 - std[617be2ca0a6fd877]::panicking::catch_unwind::<(), core[a373ad73a504971]::panic::unwind_safe::AssertUnwindSafe<std[617be2ca0a6fd877]::thread::lifecycle::spawn_unchecked<test[aada8e7e76ba119b]::run_test::{closure#1}, ()>::{closure#1}::{closure#0}>>
[INFO] [stdout]                                at /rustc/e3feeb59cd1bdd011a2bfcc0747b55125d9b8527/library/std/src/panicking.rs:541:19
[INFO] [stdout]   38:     0x5fa2a8034422 - std[617be2ca0a6fd877]::panic::catch_unwind::<core[a373ad73a504971]::panic::unwind_safe::AssertUnwindSafe<std[617be2ca0a6fd877]::thread::lifecycle::spawn_unchecked<test[aada8e7e76ba119b]::run_test::{closure#1}, ()>::{closure#1}::{closure#0}>, ()>
[INFO] [stdout]                                at /rustc/e3feeb59cd1bdd011a2bfcc0747b55125d9b8527/library/std/src/panic.rs:359:14
[INFO] [stdout]   39:     0x5fa2a8034422 - std[617be2ca0a6fd877]::thread::lifecycle::spawn_unchecked::<test[aada8e7e76ba119b]::run_test::{closure#1}, ()>::{closure#1}
[INFO] [stdout]                                at /rustc/e3feeb59cd1bdd011a2bfcc0747b55125d9b8527/library/std/src/thread/lifecycle.rs:68:26
[INFO] [stdout]   40:     0x5fa2a8034422 - <std[617be2ca0a6fd877]::thread::lifecycle::spawn_unchecked<test[aada8e7e76ba119b]::run_test::{closure#1}, ()>::{closure#1} as core[a373ad73a504971]::ops::function::FnOnce<()>>::call_once::{shim:vtable#0}
[INFO] [stdout]                                at /rustc/e3feeb59cd1bdd011a2bfcc0747b55125d9b8527/library/core/src/ops/function.rs:250:5
[INFO] [stdout]   41:     0x5fa2a809c01f - <alloc[2e1b2a31b91974c5]::boxed::Box<dyn core[a373ad73a504971]::ops::function::FnOnce<(), Output = ()> + core[a373ad73a504971]::marker::Send> as core[a373ad73a504971]::ops::function::FnOnce<()>>::call_once
[INFO] [stdout]                                at /rustc/e3feeb59cd1bdd011a2bfcc0747b55125d9b8527/library/alloc/src/boxed.rs:2314:9
[INFO] [stdout]   42:     0x5fa2a809c01f - <std[617be2ca0a6fd877]::sys::thread::unix::Thread>::new::thread_start
[INFO] [stdout]                                at /rustc/e3feeb59cd1bdd011a2bfcc0747b55125d9b8527/library/std/src/sys/thread/unix.rs:127:17
[INFO] [stdout]   43:     0x73180f25cdfa - <unknown>
[INFO] [stdout]   44:     0x73180f2f03d4 - clone
[INFO] [stdout]   45:                0x0 - <unknown>
[INFO] [stdout] 
[INFO] [stdout] 
[INFO] [stdout] failures:
[INFO] [stdout]     every_example_runs_and_passes_the_independent_checker
[INFO] [stdout]     lazily_compiles_local_modules
[INFO] [stdout]     runs_default_and_blanket_trait_dictionaries
[INFO] [stdout]     runs_propagation_and_rust_shadowing
[INFO] [stdout]     runs_traits_adts_and_patterns_end_to_end
[INFO] [stdout] 
[INFO] [stdout] test result: FAILED. 1 passed; 5 failed; 0 ignored; 0 measured; 0 filtered out; finished in 0.23s
[INFO] [stdout] 
[INFO] running `Command { std: "docker" "inspect" "dab975c1ded7eaad3c8e93a555ca2662f61931f5f8971e36ca9feeaed623e22f", kill_on_drop: false }`
[INFO] running `Command { std: "docker" "rm" "-f" "dab975c1ded7eaad3c8e93a555ca2662f61931f5f8971e36ca9feeaed623e22f", kill_on_drop: false }`
[INFO] [stdout] dab975c1ded7eaad3c8e93a555ca2662f61931f5f8971e36ca9feeaed623e22f
