[INFO] cloning repository https://github.com/tik-choco-lab/p2p
[INFO] running `Command { std: "git" "-c" "credential.helper=" "-c" "credential.helper=/workspace/cargo-home/bin/git-credential-null" "clone" "--bare" "https://github.com/tik-choco-lab/p2p" "/workspace/cache/git-repos/https%3A%2F%2Fgithub.com%2Ftik-choco-lab%2Fp2p", kill_on_drop: false }`
[INFO] [stderr] Cloning into bare repository '/workspace/cache/git-repos/https%3A%2F%2Fgithub.com%2Ftik-choco-lab%2Fp2p'...
[INFO] running `Command { std: "git" "rev-parse" "HEAD", kill_on_drop: false }`
[INFO] [stdout] a64fbc0c8005c401da272dddf2f5475433e2193b
[INFO] testing tik-choco-lab/p2p against 1.100.0-beta.1 for beta-1.100-2
[INFO] running `Command { std: "git" "clone" "/workspace/cache/git-repos/https%3A%2F%2Fgithub.com%2Ftik-choco-lab%2Fp2p" "/workspace/builds/worker-3-tc2/source", kill_on_drop: false }`
[INFO] [stderr] Cloning into '/workspace/builds/worker-3-tc2/source'...
[INFO] [stderr] done.
[INFO] removed /workspace/builds/worker-3-tc2/source/.cargo/config.toml
[INFO] started tweaking git repo https://github.com/tik-choco-lab/p2p
[INFO] finished tweaking git repo https://github.com/tik-choco-lab/p2p
[INFO] tweaked toml for git repo https://github.com/tik-choco-lab/p2p written to /workspace/builds/worker-3-tc2/source/Cargo.toml
[INFO] validating manifest of git repo https://github.com/tik-choco-lab/p2p on toolchain 1.100.0-beta.1
[INFO] running `Command { std: CARGO_HOME="/workspace/cargo-home" RUSTUP_HOME="/workspace/rustup-home" "/workspace/cargo-home/bin/cargo" "+1.100.0-beta.1" "metadata" "--manifest-path" "Cargo.toml" "--no-deps", kill_on_drop: false }`
[INFO] crate git repo https://github.com/tik-choco-lab/p2p already has a lockfile, it will not be regenerated
[INFO] running `Command { std: CARGO_HOME="/workspace/cargo-home" RUSTUP_HOME="/workspace/rustup-home" "/workspace/cargo-home/bin/cargo" "+1.100.0-beta.1" "fetch" "--manifest-path" "Cargo.toml", kill_on_drop: false }`
[INFO] [stderr]     Blocking waiting for file lock on package cache
[INFO] running `Command { std: "docker" "create" "-v" "/var/lib/crater-agent-workspace/builds/worker-3-tc2/source:/opt/rustwide/workdir:ro,Z" "-v" "/var/lib/crater-agent-workspace/builds/worker-3-tc2/target:/opt/rustwide/target:rw,Z" "-v" "/var/lib/crater-agent-workspace/cargo-home:/opt/rustwide/cargo-home:ro,Z" "-v" "/var/lib/crater-agent-workspace/rustup-home:/opt/rustwide/rustup-home:ro,Z" "-m" "1610612736" "--network" "none" "ghcr.io/rust-lang/crates-build-env/linux@sha256:3111399a4047eeb3a02b7a90e478d715f38a8c6669b5c4b49d30a17385265909" "sleep" "infinity", kill_on_drop: false }`
[INFO] [stdout] d5642604fdcab27fae0503f9b360f29d638ddfd2f2384c89c3a12b0440afa388
[INFO] running `Command { std: "docker" "start" "d5642604fdcab27fae0503f9b360f29d638ddfd2f2384c89c3a12b0440afa388", kill_on_drop: false }`
[INFO] running `Command { std: "docker" "inspect" "d5642604fdcab27fae0503f9b360f29d638ddfd2f2384c89c3a12b0440afa388", kill_on_drop: false }`
[INFO] running `Command { std: "docker" "exec" "-e" "SOURCE_DIR=/opt/rustwide/workdir" "-e" "CARGO_HOME=/opt/rustwide/cargo-home" "-e" "RUSTUP_HOME=/opt/rustwide/rustup-home" "-e" "CARGO_TARGET_DIR=/opt/rustwide/target" "-w" "/opt/rustwide/workdir" "--user" "0:0" "d5642604fdcab27fae0503f9b360f29d638ddfd2f2384c89c3a12b0440afa388" "/opt/rustwide/cargo-home/bin/cargo" "+1.100.0-beta.1" "metadata" "--no-deps" "--format-version=1", kill_on_drop: false }`
[INFO] running `Command { std: "docker" "inspect" "d5642604fdcab27fae0503f9b360f29d638ddfd2f2384c89c3a12b0440afa388", kill_on_drop: false }`
[INFO] running `Command { std: "docker" "exec" "-e" "SOURCE_DIR=/opt/rustwide/workdir" "-e" "CARGO_HOME=/opt/rustwide/cargo-home" "-e" "RUSTUP_HOME=/opt/rustwide/rustup-home" "-e" "CARGO_TARGET_DIR=/opt/rustwide/target" "-e" "CARGO_INCREMENTAL=0" "-e" "RUST_BACKTRACE=full" "-e" "RUSTFLAGS=--cap-lints=warn" "-e" "RUSTDOCFLAGS=--cap-lints=warn" "-w" "/opt/rustwide/workdir" "--user" "0:0" "d5642604fdcab27fae0503f9b360f29d638ddfd2f2384c89c3a12b0440afa388" "/opt/rustwide/cargo-home/bin/cargo" "+1.100.0-beta.1" "build" "--frozen" "--message-format=json", kill_on_drop: false }`
[INFO] [stderr]    Compiling libc v0.2.182
[INFO] [stderr]    Compiling serde_core v1.0.228
[INFO] [stderr]    Compiling serde v1.0.228
[INFO] [stderr]    Compiling const-oid v0.9.6
[INFO] [stderr]    Compiling generic-array v0.14.7
[INFO] [stderr]    Compiling memoffset v0.7.1
[INFO] [stderr]    Compiling syn v2.0.116
[INFO] [stderr]    Compiling zerocopy v0.8.39
[INFO] [stderr]    Compiling portable-atomic v1.13.1
[INFO] [stderr]    Compiling base64ct v1.8.3
[INFO] [stderr]    Compiling num-traits v0.2.19
[INFO] [stderr]    Compiling base16ct v0.2.0
[INFO] [stderr]    Compiling time-core v0.1.8
[INFO] [stderr]    Compiling num-conv v0.2.0
[INFO] [stderr]    Compiling openssl-sys v0.9.117
[INFO] [stderr]    Compiling deranged v0.5.6
[INFO] [stderr]    Compiling pem-rfc7468 v0.7.0
[INFO] [stderr]    Compiling data-encoding v2.10.0
[INFO] [stderr]    Compiling opaque-debug v0.3.1
[INFO] [stderr]    Compiling bitflags v2.11.0
[INFO] [stderr]    Compiling rusticata-macros v4.1.0
[INFO] [stderr]    Compiling oid-registry v0.7.1
[INFO] [stderr]    Compiling openssl v0.10.81
[INFO] [stderr]    Compiling time-macros v0.2.27
[INFO] [stderr]    Compiling curve25519-dalek v4.1.3
[INFO] [stderr]    Compiling aho-corasick v1.1.4
[INFO] [stderr]    Compiling regex-syntax v0.8.9
[INFO] [stderr]    Compiling getrandom v0.4.1
[INFO] [stderr]    Compiling native-tls v0.2.18
[INFO] [stderr]    Compiling arc-swap v1.8.2
[INFO] [stderr]    Compiling substring v1.4.5
[INFO] [stderr]    Compiling rustls v0.23.36
[INFO] [stderr]    Compiling waitgroup v0.1.2
[INFO] [stderr]    Compiling pem v3.0.6
[INFO] [stderr]    Compiling libmimalloc-sys v0.1.49
[INFO] [stderr]    Compiling rustix v0.38.44
[INFO] [stderr]    Compiling anyhow v1.0.101
[INFO] [stderr]    Compiling half v1.8.3
[INFO] [stderr]    Compiling linux-raw-sys v0.4.15
[INFO] [stderr]    Compiling foldhash v0.1.5
[INFO] [stderr]    Compiling utf-8 v0.7.6
[INFO] [stderr]    Compiling itertools v0.13.0
[INFO] [stderr]    Compiling hashbrown v0.15.5
[INFO] [stderr]    Compiling castaway v0.2.4
[INFO] [stderr]    Compiling num-integer v0.1.46
[INFO] [stderr]    Compiling unsigned-varint v0.8.0
[INFO] [stderr]    Compiling web-time v1.1.0
[INFO] [stderr]    Compiling compact_str v0.8.2
[INFO] [stderr]    Compiling clap_builder v4.5.59
[INFO] [stderr]    Compiling num-bigint v0.4.6
[INFO] [stderr]    Compiling lru v0.12.5
[INFO] [stderr]    Compiling time v0.3.47
[INFO] [stderr]    Compiling getrandom v0.2.17
[INFO] [stderr]    Compiling errno v0.3.14
[INFO] [stderr]    Compiling mio v1.1.1
[INFO] [stderr]    Compiling parking_lot_core v0.9.12
[INFO] [stderr]    Compiling socket2 v0.6.2
[INFO] [stderr]    Compiling nix v0.26.4
[INFO] [stderr]    Compiling rand_core v0.6.4
[INFO] [stderr]    Compiling signal-hook-registry v1.4.8
[INFO] [stderr]    Compiling ring v0.17.14
[INFO] [stderr]    Compiling getrandom v0.3.4
[INFO] [stderr]    Compiling ff v0.13.1
[INFO] [stderr]    Compiling parking_lot v0.12.5
[INFO] [stderr]    Compiling rand_core v0.9.5
[INFO] [stderr]    Compiling group v0.13.0
[INFO] [stderr]    Compiling socket2 v0.5.10
[INFO] [stderr]    Compiling uuid v1.21.0
[INFO] [stderr]    Compiling signal-hook v0.3.18
[INFO] [stderr]    Compiling regex-automata v0.4.14
[INFO] [stderr]    Compiling signal-hook-mio v0.2.5
[INFO] [stderr]    Compiling mimalloc v0.1.52
[INFO] [stderr]    Compiling unicode-truncate v1.1.0
[INFO] [stderr]    Compiling crossterm v0.28.1
[INFO] [stderr]    Compiling yasna v0.5.2
[INFO] [stderr]    Compiling serde_json v1.0.149
[INFO] [stderr]    Compiling serde_path_to_error v0.1.20
[INFO] [stderr]    Compiling ppv-lite86 v0.2.21
[INFO] [stderr]    Compiling synstructure v0.13.2
[INFO] [stderr]    Compiling darling_core v0.23.0
[INFO] [stderr]    Compiling rand_chacha v0.3.1
[INFO] [stderr]    Compiling rand_chacha v0.9.0
[INFO] [stderr]    Compiling rand v0.9.4
[INFO] [stderr]    Compiling rand v0.8.5
[INFO] [stderr]    Compiling zeroize_derive v1.4.3
[INFO] [stderr]    Compiling serde_derive v1.0.228
[INFO] [stderr]    Compiling tokio-macros v2.6.0
[INFO] [stderr]    Compiling thiserror-impl v1.0.69
[INFO] [stderr]    Compiling displaydoc v0.2.5
[INFO] [stderr]    Compiling zerofrom-derive v0.1.6
[INFO] [stderr]    Compiling yoke-derive v0.8.1
[INFO] [stderr]    Compiling zerovec-derive v0.11.2
[INFO] [stderr]    Compiling async-trait v0.1.89
[INFO] [stderr]    Compiling futures-macro v0.3.32
[INFO] [stderr]    Compiling thiserror-impl v2.0.18
[INFO] [stderr]    Compiling asn1-rs-impl v0.2.0
[INFO] [stderr]    Compiling asn1-rs-derive v0.5.1
[INFO] [stderr]    Compiling tracing-attributes v0.1.31
[INFO] [stderr]    Compiling zeroize v1.8.2
[INFO] [stderr]    Compiling openssl-macros v0.1.1
[INFO] [stderr]    Compiling der v0.7.10
[INFO] [stderr]    Compiling rustls-pki-types v1.14.0
[INFO] [stderr]    Compiling curve25519-dalek-derive v0.1.1
[INFO] [stderr]    Compiling futures-util v0.3.32
[INFO] [stderr]    Compiling rustls-webpki v0.103.9
[INFO] [stderr]    Compiling regex v1.12.3
[INFO] [stderr]    Compiling matchers v0.2.0
[INFO] [stderr]    Compiling strum_macros v0.26.4
[INFO] [stderr]    Compiling zerofrom v0.1.6
[INFO] [stderr]    Compiling thiserror v2.0.18
[INFO] [stderr]    Compiling thiserror v1.0.69
[INFO] [stderr]    Compiling yoke v0.8.1
[INFO] [stderr]    Compiling asn1-rs v0.6.2
[INFO] [stderr]    Compiling clap_derive v4.5.55
[INFO] [stderr]    Compiling crypto-common v0.1.7
[INFO] [stderr]    Compiling block-buffer v0.10.4
[INFO] [stderr]    Compiling zerovec v0.11.5
[INFO] [stderr]    Compiling block-padding v0.3.3
[INFO] [stderr]    Compiling digest v0.10.7
[INFO] [stderr]    Compiling inout v0.1.4
[INFO] [stderr]    Compiling zerotrie v0.2.3
[INFO] [stderr]    Compiling cipher v0.4.4
[INFO] [stderr]    Compiling hmac v0.12.1
[INFO] [stderr]    Compiling hkdf v0.12.4
[INFO] [stderr]    Compiling sha1 v0.10.6
[INFO] [stderr]    Compiling crypto-bigint v0.5.5
[INFO] [stderr]    Compiling universal-hash v0.5.1
[INFO] [stderr]    Compiling spki v0.7.3
[INFO] [stderr]    Compiling polyval v0.6.2
[INFO] [stderr]    Compiling ctr v0.9.2
[INFO] [stderr]    Compiling pkcs8 v0.10.2
[INFO] [stderr]    Compiling rfc6979 v0.4.0
[INFO] [stderr]    Compiling tinystr v0.8.2
[INFO] [stderr]    Compiling potential_utf v0.1.4
[INFO] [stderr]    Compiling signature v2.2.0
[INFO] [stderr]    Compiling sec1 v0.7.3
[INFO] [stderr]    Compiling icu_collections v2.1.1
[INFO] [stderr]    Compiling icu_locale_core v2.1.1
[INFO] [stderr]    Compiling aead v0.5.2
[INFO] [stderr]    Compiling ghash v0.5.1
[INFO] [stderr]    Compiling aes v0.8.4
[INFO] [stderr]    Compiling sha2 v0.10.9
[INFO] [stderr]    Compiling tracing v0.1.44
[INFO] [stderr]    Compiling md-5 v0.10.6
[INFO] [stderr]    Compiling der-parser v9.0.0
[INFO] [stderr]    Compiling ccm v0.5.0
[INFO] [stderr]    Compiling darling_macro v0.23.0
[INFO] [stderr]    Compiling x25519-dalek v2.0.1
[INFO] [stderr]    Compiling aes-gcm v0.10.3
[INFO] [stderr]    Compiling cbc v0.1.2
[INFO] [stderr]    Compiling darling v0.23.0
[INFO] [stderr]    Compiling tracing-subscriber v0.3.22
[INFO] [stderr]    Compiling instability v0.3.12
[INFO] [stderr]    Compiling strum v0.26.3
[INFO] [stderr]    Compiling elliptic-curve v0.13.8
[INFO] [stderr]    Compiling icu_provider v2.1.1
[INFO] [stderr]    Compiling x509-parser v0.16.0
[INFO] [stderr]    Compiling clap v4.5.59
[INFO] [stderr]    Compiling ratatui v0.29.0
[INFO] [stderr]    Compiling ecdsa v0.16.9
[INFO] [stderr]    Compiling primeorder v0.13.6
[INFO] [stderr]    Compiling icu_properties v2.1.2
[INFO] [stderr]    Compiling icu_normalizer v2.1.1
[INFO] [stderr]    Compiling p384 v0.13.1
[INFO] [stderr]    Compiling p256 v0.13.2
[INFO] [stderr]    Compiling k256 v0.13.4
[INFO] [stderr]    Compiling futures-executor v0.3.32
[INFO] [stderr]    Compiling futures v0.3.32
[INFO] [stderr]    Compiling bytes v1.11.1
[INFO] [stderr]    Compiling bincode v1.3.3
[INFO] [stderr]    Compiling serde_cbor v0.11.2
[INFO] [stderr]    Compiling smol_str v0.2.2
[INFO] [stderr]    Compiling serde_urlencoded v0.7.1
[INFO] [stderr]    Compiling rcgen v0.13.2
[INFO] [stderr]    Compiling idna_adapter v1.2.1
[INFO] [stderr]    Compiling idna v1.1.0
[INFO] [stderr]    Compiling tokio v1.49.0
[INFO] [stderr]    Compiling http v1.4.0
[INFO] [stderr]    Compiling url v2.5.8
[INFO] [stderr]    Compiling sdp v0.8.0
[INFO] [stderr]    Compiling http-body v1.0.1
[INFO] [stderr]    Compiling tungstenite v0.29.0
[INFO] [stderr]    Compiling tungstenite v0.28.0
[INFO] [stderr]    Compiling http-body-util v0.1.3
[INFO] [stderr]    Compiling axum-core v0.5.6
[INFO] [stderr]    Compiling webrtc-util v0.11.0
[INFO] [stderr]    Compiling tokio-util v0.7.18
[INFO] [stderr]    Compiling tokio-native-tls v0.3.1
[INFO] [stderr]    Compiling hyper v1.10.1
[INFO] [stderr]    Compiling tower v0.5.3
[INFO] [stderr]    Compiling tokio-tungstenite v0.29.0
[INFO] [stderr]    Compiling mistlib-core v0.1.0 (/opt/rustwide/workdir/vendor/mistlib/mistlib-core)
[INFO] [stderr]    Compiling tokio-tungstenite v0.28.0
[INFO] [stderr]    Compiling hyper-util v0.1.20
[INFO] [stderr]    Compiling axum v0.8.9
[INFO] [stderr]    Compiling rtp v0.13.0
[INFO] [stderr]    Compiling stun v0.8.0
[INFO] [stderr]    Compiling rtcp v0.13.0
[INFO] [stderr]    Compiling webrtc-mdns v0.9.0
[INFO] [stderr]    Compiling webrtc-sctp v0.12.0
[INFO] [stderr]    Compiling webrtc-dtls v0.12.0
[INFO] [stderr]    Compiling webrtc-media v0.10.0
[INFO] [stderr]    Compiling turn v0.10.0
[INFO] [stderr]    Compiling webrtc-srtp v0.15.0
[INFO] [stderr]    Compiling interceptor v0.14.0
[INFO] [stderr]    Compiling webrtc-data v0.11.0
[INFO] [stderr]    Compiling webrtc-ice v0.13.0
[INFO] [stderr]    Compiling webrtc v0.13.0
[INFO] [stderr]    Compiling mistlib-native v0.1.0 (/opt/rustwide/workdir/vendor/mistlib/mistlib-native)
[INFO] [stderr]    Compiling p2p v0.1.0 (/opt/rustwide/workdir)
[INFO] [stdout] warning: use of deprecated method `std::sync::atomic::Atomic::<usize>::fetch_update`: renamed to `try_update` for consistency
[INFO] [stdout]    --> src/forward_runtime.rs:116:44
[INFO] [stdout]     |
[INFO] [stdout] 116 |         let _ = self.counters.active_conns.fetch_update(
[INFO] [stdout]     |                                            ^^^^^^^^^^^^
[INFO] [stdout]     |
[INFO] [stdout]     = note: `#[warn(deprecated)]` on by default
[INFO] [stdout] help: replace the use of the deprecated method
[INFO] [stdout]     |
[INFO] [stdout] 116 -         let _ = self.counters.active_conns.fetch_update(
[INFO] [stdout] 116 +         let _ = self.counters.active_conns.try_update(
[INFO] [stdout]     |
[INFO] [stdout] 
[INFO] [stdout] 
[INFO] [stdout] warning: use of deprecated method `std::sync::atomic::Atomic::<usize>::fetch_update`: renamed to `try_update` for consistency
[INFO] [stdout]    --> src/forward_runtime.rs:165:44
[INFO] [stdout]     |
[INFO] [stdout] 165 |         let _ = self.counters.active_conns.fetch_update(
[INFO] [stdout]     |                                            ^^^^^^^^^^^^
[INFO] [stdout]     |
[INFO] [stdout] help: replace the use of the deprecated method
[INFO] [stdout]     |
[INFO] [stdout] 165 -         let _ = self.counters.active_conns.fetch_update(
[INFO] [stdout] 165 +         let _ = self.counters.active_conns.try_update(
[INFO] [stdout]     |
[INFO] [stdout] 
[INFO] [stdout] 
[INFO] [stdout] warning: use of deprecated method `std::sync::atomic::Atomic::<usize>::fetch_update`: renamed to `try_update` for consistency
[INFO] [stdout]    --> src/forward_runtime.rs:173:18
[INFO] [stdout]     |
[INFO] [stdout] 173 |                 .fetch_update(Ordering::Relaxed, Ordering::Relaxed, |current| {
[INFO] [stdout]     |                  ^^^^^^^^^^^^
[INFO] [stdout]     |
[INFO] [stdout] help: replace the use of the deprecated method
[INFO] [stdout]     |
[INFO] [stdout] 173 -                 .fetch_update(Ordering::Relaxed, Ordering::Relaxed, |current| {
[INFO] [stdout] 173 +                 .try_update(Ordering::Relaxed, Ordering::Relaxed, |current| {
[INFO] [stdout]     |
[INFO] [stdout] 
[INFO] [stdout] 
[INFO] [stderr]     Finished `dev` profile [unoptimized + debuginfo] target(s) in 3m 55s
[INFO] running `Command { std: "docker" "inspect" "d5642604fdcab27fae0503f9b360f29d638ddfd2f2384c89c3a12b0440afa388", kill_on_drop: false }`
[INFO] running `Command { std: "docker" "exec" "-e" "SOURCE_DIR=/opt/rustwide/workdir" "-e" "CARGO_HOME=/opt/rustwide/cargo-home" "-e" "RUSTUP_HOME=/opt/rustwide/rustup-home" "-e" "CARGO_TARGET_DIR=/opt/rustwide/target" "-e" "CARGO_INCREMENTAL=0" "-e" "RUST_BACKTRACE=full" "-e" "RUSTFLAGS=--cap-lints=warn" "-e" "RUSTDOCFLAGS=--cap-lints=warn" "-w" "/opt/rustwide/workdir" "--user" "0:0" "d5642604fdcab27fae0503f9b360f29d638ddfd2f2384c89c3a12b0440afa388" "/opt/rustwide/cargo-home/bin/cargo" "+1.100.0-beta.1" "test" "--frozen" "--no-run" "--message-format=json", kill_on_drop: false }`
[INFO] [stderr]    Compiling tokio v1.49.0
[INFO] [stderr]    Compiling temp-env v0.3.6
[INFO] [stderr]    Compiling webrtc-util v0.11.0
[INFO] [stderr]    Compiling tokio-util v0.7.18
[INFO] [stderr]    Compiling hyper v1.10.1
[INFO] [stderr]    Compiling tokio-native-tls v0.3.1
[INFO] [stderr]    Compiling mistlib-core v0.1.0 (/opt/rustwide/workdir/vendor/mistlib/mistlib-core)
[INFO] [stderr]    Compiling tower v0.5.3
[INFO] [stderr]    Compiling tokio-tungstenite v0.29.0
[INFO] [stderr]    Compiling tokio-tungstenite v0.28.0
[INFO] [stderr]    Compiling hyper-util v0.1.20
[INFO] [stderr]    Compiling axum v0.8.9
[INFO] [stderr]    Compiling rtp v0.13.0
[INFO] [stderr]    Compiling stun v0.8.0
[INFO] [stderr]    Compiling rtcp v0.13.0
[INFO] [stderr]    Compiling webrtc-sctp v0.12.0
[INFO] [stderr]    Compiling webrtc-mdns v0.9.0
[INFO] [stderr]    Compiling webrtc-dtls v0.12.0
[INFO] [stderr]    Compiling webrtc-media v0.10.0
[INFO] [stderr]    Compiling webrtc-srtp v0.15.0
[INFO] [stderr]    Compiling turn v0.10.0
[INFO] [stderr]    Compiling interceptor v0.14.0
[INFO] [stderr]    Compiling webrtc-data v0.11.0
[INFO] [stderr]    Compiling webrtc-ice v0.13.0
[INFO] [stderr]    Compiling webrtc v0.13.0
[INFO] [stderr]    Compiling mistlib-native v0.1.0 (/opt/rustwide/workdir/vendor/mistlib/mistlib-native)
[INFO] [stderr]    Compiling p2p v0.1.0 (/opt/rustwide/workdir)
[INFO] [stdout] warning: use of deprecated method `std::sync::atomic::Atomic::<usize>::fetch_update`: renamed to `try_update` for consistency
[INFO] [stdout]    --> src/forward_runtime.rs:116:44
[INFO] [stdout]     |
[INFO] [stdout] 116 |         let _ = self.counters.active_conns.fetch_update(
[INFO] [stdout]     |                                            ^^^^^^^^^^^^
[INFO] [stdout]     |
[INFO] [stdout]     = note: `#[warn(deprecated)]` on by default
[INFO] [stdout] help: replace the use of the deprecated method
[INFO] [stdout]     |
[INFO] [stdout] 116 -         let _ = self.counters.active_conns.fetch_update(
[INFO] [stdout] 116 +         let _ = self.counters.active_conns.try_update(
[INFO] [stdout]     |
[INFO] [stdout] 
[INFO] [stdout] 
[INFO] [stdout] warning: use of deprecated method `std::sync::atomic::Atomic::<usize>::fetch_update`: renamed to `try_update` for consistency
[INFO] [stdout]    --> src/forward_runtime.rs:165:44
[INFO] [stdout]     |
[INFO] [stdout] 165 |         let _ = self.counters.active_conns.fetch_update(
[INFO] [stdout]     |                                            ^^^^^^^^^^^^
[INFO] [stdout]     |
[INFO] [stdout] help: replace the use of the deprecated method
[INFO] [stdout]     |
[INFO] [stdout] 165 -         let _ = self.counters.active_conns.fetch_update(
[INFO] [stdout] 165 +         let _ = self.counters.active_conns.try_update(
[INFO] [stdout]     |
[INFO] [stdout] 
[INFO] [stdout] 
[INFO] [stdout] warning: use of deprecated method `std::sync::atomic::Atomic::<usize>::fetch_update`: renamed to `try_update` for consistency
[INFO] [stdout]    --> src/forward_runtime.rs:173:18
[INFO] [stdout]     |
[INFO] [stdout] 173 |                 .fetch_update(Ordering::Relaxed, Ordering::Relaxed, |current| {
[INFO] [stdout]     |                  ^^^^^^^^^^^^
[INFO] [stdout]     |
[INFO] [stdout] help: replace the use of the deprecated method
[INFO] [stdout]     |
[INFO] [stdout] 173 -                 .fetch_update(Ordering::Relaxed, Ordering::Relaxed, |current| {
[INFO] [stdout] 173 +                 .try_update(Ordering::Relaxed, Ordering::Relaxed, |current| {
[INFO] [stdout]     |
[INFO] [stdout] 
[INFO] [stdout] 
[INFO] [stdout] warning: use of deprecated method `std::sync::atomic::Atomic::<usize>::fetch_update`: renamed to `try_update` for consistency
[INFO] [stdout]    --> src/forward_runtime.rs:116:44
[INFO] [stdout]     |
[INFO] [stdout] 116 |         let _ = self.counters.active_conns.fetch_update(
[INFO] [stdout]     |                                            ^^^^^^^^^^^^
[INFO] [stdout]     |
[INFO] [stdout]     = note: `#[warn(deprecated)]` on by default
[INFO] [stdout] help: replace the use of the deprecated method
[INFO] [stdout]     |
[INFO] [stdout] 116 -         let _ = self.counters.active_conns.fetch_update(
[INFO] [stdout] 116 +         let _ = self.counters.active_conns.try_update(
[INFO] [stdout]     |
[INFO] [stdout] 
[INFO] [stdout] 
[INFO] [stdout] warning: use of deprecated method `std::sync::atomic::Atomic::<usize>::fetch_update`: renamed to `try_update` for consistency
[INFO] [stdout]    --> src/forward_runtime.rs:165:44
[INFO] [stdout]     |
[INFO] [stdout] 165 |         let _ = self.counters.active_conns.fetch_update(
[INFO] [stdout]     |                                            ^^^^^^^^^^^^
[INFO] [stdout]     |
[INFO] [stdout] help: replace the use of the deprecated method
[INFO] [stdout]     |
[INFO] [stdout] 165 -         let _ = self.counters.active_conns.fetch_update(
[INFO] [stdout] 165 +         let _ = self.counters.active_conns.try_update(
[INFO] [stdout]     |
[INFO] [stdout] 
[INFO] [stdout] 
[INFO] [stdout] warning: use of deprecated method `std::sync::atomic::Atomic::<usize>::fetch_update`: renamed to `try_update` for consistency
[INFO] [stdout]    --> src/forward_runtime.rs:173:18
[INFO] [stdout]     |
[INFO] [stdout] 173 |                 .fetch_update(Ordering::Relaxed, Ordering::Relaxed, |current| {
[INFO] [stdout]     |                  ^^^^^^^^^^^^
[INFO] [stdout]     |
[INFO] [stdout] help: replace the use of the deprecated method
[INFO] [stdout]     |
[INFO] [stdout] 173 -                 .fetch_update(Ordering::Relaxed, Ordering::Relaxed, |current| {
[INFO] [stdout] 173 +                 .try_update(Ordering::Relaxed, Ordering::Relaxed, |current| {
[INFO] [stdout]     |
[INFO] [stdout] 
[INFO] [stdout] 
[INFO] [stderr]     Finished `test` profile [unoptimized + debuginfo] target(s) in 2m 17s
[INFO] running `Command { std: "docker" "inspect" "d5642604fdcab27fae0503f9b360f29d638ddfd2f2384c89c3a12b0440afa388", kill_on_drop: false }`
[INFO] running `Command { std: "docker" "exec" "-e" "SOURCE_DIR=/opt/rustwide/workdir" "-e" "CARGO_HOME=/opt/rustwide/cargo-home" "-e" "RUSTUP_HOME=/opt/rustwide/rustup-home" "-e" "CARGO_TARGET_DIR=/opt/rustwide/target" "-e" "CARGO_INCREMENTAL=0" "-e" "RUST_BACKTRACE=full" "-e" "RUSTFLAGS=--cap-lints=warn" "-e" "RUSTDOCFLAGS=--cap-lints=warn" "-w" "/opt/rustwide/workdir" "--user" "0:0" "d5642604fdcab27fae0503f9b360f29d638ddfd2f2384c89c3a12b0440afa388" "/opt/rustwide/cargo-home/bin/cargo" "+1.100.0-beta.1" "test" "--frozen", kill_on_drop: false }`
[INFO] [stderr] warning: use of deprecated method `std::sync::atomic::Atomic::<usize>::fetch_update`: renamed to `try_update` for consistency
[INFO] [stderr]    --> src/forward_runtime.rs:116:44
[INFO] [stderr]     |
[INFO] [stderr] 116 |         let _ = self.counters.active_conns.fetch_update(
[INFO] [stderr]     |                                            ^^^^^^^^^^^^
[INFO] [stderr]     |
[INFO] [stderr]     = note: `#[warn(deprecated)]` on by default
[INFO] [stderr] help: replace the use of the deprecated method
[INFO] [stderr]     |
[INFO] [stderr] 116 -         let _ = self.counters.active_conns.fetch_update(
[INFO] [stderr] 116 +         let _ = self.counters.active_conns.try_update(
[INFO] [stderr]     |
[INFO] [stderr] 
[INFO] [stderr] warning: use of deprecated method `std::sync::atomic::Atomic::<usize>::fetch_update`: renamed to `try_update` for consistency
[INFO] [stderr]    --> src/forward_runtime.rs:165:44
[INFO] [stderr]     |
[INFO] [stderr] 165 |         let _ = self.counters.active_conns.fetch_update(
[INFO] [stderr]     |                                            ^^^^^^^^^^^^
[INFO] [stderr]     |
[INFO] [stderr] help: replace the use of the deprecated method
[INFO] [stderr]     |
[INFO] [stderr] 165 -         let _ = self.counters.active_conns.fetch_update(
[INFO] [stderr] 165 +         let _ = self.counters.active_conns.try_update(
[INFO] [stderr]     |
[INFO] [stderr] 
[INFO] [stderr] warning: use of deprecated method `std::sync::atomic::Atomic::<usize>::fetch_update`: renamed to `try_update` for consistency
[INFO] [stderr]    --> src/forward_runtime.rs:173:18
[INFO] [stderr]     |
[INFO] [stderr] 173 |                 .fetch_update(Ordering::Relaxed, Ordering::Relaxed, |current| {
[INFO] [stderr]     |                  ^^^^^^^^^^^^
[INFO] [stderr]     |
[INFO] [stderr] help: replace the use of the deprecated method
[INFO] [stderr]     |
[INFO] [stderr] 173 -                 .fetch_update(Ordering::Relaxed, Ordering::Relaxed, |current| {
[INFO] [stderr] 173 +                 .try_update(Ordering::Relaxed, Ordering::Relaxed, |current| {
[INFO] [stderr]     |
[INFO] [stderr] 
[INFO] [stderr] warning: `p2p` (bin "p2p" test) generated 3 warnings (run `cargo fix --bin "p2p" -p p2p --tests` to apply 3 suggestions)
[INFO] [stderr] warning: `p2p` (bin "p2p") generated 3 warnings (3 duplicates)
[INFO] [stderr]     Finished `test` profile [unoptimized + debuginfo] target(s) in 0.61s
[INFO] [stderr]      Running unittests src/main.rs (/opt/rustwide/target/debug/build/p2p/d4bac3b8e2ecb801/out/p2p-d4bac3b8e2ecb801)
[INFO] [stdout] 
[INFO] [stdout] running 164 tests
[INFO] [stdout] test app::session::tests::session_error_display_matches_inner_message ... ok
[INFO] [stdout] test app::session::tests::parses_port_from_addr ... ok
[INFO] [stdout] test auth::tests::audit_log_retains_only_capacity ... ok
[INFO] [stdout] test app::session::tests::purge_after_grace_skips_when_epoch_moved_on ... ok
[INFO] [stdout] test app::session::tests::purge_after_grace_purges_when_epoch_unchanged ... ok
[INFO] [stdout] test app::session::tests::send_chat_rejects_empty_message ... ok
[INFO] [stdout] test auth::tests::allow_all_authorizer_allows_any_request ... ok
[INFO] [stdout] test app::session::tests::apply_forward_outcome_pushes_error_notice_on_denied_and_failed ... ok
[INFO] [stdout] test auth::tests::deny_unknown_denies_without_trust_entry ... ok
[INFO] [stdout] test auth::tests::allowlist_allows_only_listed_peer ... ok
[INFO] [stdout] test auth::tests::pending::decide_times_out_to_deny_and_removes_ghost_entry ... ok
[INFO] [stdout] test auth::tests::pending::purge_peer_is_a_noop_when_nothing_matches ... ok
[INFO] [stdout] test auth::tests::policy_authorizer_records_policy_decision_events ... ok
[INFO] [stdout] test app::session::tests::apply_forward_outcome_pushes_error_notice_on_add_failure ... ok
[INFO] [stdout] test app::session::tests::apply_forward_outcome_replaces_stale_duplicate_key ... ok
[INFO] [stdout] test app::session::tests::apply_forward_outcome_pushes_info_notice_on_success ... ok
[INFO] [stdout] test app::session::tests::apply_forward_outcome_scoped_targets_on_different_peers_coexist ... ok
[INFO] [stdout] test app::session::tests::apply_forward_outcome_replaces_same_scoped_target ... ok
[INFO] [stdout] test auth::tests::pending::pending_authorizer_uses_trust_store_without_queuing ... ok
[INFO] [stdout] test auth::tests::policy_authorizer_records_trust_store_decision_events ... ok
[INFO] [stdout] test app::tests::node_id_is_persisted_and_reused ... ok
[INFO] [stdout] test auth::tests::pending::pending_authorizer_records_pending_decision_events ... ok
[INFO] [stdout] test auth::tests::pending::pending_authorizer_queues_unknown_until_resolved ... ok
[INFO] [stdout] test control_shell::tests::events_require_audit_log ... ok
[INFO] [stdout] test control_shell::tests::list_renders_registered_forwards ... ok
[INFO] [stdout] test control_shell::tests::pending_commands::approve_resolves_pending_auth_request ... ok
[INFO] [stdout] test auth::tests::trust_store_persists_remembered_decisions ... ok
[INFO] [stdout] test auth::tests::pending::purge_peer_denies_and_removes_only_that_peers_entries ... ok
[INFO] [stdout] test app::session::tests::switch_room_updates_room_and_pushes_notice ... ok
[INFO] [stdout] test control_shell::tests::events_render_auth_audit_log ... ok
[INFO] [stdout] test control_shell::tests::add_serve_registers_forward ... ok
[INFO] [stdout] test control_shell::tests::pending_commands::pending_lists_auth_requests ... ok
[INFO] [stdout] test control_shell::tests::quit_marks_shell_complete ... ok
[INFO] [stdout] test control_shell::tests::remove_deletes_forward ... ok
[INFO] [stdout] test auth::tests::trust_store_removes_entry ... ok
[INFO] [stdout] test auth::tests::pending::pending_authorizer_remembers_allow_always ... ok
[INFO] [stdout] test control_shell::tests::pending_commands::deny_always_resolves_pending_auth_request ... ok
[INFO] [stdout] test app::session::tests::send_chat_pushes_mine_entry_with_own_id ... ok
[INFO] [stdout] test control_shell::tests::trust_allow_persists_entry ... ok
[INFO] [stdout] test control_shell::tests::pending_commands::pending_commands_require_queue ... ok
[INFO] [stdout] test auth::tests::trust_store_lists_entries_in_stable_order ... ok
[INFO] [stdout] test control_shell::tests::add_connect_registers_listen_and_remote_target ... ok
[INFO] [stdout] test control_shell::tests::unknown_command_is_rejected ... ok
[INFO] [stdout] test control_shell::tests::trust_commands_require_store ... ok
[INFO] [stdout] test controller::tests::add_forward_registers_status ... ok
[INFO] [stdout] test controller::tests::add_forward_rejects_duplicate_key ... ok
[INFO] [stdout] test control_shell::tests::trust_deny_and_list_render_entries ... ok
[INFO] [stdout] test forward_args::tests::connect_forward_defaults_remote_port_to_listen_port ... ok
[INFO] [stdout] test forward_args::tests::connect_forward_maps_listen_port_to_remote_target ... ok
[INFO] [stdout] test forward_args::tests::connect_forward_without_scope_is_unaffected ... ok
[INFO] [stdout] test forward_args::tests::forward_key_uses_protocol_and_port ... ok
[INFO] [stdout] test forward_args::tests::split_node_scope_splits_on_last_at ... ok
[INFO] [stdout] test forward_args::tests::serve_args_keep_all_forwards_when_room_is_present ... ok
[INFO] [stdout] test forward_args::tests::split_node_scope_leaves_unscoped_target_unchanged ... ok
[INFO] [stdout] test forward_args::tests::serve_args_treat_leading_forward_as_generated_room_mode ... ok
[INFO] [stdout] test control_shell::tests::trust_remove_deletes_entry ... ok
[INFO] [stdout] test forward_args::tests::node_scoped_target_appends_scope_to_plain_base ... ok
[INFO] [stdout] test forward_args::tests::split_node_scope_treats_empty_base_as_unscoped ... ok
[INFO] [stdout] test controller::tests::list_forwards_reflects_runtime_metrics ... ok
[INFO] [stdout] test controller::tests::remove_forward_deletes_registered_status ... ok
[INFO] [stdout] test forward_args::tests::node_scoped_target_replaces_existing_scope_instead_of_stacking ... ok
[INFO] [stdout] test controller::tests::proto_parses_known_names ... ok
[INFO] [stdout] test forward_runtime::tests::close_connection_saturates_at_zero ... ok
[INFO] [stdout] test negotiation::tests::incoming_requests_are_listed_and_taken ... ok
[INFO] [stdout] test auth::tests::trust_store_takes_precedence_over_policy ... ok
[INFO] [stdout] test negotiation::tests::outgoing_requests_are_listed_and_removed ... ok
[INFO] [stdout] test forward_runtime::tests::metrics_start_at_zero ... ok
[INFO] [stdout] test negotiation::tests::responses_match_outgoing_and_produce_outcomes ... ok
[INFO] [stdout] test forward_runtime::tests::per_peer_metrics_are_tracked_and_aggregated ... ok
[INFO] [stdout] test proxy::tests::close_for_inactive_peer_is_a_no_op ... ok
[INFO] [stdout] test forward_args::tests::split_node_scope_treats_empty_scope_as_unscoped ... ok
[INFO] [stdout] test app::tests::empty_node_id_file_is_replaced ... ok
[INFO] [stdout] test negotiation::tests::purge_peer_removes_incoming_and_fails_outgoing ... ok
[INFO] [stdout] test forward_runtime::tests::records_connections_and_bytes ... ok
[INFO] [stdout] test rtc::manager::tests::byte_payloads_are_encoded_as_hex_strings ... ok
[INFO] [stdout] test negotiation::tests::response_from_wrong_peer_is_ignored_and_entry_stays ... ok
[INFO] [stdout] test controller::tests::list_forwards_is_sorted_by_key ... ok
[INFO] [stdout] test forward_args::tests::connect_forward_applies_node_scope_to_target ... ok
[INFO] [stdout] test controller::tests::remove_forward_rejects_unknown_key ... ok
[INFO] [stdout] test forward_store::tests::add_is_idempotent_per_target ... ok
[INFO] [stdout] test proxy::tests::processes_open_message_close_in_send_order ... ok
[INFO] [stdout] test forward_store::tests::round_trips_specs_through_disk ... ok
[INFO] [stdout] test rtc::manager::tests::mistlib_config_is_unset_by_default ... ok
[INFO] [stdout] test rtc::manager::tests::membership::join_and_leave_hooks_fire_with_peer_id_and_epoch ... ok
[INFO] [stdout] test rtc::manager::tests::membership::multiple_leave_hooks_all_fire ... ok
[INFO] [stdout] test rtc::manager::tests::membership::self_join_does_not_bump_epoch_or_fire_hooks ... ok
[INFO] [stdout] test rtc::manager::tests::leave_removes_presence_but_retains_roles_and_notifies_close_handlers ... ok
[INFO] [stdout] test rtc::manager::tests::membership::epoch_increments_on_each_join ... ok
[INFO] [stdout] test rtc::manager::tests::mistlib_config_uses_explicit_env_only ... ok
[INFO] [stdout] test rtc::manager::tests::invalid_and_self_payloads_are_ignored ... ok
[INFO] [stdout] test forward_runtime::tests::cancel_notifies_subscribers ... ok
[INFO] [stdout] test room_store::tests::round_trips_through_disk ... ok
[INFO] [stdout] test rtc::manager::tests::message_payloads_are_dispatched_to_registered_handlers ... ok
[INFO] [stdout] test rtc::manager::tests::role_payload_tracks_server_peers ... ok
[INFO] [stdout] test rtc::manager::tests::legacy_byte_array_payloads_are_still_accepted ... ok
[INFO] [stdout] test rtc::manager::tests::routing::base_target_message_reaches_scoped_handler_only_from_pinned_sender ... ok
[INFO] [stdout] test rtc::manager::tests::routing::legacy_tunnel_message_payload_array_is_still_accepted ... ok
[INFO] [stdout] test rtc::manager::tests::routing::empty_tunnel_target_uses_next_handler_after_default_removed ... ok
[INFO] [stdout] test rtc::manager::tests::routing::legacy_tunnel_message_payload_hex_is_still_accepted ... ok
[INFO] [stdout] test rtc::manager::tests::routing::empty_tunnel_target_routes_to_first_registered_target ... ok
[INFO] [stdout] test rtc::manager::tests::routing::capability_payload_tracks_targeted_server_peers ... ok
[INFO] [stdout] test rtc::manager::tests::legacy_hex_byte_payloads_are_still_accepted ... ok
[INFO] [stdout] test room_store::tests::enforces_max_rooms_cap ... ok
[INFO] [stdout] test rtc::manager::tests::routing::leave_retains_capabilities_but_routing_excludes_departed_peer_until_rejoin_repopulates ... ok
[INFO] [stdout] test rtc::manager::tests::routing::scoped_target_returns_none_when_pinned_peer_advertises_unrelated_key ... ok
[INFO] [stdout] test rtc::manager::tests::routing::removed_tunnel_handler_no_longer_receives_targeted_messages ... ok
[INFO] [stdout] test rtc::manager::tests::routing::scoped_message_reaches_base_target_handler_only_when_pinned_to_self ... ok
[INFO] [stdout] test rtc::manager::tests::routing::tunnel_message_payload_is_encoded_as_hex_string ... ok
[INFO] [stdout] test rtc::manager::tests::routing::scoped_target_ignores_the_key_when_advertised_by_a_different_peer ... ok
[INFO] [stdout] test rtc::manager::tests::routing::scoped_target_returns_none_when_pinned_peer_not_live ... ok
[INFO] [stdout] test rtc::manager::tests::routing::scoped_target_always_selects_pinned_peer_without_round_robin ... ok
[INFO] [stdout] test stdio::bridge::tests::close_for_inactive_peer_is_a_no_op ... ok
[INFO] [stdout] test rtc::manager::tests::routing::select_server_peer_returns_none_without_advertised_peers ... ok
[INFO] [stdout] test tcp::retry::tests::succeeds_immediately_without_sleeping ... ok
[INFO] [stdout] test stdio::packet::tests::wraps_stream_type_and_payload ... hellook
[INFO] [stdout] test stdio::packet::tests::unwraps_stream_type_and_payload ... ok
[INFO] [stdout] test stdio::packet::tests::unwrap_defaults_empty_and_unknown_streams_to_stdin ... ok
[INFO] [stdout] test tcp::tests::cancel_pending_close_is_a_no_op_without_a_scheduled_close ... ok
[INFO] [stdout] test stdio::bridge::tests::processes_open_message_close_in_send_order ... ok
[INFO] [stdout] test rtc::manager::tests::ordering::rapid_leave_then_join_always_ends_with_peer_present ... ok
[INFO] [stdout] test tcp::tests::active_peer_ids_dedupes_multiple_conns_for_the_same_peer ... ok
[INFO] [stdout] test rtc::manager::tests::routing::select_server_peer_round_robins_across_advertised_peers ... ok
[INFO] [stdout] test tcp::tests::empty_payload_with_seq_still_consumes_the_seq_number ... ok
[INFO] [stdout] test rtc::manager::tests::routing::targeted_tunnel_handlers_receive_only_matching_targets ... ok
[INFO] [stdout] test tcp::tests::in_order_seq_data_is_all_delivered ... ok
[INFO] [stdout] test tcp::tests::inbound_data_is_still_accepted_while_a_peer_close_is_pending ... ok
[INFO] [stdout] test tcp::tests::keepalive_task_starts_on_first_conn_and_stops_once_conns_are_gone ... ok
[INFO] [stdout] test tcp::tests::legacy_sender_without_seq_still_delivers_data ... ok
[INFO] [stdout] test tcp::tests::peer_rejoin_within_grace_window_cancels_pending_close ... ok
[INFO] [stdout] test tcp::tests::peer_that_does_not_rejoin_is_closed_after_grace_window ... ok
[INFO] [stdout] test tcp::tests::pending_authorization_for_one_peer_does_not_block_another_peers_traffic ... ok
[INFO] [stdout] test tcp::tests::ping_and_unknown_message_types_are_ignored_gracefully ... ok
[INFO] [stdout] test tcp::tests::send_keepalive_pings_is_a_no_op_with_no_active_conns ... ok
[INFO] [stdout] test tcp::tests::duplicate_seq_is_written_only_once ... ok
[INFO] [stdout] test tcp::tunnel::seq_state_tests::duplicate_seq_is_flagged_and_does_not_advance_expectation ... ok
[INFO] [stdout] test tcp::tests::data_while_authorization_pending_is_buffered_and_replayed_in_order_on_allow ... ok
[INFO] [stdout] test tcp::tunnel::seq_state_tests::first_expected_seq_is_one ... ok
[INFO] [stdout] test tcp::tunnel::seq_state_tests::in_order_sequence_is_accepted ... ok
[INFO] [stdout] test tcp::tunnel::seq_state_tests::switching_from_sequenced_to_unsequenced_is_inconsistent ... ok
[INFO] [stdout] test tcp::tunnel::seq_state_tests::gap_in_sequence_is_flagged ... ok
[INFO] [stdout] test tcp::tunnel::seq_state_tests::switching_from_unsequenced_to_sequenced_is_accepted_and_enables_gap_detection ... ok
[INFO] [stdout] test tcp::tunnel::seq_state_tests::unsequenced_legacy_sender_is_always_accepted ... ok
[INFO] [stdout] test tcp::tests::duplicate_connect_for_already_tracked_conn_is_a_no_op ... ok
[INFO] [stdout] test web::state::tests::forward_dto_keeps_full_scoped_target ... ok
[INFO] [stdout] test web::state::tests::notice_dto_maps_kind_and_formats_timestamp ... ok
[INFO] [stdout] test web::state::tests::parses_known_decision_strings ... ok
[INFO] [stdout] test web::state::tests::forward_dto_leaves_unscoped_target_unchanged ... ok
[INFO] [stdout] test web::state::tests::pending_forward_dto_keeps_full_scoped_target ... ok
[INFO] [stdout] test web::state::tests::pending_outgoing_dto_keeps_full_scoped_target ... ok
[INFO] [stdout] test web::state::tests::state_dto_round_trips_through_json ... ok
[INFO] [stdout] test tcp::tests::close_all_for_peer_removes_a_conn_even_when_briefly_lock_contended ... ok
[INFO] [stdout] test web::state::tests::formats_known_timestamp ... ok
[INFO] [stdout] test rtc::manager::tests::ordering::burst_of_raw_events_is_processed_in_order ... ok
[INFO] [stdout] test rtc::manager::tests::routing::publish_tunnel_target_also_advertises_self_scoped_variant ... ok
[INFO] [stdout] test rtc::manager::tests::routing::publish_tunnel_target_with_scope_does_not_add_a_second_scope ... ok
[INFO] [stdout] test tcp::retry::tests::succeeds_after_transient_failures_without_exhausting_budget ... ok
[INFO] [stdout] test room_store::tests::record_use_moves_existing_id_to_front ... FAILED
[INFO] [stdout] test tcp::retry::tests::stops_promptly_on_shutdown_instead_of_blocking_for_full_budget ... ok
[INFO] [stdout] test tcp::tests::data_while_authorization_pending_is_dropped_with_close_on_deny ... ok
[INFO] [stdout] test tcp::tests::late_data_after_gap_close_is_dropped_safely ... ok
[INFO] [stdout] test tcp::tests::keepalive_ping_failures_do_not_close_the_connection ... ok
[INFO] [stdout] test tcp::tests::seq_gap_closes_the_conn ... ok
[INFO] [stdout] test tcp::tests::pending_buffer_overflow_denies_and_closes_the_conn ... ok
[INFO] [stdout] test tcp::retry::tests::gives_up_after_budget_exhausted ... ok
[INFO] [stdout] 
[INFO] [stdout] failures:
[INFO] [stdout] 
[INFO] [stdout] ---- room_store::tests::record_use_moves_existing_id_to_front stdout ----
[INFO] [stdout] 
[INFO] [stdout] thread 'room_store::tests::record_use_moves_existing_id_to_front' (3936) panicked at src/room_store.rs:134:9:
[INFO] [stdout] assertion `left == right` failed
[INFO] [stdout]   left: "b"
[INFO] [stdout]  right: "a"
[INFO] [stdout] stack backtrace:
[INFO] [stdout]    0:     0x6172e6c99e41 - std[617be2ca0a6fd877]::backtrace_rs::backtrace::libunwind::trace
[INFO] [stdout]                                at /rustc/e3feeb59cd1bdd011a2bfcc0747b55125d9b8527/library/std/src/../../backtrace/src/backtrace/libunwind.rs:117:9
[INFO] [stdout]    1:     0x6172e6c99e41 - std[617be2ca0a6fd877]::backtrace_rs::backtrace::trace_unsynchronized::<std[617be2ca0a6fd877]::sys::backtrace::_print_fmt::{closure#1}>
[INFO] [stdout]                                at /rustc/e3feeb59cd1bdd011a2bfcc0747b55125d9b8527/library/std/src/../../backtrace/src/backtrace/mod.rs:66:14
[INFO] [stdout]    2:     0x6172e6c99e41 - std[617be2ca0a6fd877]::sys::backtrace::_print_fmt
[INFO] [stdout]                                at /rustc/e3feeb59cd1bdd011a2bfcc0747b55125d9b8527/library/std/src/sys/backtrace.rs:74:9
[INFO] [stdout]    3:     0x6172e6c99e41 - <<std[617be2ca0a6fd877]::sys::backtrace::BacktraceLock>::print::DisplayBacktrace as core[a373ad73a504971]::fmt::Display>::fmt
[INFO] [stdout]                                at /rustc/e3feeb59cd1bdd011a2bfcc0747b55125d9b8527/library/std/src/sys/backtrace.rs:44:26
[INFO] [stdout]    4:     0x6172e6cb3cea - <core[a373ad73a504971]::fmt::rt::Argument>::fmt
[INFO] [stdout]                                at /rustc/e3feeb59cd1bdd011a2bfcc0747b55125d9b8527/library/core/src/fmt/rt.rs:152:76
[INFO] [stdout]    5:     0x6172e6cb3cea - core[a373ad73a504971]::fmt::write
[INFO] [stdout]    6:     0x6172e6c9f6dc - core[a373ad73a504971]::io::write::default_write_fmt::<alloc[2e1b2a31b91974c5]::vec::Vec<u8>>
[INFO] [stdout]                                at /rustc/e3feeb59cd1bdd011a2bfcc0747b55125d9b8527/library/core/src/io/write.rs:402:11
[INFO] [stdout]    7:     0x6172e6c9f6dc - <alloc[2e1b2a31b91974c5]::vec::Vec<u8> as core[a373ad73a504971]::io::write::Write>::write_fmt
[INFO] [stdout]                                at /rustc/e3feeb59cd1bdd011a2bfcc0747b55125d9b8527/library/core/src/io/write.rs:335:13
[INFO] [stdout]    8:     0x6172e6c72886 - <std[617be2ca0a6fd877]::sys::backtrace::BacktraceLock>::print
[INFO] [stdout]                                at /rustc/e3feeb59cd1bdd011a2bfcc0747b55125d9b8527/library/std/src/sys/backtrace.rs:47:9
[INFO] [stdout]    9:     0x6172e6c72886 - std[617be2ca0a6fd877]::panicking::default_hook::{closure#0}
[INFO] [stdout]                                at /rustc/e3feeb59cd1bdd011a2bfcc0747b55125d9b8527/library/std/src/panicking.rs:289:27
[INFO] [stdout]   10:     0x6172e6c90ab9 - std[617be2ca0a6fd877]::panicking::default_hook
[INFO] [stdout]                                at /rustc/e3feeb59cd1bdd011a2bfcc0747b55125d9b8527/library/std/src/panicking.rs:313:9
[INFO] [stdout]   11:     0x6172e6a54e40 - <alloc[2e1b2a31b91974c5]::boxed::Box<dyn for<'a, 'b> core[a373ad73a504971]::ops::function::Fn<(&'a std[617be2ca0a6fd877]::panic::PanicHookInfo<'b>,), Output = ()> + core[a373ad73a504971]::marker::Sync + core[a373ad73a504971]::marker::Send> as core[a373ad73a504971]::ops::function::Fn<(&std[617be2ca0a6fd877]::panic::PanicHookInfo,)>>::call
[INFO] [stdout]                                at /rustc/e3feeb59cd1bdd011a2bfcc0747b55125d9b8527/library/alloc/src/boxed.rs:2328:9
[INFO] [stdout]   12:     0x6172e6a54e40 - test[aada8e7e76ba119b]::test_main_inner::{closure#0}
[INFO] [stdout]                                at /rustc/e3feeb59cd1bdd011a2bfcc0747b55125d9b8527/library/test/src/lib.rs:137:21
[INFO] [stdout]   13:     0x6172e6c90de2 - <alloc[2e1b2a31b91974c5]::boxed::Box<dyn for<'a, 'b> core[a373ad73a504971]::ops::function::Fn<(&'a std[617be2ca0a6fd877]::panic::PanicHookInfo<'b>,), Output = ()> + core[a373ad73a504971]::marker::Sync + core[a373ad73a504971]::marker::Send> as core[a373ad73a504971]::ops::function::Fn<(&std[617be2ca0a6fd877]::panic::PanicHookInfo,)>>::call
[INFO] [stdout]                                at /rustc/e3feeb59cd1bdd011a2bfcc0747b55125d9b8527/library/alloc/src/boxed.rs:2328:9
[INFO] [stdout]   14:     0x6172e6c90de2 - std[617be2ca0a6fd877]::panicking::panic_with_hook
[INFO] [stdout]                                at /rustc/e3feeb59cd1bdd011a2bfcc0747b55125d9b8527/library/std/src/panicking.rs:819:13
[INFO] [stdout]   15:     0x6172e6c72932 - std[617be2ca0a6fd877]::panicking::panic_handler::{closure#0}
[INFO] [stdout]                                at /rustc/e3feeb59cd1bdd011a2bfcc0747b55125d9b8527/library/std/src/panicking.rs:685:13
[INFO] [stdout]   16:     0x6172e6c6ab99 - std[617be2ca0a6fd877]::sys::backtrace::__rust_end_short_backtrace::<std[617be2ca0a6fd877]::panicking::panic_handler::{closure#0}, !>
[INFO] [stdout]                                at /rustc/e3feeb59cd1bdd011a2bfcc0747b55125d9b8527/library/std/src/sys/backtrace.rs:182:18
[INFO] [stdout]   17:     0x6172e6c7393d - __rustc[ea4f61d10b84890b]::rust_begin_unwind
[INFO] [stdout]                                at /rustc/e3feeb59cd1bdd011a2bfcc0747b55125d9b8527/library/std/src/panicking.rs:676:5
[INFO] [stdout]   18:     0x6172e6cb453c - core[a373ad73a504971]::panicking::panic_fmt
[INFO] [stdout]                                at /rustc/e3feeb59cd1bdd011a2bfcc0747b55125d9b8527/library/core/src/panicking.rs:80:14
[INFO] [stdout]   19:     0x6172e6cb43a3 - core[a373ad73a504971]::panicking::assert_failed_inner
[INFO] [stdout]                                at /rustc/e3feeb59cd1bdd011a2bfcc0747b55125d9b8527/library/core/src/panicking.rs:452:17
[INFO] [stdout]   20:     0x6172e57ab40f - core[a373ad73a504971]::panicking::assert_failed::<alloc[2e1b2a31b91974c5]::string::String, &str>
[INFO] [stdout]                                at /rustc/e3feeb59cd1bdd011a2bfcc0747b55125d9b8527/library/core/src/panicking.rs:407:5
[INFO] [stdout]   21:     0x6172e5848124 - p2p[6d46f9b559b838eb]::room_store::tests::record_use_moves_existing_id_to_front::{closure#0}
[INFO] [stdout]                                at /opt/rustwide/workdir/src/room_store.rs:134:9
[INFO] [stdout]   22:     0x6172e5a439a2 - <core[a373ad73a504971]::pin::Pin<&mut dyn core[a373ad73a504971]::future::future::Future<Output = ()>> as core[a373ad73a504971]::future::future::Future>::poll
[INFO] [stdout]                                at /rustc/e3feeb59cd1bdd011a2bfcc0747b55125d9b8527/library/core/src/future/future.rs:133:9
[INFO] [stdout]   23:     0x6172e5a43a9d - <core[a373ad73a504971]::pin::Pin<&mut core[a373ad73a504971]::pin::Pin<&mut dyn core[a373ad73a504971]::future::future::Future<Output = ()>>> as core[a373ad73a504971]::future::future::Future>::poll
[INFO] [stdout]                                at /rustc/e3feeb59cd1bdd011a2bfcc0747b55125d9b8527/library/core/src/future/future.rs:133:9
[INFO] [stdout]   24:     0x6172e59127ed - <tokio[e1d6115b2d601465]::runtime::scheduler::current_thread::CoreGuard>::block_on::<core[a373ad73a504971]::pin::Pin<&mut core[a373ad73a504971]::pin::Pin<&mut dyn core[a373ad73a504971]::future::future::Future<Output = ()>>>>::{closure#0}::{closure#0}::{closure#0}
[INFO] [stdout]                                at /opt/rustwide/cargo-home/registry/src/index.crates.io-1949cf8c6b5b557f/tokio-1.49.0/src/runtime/scheduler/current_thread/mod.rs:753:70
[INFO] [stdout]   25:     0x6172e59124b5 - tokio[e1d6115b2d601465]::task::coop::with_budget::<core[a373ad73a504971]::task::poll::Poll<()>, <tokio[e1d6115b2d601465]::runtime::scheduler::current_thread::CoreGuard>::block_on<core[a373ad73a504971]::pin::Pin<&mut core[a373ad73a504971]::pin::Pin<&mut dyn core[a373ad73a504971]::future::future::Future<Output = ()>>>>::{closure#0}::{closure#0}::{closure#0}>
[INFO] [stdout]                                at /opt/rustwide/cargo-home/registry/src/index.crates.io-1949cf8c6b5b557f/tokio-1.49.0/src/task/coop/mod.rs:167:5
[INFO] [stdout]   26:     0x6172e59124b5 - tokio[e1d6115b2d601465]::task::coop::budget::<core[a373ad73a504971]::task::poll::Poll<()>, <tokio[e1d6115b2d601465]::runtime::scheduler::current_thread::CoreGuard>::block_on<core[a373ad73a504971]::pin::Pin<&mut core[a373ad73a504971]::pin::Pin<&mut dyn core[a373ad73a504971]::future::future::Future<Output = ()>>>>::{closure#0}::{closure#0}::{closure#0}>
[INFO] [stdout]                                at /opt/rustwide/cargo-home/registry/src/index.crates.io-1949cf8c6b5b557f/tokio-1.49.0/src/task/coop/mod.rs:133:5
[INFO] [stdout]   27:     0x6172e59124b5 - <tokio[e1d6115b2d601465]::runtime::scheduler::current_thread::CoreGuard>::block_on::<core[a373ad73a504971]::pin::Pin<&mut core[a373ad73a504971]::pin::Pin<&mut dyn core[a373ad73a504971]::future::future::Future<Output = ()>>>>::{closure#0}::{closure#0}
[INFO] [stdout]                                at /opt/rustwide/cargo-home/registry/src/index.crates.io-1949cf8c6b5b557f/tokio-1.49.0/src/runtime/scheduler/current_thread/mod.rs:753:25
[INFO] [stdout]   28:     0x6172e58f1a02 - <tokio[e1d6115b2d601465]::runtime::scheduler::current_thread::Context>::enter::<core[a373ad73a504971]::task::poll::Poll<()>, <tokio[e1d6115b2d601465]::runtime::scheduler::current_thread::CoreGuard>::block_on<core[a373ad73a504971]::pin::Pin<&mut core[a373ad73a504971]::pin::Pin<&mut dyn core[a373ad73a504971]::future::future::Future<Output = ()>>>>::{closure#0}::{closure#0}>
[INFO] [stdout]                                at /opt/rustwide/cargo-home/registry/src/index.crates.io-1949cf8c6b5b557f/tokio-1.49.0/src/runtime/scheduler/current_thread/mod.rs:442:19
[INFO] [stdout]   29:     0x6172e590de0d - <tokio[e1d6115b2d601465]::runtime::scheduler::current_thread::CoreGuard>::block_on::<core[a373ad73a504971]::pin::Pin<&mut core[a373ad73a504971]::pin::Pin<&mut dyn core[a373ad73a504971]::future::future::Future<Output = ()>>>>::{closure#0}
[INFO] [stdout]                                at /opt/rustwide/cargo-home/registry/src/index.crates.io-1949cf8c6b5b557f/tokio-1.49.0/src/runtime/scheduler/current_thread/mod.rs:752:44
[INFO] [stdout]   30:     0x6172e590bb74 - <tokio[e1d6115b2d601465]::runtime::scheduler::current_thread::CoreGuard>::enter::<<tokio[e1d6115b2d601465]::runtime::scheduler::current_thread::CoreGuard>::block_on<core[a373ad73a504971]::pin::Pin<&mut core[a373ad73a504971]::pin::Pin<&mut dyn core[a373ad73a504971]::future::future::Future<Output = ()>>>>::{closure#0}, core[a373ad73a504971]::option::Option<()>>::{closure#0}
[INFO] [stdout]                                at /opt/rustwide/cargo-home/registry/src/index.crates.io-1949cf8c6b5b557f/tokio-1.49.0/src/runtime/scheduler/current_thread/mod.rs:840:68
[INFO] [stdout]   31:     0x6172e59ba15b - <tokio[e1d6115b2d601465]::runtime::context::scoped::Scoped<tokio[e1d6115b2d601465]::runtime::scheduler::Context>>::set::<<tokio[e1d6115b2d601465]::runtime::scheduler::current_thread::CoreGuard>::enter<<tokio[e1d6115b2d601465]::runtime::scheduler::current_thread::CoreGuard>::block_on<core[a373ad73a504971]::pin::Pin<&mut core[a373ad73a504971]::pin::Pin<&mut dyn core[a373ad73a504971]::future::future::Future<Output = ()>>>>::{closure#0}, core[a373ad73a504971]::option::Option<()>>::{closure#0}, (alloc[2e1b2a31b91974c5]::boxed::Box<tokio[e1d6115b2d601465]::runtime::scheduler::current_thread::Core>, core[a373ad73a504971]::option::Option<()>)>
[INFO] [stdout]                                at /opt/rustwide/cargo-home/registry/src/index.crates.io-1949cf8c6b5b557f/tokio-1.49.0/src/runtime/context/scoped.rs:40:9
[INFO] [stdout]   32:     0x6172e59516e9 - tokio[e1d6115b2d601465]::runtime::context::set_scheduler::<(alloc[2e1b2a31b91974c5]::boxed::Box<tokio[e1d6115b2d601465]::runtime::scheduler::current_thread::Core>, core[a373ad73a504971]::option::Option<()>), <tokio[e1d6115b2d601465]::runtime::scheduler::current_thread::CoreGuard>::enter<<tokio[e1d6115b2d601465]::runtime::scheduler::current_thread::CoreGuard>::block_on<core[a373ad73a504971]::pin::Pin<&mut core[a373ad73a504971]::pin::Pin<&mut dyn core[a373ad73a504971]::future::future::Future<Output = ()>>>>::{closure#0}, core[a373ad73a504971]::option::Option<()>>::{closure#0}>::{closure#0}
[INFO] [stdout]                                at /opt/rustwide/cargo-home/registry/src/index.crates.io-1949cf8c6b5b557f/tokio-1.49.0/src/runtime/context.rs:176:38
[INFO] [stdout]   33:     0x6172e579a0ef - <std[617be2ca0a6fd877]::thread::local::LocalKey<tokio[e1d6115b2d601465]::runtime::context::Context>>::try_with::<tokio[e1d6115b2d601465]::runtime::context::set_scheduler<(alloc[2e1b2a31b91974c5]::boxed::Box<tokio[e1d6115b2d601465]::runtime::scheduler::current_thread::Core>, core[a373ad73a504971]::option::Option<()>), <tokio[e1d6115b2d601465]::runtime::scheduler::current_thread::CoreGuard>::enter<<tokio[e1d6115b2d601465]::runtime::scheduler::current_thread::CoreGuard>::block_on<core[a373ad73a504971]::pin::Pin<&mut core[a373ad73a504971]::pin::Pin<&mut dyn core[a373ad73a504971]::future::future::Future<Output = ()>>>>::{closure#0}, core[a373ad73a504971]::option::Option<()>>::{closure#0}>::{closure#0}, (alloc[2e1b2a31b91974c5]::boxed::Box<tokio[e1d6115b2d601465]::runtime::scheduler::current_thread::Core>, core[a373ad73a504971]::option::Option<()>)>
[INFO] [stdout]                                at /rustc/e3feeb59cd1bdd011a2bfcc0747b55125d9b8527/library/std/src/thread/local.rs:463:12
[INFO] [stdout]   34:     0x6172e579955e - <std[617be2ca0a6fd877]::thread::local::LocalKey<tokio[e1d6115b2d601465]::runtime::context::Context>>::with::<tokio[e1d6115b2d601465]::runtime::context::set_scheduler<(alloc[2e1b2a31b91974c5]::boxed::Box<tokio[e1d6115b2d601465]::runtime::scheduler::current_thread::Core>, core[a373ad73a504971]::option::Option<()>), <tokio[e1d6115b2d601465]::runtime::scheduler::current_thread::CoreGuard>::enter<<tokio[e1d6115b2d601465]::runtime::scheduler::current_thread::CoreGuard>::block_on<core[a373ad73a504971]::pin::Pin<&mut core[a373ad73a504971]::pin::Pin<&mut dyn core[a373ad73a504971]::future::future::Future<Output = ()>>>>::{closure#0}, core[a373ad73a504971]::option::Option<()>>::{closure#0}>::{closure#0}, (alloc[2e1b2a31b91974c5]::boxed::Box<tokio[e1d6115b2d601465]::runtime::scheduler::current_thread::Core>, core[a373ad73a504971]::option::Option<()>)>
[INFO] [stdout]                                at /rustc/e3feeb59cd1bdd011a2bfcc0747b55125d9b8527/library/std/src/thread/local.rs:427:20
[INFO] [stdout]   35:     0x6172e594c41d - tokio[e1d6115b2d601465]::runtime::context::set_scheduler::<(alloc[2e1b2a31b91974c5]::boxed::Box<tokio[e1d6115b2d601465]::runtime::scheduler::current_thread::Core>, core[a373ad73a504971]::option::Option<()>), <tokio[e1d6115b2d601465]::runtime::scheduler::current_thread::CoreGuard>::enter<<tokio[e1d6115b2d601465]::runtime::scheduler::current_thread::CoreGuard>::block_on<core[a373ad73a504971]::pin::Pin<&mut core[a373ad73a504971]::pin::Pin<&mut dyn core[a373ad73a504971]::future::future::Future<Output = ()>>>>::{closure#0}, core[a373ad73a504971]::option::Option<()>>::{closure#0}>
[INFO] [stdout]                                at /opt/rustwide/cargo-home/registry/src/index.crates.io-1949cf8c6b5b557f/tokio-1.49.0/src/runtime/context.rs:176:17
[INFO] [stdout]   36:     0x6172e59003f0 - <tokio[e1d6115b2d601465]::runtime::scheduler::current_thread::CoreGuard>::enter::<<tokio[e1d6115b2d601465]::runtime::scheduler::current_thread::CoreGuard>::block_on<core[a373ad73a504971]::pin::Pin<&mut core[a373ad73a504971]::pin::Pin<&mut dyn core[a373ad73a504971]::future::future::Future<Output = ()>>>>::{closure#0}, core[a373ad73a504971]::option::Option<()>>
[INFO] [stdout]                                at /opt/rustwide/cargo-home/registry/src/index.crates.io-1949cf8c6b5b557f/tokio-1.49.0/src/runtime/scheduler/current_thread/mod.rs:840:27
[INFO] [stdout]   37:     0x6172e5901026 - <tokio[e1d6115b2d601465]::runtime::scheduler::current_thread::CoreGuard>::block_on::<core[a373ad73a504971]::pin::Pin<&mut core[a373ad73a504971]::pin::Pin<&mut dyn core[a373ad73a504971]::future::future::Future<Output = ()>>>>
[INFO] [stdout]                                at /opt/rustwide/cargo-home/registry/src/index.crates.io-1949cf8c6b5b557f/tokio-1.49.0/src/runtime/scheduler/current_thread/mod.rs:740:24
[INFO] [stdout]   38:     0x6172e590a860 - <tokio[e1d6115b2d601465]::runtime::scheduler::current_thread::CurrentThread>::block_on::<core[a373ad73a504971]::pin::Pin<&mut dyn core[a373ad73a504971]::future::future::Future<Output = ()>>>::{closure#0}
[INFO] [stdout]                                at /opt/rustwide/cargo-home/registry/src/index.crates.io-1949cf8c6b5b557f/tokio-1.49.0/src/runtime/scheduler/current_thread/mod.rs:200:33
[INFO] [stdout]   39:     0x6172e5a26ef8 - tokio[e1d6115b2d601465]::runtime::context::runtime::enter_runtime::<<tokio[e1d6115b2d601465]::runtime::scheduler::current_thread::CurrentThread>::block_on<core[a373ad73a504971]::pin::Pin<&mut dyn core[a373ad73a504971]::future::future::Future<Output = ()>>>::{closure#0}, ()>
[INFO] [stdout]                                at /opt/rustwide/cargo-home/registry/src/index.crates.io-1949cf8c6b5b557f/tokio-1.49.0/src/runtime/context/runtime.rs:65:16
[INFO] [stdout]   40:     0x6172e58f0e84 - <tokio[e1d6115b2d601465]::runtime::scheduler::current_thread::CurrentThread>::block_on::<core[a373ad73a504971]::pin::Pin<&mut dyn core[a373ad73a504971]::future::future::Future<Output = ()>>>
[INFO] [stdout]                                at /opt/rustwide/cargo-home/registry/src/index.crates.io-1949cf8c6b5b557f/tokio-1.49.0/src/runtime/scheduler/current_thread/mod.rs:188:9
[INFO] [stdout]   41:     0x6172e5985a7f - <tokio[e1d6115b2d601465]::runtime::runtime::Runtime>::block_on_inner::<core[a373ad73a504971]::pin::Pin<&mut dyn core[a373ad73a504971]::future::future::Future<Output = ()>>>
[INFO] [stdout]                                at /opt/rustwide/cargo-home/registry/src/index.crates.io-1949cf8c6b5b557f/tokio-1.49.0/src/runtime/runtime.rs:368:52
[INFO] [stdout]   42:     0x6172e5985f2b - <tokio[e1d6115b2d601465]::runtime::runtime::Runtime>::block_on::<core[a373ad73a504971]::pin::Pin<&mut dyn core[a373ad73a504971]::future::future::Future<Output = ()>>>
[INFO] [stdout]                                at /opt/rustwide/cargo-home/registry/src/index.crates.io-1949cf8c6b5b557f/tokio-1.49.0/src/runtime/runtime.rs:342:18
[INFO] [stdout]   43:     0x6172e5877804 - p2p[6d46f9b559b838eb]::room_store::tests::record_use_moves_existing_id_to_front
[INFO] [stdout]                                at /opt/rustwide/workdir/src/room_store.rs:136:54
[INFO] [stdout]   44:     0x6172e5845057 - p2p[6d46f9b559b838eb]::room_store::tests::record_use_moves_existing_id_to_front::{closure#0}
[INFO] [stdout]                                at /opt/rustwide/workdir/src/room_store.rs:124:53
[INFO] [stdout]   45:     0x6172e57978b6 - <p2p[6d46f9b559b838eb]::room_store::tests::record_use_moves_existing_id_to_front::{closure#0} as core[a373ad73a504971]::ops::function::FnOnce<()>>::call_once
[INFO] [stdout]                                at /rustc/e3feeb59cd1bdd011a2bfcc0747b55125d9b8527/library/core/src/ops/function.rs:250:5
[INFO] [stdout]   46:     0x6172e6a4828b - <fn() -> core[a373ad73a504971]::result::Result<(), alloc[2e1b2a31b91974c5]::string::String> as core[a373ad73a504971]::ops::function::FnOnce<()>>::call_once
[INFO] [stdout]                                at /rustc/e3feeb59cd1bdd011a2bfcc0747b55125d9b8527/library/core/src/ops/function.rs:250:5
[INFO] [stdout]   47:     0x6172e6a4828b - test[aada8e7e76ba119b]::__rust_begin_short_backtrace::<core[a373ad73a504971]::result::Result<(), alloc[2e1b2a31b91974c5]::string::String>, fn() -> core[a373ad73a504971]::result::Result<(), alloc[2e1b2a31b91974c5]::string::String>>
[INFO] [stdout]                                at /rustc/e3feeb59cd1bdd011a2bfcc0747b55125d9b8527/library/test/src/lib.rs:701:18
[INFO] [stdout]   48:     0x6172e6a55465 - test[aada8e7e76ba119b]::run_test_in_process::{closure#0}
[INFO] [stdout]                                at /rustc/e3feeb59cd1bdd011a2bfcc0747b55125d9b8527/library/test/src/lib.rs:724:74
[INFO] [stdout]   49:     0x6172e6a55465 - <core[a373ad73a504971]::panic::unwind_safe::AssertUnwindSafe<test[aada8e7e76ba119b]::run_test_in_process::{closure#0}> as core[a373ad73a504971]::ops::function::FnOnce<()>>::call_once
[INFO] [stdout]                                at /rustc/e3feeb59cd1bdd011a2bfcc0747b55125d9b8527/library/core/src/panic/unwind_safe.rs:275:9
[INFO] [stdout]   50:     0x6172e6a55465 - std[617be2ca0a6fd877]::panicking::catch_unwind::do_call::<core[a373ad73a504971]::panic::unwind_safe::AssertUnwindSafe<test[aada8e7e76ba119b]::run_test_in_process::{closure#0}>, core[a373ad73a504971]::result::Result<(), alloc[2e1b2a31b91974c5]::string::String>>
[INFO] [stdout]                                at /rustc/e3feeb59cd1bdd011a2bfcc0747b55125d9b8527/library/std/src/panicking.rs:573:43
[INFO] [stdout]   51:     0x6172e6a55465 - std[617be2ca0a6fd877]::panicking::catch_unwind::<core[a373ad73a504971]::result::Result<(), alloc[2e1b2a31b91974c5]::string::String>, core[a373ad73a504971]::panic::unwind_safe::AssertUnwindSafe<test[aada8e7e76ba119b]::run_test_in_process::{closure#0}>>
[INFO] [stdout]                                at /rustc/e3feeb59cd1bdd011a2bfcc0747b55125d9b8527/library/std/src/panicking.rs:541:19
[INFO] [stdout]   52:     0x6172e6a55465 - std[617be2ca0a6fd877]::panic::catch_unwind::<core[a373ad73a504971]::panic::unwind_safe::AssertUnwindSafe<test[aada8e7e76ba119b]::run_test_in_process::{closure#0}>, core[a373ad73a504971]::result::Result<(), alloc[2e1b2a31b91974c5]::string::String>>
[INFO] [stdout]                                at /rustc/e3feeb59cd1bdd011a2bfcc0747b55125d9b8527/library/std/src/panic.rs:359:14
[INFO] [stdout]   53:     0x6172e6a55465 - test[aada8e7e76ba119b]::run_test_in_process
[INFO] [stdout]                                at /rustc/e3feeb59cd1bdd011a2bfcc0747b55125d9b8527/library/test/src/lib.rs:724:27
[INFO] [stdout]   54:     0x6172e6a55465 - test[aada8e7e76ba119b]::run_test::{closure#0}
[INFO] [stdout]                                at /rustc/e3feeb59cd1bdd011a2bfcc0747b55125d9b8527/library/test/src/lib.rs:645:43
[INFO] [stdout]   55:     0x6172e6a4ed54 - test[aada8e7e76ba119b]::run_test::{closure#1}
[INFO] [stdout]                                at /rustc/e3feeb59cd1bdd011a2bfcc0747b55125d9b8527/library/test/src/lib.rs:675:41
[INFO] [stdout]   56:     0x6172e6a4ed54 - std[617be2ca0a6fd877]::sys::backtrace::__rust_begin_short_backtrace::<test[aada8e7e76ba119b]::run_test::{closure#1}, ()>
[INFO] [stdout]                                at /rustc/e3feeb59cd1bdd011a2bfcc0747b55125d9b8527/library/std/src/sys/backtrace.rs:166:18
[INFO] [stdout]   57:     0x6172e6a584f2 - std[617be2ca0a6fd877]::thread::lifecycle::spawn_unchecked::<test[aada8e7e76ba119b]::run_test::{closure#1}, ()>::{closure#1}::{closure#0}
[INFO] [stdout]                                at /rustc/e3feeb59cd1bdd011a2bfcc0747b55125d9b8527/library/std/src/thread/lifecycle.rs:70:13
[INFO] [stdout]   58:     0x6172e6a584f2 - <core[a373ad73a504971]::panic::unwind_safe::AssertUnwindSafe<std[617be2ca0a6fd877]::thread::lifecycle::spawn_unchecked<test[aada8e7e76ba119b]::run_test::{closure#1}, ()>::{closure#1}::{closure#0}> as core[a373ad73a504971]::ops::function::FnOnce<()>>::call_once
[INFO] [stdout]                                at /rustc/e3feeb59cd1bdd011a2bfcc0747b55125d9b8527/library/core/src/panic/unwind_safe.rs:275:9
[INFO] [stdout]   59:     0x6172e6a584f2 - std[617be2ca0a6fd877]::panicking::catch_unwind::do_call::<core[a373ad73a504971]::panic::unwind_safe::AssertUnwindSafe<std[617be2ca0a6fd877]::thread::lifecycle::spawn_unchecked<test[aada8e7e76ba119b]::run_test::{closure#1}, ()>::{closure#1}::{closure#0}>, ()>
[INFO] [stdout]                                at /rustc/e3feeb59cd1bdd011a2bfcc0747b55125d9b8527/library/std/src/panicking.rs:573:43
[INFO] [stdout]   60:     0x6172e6a584f2 - std[617be2ca0a6fd877]::panicking::catch_unwind::<(), core[a373ad73a504971]::panic::unwind_safe::AssertUnwindSafe<std[617be2ca0a6fd877]::thread::lifecycle::spawn_unchecked<test[aada8e7e76ba119b]::run_test::{closure#1}, ()>::{closure#1}::{closure#0}>>
[INFO] [stdout]                                at /rustc/e3feeb59cd1bdd011a2bfcc0747b55125d9b8527/library/std/src/panicking.rs:541:19
[INFO] [stdout]   61:     0x6172e6a584f2 - std[617be2ca0a6fd877]::panic::catch_unwind::<core[a373ad73a504971]::panic::unwind_safe::AssertUnwindSafe<std[617be2ca0a6fd877]::thread::lifecycle::spawn_unchecked<test[aada8e7e76ba119b]::run_test::{closure#1}, ()>::{closure#1}::{closure#0}>, ()>
[INFO] [stdout]                                at /rustc/e3feeb59cd1bdd011a2bfcc0747b55125d9b8527/library/std/src/panic.rs:359:14
[INFO] [stdout]   62:     0x6172e6a584f2 - std[617be2ca0a6fd877]::thread::lifecycle::spawn_unchecked::<test[aada8e7e76ba119b]::run_test::{closure#1}, ()>::{closure#1}
[INFO] [stdout]                                at /rustc/e3feeb59cd1bdd011a2bfcc0747b55125d9b8527/library/std/src/thread/lifecycle.rs:68:26
[INFO] [stdout]   63:     0x6172e6a584f2 - <std[617be2ca0a6fd877]::thread::lifecycle::spawn_unchecked<test[aada8e7e76ba119b]::run_test::{closure#1}, ()>::{closure#1} as core[a373ad73a504971]::ops::function::FnOnce<()>>::call_once::{shim:vtable#0}
[INFO] [stdout]                                at /rustc/e3feeb59cd1bdd011a2bfcc0747b55125d9b8527/library/core/src/ops/function.rs:250:5
[INFO] [stdout]   64:     0x6172e6c9898f - <alloc[2e1b2a31b91974c5]::boxed::Box<dyn core[a373ad73a504971]::ops::function::FnOnce<(), Output = ()> + core[a373ad73a504971]::marker::Send> as core[a373ad73a504971]::ops::function::FnOnce<()>>::call_once
[INFO] [stdout]                                at /rustc/e3feeb59cd1bdd011a2bfcc0747b55125d9b8527/library/alloc/src/boxed.rs:2314:9
[INFO] [stdout]   65:     0x6172e6c9898f - <std[617be2ca0a6fd877]::sys::thread::unix::Thread>::new::thread_start
[INFO] [stdout]                                at /rustc/e3feeb59cd1bdd011a2bfcc0747b55125d9b8527/library/std/src/sys/thread/unix.rs:127:17
[INFO] [stdout]   66:     0x744e86346dfa - <unknown>
[INFO] [stdout]   67:     0x744e863da3d4 - clone
[INFO] [stdout]   68:                0x0 - <unknown>
[INFO] [stdout] 
[INFO] [stdout] 
[INFO] [stdout] failures:
[INFO] [stdout]     room_store::tests::record_use_moves_existing_id_to_front
[INFO] [stdout] 
[INFO] [stdout] test result: FAILED. 163 passed; 1 failed; 0 ignored; 0 measured; 0 filtered out; finished in 0.81s
[INFO] [stdout] 
[INFO] [stderr] error: test failed, to rerun pass `--bin p2p`
[INFO] running `Command { std: "docker" "inspect" "d5642604fdcab27fae0503f9b360f29d638ddfd2f2384c89c3a12b0440afa388", kill_on_drop: false }`
[INFO] running `Command { std: "docker" "rm" "-f" "d5642604fdcab27fae0503f9b360f29d638ddfd2f2384c89c3a12b0440afa388", kill_on_drop: false }`
[INFO] [stdout] d5642604fdcab27fae0503f9b360f29d638ddfd2f2384c89c3a12b0440afa388
