[INFO] cloning repository https://github.com/tiblocko2/urlshorter
[INFO] running `Command { std: "git" "-c" "credential.helper=" "-c" "credential.helper=/workspace/cargo-home/bin/git-credential-null" "clone" "--bare" "https://github.com/tiblocko2/urlshorter" "/workspace/cache/git-repos/https%3A%2F%2Fgithub.com%2Ftiblocko2%2Furlshorter", kill_on_drop: false }`
[INFO] [stderr] Cloning into bare repository '/workspace/cache/git-repos/https%3A%2F%2Fgithub.com%2Ftiblocko2%2Furlshorter'...
[INFO] running `Command { std: "git" "rev-parse" "HEAD", kill_on_drop: false }`
[INFO] [stdout] 5b8b406234a1e84ba698a3a18a73808bf9d8b931
[INFO] testing tiblocko2/urlshorter against 1.99.0-beta.8 for beta-1.100-2
[INFO] running `Command { std: "git" "clone" "/workspace/cache/git-repos/https%3A%2F%2Fgithub.com%2Ftiblocko2%2Furlshorter" "/workspace/builds/worker-2-tc1/source", kill_on_drop: false }`
[INFO] [stderr] Cloning into '/workspace/builds/worker-2-tc1/source'...
[INFO] [stderr] done.
[INFO] [stderr] Updating files:  38% (1703/4459)
Updating files:  39% (1740/4459)
Updating files:  40% (1784/4459)
Updating files:  41% (1829/4459)
Updating files:  42% (1873/4459)
Updating files:  42% (1913/4459)
Updating files:  43% (1918/4459)
Updating files:  44% (1962/4459)
Updating files:  44% (1977/4459)
Updating files:  45% (2007/4459)
Updating files:  46% (2052/4459)
Updating files:  47% (2096/4459)
Updating files:  48% (2141/4459)
Updating files:  49% (2185/4459)
Updating files:  50% (2230/4459)
Updating files:  50% (2252/4459)
Updating files:  51% (2275/4459)
Updating files:  52% (2319/4459)
Updating files:  53% (2364/4459)
Updating files:  54% (2408/4459)
Updating files:  55% (2453/4459)
Updating files:  56% (2498/4459)
Updating files:  57% (2542/4459)
Updating files:  58% (2587/4459)
Updating files:  59% (2631/4459)
Updating files:  60% (2676/4459)
Updating files:  61% (2720/4459)
Updating files:  62% (2765/4459)
Updating files:  63% (2810/4459)
Updating files:  64% (2854/4459)
Updating files:  65% (2899/4459)
Updating files:  66% (2943/4459)
Updating files:  67% (2988/4459)
Updating files:  68% (3033/4459)
Updating files:  69% (3077/4459)
Updating files:  70% (3122/4459)
Updating files:  71% (3166/4459)
Updating files:  72% (3211/4459)
Updating files:  73% (3256/4459)
Updating files:  74% (3300/4459)
Updating files:  75% (3345/4459)
Updating files:  76% (3389/4459)
Updating files:  77% (3434/4459)
Updating files:  78% (3479/4459)
Updating files:  79% (3523/4459)
Updating files:  80% (3568/4459)
Updating files:  81% (3612/4459)
Updating files:  82% (3657/4459)
Updating files:  83% (3701/4459)
Updating files:  84% (3746/4459)
Updating files:  85% (3791/4459)
Updating files:  86% (3835/4459)
Updating files:  87% (3880/4459)
Updating files:  87% (3893/4459)
Updating files:  88% (3924/4459)
Updating files:  89% (3969/4459)
Updating files:  90% (4014/4459)
Updating files:  91% (4058/4459)
Updating files:  92% (4103/4459)
Updating files:  93% (4147/4459)
Updating files:  94% (4192/4459)
Updating files:  95% (4237/4459)
Updating files:  95% (4244/4459)
Updating files:  96% (4281/4459)
Updating files:  97% (4326/4459)
Updating files:  98% (4370/4459)
Updating files:  99% (4415/4459)
Updating files: 100% (4459/4459)
Updating files: 100% (4459/4459), done.
[INFO] started tweaking git repo https://github.com/tiblocko2/urlshorter
[INFO] finished tweaking git repo https://github.com/tiblocko2/urlshorter
[INFO] tweaked toml for git repo https://github.com/tiblocko2/urlshorter written to /workspace/builds/worker-2-tc1/source/Cargo.toml
[INFO] validating manifest of git repo https://github.com/tiblocko2/urlshorter on toolchain 1.99.0-beta.8
[INFO] running `Command { std: CARGO_HOME="/workspace/cargo-home" RUSTUP_HOME="/workspace/rustup-home" "/workspace/cargo-home/bin/cargo" "+1.99.0-beta.8" "metadata" "--manifest-path" "Cargo.toml" "--no-deps", kill_on_drop: false }`
[INFO] crate git repo https://github.com/tiblocko2/urlshorter already has a lockfile, it will not be regenerated
[INFO] running `Command { std: CARGO_HOME="/workspace/cargo-home" RUSTUP_HOME="/workspace/rustup-home" "/workspace/cargo-home/bin/cargo" "+1.99.0-beta.8" "fetch" "--manifest-path" "Cargo.toml", kill_on_drop: false }`
[INFO] running `Command { std: "docker" "create" "-v" "/var/lib/crater-agent-workspace/builds/worker-2-tc1/source:/opt/rustwide/workdir:ro,Z" "-v" "/var/lib/crater-agent-workspace/builds/worker-2-tc1/target:/opt/rustwide/target:rw,Z" "-v" "/var/lib/crater-agent-workspace/cargo-home:/opt/rustwide/cargo-home:ro,Z" "-v" "/var/lib/crater-agent-workspace/rustup-home:/opt/rustwide/rustup-home:ro,Z" "-m" "1610612736" "--network" "none" "ghcr.io/rust-lang/crates-build-env/linux@sha256:3111399a4047eeb3a02b7a90e478d715f38a8c6669b5c4b49d30a17385265909" "sleep" "infinity", kill_on_drop: false }`
[INFO] [stdout] 9bed5f9ce3176d1fc94f2933d4a608b100a974bb894d243d29cafebce862c586
[INFO] running `Command { std: "docker" "start" "9bed5f9ce3176d1fc94f2933d4a608b100a974bb894d243d29cafebce862c586", kill_on_drop: false }`
[INFO] running `Command { std: "docker" "inspect" "9bed5f9ce3176d1fc94f2933d4a608b100a974bb894d243d29cafebce862c586", kill_on_drop: false }`
[INFO] running `Command { std: "docker" "exec" "-e" "SOURCE_DIR=/opt/rustwide/workdir" "-e" "CARGO_HOME=/opt/rustwide/cargo-home" "-e" "RUSTUP_HOME=/opt/rustwide/rustup-home" "-e" "CARGO_TARGET_DIR=/opt/rustwide/target" "-w" "/opt/rustwide/workdir" "--user" "0:0" "9bed5f9ce3176d1fc94f2933d4a608b100a974bb894d243d29cafebce862c586" "/opt/rustwide/cargo-home/bin/cargo" "+1.99.0-beta.8" "metadata" "--no-deps" "--format-version=1", kill_on_drop: false }`
[INFO] running `Command { std: "docker" "inspect" "9bed5f9ce3176d1fc94f2933d4a608b100a974bb894d243d29cafebce862c586", kill_on_drop: false }`
[INFO] running `Command { std: "docker" "exec" "-e" "SOURCE_DIR=/opt/rustwide/workdir" "-e" "CARGO_HOME=/opt/rustwide/cargo-home" "-e" "RUSTUP_HOME=/opt/rustwide/rustup-home" "-e" "CARGO_TARGET_DIR=/opt/rustwide/target" "-e" "CARGO_INCREMENTAL=0" "-e" "RUST_BACKTRACE=full" "-e" "RUSTFLAGS=--cap-lints=warn" "-e" "RUSTDOCFLAGS=--cap-lints=warn" "-w" "/opt/rustwide/workdir" "--user" "0:0" "9bed5f9ce3176d1fc94f2933d4a608b100a974bb894d243d29cafebce862c586" "/opt/rustwide/cargo-home/bin/cargo" "+1.99.0-beta.8" "build" "--frozen" "--message-format=json", kill_on_drop: false }`
[INFO] [stderr]    Compiling smallvec v1.15.1
[INFO] [stderr]    Compiling tracing-core v0.1.36
[INFO] [stderr]    Compiling log v0.4.29
[INFO] [stderr]    Compiling http v1.4.0
[INFO] [stderr]    Compiling mio v1.1.1
[INFO] [stderr]    Compiling tokio-macros v2.6.0
[INFO] [stderr]    Compiling serde_core v1.0.228
[INFO] [stderr]    Compiling getrandom v0.2.17
[INFO] [stderr]    Compiling rand_core v0.6.4
[INFO] [stderr]    Compiling num-traits v0.2.19
[INFO] [stderr]    Compiling rustversion v1.0.22
[INFO] [stderr]    Compiling parking_lot_core v0.9.12
[INFO] [stderr]    Compiling icu_normalizer v2.1.1
[INFO] [stderr]    Compiling rand_chacha v0.3.1
[INFO] [stderr]    Compiling parking_lot v0.12.5
[INFO] [stderr]    Compiling tracing v0.1.44
[INFO] [stderr]    Compiling indexmap v1.9.3
[INFO] [stderr]    Compiling futures-channel v0.3.31
[INFO] [stderr]    Compiling serde_json v1.0.149
[INFO] [stderr]    Compiling tokio v1.49.0
[INFO] [stderr]    Compiling sync_wrapper v1.0.2
[INFO] [stderr]    Compiling regex-syntax v0.8.8
[INFO] [stderr]    Compiling predicates-core v1.0.9
[INFO] [stderr]    Compiling rand v0.8.5
[INFO] [stderr]    Compiling idna_adapter v1.2.1
[INFO] [stderr]    Compiling http-body v1.0.1
[INFO] [stderr]    Compiling http-body-util v0.1.3
[INFO] [stderr]    Compiling pin-project-internal v1.1.10
[INFO] [stderr]    Compiling async-trait v0.1.89
[INFO] [stderr]    Compiling anstyle v1.0.13
[INFO] [stderr]    Compiling termtree v0.5.1
[INFO] [stderr]    Compiling hashbrown v0.12.3
[INFO] [stderr]    Compiling byteorder v1.5.0
[INFO] [stderr]    Compiling predicates-tree v1.0.12
[INFO] [stderr]    Compiling hdrhistogram v7.5.4
[INFO] [stderr]    Compiling idna v1.1.0
[INFO] [stderr]    Compiling regex-automata v0.4.13
[INFO] [stderr]    Compiling axum-core v0.4.5
[INFO] [stderr]    Compiling pin-project v1.1.10
[INFO] [stderr]    Compiling predicates v3.1.3
[INFO] [stderr]    Compiling tracing-log v0.2.0
[INFO] [stderr]    Compiling thread_local v1.1.9
[INFO] [stderr]    Compiling mockall_derive v0.12.1
[INFO] [stderr]    Compiling thiserror-impl v1.0.69
[INFO] [stderr]    Compiling fragile v2.0.1
[INFO] [stderr]    Compiling matchit v0.7.3
[INFO] [stderr]    Compiling serde v1.0.228
[INFO] [stderr]    Compiling serde_path_to_error v0.1.20
[INFO] [stderr]    Compiling downcast v0.11.0
[INFO] [stderr]    Compiling hashbrown v0.14.5
[INFO] [stderr]    Compiling tower-http v0.5.2
[INFO] [stderr]    Compiling serde_urlencoded v0.7.1
[INFO] [stderr]    Compiling thiserror v1.0.69
[INFO] [stderr]    Compiling dashmap v5.5.3
[INFO] [stderr]    Compiling url v2.5.8
[INFO] [stderr]    Compiling matchers v0.2.0
[INFO] [stderr]    Compiling tracing-subscriber v0.3.22
[INFO] [stderr]    Compiling nanoid v0.4.0
[INFO] [stderr]    Compiling mockall v0.12.1
[INFO] [stderr]    Compiling hyper v1.8.1
[INFO] [stderr]    Compiling tokio-util v0.7.18
[INFO] [stderr]    Compiling tower v0.5.3
[INFO] [stderr]    Compiling tower v0.4.13
[INFO] [stderr]    Compiling hyper-util v0.1.19
[INFO] [stderr]    Compiling axum v0.7.9
[INFO] [stderr]    Compiling url-shortler v0.1.0 (/opt/rustwide/workdir)
[INFO] [stdout] warning: struct `ErrorResponse` is never constructed
[INFO] [stdout]   --> src/ports/httpapi/mod.rs:11:8
[INFO] [stdout]    |
[INFO] [stdout] 11 | struct ErrorResponse {
[INFO] [stdout]    |        ^^^^^^^^^^^^^
[INFO] [stdout]    |
[INFO] [stdout]    = note: `#[warn(dead_code)]` (part of `#[warn(unused)]`) on by default
[INFO] [stdout] 
[INFO] [stdout] 
[INFO] [stderr]     Finished `dev` profile [unoptimized + debuginfo] target(s) in 1m 01s
[INFO] running `Command { std: "docker" "inspect" "9bed5f9ce3176d1fc94f2933d4a608b100a974bb894d243d29cafebce862c586", kill_on_drop: false }`
[INFO] running `Command { std: "docker" "exec" "-e" "SOURCE_DIR=/opt/rustwide/workdir" "-e" "CARGO_HOME=/opt/rustwide/cargo-home" "-e" "RUSTUP_HOME=/opt/rustwide/rustup-home" "-e" "CARGO_TARGET_DIR=/opt/rustwide/target" "-e" "CARGO_INCREMENTAL=0" "-e" "RUST_BACKTRACE=full" "-e" "RUSTFLAGS=--cap-lints=warn" "-e" "RUSTDOCFLAGS=--cap-lints=warn" "-w" "/opt/rustwide/workdir" "--user" "0:0" "9bed5f9ce3176d1fc94f2933d4a608b100a974bb894d243d29cafebce862c586" "/opt/rustwide/cargo-home/bin/cargo" "+1.99.0-beta.8" "test" "--frozen" "--no-run" "--message-format=json", kill_on_drop: false }`
[INFO] [stderr]    Compiling url-shortler v0.1.0 (/opt/rustwide/workdir)
[INFO] [stderr]     Finished `test` profile [unoptimized + debuginfo] target(s) in 2.68s
[INFO] running `Command { std: "docker" "inspect" "9bed5f9ce3176d1fc94f2933d4a608b100a974bb894d243d29cafebce862c586", kill_on_drop: false }`
[INFO] running `Command { std: "docker" "exec" "-e" "SOURCE_DIR=/opt/rustwide/workdir" "-e" "CARGO_HOME=/opt/rustwide/cargo-home" "-e" "RUSTUP_HOME=/opt/rustwide/rustup-home" "-e" "CARGO_TARGET_DIR=/opt/rustwide/target" "-e" "CARGO_INCREMENTAL=0" "-e" "RUST_BACKTRACE=full" "-e" "RUSTFLAGS=--cap-lints=warn" "-e" "RUSTDOCFLAGS=--cap-lints=warn" "-w" "/opt/rustwide/workdir" "--user" "0:0" "9bed5f9ce3176d1fc94f2933d4a608b100a974bb894d243d29cafebce862c586" "/opt/rustwide/cargo-home/bin/cargo" "+1.99.0-beta.8" "test" "--frozen", kill_on_drop: false }`
[INFO] [stderr]     Finished `test` profile [unoptimized + debuginfo] target(s) in 0.19s
[INFO] [stderr]      Running unittests src/main.rs (/opt/rustwide/target/debug/deps/url_shortler-609fdba522d8963f)
[INFO] [stdout] 
[INFO] [stdout] running 11 tests
[INFO] [stdout] test app::query::get_full_url::tests::get_full_url ... ok
[INFO] [stdout] test app::command::create_short_url::tests::get_short_url ... ok
[INFO] [stdout] test ports::httpapi::tests::test_get_different_id ... ok
[INFO] [stdout] test ports::httpapi::tests::short_and_get ... ok
[INFO] [stdout] test app::query::get_full_url::tests::get_from_inmemory_repo ... ok
[INFO] [stdout] test app::command::create_short_url::tests::after_save_store_should_have_one_item ... ok
[INFO] [stdout] test tests::create_and_get_short_url ... ok
[INFO] [stdout] test app::command::create_short_url::tests::get_two_different_short_url ... ok
[INFO] [stdout] test ports::httpapi::tests::short_url ... ok
[INFO] [stdout] test ports::httpapi::tests::test_get_full_url ... ok
[INFO] [stderr] error: test failed, to rerun pass `--bin url-shortler`
[INFO] [stdout] test ports::httpapi::tests::test_invalid_url ... FAILED
[INFO] [stdout] 
[INFO] [stdout] failures:
[INFO] [stdout] 
[INFO] [stdout] ---- ports::httpapi::tests::test_invalid_url stdout ----
[INFO] [stdout] 
[INFO] [stdout] thread 'ports::httpapi::tests::test_invalid_url' (990) panicked at src/ports/httpapi/mod.rs:316:9:
[INFO] [stdout] assertion `left == right` failed
[INFO] [stdout]   left: 200
[INFO] [stdout]  right: 400
[INFO] [stdout] stack backtrace:
[INFO] [stdout]    0:     0x5d19f640a781 - std[70759c8f55707aa4]::backtrace_rs::backtrace::libunwind::trace
[INFO] [stdout]                                at /rustc/dfb0accb7f508ae8be965d8629557221c889dd98/library/std/src/../../backtrace/src/backtrace/libunwind.rs:117:9
[INFO] [stdout]    1:     0x5d19f640a781 - std[70759c8f55707aa4]::backtrace_rs::backtrace::trace_unsynchronized::<std[70759c8f55707aa4]::sys::backtrace::_print_fmt::{closure#1}>
[INFO] [stdout]                                at /rustc/dfb0accb7f508ae8be965d8629557221c889dd98/library/std/src/../../backtrace/src/backtrace/mod.rs:66:14
[INFO] [stdout]    2:     0x5d19f640a781 - std[70759c8f55707aa4]::sys::backtrace::_print_fmt
[INFO] [stdout]                                at /rustc/dfb0accb7f508ae8be965d8629557221c889dd98/library/std/src/sys/backtrace.rs:74:9
[INFO] [stdout]    3:     0x5d19f640a781 - <<std[70759c8f55707aa4]::sys::backtrace::BacktraceLock>::print::DisplayBacktrace as core[df12db4294e9bfd3]::fmt::Display>::fmt
[INFO] [stdout]                                at /rustc/dfb0accb7f508ae8be965d8629557221c889dd98/library/std/src/sys/backtrace.rs:44:26
[INFO] [stdout]    4:     0x5d19f64201ea - <core[df12db4294e9bfd3]::fmt::rt::Argument>::fmt
[INFO] [stdout]                                at /rustc/dfb0accb7f508ae8be965d8629557221c889dd98/library/core/src/fmt/rt.rs:152:76
[INFO] [stdout]    5:     0x5d19f64201ea - core[df12db4294e9bfd3]::fmt::write
[INFO] [stdout]    6:     0x5d19f640ee6c - core[df12db4294e9bfd3]::io::write::default_write_fmt::<alloc[2182bb758b4b3781]::vec::Vec<u8>>
[INFO] [stdout]                                at /rustc/dfb0accb7f508ae8be965d8629557221c889dd98/library/core/src/io/write.rs:402:11
[INFO] [stdout]    7:     0x5d19f640ee6c - <alloc[2182bb758b4b3781]::vec::Vec<u8> as core[df12db4294e9bfd3]::io::write::Write>::write_fmt
[INFO] [stdout]                                at /rustc/dfb0accb7f508ae8be965d8629557221c889dd98/library/core/src/io/write.rs:335:13
[INFO] [stdout]    8:     0x5d19f63e66f6 - <std[70759c8f55707aa4]::sys::backtrace::BacktraceLock>::print
[INFO] [stdout]                                at /rustc/dfb0accb7f508ae8be965d8629557221c889dd98/library/std/src/sys/backtrace.rs:47:9
[INFO] [stdout]    9:     0x5d19f63e66f6 - std[70759c8f55707aa4]::panicking::default_hook::{closure#0}
[INFO] [stdout]                                at /rustc/dfb0accb7f508ae8be965d8629557221c889dd98/library/std/src/panicking.rs:292:27
[INFO] [stdout]   10:     0x5d19f6402b39 - std[70759c8f55707aa4]::panicking::default_hook
[INFO] [stdout]                                at /rustc/dfb0accb7f508ae8be965d8629557221c889dd98/library/std/src/panicking.rs:316:9
[INFO] [stdout]   11:     0x5d19f6248bf0 - <alloc[2182bb758b4b3781]::boxed::Box<dyn for<'a, 'b> core[df12db4294e9bfd3]::ops::function::Fn<(&'a std[70759c8f55707aa4]::panic::PanicHookInfo<'b>,), Output = ()> + core[df12db4294e9bfd3]::marker::Send + core[df12db4294e9bfd3]::marker::Sync> as core[df12db4294e9bfd3]::ops::function::Fn<(&std[70759c8f55707aa4]::panic::PanicHookInfo,)>>::call
[INFO] [stdout]                                at /rustc/dfb0accb7f508ae8be965d8629557221c889dd98/library/alloc/src/boxed.rs:2334:9
[INFO] [stdout]   12:     0x5d19f6248bf0 - test[9d35eded1c95d3be]::test_main_inner::<test[9d35eded1c95d3be]::test_main_static::{closure#0}>::{closure#0}
[INFO] [stdout]                                at /rustc/dfb0accb7f508ae8be965d8629557221c889dd98/library/test/src/lib.rs:155:21
[INFO] [stdout]   13:     0x5d19f6402e62 - <alloc[2182bb758b4b3781]::boxed::Box<dyn for<'a, 'b> core[df12db4294e9bfd3]::ops::function::Fn<(&'a std[70759c8f55707aa4]::panic::PanicHookInfo<'b>,), Output = ()> + core[df12db4294e9bfd3]::marker::Send + core[df12db4294e9bfd3]::marker::Sync> as core[df12db4294e9bfd3]::ops::function::Fn<(&std[70759c8f55707aa4]::panic::PanicHookInfo,)>>::call
[INFO] [stdout]                                at /rustc/dfb0accb7f508ae8be965d8629557221c889dd98/library/alloc/src/boxed.rs:2334:9
[INFO] [stdout]   14:     0x5d19f6402e62 - std[70759c8f55707aa4]::panicking::panic_with_hook
[INFO] [stdout]                                at /rustc/dfb0accb7f508ae8be965d8629557221c889dd98/library/std/src/panicking.rs:823:13
[INFO] [stdout]   15:     0x5d19f63e67a2 - std[70759c8f55707aa4]::panicking::panic_handler::{closure#0}
[INFO] [stdout]                                at /rustc/dfb0accb7f508ae8be965d8629557221c889dd98/library/std/src/panicking.rs:688:13
[INFO] [stdout]   16:     0x5d19f63df4f9 - std[70759c8f55707aa4]::sys::backtrace::__rust_end_short_backtrace::<std[70759c8f55707aa4]::panicking::panic_handler::{closure#0}, !>
[INFO] [stdout]                                at /rustc/dfb0accb7f508ae8be965d8629557221c889dd98/library/std/src/sys/backtrace.rs:182:18
[INFO] [stdout]   17:     0x5d19f63e739d - __rustc[8fa7c3cbc660c2b3]::rust_begin_unwind
[INFO] [stdout]                                at /rustc/dfb0accb7f508ae8be965d8629557221c889dd98/library/std/src/panicking.rs:679:5
[INFO] [stdout]   18:     0x5d19f6420a3c - core[df12db4294e9bfd3]::panicking::panic_fmt
[INFO] [stdout]                                at /rustc/dfb0accb7f508ae8be965d8629557221c889dd98/library/core/src/panicking.rs:80:14
[INFO] [stdout]   19:     0x5d19f64208a3 - core[df12db4294e9bfd3]::panicking::assert_failed_inner
[INFO] [stdout]                                at /rustc/dfb0accb7f508ae8be965d8629557221c889dd98/library/core/src/panicking.rs:452:17
[INFO] [stdout]   20:     0x5d19f61e0cfd - core[df12db4294e9bfd3]::panicking::assert_failed::<http[dd12fe6f5ba8490e]::status::StatusCode, http[dd12fe6f5ba8490e]::status::StatusCode>
[INFO] [stdout]                                at /rustc/dfb0accb7f508ae8be965d8629557221c889dd98/library/core/src/panicking.rs:407:5
[INFO] [stdout]   21:     0x5d19f6219380 - url_shortler[f88e7b34cb2a10b6]::ports::httpapi::tests::test_invalid_url::{closure#0}
[INFO] [stdout]                                at /opt/rustwide/workdir/src/ports/httpapi/mod.rs:316:9
[INFO] [stdout]   22:     0x5d19f6210362 - <core[df12db4294e9bfd3]::pin::Pin<&mut dyn core[df12db4294e9bfd3]::future::future::Future<Output = ()>> as core[df12db4294e9bfd3]::future::future::Future>::poll
[INFO] [stdout]                                at /rustc/dfb0accb7f508ae8be965d8629557221c889dd98/library/core/src/future/future.rs:133:9
[INFO] [stdout]   23:     0x5d19f62103dd - <core[df12db4294e9bfd3]::pin::Pin<&mut core[df12db4294e9bfd3]::pin::Pin<&mut dyn core[df12db4294e9bfd3]::future::future::Future<Output = ()>>> as core[df12db4294e9bfd3]::future::future::Future>::poll
[INFO] [stdout]                                at /rustc/dfb0accb7f508ae8be965d8629557221c889dd98/library/core/src/future/future.rs:133:9
[INFO] [stdout]   24:     0x5d19f62001bd - <tokio[6f473df611f113ad]::runtime::scheduler::current_thread::CoreGuard>::block_on::<core[df12db4294e9bfd3]::pin::Pin<&mut core[df12db4294e9bfd3]::pin::Pin<&mut dyn core[df12db4294e9bfd3]::future::future::Future<Output = ()>>>>::{closure#0}::{closure#0}::{closure#0}
[INFO] [stdout]                                at /opt/rustwide/cargo-home/registry/src/index.crates.io-1949cf8c6b5b557f/tokio-1.49.0/src/runtime/scheduler/current_thread/mod.rs:753:70
[INFO] [stdout]   25:     0x5d19f62000e5 - tokio[6f473df611f113ad]::task::coop::with_budget::<core[df12db4294e9bfd3]::task::poll::Poll<()>, <tokio[6f473df611f113ad]::runtime::scheduler::current_thread::CoreGuard>::block_on<core[df12db4294e9bfd3]::pin::Pin<&mut core[df12db4294e9bfd3]::pin::Pin<&mut dyn core[df12db4294e9bfd3]::future::future::Future<Output = ()>>>>::{closure#0}::{closure#0}::{closure#0}>
[INFO] [stdout]                                at /opt/rustwide/cargo-home/registry/src/index.crates.io-1949cf8c6b5b557f/tokio-1.49.0/src/task/coop/mod.rs:167:5
[INFO] [stdout]   26:     0x5d19f62000e5 - tokio[6f473df611f113ad]::task::coop::budget::<core[df12db4294e9bfd3]::task::poll::Poll<()>, <tokio[6f473df611f113ad]::runtime::scheduler::current_thread::CoreGuard>::block_on<core[df12db4294e9bfd3]::pin::Pin<&mut core[df12db4294e9bfd3]::pin::Pin<&mut dyn core[df12db4294e9bfd3]::future::future::Future<Output = ()>>>>::{closure#0}::{closure#0}::{closure#0}>
[INFO] [stdout]                                at /opt/rustwide/cargo-home/registry/src/index.crates.io-1949cf8c6b5b557f/tokio-1.49.0/src/task/coop/mod.rs:133:5
[INFO] [stdout]   27:     0x5d19f62000e5 - <tokio[6f473df611f113ad]::runtime::scheduler::current_thread::CoreGuard>::block_on::<core[df12db4294e9bfd3]::pin::Pin<&mut core[df12db4294e9bfd3]::pin::Pin<&mut dyn core[df12db4294e9bfd3]::future::future::Future<Output = ()>>>>::{closure#0}::{closure#0}
[INFO] [stdout]                                at /opt/rustwide/cargo-home/registry/src/index.crates.io-1949cf8c6b5b557f/tokio-1.49.0/src/runtime/scheduler/current_thread/mod.rs:753:25
[INFO] [stdout]   28:     0x5d19f61fc822 - <tokio[6f473df611f113ad]::runtime::scheduler::current_thread::Context>::enter::<core[df12db4294e9bfd3]::task::poll::Poll<()>, <tokio[6f473df611f113ad]::runtime::scheduler::current_thread::CoreGuard>::block_on<core[df12db4294e9bfd3]::pin::Pin<&mut core[df12db4294e9bfd3]::pin::Pin<&mut dyn core[df12db4294e9bfd3]::future::future::Future<Output = ()>>>>::{closure#0}::{closure#0}>
[INFO] [stdout]                                at /opt/rustwide/cargo-home/registry/src/index.crates.io-1949cf8c6b5b557f/tokio-1.49.0/src/runtime/scheduler/current_thread/mod.rs:442:19
[INFO] [stdout]   29:     0x5d19f61ff26d - <tokio[6f473df611f113ad]::runtime::scheduler::current_thread::CoreGuard>::block_on::<core[df12db4294e9bfd3]::pin::Pin<&mut core[df12db4294e9bfd3]::pin::Pin<&mut dyn core[df12db4294e9bfd3]::future::future::Future<Output = ()>>>>::{closure#0}
[INFO] [stdout]                                at /opt/rustwide/cargo-home/registry/src/index.crates.io-1949cf8c6b5b557f/tokio-1.49.0/src/runtime/scheduler/current_thread/mod.rs:752:44
[INFO] [stdout]   30:     0x5d19f61fe564 - <tokio[6f473df611f113ad]::runtime::scheduler::current_thread::CoreGuard>::enter::<<tokio[6f473df611f113ad]::runtime::scheduler::current_thread::CoreGuard>::block_on<core[df12db4294e9bfd3]::pin::Pin<&mut core[df12db4294e9bfd3]::pin::Pin<&mut dyn core[df12db4294e9bfd3]::future::future::Future<Output = ()>>>>::{closure#0}, core[df12db4294e9bfd3]::option::Option<()>>::{closure#0}
[INFO] [stdout]                                at /opt/rustwide/cargo-home/registry/src/index.crates.io-1949cf8c6b5b557f/tokio-1.49.0/src/runtime/scheduler/current_thread/mod.rs:840:68
[INFO] [stdout]   31:     0x5d19f61ef7bb - <tokio[6f473df611f113ad]::runtime::context::scoped::Scoped<tokio[6f473df611f113ad]::runtime::scheduler::Context>>::set::<<tokio[6f473df611f113ad]::runtime::scheduler::current_thread::CoreGuard>::enter<<tokio[6f473df611f113ad]::runtime::scheduler::current_thread::CoreGuard>::block_on<core[df12db4294e9bfd3]::pin::Pin<&mut core[df12db4294e9bfd3]::pin::Pin<&mut dyn core[df12db4294e9bfd3]::future::future::Future<Output = ()>>>>::{closure#0}, core[df12db4294e9bfd3]::option::Option<()>>::{closure#0}, (alloc[2182bb758b4b3781]::boxed::Box<tokio[6f473df611f113ad]::runtime::scheduler::current_thread::Core>, core[df12db4294e9bfd3]::option::Option<()>)>
[INFO] [stdout]                                at /opt/rustwide/cargo-home/registry/src/index.crates.io-1949cf8c6b5b557f/tokio-1.49.0/src/runtime/context/scoped.rs:40:9
[INFO] [stdout]   32:     0x5d19f6234b39 - tokio[6f473df611f113ad]::runtime::context::set_scheduler::<(alloc[2182bb758b4b3781]::boxed::Box<tokio[6f473df611f113ad]::runtime::scheduler::current_thread::Core>, core[df12db4294e9bfd3]::option::Option<()>), <tokio[6f473df611f113ad]::runtime::scheduler::current_thread::CoreGuard>::enter<<tokio[6f473df611f113ad]::runtime::scheduler::current_thread::CoreGuard>::block_on<core[df12db4294e9bfd3]::pin::Pin<&mut core[df12db4294e9bfd3]::pin::Pin<&mut dyn core[df12db4294e9bfd3]::future::future::Future<Output = ()>>>>::{closure#0}, core[df12db4294e9bfd3]::option::Option<()>>::{closure#0}>::{closure#0}
[INFO] [stdout]                                at /opt/rustwide/cargo-home/registry/src/index.crates.io-1949cf8c6b5b557f/tokio-1.49.0/src/runtime/context.rs:176:38
[INFO] [stdout]   33:     0x5d19f6236a1f - <std[70759c8f55707aa4]::thread::local::LocalKey<tokio[6f473df611f113ad]::runtime::context::Context>>::try_with::<tokio[6f473df611f113ad]::runtime::context::set_scheduler<(alloc[2182bb758b4b3781]::boxed::Box<tokio[6f473df611f113ad]::runtime::scheduler::current_thread::Core>, core[df12db4294e9bfd3]::option::Option<()>), <tokio[6f473df611f113ad]::runtime::scheduler::current_thread::CoreGuard>::enter<<tokio[6f473df611f113ad]::runtime::scheduler::current_thread::CoreGuard>::block_on<core[df12db4294e9bfd3]::pin::Pin<&mut core[df12db4294e9bfd3]::pin::Pin<&mut dyn core[df12db4294e9bfd3]::future::future::Future<Output = ()>>>>::{closure#0}, core[df12db4294e9bfd3]::option::Option<()>>::{closure#0}>::{closure#0}, (alloc[2182bb758b4b3781]::boxed::Box<tokio[6f473df611f113ad]::runtime::scheduler::current_thread::Core>, core[df12db4294e9bfd3]::option::Option<()>)>
[INFO] [stdout]                                at /rustc/dfb0accb7f508ae8be965d8629557221c889dd98/library/std/src/thread/local.rs:463:12
[INFO] [stdout]   34:     0x5d19f62365ce - <std[70759c8f55707aa4]::thread::local::LocalKey<tokio[6f473df611f113ad]::runtime::context::Context>>::with::<tokio[6f473df611f113ad]::runtime::context::set_scheduler<(alloc[2182bb758b4b3781]::boxed::Box<tokio[6f473df611f113ad]::runtime::scheduler::current_thread::Core>, core[df12db4294e9bfd3]::option::Option<()>), <tokio[6f473df611f113ad]::runtime::scheduler::current_thread::CoreGuard>::enter<<tokio[6f473df611f113ad]::runtime::scheduler::current_thread::CoreGuard>::block_on<core[df12db4294e9bfd3]::pin::Pin<&mut core[df12db4294e9bfd3]::pin::Pin<&mut dyn core[df12db4294e9bfd3]::future::future::Future<Output = ()>>>>::{closure#0}, core[df12db4294e9bfd3]::option::Option<()>>::{closure#0}>::{closure#0}, (alloc[2182bb758b4b3781]::boxed::Box<tokio[6f473df611f113ad]::runtime::scheduler::current_thread::Core>, core[df12db4294e9bfd3]::option::Option<()>)>
[INFO] [stdout]                                at /rustc/dfb0accb7f508ae8be965d8629557221c889dd98/library/std/src/thread/local.rs:427:20
[INFO] [stdout]   35:     0x5d19f62349ad - tokio[6f473df611f113ad]::runtime::context::set_scheduler::<(alloc[2182bb758b4b3781]::boxed::Box<tokio[6f473df611f113ad]::runtime::scheduler::current_thread::Core>, core[df12db4294e9bfd3]::option::Option<()>), <tokio[6f473df611f113ad]::runtime::scheduler::current_thread::CoreGuard>::enter<<tokio[6f473df611f113ad]::runtime::scheduler::current_thread::CoreGuard>::block_on<core[df12db4294e9bfd3]::pin::Pin<&mut core[df12db4294e9bfd3]::pin::Pin<&mut dyn core[df12db4294e9bfd3]::future::future::Future<Output = ()>>>>::{closure#0}, core[df12db4294e9bfd3]::option::Option<()>>::{closure#0}>
[INFO] [stdout]                                at /opt/rustwide/cargo-home/registry/src/index.crates.io-1949cf8c6b5b557f/tokio-1.49.0/src/runtime/context.rs:176:17
[INFO] [stdout]   36:     0x5d19f61fd890 - <tokio[6f473df611f113ad]::runtime::scheduler::current_thread::CoreGuard>::enter::<<tokio[6f473df611f113ad]::runtime::scheduler::current_thread::CoreGuard>::block_on<core[df12db4294e9bfd3]::pin::Pin<&mut core[df12db4294e9bfd3]::pin::Pin<&mut dyn core[df12db4294e9bfd3]::future::future::Future<Output = ()>>>>::{closure#0}, core[df12db4294e9bfd3]::option::Option<()>>
[INFO] [stdout]                                at /opt/rustwide/cargo-home/registry/src/index.crates.io-1949cf8c6b5b557f/tokio-1.49.0/src/runtime/scheduler/current_thread/mod.rs:840:27
[INFO] [stdout]   37:     0x5d19f61fdb86 - <tokio[6f473df611f113ad]::runtime::scheduler::current_thread::CoreGuard>::block_on::<core[df12db4294e9bfd3]::pin::Pin<&mut core[df12db4294e9bfd3]::pin::Pin<&mut dyn core[df12db4294e9bfd3]::future::future::Future<Output = ()>>>>
[INFO] [stdout]                                at /opt/rustwide/cargo-home/registry/src/index.crates.io-1949cf8c6b5b557f/tokio-1.49.0/src/runtime/scheduler/current_thread/mod.rs:740:24
[INFO] [stdout]   38:     0x5d19f61fe170 - <tokio[6f473df611f113ad]::runtime::scheduler::current_thread::CurrentThread>::block_on::<core[df12db4294e9bfd3]::pin::Pin<&mut dyn core[df12db4294e9bfd3]::future::future::Future<Output = ()>>>::{closure#0}
[INFO] [stdout]                                at /opt/rustwide/cargo-home/registry/src/index.crates.io-1949cf8c6b5b557f/tokio-1.49.0/src/runtime/scheduler/current_thread/mod.rs:200:33
[INFO] [stdout]   39:     0x5d19f6211168 - tokio[6f473df611f113ad]::runtime::context::runtime::enter_runtime::<<tokio[6f473df611f113ad]::runtime::scheduler::current_thread::CurrentThread>::block_on<core[df12db4294e9bfd3]::pin::Pin<&mut dyn core[df12db4294e9bfd3]::future::future::Future<Output = ()>>>::{closure#0}, ()>
[INFO] [stdout]                                at /opt/rustwide/cargo-home/registry/src/index.crates.io-1949cf8c6b5b557f/tokio-1.49.0/src/runtime/context/runtime.rs:65:16
[INFO] [stdout]   40:     0x5d19f61fc3e4 - <tokio[6f473df611f113ad]::runtime::scheduler::current_thread::CurrentThread>::block_on::<core[df12db4294e9bfd3]::pin::Pin<&mut dyn core[df12db4294e9bfd3]::future::future::Future<Output = ()>>>
[INFO] [stdout]                                at /opt/rustwide/cargo-home/registry/src/index.crates.io-1949cf8c6b5b557f/tokio-1.49.0/src/runtime/scheduler/current_thread/mod.rs:188:9
[INFO] [stdout]   41:     0x5d19f62165ef - <tokio[6f473df611f113ad]::runtime::runtime::Runtime>::block_on_inner::<core[df12db4294e9bfd3]::pin::Pin<&mut dyn core[df12db4294e9bfd3]::future::future::Future<Output = ()>>>
[INFO] [stdout]                                at /opt/rustwide/cargo-home/registry/src/index.crates.io-1949cf8c6b5b557f/tokio-1.49.0/src/runtime/runtime.rs:368:52
[INFO] [stdout]   42:     0x5d19f621673b - <tokio[6f473df611f113ad]::runtime::runtime::Runtime>::block_on::<core[df12db4294e9bfd3]::pin::Pin<&mut dyn core[df12db4294e9bfd3]::future::future::Future<Output = ()>>>
[INFO] [stdout]                                at /opt/rustwide/cargo-home/registry/src/index.crates.io-1949cf8c6b5b557f/tokio-1.49.0/src/runtime/runtime.rs:342:18
[INFO] [stdout]   43:     0x5d19f621d370 - url_shortler[f88e7b34cb2a10b6]::ports::httpapi::tests::test_invalid_url
[INFO] [stdout]                                at /opt/rustwide/workdir/src/ports/httpapi/mod.rs:320:48
[INFO] [stdout]   44:     0x5d19f6216c97 - url_shortler[f88e7b34cb2a10b6]::ports::httpapi::tests::test_invalid_url::{closure#0}
[INFO] [stdout]                                at /opt/rustwide/workdir/src/ports/httpapi/mod.rs:293:32
[INFO] [stdout]   45:     0x5d19f6235bd6 - <url_shortler[f88e7b34cb2a10b6]::ports::httpapi::tests::test_invalid_url::{closure#0} as core[df12db4294e9bfd3]::ops::function::FnOnce<()>>::call_once
[INFO] [stdout]                                at /rustc/dfb0accb7f508ae8be965d8629557221c889dd98/library/core/src/ops/function.rs:250:5
[INFO] [stdout]   46:     0x5d19f623bedb - <fn() -> core[df12db4294e9bfd3]::result::Result<(), alloc[2182bb758b4b3781]::string::String> as core[df12db4294e9bfd3]::ops::function::FnOnce<()>>::call_once
[INFO] [stdout]                                at /rustc/dfb0accb7f508ae8be965d8629557221c889dd98/library/core/src/ops/function.rs:250:5
[INFO] [stdout]   47:     0x5d19f623bedb - test[9d35eded1c95d3be]::__rust_begin_short_backtrace::<core[df12db4294e9bfd3]::result::Result<(), alloc[2182bb758b4b3781]::string::String>, fn() -> core[df12db4294e9bfd3]::result::Result<(), alloc[2182bb758b4b3781]::string::String>>
[INFO] [stdout]                                at /rustc/dfb0accb7f508ae8be965d8629557221c889dd98/library/test/src/lib.rs:733:18
[INFO] [stdout]   48:     0x5d19f6249545 - test[9d35eded1c95d3be]::run_test_in_process::{closure#0}
[INFO] [stdout]                                at /rustc/dfb0accb7f508ae8be965d8629557221c889dd98/library/test/src/lib.rs:756:74
[INFO] [stdout]   49:     0x5d19f6249545 - <core[df12db4294e9bfd3]::panic::unwind_safe::AssertUnwindSafe<test[9d35eded1c95d3be]::run_test_in_process::{closure#0}> as core[df12db4294e9bfd3]::ops::function::FnOnce<()>>::call_once
[INFO] [stdout]                                at /rustc/dfb0accb7f508ae8be965d8629557221c889dd98/library/core/src/panic/unwind_safe.rs:275:9
[INFO] [stdout]   50:     0x5d19f6249545 - std[70759c8f55707aa4]::panicking::catch_unwind::do_call::<core[df12db4294e9bfd3]::panic::unwind_safe::AssertUnwindSafe<test[9d35eded1c95d3be]::run_test_in_process::{closure#0}>, core[df12db4294e9bfd3]::result::Result<(), alloc[2182bb758b4b3781]::string::String>>
[INFO] [stdout]                                at /rustc/dfb0accb7f508ae8be965d8629557221c889dd98/library/std/src/panicking.rs:576:43
[INFO] [stdout]   51:     0x5d19f6249545 - std[70759c8f55707aa4]::panicking::catch_unwind::<core[df12db4294e9bfd3]::result::Result<(), alloc[2182bb758b4b3781]::string::String>, core[df12db4294e9bfd3]::panic::unwind_safe::AssertUnwindSafe<test[9d35eded1c95d3be]::run_test_in_process::{closure#0}>>
[INFO] [stdout]                                at /rustc/dfb0accb7f508ae8be965d8629557221c889dd98/library/std/src/panicking.rs:544:19
[INFO] [stdout]   52:     0x5d19f6249545 - std[70759c8f55707aa4]::panic::catch_unwind::<core[df12db4294e9bfd3]::panic::unwind_safe::AssertUnwindSafe<test[9d35eded1c95d3be]::run_test_in_process::{closure#0}>, core[df12db4294e9bfd3]::result::Result<(), alloc[2182bb758b4b3781]::string::String>>
[INFO] [stdout]                                at /rustc/dfb0accb7f508ae8be965d8629557221c889dd98/library/std/src/panic.rs:359:14
[INFO] [stdout]   53:     0x5d19f6249545 - test[9d35eded1c95d3be]::run_test_in_process
[INFO] [stdout]                                at /rustc/dfb0accb7f508ae8be965d8629557221c889dd98/library/test/src/lib.rs:756:27
[INFO] [stdout]   54:     0x5d19f6249545 - test[9d35eded1c95d3be]::run_test::{closure#0}
[INFO] [stdout]                                at /rustc/dfb0accb7f508ae8be965d8629557221c889dd98/library/test/src/lib.rs:677:43
[INFO] [stdout]   55:     0x5d19f6242e04 - test[9d35eded1c95d3be]::run_test::{closure#1}
[INFO] [stdout]                                at /rustc/dfb0accb7f508ae8be965d8629557221c889dd98/library/test/src/lib.rs:707:41
[INFO] [stdout]   56:     0x5d19f6242e04 - std[70759c8f55707aa4]::sys::backtrace::__rust_begin_short_backtrace::<test[9d35eded1c95d3be]::run_test::{closure#1}, ()>
[INFO] [stdout]                                at /rustc/dfb0accb7f508ae8be965d8629557221c889dd98/library/std/src/sys/backtrace.rs:166:18
[INFO] [stdout]   57:     0x5d19f624c6a2 - std[70759c8f55707aa4]::thread::lifecycle::spawn_unchecked::<test[9d35eded1c95d3be]::run_test::{closure#1}, ()>::{closure#1}::{closure#0}
[INFO] [stdout]                                at /rustc/dfb0accb7f508ae8be965d8629557221c889dd98/library/std/src/thread/lifecycle.rs:70:13
[INFO] [stdout]   58:     0x5d19f624c6a2 - <core[df12db4294e9bfd3]::panic::unwind_safe::AssertUnwindSafe<std[70759c8f55707aa4]::thread::lifecycle::spawn_unchecked<test[9d35eded1c95d3be]::run_test::{closure#1}, ()>::{closure#1}::{closure#0}> as core[df12db4294e9bfd3]::ops::function::FnOnce<()>>::call_once
[INFO] [stdout]                                at /rustc/dfb0accb7f508ae8be965d8629557221c889dd98/library/core/src/panic/unwind_safe.rs:275:9
[INFO] [stdout]   59:     0x5d19f624c6a2 - std[70759c8f55707aa4]::panicking::catch_unwind::do_call::<core[df12db4294e9bfd3]::panic::unwind_safe::AssertUnwindSafe<std[70759c8f55707aa4]::thread::lifecycle::spawn_unchecked<test[9d35eded1c95d3be]::run_test::{closure#1}, ()>::{closure#1}::{closure#0}>, ()>
[INFO] [stdout]                                at /rustc/dfb0accb7f508ae8be965d8629557221c889dd98/library/std/src/panicking.rs:576:43
[INFO] [stdout]   60:     0x5d19f624c6a2 - std[70759c8f55707aa4]::panicking::catch_unwind::<(), core[df12db4294e9bfd3]::panic::unwind_safe::AssertUnwindSafe<std[70759c8f55707aa4]::thread::lifecycle::spawn_unchecked<test[9d35eded1c95d3be]::run_test::{closure#1}, ()>::{closure#1}::{closure#0}>>
[INFO] [stdout]                                at /rustc/dfb0accb7f508ae8be965d8629557221c889dd98/library/std/src/panicking.rs:544:19
[INFO] [stdout]   61:     0x5d19f624c6a2 - std[70759c8f55707aa4]::panic::catch_unwind::<core[df12db4294e9bfd3]::panic::unwind_safe::AssertUnwindSafe<std[70759c8f55707aa4]::thread::lifecycle::spawn_unchecked<test[9d35eded1c95d3be]::run_test::{closure#1}, ()>::{closure#1}::{closure#0}>, ()>
[INFO] [stdout]                                at /rustc/dfb0accb7f508ae8be965d8629557221c889dd98/library/std/src/panic.rs:359:14
[INFO] [stdout]   62:     0x5d19f624c6a2 - std[70759c8f55707aa4]::thread::lifecycle::spawn_unchecked::<test[9d35eded1c95d3be]::run_test::{closure#1}, ()>::{closure#1}
[INFO] [stdout]                                at /rustc/dfb0accb7f508ae8be965d8629557221c889dd98/library/std/src/thread/lifecycle.rs:68:26
[INFO] [stdout]   63:     0x5d19f624c6a2 - <std[70759c8f55707aa4]::thread::lifecycle::spawn_unchecked<test[9d35eded1c95d3be]::run_test::{closure#1}, ()>::{closure#1} as core[df12db4294e9bfd3]::ops::function::FnOnce<()>>::call_once::{shim:vtable#0}
[INFO] [stdout]                                at /rustc/dfb0accb7f508ae8be965d8629557221c889dd98/library/core/src/ops/function.rs:250:5
[INFO] [stdout]   64:     0x5d19f640a019 - <alloc[2182bb758b4b3781]::boxed::Box<dyn core[df12db4294e9bfd3]::ops::function::FnOnce<(), Output = ()> + core[df12db4294e9bfd3]::marker::Send> as core[df12db4294e9bfd3]::ops::function::FnOnce<()>>::call_once
[INFO] [stdout]                                at /rustc/dfb0accb7f508ae8be965d8629557221c889dd98/library/alloc/src/boxed.rs:2320:9
[INFO] [stdout]   65:     0x5d19f640a019 - <std[70759c8f55707aa4]::sys::thread::unix::Thread>::new::thread_start
[INFO] [stdout]                                at /rustc/dfb0accb7f508ae8be965d8629557221c889dd98/library/std/src/sys/thread/unix.rs:123:17
[INFO] [stdout]   66:     0x74f1d8d1adfa - <unknown>
[INFO] [stdout]   67:     0x74f1d8dae3d4 - clone
[INFO] [stdout]   68:                0x0 - <unknown>
[INFO] [stdout] 
[INFO] [stdout] 
[INFO] [stdout] failures:
[INFO] [stdout]     ports::httpapi::tests::test_invalid_url
[INFO] [stdout] 
[INFO] [stdout] test result: FAILED. 10 passed; 1 failed; 0 ignored; 0 measured; 0 filtered out; finished in 0.12s
[INFO] [stdout] 
[INFO] running `Command { std: "docker" "inspect" "9bed5f9ce3176d1fc94f2933d4a608b100a974bb894d243d29cafebce862c586", kill_on_drop: false }`
[INFO] running `Command { std: "docker" "rm" "-f" "9bed5f9ce3176d1fc94f2933d4a608b100a974bb894d243d29cafebce862c586", kill_on_drop: false }`
[INFO] [stdout] 9bed5f9ce3176d1fc94f2933d4a608b100a974bb894d243d29cafebce862c586
