[INFO] cloning repository https://github.com/qjpcpu/webdir
[INFO] running `Command { std: "git" "-c" "credential.helper=" "-c" "credential.helper=/workspace/cargo-home/bin/git-credential-null" "clone" "--bare" "https://github.com/qjpcpu/webdir" "/workspace/cache/git-repos/https%3A%2F%2Fgithub.com%2Fqjpcpu%2Fwebdir", kill_on_drop: false }`
[INFO] [stderr] Cloning into bare repository '/workspace/cache/git-repos/https%3A%2F%2Fgithub.com%2Fqjpcpu%2Fwebdir'...
[INFO] running `Command { std: "git" "rev-parse" "HEAD", kill_on_drop: false }`
[INFO] [stdout] cf363e5779002de3f999cad906990486d2506546
[INFO] testing qjpcpu/webdir against 1.99.0-beta.8 for beta-1.100-2
[INFO] running `Command { std: "git" "clone" "/workspace/cache/git-repos/https%3A%2F%2Fgithub.com%2Fqjpcpu%2Fwebdir" "/workspace/builds/worker-7-tc1/source", kill_on_drop: false }`
[INFO] [stderr] Cloning into '/workspace/builds/worker-7-tc1/source'...
[INFO] [stderr] done.
[INFO] started tweaking git repo https://github.com/qjpcpu/webdir
[INFO] finished tweaking git repo https://github.com/qjpcpu/webdir
[INFO] tweaked toml for git repo https://github.com/qjpcpu/webdir written to /workspace/builds/worker-7-tc1/source/Cargo.toml
[INFO] validating manifest of git repo https://github.com/qjpcpu/webdir on toolchain 1.99.0-beta.8
[INFO] running `Command { std: CARGO_HOME="/workspace/cargo-home" RUSTUP_HOME="/workspace/rustup-home" "/workspace/cargo-home/bin/cargo" "+1.99.0-beta.8" "metadata" "--manifest-path" "Cargo.toml" "--no-deps", kill_on_drop: false }`
[INFO] crate git repo https://github.com/qjpcpu/webdir already has a lockfile, it will not be regenerated
[INFO] running `Command { std: CARGO_HOME="/workspace/cargo-home" RUSTUP_HOME="/workspace/rustup-home" "/workspace/cargo-home/bin/cargo" "+1.99.0-beta.8" "fetch" "--manifest-path" "Cargo.toml", kill_on_drop: false }`
[INFO] [stderr]     Updating crates.io index
[INFO] [stderr]  Downloading crates ...
[INFO] [stderr]   Downloaded yrs v0.27.4
[INFO] [stderr]   Downloaded syntect v5.3.0
[INFO] [stderr]   Downloaded two-face v0.5.2+bat-0.26.1
[INFO] running `Command { std: "docker" "create" "-v" "/var/lib/crater-agent-workspace/builds/worker-7-tc1/source:/opt/rustwide/workdir:ro,Z" "-v" "/var/lib/crater-agent-workspace/builds/worker-7-tc1/target:/opt/rustwide/target:rw,Z" "-v" "/var/lib/crater-agent-workspace/cargo-home:/opt/rustwide/cargo-home:ro,Z" "-v" "/var/lib/crater-agent-workspace/rustup-home:/opt/rustwide/rustup-home:ro,Z" "-m" "1610612736" "--network" "none" "ghcr.io/rust-lang/crates-build-env/linux@sha256:3111399a4047eeb3a02b7a90e478d715f38a8c6669b5c4b49d30a17385265909" "sleep" "infinity", kill_on_drop: false }`
[INFO] [stdout] eb4f6fccad0c86066ad3bc6c362ad43a147fff224c39f5e7999e7b6d574fccfe
[INFO] running `Command { std: "docker" "start" "eb4f6fccad0c86066ad3bc6c362ad43a147fff224c39f5e7999e7b6d574fccfe", kill_on_drop: false }`
[INFO] running `Command { std: "docker" "inspect" "eb4f6fccad0c86066ad3bc6c362ad43a147fff224c39f5e7999e7b6d574fccfe", kill_on_drop: false }`
[INFO] running `Command { std: "docker" "exec" "-e" "SOURCE_DIR=/opt/rustwide/workdir" "-e" "CARGO_HOME=/opt/rustwide/cargo-home" "-e" "RUSTUP_HOME=/opt/rustwide/rustup-home" "-e" "CARGO_TARGET_DIR=/opt/rustwide/target" "-w" "/opt/rustwide/workdir" "--user" "0:0" "eb4f6fccad0c86066ad3bc6c362ad43a147fff224c39f5e7999e7b6d574fccfe" "/opt/rustwide/cargo-home/bin/cargo" "+1.99.0-beta.8" "metadata" "--no-deps" "--format-version=1", kill_on_drop: false }`
[INFO] running `Command { std: "docker" "inspect" "eb4f6fccad0c86066ad3bc6c362ad43a147fff224c39f5e7999e7b6d574fccfe", kill_on_drop: false }`
[INFO] running `Command { std: "docker" "exec" "-e" "SOURCE_DIR=/opt/rustwide/workdir" "-e" "CARGO_HOME=/opt/rustwide/cargo-home" "-e" "RUSTUP_HOME=/opt/rustwide/rustup-home" "-e" "CARGO_TARGET_DIR=/opt/rustwide/target" "-e" "CARGO_INCREMENTAL=0" "-e" "RUST_BACKTRACE=full" "-e" "RUSTFLAGS=--cap-lints=warn" "-e" "RUSTDOCFLAGS=--cap-lints=warn" "-w" "/opt/rustwide/workdir" "--user" "0:0" "eb4f6fccad0c86066ad3bc6c362ad43a147fff224c39f5e7999e7b6d574fccfe" "/opt/rustwide/cargo-home/bin/cargo" "+1.99.0-beta.8" "build" "--frozen" "--message-format=json", kill_on_drop: false }`
[INFO] [stderr]    Compiling subtle v2.6.1
[INFO] [stderr]    Compiling generic-array v0.14.9
[INFO] [stderr]    Compiling serde_core v1.0.229
[INFO] [stderr]    Compiling num-traits v0.2.19
[INFO] [stderr]    Compiling syn v2.0.119
[INFO] [stderr]    Compiling getrandom v0.2.17
[INFO] [stderr]    Compiling syn v3.0.4
[INFO] [stderr]    Compiling smallvec v1.15.2
[INFO] [stderr]    Compiling serde v1.0.229
[INFO] [stderr]    Compiling zerocopy v0.8.57
[INFO] [stderr]    Compiling crc32fast v1.5.1
[INFO] [stderr]    Compiling base16ct v0.2.0
[INFO] [stderr]    Compiling rand_core v0.6.4
[INFO] [stderr]    Compiling ff v0.13.1
[INFO] [stderr]    Compiling hashbrown v0.17.1
[INFO] [stderr]    Compiling group v0.13.0
[INFO] [stderr]    Compiling thiserror v2.0.20
[INFO] [stderr]    Compiling bitflags v2.13.1
[INFO] [stderr]    Compiling hybrid-array v0.4.14
[INFO] [stderr]    Compiling find-msvc-tools v0.1.12
[INFO] [stderr]    Compiling flate2 v1.1.9
[INFO] [stderr]    Compiling cc v1.4.5
[INFO] [stderr]    Compiling num-integer v0.1.47
[INFO] [stderr]    Compiling cpufeatures v0.3.1
[INFO] [stderr]    Compiling bit-vec v0.8.0
[INFO] [stderr]    Compiling crossbeam-utils v0.8.22
[INFO] [stderr]    Compiling num-iter v0.1.46
[INFO] [stderr]    Compiling event-listener v5.4.2
[INFO] [stderr]    Compiling bit-set v0.8.0
[INFO] [stderr]    Compiling block-buffer v0.12.1
[INFO] [stderr]    Compiling crypto-common v0.2.2
[INFO] [stderr]    Compiling time v0.3.55
[INFO] [stderr]    Compiling indexmap v2.14.0
[INFO] [stderr]    Compiling regex-automata v0.4.18
[INFO] [stderr]    Compiling libsqlite3-sys v0.38.2
[INFO] [stderr]    Compiling getrandom v0.4.3
[INFO] [stderr]    Compiling quick-xml v0.41.0
[INFO] [stderr]    Compiling serde_json v1.0.151
[INFO] [stderr]    Compiling yaml-rust v0.4.5
[INFO] [stderr]    Compiling digest v0.11.3
[INFO] [stderr]    Compiling ppv-lite86 v0.2.21
[INFO] [stderr]    Compiling rand_chacha v0.3.1
[INFO] [stderr]    Compiling parking_lot_core v0.9.12
[INFO] [stderr]    Compiling rand v0.8.8
[INFO] [stderr]    Compiling event-listener-strategy v0.5.4
[INFO] [stderr]    Compiling chacha20 v0.10.2
[INFO] [stderr]    Compiling pulldown-cmark v0.13.4
[INFO] [stderr]    Compiling fastrand v2.5.0
[INFO] [stderr]    Compiling zune-core v0.5.3
[INFO] [stderr]    Compiling serde_derive v1.0.229
[INFO] [stderr]    Compiling thiserror-impl v2.0.20
[INFO] [stderr]    Compiling pxfm v0.1.30
[INFO] [stderr]    Compiling weezl v0.1.12
[INFO] [stderr]    Compiling image-webp v0.2.4
[INFO] [stderr]    Compiling zeroize_derive v1.5.0
[INFO] [stderr]    Compiling curve25519-dalek-derive v0.1.1
[INFO] [stderr]    Compiling zeroize v1.9.0
[INFO] [stderr]    Compiling der v0.7.10
[INFO] [stderr]    Compiling num-bigint-dig v0.8.6
[INFO] [stderr]    Compiling block-buffer v0.10.4
[INFO] [stderr]    Compiling crypto-common v0.1.6
[INFO] [stderr]    Compiling digest v0.10.7
[INFO] [stderr]    Compiling hmac v0.12.1
[INFO] [stderr]    Compiling signature v2.2.0
[INFO] [stderr]    Compiling hkdf v0.12.4
[INFO] [stderr]    Compiling crypto-bigint v0.5.5
[INFO] [stderr]    Compiling rfc6979 v0.4.0
[INFO] [stderr]    Compiling sha2 v0.10.9
[INFO] [stderr]    Compiling spki v0.7.3
[INFO] [stderr]    Compiling pkcs8 v0.10.2
[INFO] [stderr]    Compiling curve25519-dalek v4.1.3
[INFO] [stderr]    Compiling sec1 v0.7.3
[INFO] [stderr]    Compiling pkcs1 v0.7.5
[INFO] [stderr]    Compiling ed25519 v2.2.3
[INFO] [stderr]    Compiling fancy-regex v0.16.2
[INFO] [stderr]    Compiling rsa v0.9.10
[INFO] [stderr]    Compiling elliptic-curve v0.13.8
[INFO] [stderr]    Compiling bincode v1.3.3
[INFO] [stderr]    Compiling plist v1.10.0
[INFO] [stderr]    Compiling ed25519-dalek v2.2.0
[INFO] [stderr]    Compiling ecdsa v0.16.9
[INFO] [stderr]    Compiling primeorder v0.13.6
[INFO] [stderr]    Compiling moxcms v0.8.1
[INFO] [stderr]    Compiling gif v0.14.2
[INFO] [stderr]    Compiling rustix v1.1.4
[INFO] [stderr]    Compiling p384 v0.13.1
[INFO] [stderr]    Compiling p256 v0.13.2
[INFO] [stderr]    Compiling http v1.5.0
[INFO] [stderr]    Compiling syntect v5.3.0
[INFO] [stderr]    Compiling zune-jpeg v0.5.15
[INFO] [stderr]    Compiling dashmap v6.2.1
[INFO] [stderr]    Compiling async-trait v0.1.92
[INFO] [stderr]    Compiling rand v0.10.2
[INFO] [stderr]    Compiling png v0.18.1
[INFO] [stderr]    Compiling arc-swap v1.9.2
[INFO] [stderr]    Compiling async-lock v3.4.2
[INFO] [stderr]    Compiling sha1 v0.11.0
[INFO] [stderr]    Compiling hashlink v0.12.2
[INFO] [stderr]    Compiling smallstr v0.3.1
[INFO] [stderr]    Compiling data-encoding v2.11.1
[INFO] [stderr]    Compiling bytemuck v1.25.2
[INFO] [stderr]    Compiling yrs v0.27.4
[INFO] [stderr]    Compiling two-face v0.5.2+bat-0.26.1
[INFO] [stderr]    Compiling tungstenite v0.30.0
[INFO] [stderr]    Compiling tempfile v3.27.0
[INFO] [stderr]    Compiling jsonwebtoken v10.4.0
[INFO] [stderr]    Compiling image v0.25.10
[INFO] [stderr]    Compiling rusqlite v0.40.2
[INFO] [stderr]    Compiling webdir v0.1.0 (/opt/rustwide/workdir)
[INFO] [stderr]     Finished `dev` profile [unoptimized + debuginfo] target(s) in 1m 52s
[INFO] running `Command { std: "docker" "inspect" "eb4f6fccad0c86066ad3bc6c362ad43a147fff224c39f5e7999e7b6d574fccfe", kill_on_drop: false }`
[INFO] running `Command { std: "docker" "exec" "-e" "SOURCE_DIR=/opt/rustwide/workdir" "-e" "CARGO_HOME=/opt/rustwide/cargo-home" "-e" "RUSTUP_HOME=/opt/rustwide/rustup-home" "-e" "CARGO_TARGET_DIR=/opt/rustwide/target" "-e" "CARGO_INCREMENTAL=0" "-e" "RUST_BACKTRACE=full" "-e" "RUSTFLAGS=--cap-lints=warn" "-e" "RUSTDOCFLAGS=--cap-lints=warn" "-w" "/opt/rustwide/workdir" "--user" "0:0" "eb4f6fccad0c86066ad3bc6c362ad43a147fff224c39f5e7999e7b6d574fccfe" "/opt/rustwide/cargo-home/bin/cargo" "+1.99.0-beta.8" "test" "--frozen" "--no-run" "--message-format=json", kill_on_drop: false }`
[INFO] [stderr]    Compiling webdir v0.1.0 (/opt/rustwide/workdir)
[INFO] [stderr]     Finished `test` profile [unoptimized + debuginfo] target(s) in 10.68s
[INFO] running `Command { std: "docker" "inspect" "eb4f6fccad0c86066ad3bc6c362ad43a147fff224c39f5e7999e7b6d574fccfe", kill_on_drop: false }`
[INFO] running `Command { std: "docker" "exec" "-e" "SOURCE_DIR=/opt/rustwide/workdir" "-e" "CARGO_HOME=/opt/rustwide/cargo-home" "-e" "RUSTUP_HOME=/opt/rustwide/rustup-home" "-e" "CARGO_TARGET_DIR=/opt/rustwide/target" "-e" "CARGO_INCREMENTAL=0" "-e" "RUST_BACKTRACE=full" "-e" "RUSTFLAGS=--cap-lints=warn" "-e" "RUSTDOCFLAGS=--cap-lints=warn" "-w" "/opt/rustwide/workdir" "--user" "0:0" "eb4f6fccad0c86066ad3bc6c362ad43a147fff224c39f5e7999e7b6d574fccfe" "/opt/rustwide/cargo-home/bin/cargo" "+1.99.0-beta.8" "test" "--frozen", kill_on_drop: false }`
[INFO] [stderr]     Finished `test` profile [unoptimized + debuginfo] target(s) in 0.22s
[INFO] [stderr]      Running unittests src/main.rs (/opt/rustwide/target/debug/deps/webdir-0f6297822277beb3)
[INFO] [stdout] 
[INFO] [stdout] running 119 tests
[INFO] [stdout] test collaboration::tests::concurrent_updates_converge ... ok
[INFO] [stdout] test collaboration::tests::recreated_room_gets_a_new_identity ... ok
[INFO] [stdout] test image_cache::tests::prunes_expired_temporary_and_oldest_cached_images ... ok
[INFO] [stdout] test gallery_comments::tests::stores_all_image_comments_in_one_adjacent_file ... ok
[INFO] [stdout] test image_cache::tests::indexes_identical_images_in_different_directories_separately ... ok
[INFO] [stdout] test review::tests::applies_sequential_actions_without_losing_comments ... ok
[INFO] [stdout] test collaboration::tests::active_room_replaces_and_persists_text ... ok
[INFO] [stdout] test review::tests::concurrent_actions_are_serialized_and_broadcast ... ok
[INFO] [stdout] test review::tests::deletes_an_entire_comment_thread ... ok
[INFO] [stdout] test review::tests::edits_and_deletes_thread_messages ... ok
[INFO] [stdout] test gallery_comments::tests::removes_deleted_images_comments ... ok
[INFO] [stdout] test review::tests::presence_uses_unique_user_names ... ok
[INFO] [stdout] test review::tests::legacy_messages_without_ids_can_be_changed_by_index ... ok
[INFO] [stdout] test review::tests::uses_an_adjacent_review_sidecar ... ok
[INFO] [stdout] test review::tests::generated_review_includes_ai_instructions ... ok
[INFO] [stdout] test gallery_comments::tests::edits_and_deletes_comments ... ok
[INFO] [stdout] test gallery_comments::tests::deletes_only_the_current_images_comments ... ok
[INFO] [stdout] test review::tests::preserves_unknown_fields_when_an_action_is_applied ... ok
[INFO] [stdout] test sharing::tests::absolute_path_search_stays_in_the_shared_directory ... ok
[INFO] [stdout] test sharing::tests::denied_page_returns_to_the_shared_directory ... ok
[INFO] [stdout] test sharing::tests::jwt_grants_a_directory_tree_and_survives_new_state ... ok
[INFO] [stdout] test sharing::tests::privacy_tests::linked_sidecars_and_batch_sources_and_destinations_preserve_private_data ... ok
[INFO] [stdout] test sharing::tests::privacy_tests::invalid_or_forged_share_credentials_never_grant_access ... ok
[INFO] [stdout] test sharing::tests::privacy_tests::encoded_and_normalized_paths_preserve_the_directory_boundary ... ok
[INFO] [stdout] test sharing::tests::privacy_tests::outside_mutation_endpoints_preserve_files_comments_and_marks ... ok
[INFO] [stdout] test sharing::tests::privacy_tests::directory_views_search_and_metadata_endpoints_reject_outside_targets ... ok
[INFO] [stdout] test sharing::tests::privacy_tests::scope_checks_existing_and_new_targets_at_component_boundaries ... ok
[INFO] [stdout] test sharing::tests::privacy_tests::video_range_requests_enforce_scope_before_returning_bytes_or_size ... ok
[INFO] [stdout] test sharing::tests::privacy_tests::symlink_chains_and_external_directories_are_filtered_at_every_read_entry ... ok
[INFO] [stdout] test sharing::tests::privacy_tests::websocket_upgrades_cannot_open_outside_documents ... ok
[INFO] [stdout] test sharing::tests::privacy_tests::shared_static_assets_do_not_expose_root_files ... ok
[INFO] [stdout] test sharing::tests::signed_claims_support_unicode_and_reject_changed_scope_or_algorithm ... ok
[INFO] [stdout] test image_similarity::tests::keeps_visually_similar_images_adjacent_and_caches_features ... ok
[INFO] [stdout] test state::tests::clearing_images_rolls_back_all_marks_on_database_failure ... ok
[INFO] [stdout] test sharing::tests::privacy_tests::warm_image_caches_and_conditional_requests_cannot_bypass_scope ... ok
[INFO] [stdout] test sharing::tests::symlink_targets_and_sidecars_obey_the_shared_boundary ... ok
[INFO] [stdout] test state::tests::memory_database_is_shared_by_clones_and_isolated_by_instance ... ok
[INFO] [stdout] test sharing::tests::shared_navigation_and_all_file_operations_stay_in_scope ... ok
[INFO] [stdout] test tests::absolute_path_search_limits_partial_names_to_the_parent_directory ... ok
[INFO] [stdout] test tests::adds_utf16_source_anchors_to_markdown_blocks ... ok
[INFO] [stdout] test tests::absolute_path_search_locates_files_and_directories_without_commands ... ok
[INFO] [stdout] test tests::auth_token_protects_requests_and_uses_a_browser_session_cookie ... ok
[INFO] [stdout] test sharing::tests::privacy_tests::root_search_from_removed_directories_preserves_share_scope ... FAILED
[INFO] [stdout] test sharing::tests::privacy_tests::root_and_path_search_return_only_shared_files_and_image_links ... FAILED
[INFO] [stdout] test tests::batch_move_to_parent_keeps_directories_with_remaining_contents ... ok
[INFO] [stdout] test tests::batch_move_to_parent_removes_empty_organising_directories ... ok
[INFO] [stdout] test tests::browses_external_directory_symlinks_with_normal_directory_urls ... ok
[INFO] [stdout] test tests::command_search_does_not_limit_current_directory_matches ... ok
[INFO] [stdout] test tests::command_search_follows_links_but_filters_results_outside_a_share ... ok
[INFO] [stdout] test tests::command_search_prioritizes_current_files_and_builds_gallery_links ... ok
[INFO] [stdout] test tests::conservatively_detects_utf8_text ... ok
[INFO] [stdout] test tests::decodes_url_paths ... ok
[INFO] [stdout] test tests::deletes_gallery_images_from_disk_and_directory_listing ... ok
[INFO] [stdout] test tests::directory_favourite_labels_keep_the_last_directory_visible ... ok
[INFO] [stdout] test tests::directory_favourite_request_removes_a_missing_directory_shortcut ... ok
[INFO] [stdout] test tests::directory_favourite_requests_render_and_remove_directory_shortcuts ... ok
[INFO] [stdout] test tests::directory_favourites_render_all_shortcuts ... ok
[INFO] [stdout] test tests::directory_hides_review_and_gallery_comment_sidecars ... ok
[INFO] [stdout] test tests::directory_response_follows_accept_encoding_precedence ... ok
[INFO] [stdout] test tests::directory_response_keeps_identity_when_gzip_is_disabled ... ok
[INFO] [stdout] test state::tests::disk_database_persists_both_state_tables ... ok
[INFO] [stdout] test tests::batch_delete_reports_partial_failure_and_cleans_image_data ... ok
[INFO] [stdout] test tests::directory_uses_a_video_glyph_for_mp4_files ... ok
[INFO] [stdout] test tests::encodes_directory_links ... ok
[INFO] [stdout] test tests::escapes_embedded_html_in_markdown ... ok
[INFO] [stdout] test tests::explicit_port_does_not_fall_back_when_it_is_in_use ... ok
[INFO] [stdout] test tests::falls_back_to_a_random_port_when_default_is_in_use ... ok
[INFO] [stdout] test tests::disabled_authentication_ignores_a_stale_browser_cookie ... ok
[INFO] [stdout] test tests::favourite_requests_update_directory_data_and_preserve_the_image ... ok
[INFO] [stdout] test tests::gallery_comment_editor_owns_keyboard_input_and_shares_review_identity ... ok
[INFO] [stdout] test state::tests::directory_favourites_can_be_reordered_and_are_limited_to_the_serving_root ... ok
[INFO] [stdout] test tests::gallery_preview_url_uses_screen_derivative_and_keeps_special_images_original ... ok
[INFO] [stdout] test tests::gallery_fullscreen_swipe_and_favourite_effect_contracts_are_embedded ... ok
[INFO] [stdout] test tests::generates_a_site_icon_from_the_root_directory_name ... ok
[INFO] [stdout] test tests::directory_responses_use_gzip_when_accepted ... ok
[INFO] [stdout] test tests::gallery_comment_endpoint_shares_edits_and_deletes_across_images ... ok
[INFO] [stdout] test tests::image_heavy_directory_offers_gallery_switch ... ok
[INFO] [stdout] test tests::image_requests_without_cache_always_return_current_content ... ok
[INFO] [stdout] test tests::image_tag_endpoint_sets_replaces_clears_and_renders_tags ... ok
[INFO] [stdout] test tests::maps_rendered_markdown_text_to_utf16_source_ranges ... ok
[INFO] [stdout] test tests::only_renders_text_for_document_requests ... ok
[INFO] [stdout] test tests::parses_cache_and_serving_directories ... ok
[INFO] [stdout] test tests::parses_default_and_custom_ports ... ok
[INFO] [stdout] test tests::parses_open_and_suffix_byte_ranges ... ok
[INFO] [stdout] test tests::path_search_caps_candidates_and_checks_the_share_scope ... ok
[INFO] [stdout] test tests::path_search_ranks_suffixes_in_one_bounded_query ... ok
[INFO] [stdout] test tests::raw_mode_serves_external_directory_symlink_contents ... ok
[INFO] [stdout] test tests::raw_mode_serves_index_and_files_without_special_rendering ... ok
[INFO] [stdout] test tests::reads_mode_from_query_string ... ok
[INFO] [stdout] test tests::batch_move_preserves_marks_and_comments_with_destination_conflicts ... ok
[INFO] [stdout] test tests::recognizes_text_names_and_binary_extensions ... ok
[INFO] [stdout] test tests::regular_directory_keeps_the_compact_listing ... ok
[INFO] [stdout] test tests::rejects_path_traversal ... ok
[INFO] [stdout] test tests::renders_a_read_only_text_viewer ... ok
[INFO] [stdout] test tests::renders_drawio_with_the_bundled_offline_viewer ... ok
[INFO] [stdout] test tests::renders_a_styled_and_safe_not_found_page ... ok
[INFO] [stdout] test tests::renders_mp4_with_native_video_controls ... ok
[INFO] [stdout] test tests::renders_raster_images_with_a_history_back_button ... ok
[INFO] [stdout] test tests::renders_markdown_as_a_styled_html_document ... ok
[INFO] [stdout] test tests::renders_svg_in_an_isolated_image_preview ... ok
[INFO] [stdout] test tests::root_directory_favourite_request_removes_its_shortcut ... ok
[INFO] [stdout] test tests::serves_mp4_byte_ranges ... ok
[INFO] [stdout] test tests::thumbnail_url_skips_non_images_and_huge_files ... ok
[INFO] [stdout] test tests::unavailable_search_commands_fall_back_to_the_current_directory ... ok
[INFO] [stdout] test tests::validates_websocket_upgrade_headers ... ok
[INFO] [stdout] test image_cache::tests::reuses_persisted_thumbnails_with_separate_sizes_and_formats ... ok
[INFO] [stdout] test tests::versioned_image_requests_use_immutable_browser_caching ... ok
[INFO] [stdout] test tests::review_websocket_broadcasts_actions_and_named_presence ... ok
[INFO] [stdout] test tests::writes_the_current_process_id_to_a_file ... ok
[INFO] [stdout] test thumbnails::tests::concurrent_paths_sizes_and_source_versions_produce_separate_results ... ok
[INFO] [stdout] test thumbnails::tests::concurrent_requests_share_success_and_failure_then_new_requests_run_again ... ok
[INFO] [stdout] test thumbnails::tests::limits_active_jobs_to_two_and_runs_queued_jobs ... ok
[INFO] [stdout] test tests::batch_clear_marks_respects_filter_and_exact_file_list ... ok
[INFO] [stdout] test tests::websocket_collaboration_syncs_and_auto_saves ... ok
[INFO] [stdout] test tests::generates_a_downscaled_thumbnail_for_raster_images ... ok
[INFO] [stdout] test sharing::tests::privacy_tests::every_file_representation_enforces_scope_for_cookies_and_share_urls ... ok
[INFO] [stdout] test tests::image_cache_revalidates_overwritten_and_recreated_sources ... ok
[INFO] [stdout] test tests::video_thumbnails_are_shared_persisted_and_follow_source_versions ... ok
[INFO] [stdout] test tests::highlights_common_programming_languages ... ok
[INFO] [stdout] 
[INFO] [stdout] failures:
[INFO] [stdout] 
[INFO] [stdout] ---- sharing::tests::privacy_tests::root_search_from_removed_directories_preserves_share_scope stdout ----
[INFO] [stdout] 
[INFO] [stdout] thread 'sharing::tests::privacy_tests::root_search_from_removed_directories_preserves_share_scope' (1725) panicked at src/sharing/tests/privacy_tests.rs:321:9:
[INFO] [stdout] assertion `left == right` failed
[INFO] [stdout]   left: String("directory")
[INFO] [stdout]  right: "tree"
[INFO] [stdout] stack backtrace:
[INFO] [stdout]    0:     0x5b8dda608de1 - std[70759c8f55707aa4]::backtrace_rs::backtrace::libunwind::trace
[INFO] [stdout]                                at /rustc/dfb0accb7f508ae8be965d8629557221c889dd98/library/std/src/../../backtrace/src/backtrace/libunwind.rs:117:9
[INFO] [stdout]    1:     0x5b8dda608de1 - std[70759c8f55707aa4]::backtrace_rs::backtrace::trace_unsynchronized::<std[70759c8f55707aa4]::sys::backtrace::_print_fmt::{closure#1}>
[INFO] [stdout]                                at /rustc/dfb0accb7f508ae8be965d8629557221c889dd98/library/std/src/../../backtrace/src/backtrace/mod.rs:66:14
[INFO] [stdout]    2:     0x5b8dda608de1 - std[70759c8f55707aa4]::sys::backtrace::_print_fmt
[INFO] [stdout]                                at /rustc/dfb0accb7f508ae8be965d8629557221c889dd98/library/std/src/sys/backtrace.rs:74:9
[INFO] [stdout]    3:     0x5b8dda608de1 - <<std[70759c8f55707aa4]::sys::backtrace::BacktraceLock>::print::DisplayBacktrace as core[df12db4294e9bfd3]::fmt::Display>::fmt
[INFO] [stdout]                                at /rustc/dfb0accb7f508ae8be965d8629557221c889dd98/library/std/src/sys/backtrace.rs:44:26
[INFO] [stdout]    4:     0x5b8dda6211ca - <core[df12db4294e9bfd3]::fmt::rt::Argument>::fmt
[INFO] [stdout]                                at /rustc/dfb0accb7f508ae8be965d8629557221c889dd98/library/core/src/fmt/rt.rs:152:76
[INFO] [stdout]    5:     0x5b8dda6211ca - core[df12db4294e9bfd3]::fmt::write
[INFO] [stdout]    6:     0x5b8dda60dbdc - core[df12db4294e9bfd3]::io::write::default_write_fmt::<alloc[2182bb758b4b3781]::vec::Vec<u8>>
[INFO] [stdout]                                at /rustc/dfb0accb7f508ae8be965d8629557221c889dd98/library/core/src/io/write.rs:402:11
[INFO] [stdout]    7:     0x5b8dda60dbdc - <alloc[2182bb758b4b3781]::vec::Vec<u8> as core[df12db4294e9bfd3]::io::write::Write>::write_fmt
[INFO] [stdout]                                at /rustc/dfb0accb7f508ae8be965d8629557221c889dd98/library/core/src/io/write.rs:335:13
[INFO] [stdout]    8:     0x5b8dda5df546 - <std[70759c8f55707aa4]::sys::backtrace::BacktraceLock>::print
[INFO] [stdout]                                at /rustc/dfb0accb7f508ae8be965d8629557221c889dd98/library/std/src/sys/backtrace.rs:47:9
[INFO] [stdout]    9:     0x5b8dda5df546 - std[70759c8f55707aa4]::panicking::default_hook::{closure#0}
[INFO] [stdout]                                at /rustc/dfb0accb7f508ae8be965d8629557221c889dd98/library/std/src/panicking.rs:292:27
[INFO] [stdout]   10:     0x5b8dda5fe8d9 - std[70759c8f55707aa4]::panicking::default_hook
[INFO] [stdout]                                at /rustc/dfb0accb7f508ae8be965d8629557221c889dd98/library/std/src/panicking.rs:316:9
[INFO] [stdout]   11:     0x5b8dd9a4b4f0 - <alloc[2182bb758b4b3781]::boxed::Box<dyn for<'a, 'b> core[df12db4294e9bfd3]::ops::function::Fn<(&'a std[70759c8f55707aa4]::panic::PanicHookInfo<'b>,), Output = ()> + core[df12db4294e9bfd3]::marker::Send + core[df12db4294e9bfd3]::marker::Sync> as core[df12db4294e9bfd3]::ops::function::Fn<(&std[70759c8f55707aa4]::panic::PanicHookInfo,)>>::call
[INFO] [stdout]                                at /rustc/dfb0accb7f508ae8be965d8629557221c889dd98/library/alloc/src/boxed.rs:2334:9
[INFO] [stdout]   12:     0x5b8dd9a4b4f0 - test[9d35eded1c95d3be]::test_main_inner::<test[9d35eded1c95d3be]::test_main_static::{closure#0}>::{closure#0}
[INFO] [stdout]                                at /rustc/dfb0accb7f508ae8be965d8629557221c889dd98/library/test/src/lib.rs:155:21
[INFO] [stdout]   13:     0x5b8dda5fec02 - <alloc[2182bb758b4b3781]::boxed::Box<dyn for<'a, 'b> core[df12db4294e9bfd3]::ops::function::Fn<(&'a std[70759c8f55707aa4]::panic::PanicHookInfo<'b>,), Output = ()> + core[df12db4294e9bfd3]::marker::Send + core[df12db4294e9bfd3]::marker::Sync> as core[df12db4294e9bfd3]::ops::function::Fn<(&std[70759c8f55707aa4]::panic::PanicHookInfo,)>>::call
[INFO] [stdout]                                at /rustc/dfb0accb7f508ae8be965d8629557221c889dd98/library/alloc/src/boxed.rs:2334:9
[INFO] [stdout]   14:     0x5b8dda5fec02 - std[70759c8f55707aa4]::panicking::panic_with_hook
[INFO] [stdout]                                at /rustc/dfb0accb7f508ae8be965d8629557221c889dd98/library/std/src/panicking.rs:823:13
[INFO] [stdout]   15:     0x5b8dda5df5f2 - std[70759c8f55707aa4]::panicking::panic_handler::{closure#0}
[INFO] [stdout]                                at /rustc/dfb0accb7f508ae8be965d8629557221c889dd98/library/std/src/panicking.rs:688:13
[INFO] [stdout]   16:     0x5b8dda5d7ca9 - std[70759c8f55707aa4]::sys::backtrace::__rust_end_short_backtrace::<std[70759c8f55707aa4]::panicking::panic_handler::{closure#0}, !>
[INFO] [stdout]                                at /rustc/dfb0accb7f508ae8be965d8629557221c889dd98/library/std/src/sys/backtrace.rs:182:18
[INFO] [stdout]   17:     0x5b8dda5e076d - __rustc[8fa7c3cbc660c2b3]::rust_begin_unwind
[INFO] [stdout]                                at /rustc/dfb0accb7f508ae8be965d8629557221c889dd98/library/std/src/panicking.rs:679:5
[INFO] [stdout]   18:     0x5b8dda621a6c - core[df12db4294e9bfd3]::panicking::panic_fmt
[INFO] [stdout]                                at /rustc/dfb0accb7f508ae8be965d8629557221c889dd98/library/core/src/panicking.rs:80:14
[INFO] [stdout]   19:     0x5b8dda621903 - core[df12db4294e9bfd3]::panicking::assert_failed_inner
[INFO] [stdout]                                at /rustc/dfb0accb7f508ae8be965d8629557221c889dd98/library/core/src/panicking.rs:452:17
[INFO] [stdout]   20:     0x5b8dd98d1b45 - core[df12db4294e9bfd3]::panicking::assert_failed::<serde_json[754db78b12e41289]::value::Value, &str>
[INFO] [stdout]                                at /rustc/dfb0accb7f508ae8be965d8629557221c889dd98/library/core/src/panicking.rs:407:5
[INFO] [stdout]   21:     0x5b8dd99be43e - webdir[79c54d79494e3d40]::sharing::tests::privacy_tests::root_search_from_removed_directories_preserves_share_scope
[INFO] [stdout]                                at /opt/rustwide/workdir/src/sharing/tests/privacy_tests.rs:321:9
[INFO] [stdout]   22:     0x5b8dd9994ba7 - webdir[79c54d79494e3d40]::sharing::tests::privacy_tests::root_search_from_removed_directories_preserves_share_scope::{closure#0}
[INFO] [stdout]                                at /opt/rustwide/workdir/src/sharing/tests/privacy_tests.rs:299:64
[INFO] [stdout]   23:     0x5b8dd9986896 - <webdir[79c54d79494e3d40]::sharing::tests::privacy_tests::root_search_from_removed_directories_preserves_share_scope::{closure#0} as core[df12db4294e9bfd3]::ops::function::FnOnce<()>>::call_once
[INFO] [stdout]                                at /rustc/dfb0accb7f508ae8be965d8629557221c889dd98/library/core/src/ops/function.rs:250:5
[INFO] [stdout]   24:     0x5b8dd9a3e7db - <fn() -> core[df12db4294e9bfd3]::result::Result<(), alloc[2182bb758b4b3781]::string::String> as core[df12db4294e9bfd3]::ops::function::FnOnce<()>>::call_once
[INFO] [stdout]                                at /rustc/dfb0accb7f508ae8be965d8629557221c889dd98/library/core/src/ops/function.rs:250:5
[INFO] [stdout]   25:     0x5b8dd9a3e7db - test[9d35eded1c95d3be]::__rust_begin_short_backtrace::<core[df12db4294e9bfd3]::result::Result<(), alloc[2182bb758b4b3781]::string::String>, fn() -> core[df12db4294e9bfd3]::result::Result<(), alloc[2182bb758b4b3781]::string::String>>
[INFO] [stdout]                                at /rustc/dfb0accb7f508ae8be965d8629557221c889dd98/library/test/src/lib.rs:733:18
[INFO] [stdout]   26:     0x5b8dd9a4be45 - test[9d35eded1c95d3be]::run_test_in_process::{closure#0}
[INFO] [stdout]                                at /rustc/dfb0accb7f508ae8be965d8629557221c889dd98/library/test/src/lib.rs:756:74
[INFO] [stdout]   27:     0x5b8dd9a4be45 - <core[df12db4294e9bfd3]::panic::unwind_safe::AssertUnwindSafe<test[9d35eded1c95d3be]::run_test_in_process::{closure#0}> as core[df12db4294e9bfd3]::ops::function::FnOnce<()>>::call_once
[INFO] [stdout]                                at /rustc/dfb0accb7f508ae8be965d8629557221c889dd98/library/core/src/panic/unwind_safe.rs:275:9
[INFO] [stdout]   28:     0x5b8dd9a4be45 - std[70759c8f55707aa4]::panicking::catch_unwind::do_call::<core[df12db4294e9bfd3]::panic::unwind_safe::AssertUnwindSafe<test[9d35eded1c95d3be]::run_test_in_process::{closure#0}>, core[df12db4294e9bfd3]::result::Result<(), alloc[2182bb758b4b3781]::string::String>>
[INFO] [stdout]                                at /rustc/dfb0accb7f508ae8be965d8629557221c889dd98/library/std/src/panicking.rs:576:43
[INFO] [stdout]   29:     0x5b8dd9a4be45 - std[70759c8f55707aa4]::panicking::catch_unwind::<core[df12db4294e9bfd3]::result::Result<(), alloc[2182bb758b4b3781]::string::String>, core[df12db4294e9bfd3]::panic::unwind_safe::AssertUnwindSafe<test[9d35eded1c95d3be]::run_test_in_process::{closure#0}>>
[INFO] [stdout]                                at /rustc/dfb0accb7f508ae8be965d8629557221c889dd98/library/std/src/panicking.rs:544:19
[INFO] [stdout]   30:     0x5b8dd9a4be45 - std[70759c8f55707aa4]::panic::catch_unwind::<core[df12db4294e9bfd3]::panic::unwind_safe::AssertUnwindSafe<test[9d35eded1c95d3be]::run_test_in_process::{closure#0}>, core[df12db4294e9bfd3]::result::Result<(), alloc[2182bb758b4b3781]::string::String>>
[INFO] [stdout]                                at /rustc/dfb0accb7f508ae8be965d8629557221c889dd98/library/std/src/panic.rs:359:14
[INFO] [stdout]   31:     0x5b8dd9a4be45 - test[9d35eded1c95d3be]::run_test_in_process
[INFO] [stdout]                                at /rustc/dfb0accb7f508ae8be965d8629557221c889dd98/library/test/src/lib.rs:756:27
[INFO] [stdout]   32:     0x5b8dd9a4be45 - test[9d35eded1c95d3be]::run_test::{closure#0}
[INFO] [stdout]                                at /rustc/dfb0accb7f508ae8be965d8629557221c889dd98/library/test/src/lib.rs:677:43
[INFO] [stdout]   33:     0x5b8dd9a45704 - test[9d35eded1c95d3be]::run_test::{closure#1}
[INFO] [stdout]                                at /rustc/dfb0accb7f508ae8be965d8629557221c889dd98/library/test/src/lib.rs:707:41
[INFO] [stdout]   34:     0x5b8dd9a45704 - std[70759c8f55707aa4]::sys::backtrace::__rust_begin_short_backtrace::<test[9d35eded1c95d3be]::run_test::{closure#1}, ()>
[INFO] [stdout]                                at /rustc/dfb0accb7f508ae8be965d8629557221c889dd98/library/std/src/sys/backtrace.rs:166:18
[INFO] [stdout]   35:     0x5b8dd9a4efa2 - std[70759c8f55707aa4]::thread::lifecycle::spawn_unchecked::<test[9d35eded1c95d3be]::run_test::{closure#1}, ()>::{closure#1}::{closure#0}
[INFO] [stdout]                                at /rustc/dfb0accb7f508ae8be965d8629557221c889dd98/library/std/src/thread/lifecycle.rs:70:13
[INFO] [stdout]   36:     0x5b8dd9a4efa2 - <core[df12db4294e9bfd3]::panic::unwind_safe::AssertUnwindSafe<std[70759c8f55707aa4]::thread::lifecycle::spawn_unchecked<test[9d35eded1c95d3be]::run_test::{closure#1}, ()>::{closure#1}::{closure#0}> as core[df12db4294e9bfd3]::ops::function::FnOnce<()>>::call_once
[INFO] [stdout]                                at /rustc/dfb0accb7f508ae8be965d8629557221c889dd98/library/core/src/panic/unwind_safe.rs:275:9
[INFO] [stdout]   37:     0x5b8dd9a4efa2 - std[70759c8f55707aa4]::panicking::catch_unwind::do_call::<core[df12db4294e9bfd3]::panic::unwind_safe::AssertUnwindSafe<std[70759c8f55707aa4]::thread::lifecycle::spawn_unchecked<test[9d35eded1c95d3be]::run_test::{closure#1}, ()>::{closure#1}::{closure#0}>, ()>
[INFO] [stdout]                                at /rustc/dfb0accb7f508ae8be965d8629557221c889dd98/library/std/src/panicking.rs:576:43
[INFO] [stdout]   38:     0x5b8dd9a4efa2 - std[70759c8f55707aa4]::panicking::catch_unwind::<(), core[df12db4294e9bfd3]::panic::unwind_safe::AssertUnwindSafe<std[70759c8f55707aa4]::thread::lifecycle::spawn_unchecked<test[9d35eded1c95d3be]::run_test::{closure#1}, ()>::{closure#1}::{closure#0}>>
[INFO] [stdout]                                at /rustc/dfb0accb7f508ae8be965d8629557221c889dd98/library/std/src/panicking.rs:544:19
[INFO] [stdout]   39:     0x5b8dd9a4efa2 - std[70759c8f55707aa4]::panic::catch_unwind::<core[df12db4294e9bfd3]::panic::unwind_safe::AssertUnwindSafe<std[70759c8f55707aa4]::thread::lifecycle::spawn_unchecked<test[9d35eded1c95d3be]::run_test::{closure#1}, ()>::{closure#1}::{closure#0}>, ()>
[INFO] [stdout]                                at /rustc/dfb0accb7f508ae8be965d8629557221c889dd98/library/std/src/panic.rs:359:14
[INFO] [stdout]   40:     0x5b8dd9a4efa2 - std[70759c8f55707aa4]::thread::lifecycle::spawn_unchecked::<test[9d35eded1c95d3be]::run_test::{closure#1}, ()>::{closure#1}
[INFO] [stdout]                                at /rustc/dfb0accb7f508ae8be965d8629557221c889dd98/library/std/src/thread/lifecycle.rs:68:26
[INFO] [stdout]   41:     0x5b8dd9a4efa2 - <std[70759c8f55707aa4]::thread::lifecycle::spawn_unchecked<test[9d35eded1c95d3be]::run_test::{closure#1}, ()>::{closure#1} as core[df12db4294e9bfd3]::ops::function::FnOnce<()>>::call_once::{shim:vtable#0}
[INFO] [stdout]                                at /rustc/dfb0accb7f508ae8be965d8629557221c889dd98/library/core/src/ops/function.rs:250:5
[INFO] [stdout]   42:     0x5b8dda6075c9 - <alloc[2182bb758b4b3781]::boxed::Box<dyn core[df12db4294e9bfd3]::ops::function::FnOnce<(), Output = ()> + core[df12db4294e9bfd3]::marker::Send> as core[df12db4294e9bfd3]::ops::function::FnOnce<()>>::call_once
[INFO] [stdout]                                at /rustc/dfb0accb7f508ae8be965d8629557221c889dd98/library/alloc/src/boxed.rs:2320:9
[INFO] [stdout]   43:     0x5b8dda6075c9 - <std[70759c8f55707aa4]::sys::thread::unix::Thread>::new::thread_start
[INFO] [stdout]                                at /rustc/dfb0accb7f508ae8be965d8629557221c889dd98/library/std/src/sys/thread/unix.rs:123:17
[INFO] [stdout]   44:     0x785fc05bcdfa - <unknown>
[INFO] [stdout]   45:     0x785fc06503d4 - clone
[INFO] [stdout]   46:                0x0 - <unknown>
[INFO] [stdout] 
[INFO] [stdout] ---- sharing::tests::privacy_tests::root_and_path_search_return_only_shared_files_and_image_links stdout ----
[INFO] [stdout] 
[INFO] [stdout] thread 'sharing::tests::privacy_tests::root_and_path_search_return_only_shared_files_and_image_links' (1707) panicked at src/sharing/tests/privacy_tests.rs:374:9:
[INFO] [stdout] assertion `left == right` failed: install fd/fdfind to exercise recursive search
[INFO] [stdout]   left: String("directory")
[INFO] [stdout]  right: "tree"
[INFO] [stdout] stack backtrace:
[INFO] [stdout]    0:     0x5b8dda608de1 - std[70759c8f55707aa4]::backtrace_rs::backtrace::libunwind::trace
[INFO] [stdout]                                at /rustc/dfb0accb7f508ae8be965d8629557221c889dd98/library/std/src/../../backtrace/src/backtrace/libunwind.rs:117:9
[INFO] [stdout]    1:     0x5b8dda608de1 - std[70759c8f55707aa4]::backtrace_rs::backtrace::trace_unsynchronized::<std[70759c8f55707aa4]::sys::backtrace::_print_fmt::{closure#1}>
[INFO] [stdout]                                at /rustc/dfb0accb7f508ae8be965d8629557221c889dd98/library/std/src/../../backtrace/src/backtrace/mod.rs:66:14
[INFO] [stdout]    2:     0x5b8dda608de1 - std[70759c8f55707aa4]::sys::backtrace::_print_fmt
[INFO] [stdout]                                at /rustc/dfb0accb7f508ae8be965d8629557221c889dd98/library/std/src/sys/backtrace.rs:74:9
[INFO] [stdout]    3:     0x5b8dda608de1 - <<std[70759c8f55707aa4]::sys::backtrace::BacktraceLock>::print::DisplayBacktrace as core[df12db4294e9bfd3]::fmt::Display>::fmt
[INFO] [stdout]                                at /rustc/dfb0accb7f508ae8be965d8629557221c889dd98/library/std/src/sys/backtrace.rs:44:26
[INFO] [stdout]    4:     0x5b8dda6211ca - <core[df12db4294e9bfd3]::fmt::rt::Argument>::fmt
[INFO] [stdout]                                at /rustc/dfb0accb7f508ae8be965d8629557221c889dd98/library/core/src/fmt/rt.rs:152:76
[INFO] [stdout]    5:     0x5b8dda6211ca - core[df12db4294e9bfd3]::fmt::write
[INFO] [stdout]    6:     0x5b8dda60dbdc - core[df12db4294e9bfd3]::io::write::default_write_fmt::<alloc[2182bb758b4b3781]::vec::Vec<u8>>
[INFO] [stdout]                                at /rustc/dfb0accb7f508ae8be965d8629557221c889dd98/library/core/src/io/write.rs:402:11
[INFO] [stdout]    7:     0x5b8dda60dbdc - <alloc[2182bb758b4b3781]::vec::Vec<u8> as core[df12db4294e9bfd3]::io::write::Write>::write_fmt
[INFO] [stdout]                                at /rustc/dfb0accb7f508ae8be965d8629557221c889dd98/library/core/src/io/write.rs:335:13
[INFO] [stdout]    8:     0x5b8dda5df546 - <std[70759c8f55707aa4]::sys::backtrace::BacktraceLock>::print
[INFO] [stdout]                                at /rustc/dfb0accb7f508ae8be965d8629557221c889dd98/library/std/src/sys/backtrace.rs:47:9
[INFO] [stdout]    9:     0x5b8dda5df546 - std[70759c8f55707aa4]::panicking::default_hook::{closure#0}
[INFO] [stdout]                                at /rustc/dfb0accb7f508ae8be965d8629557221c889dd98/library/std/src/panicking.rs:292:27
[INFO] [stdout]   10:     0x5b8dda5fe8d9 - std[70759c8f55707aa4]::panicking::default_hook
[INFO] [stdout]                                at /rustc/dfb0accb7f508ae8be965d8629557221c889dd98/library/std/src/panicking.rs:316:9
[INFO] [stdout]   11:     0x5b8dd9a4b4f0 - <alloc[2182bb758b4b3781]::boxed::Box<dyn for<'a, 'b> core[df12db4294e9bfd3]::ops::function::Fn<(&'a std[70759c8f55707aa4]::panic::PanicHookInfo<'b>,), Output = ()> + core[df12db4294e9bfd3]::marker::Send + core[df12db4294e9bfd3]::marker::Sync> as core[df12db4294e9bfd3]::ops::function::Fn<(&std[70759c8f55707aa4]::panic::PanicHookInfo,)>>::call
[INFO] [stdout]                                at /rustc/dfb0accb7f508ae8be965d8629557221c889dd98/library/alloc/src/boxed.rs:2334:9
[INFO] [stdout]   12:     0x5b8dd9a4b4f0 - test[9d35eded1c95d3be]::test_main_inner::<test[9d35eded1c95d3be]::test_main_static::{closure#0}>::{closure#0}
[INFO] [stdout]                                at /rustc/dfb0accb7f508ae8be965d8629557221c889dd98/library/test/src/lib.rs:155:21
[INFO] [stdout]   13:     0x5b8dda5fec02 - <alloc[2182bb758b4b3781]::boxed::Box<dyn for<'a, 'b> core[df12db4294e9bfd3]::ops::function::Fn<(&'a std[70759c8f55707aa4]::panic::PanicHookInfo<'b>,), Output = ()> + core[df12db4294e9bfd3]::marker::Send + core[df12db4294e9bfd3]::marker::Sync> as core[df12db4294e9bfd3]::ops::function::Fn<(&std[70759c8f55707aa4]::panic::PanicHookInfo,)>>::call
[INFO] [stdout]                                at /rustc/dfb0accb7f508ae8be965d8629557221c889dd98/library/alloc/src/boxed.rs:2334:9
[INFO] [stdout]   14:     0x5b8dda5fec02 - std[70759c8f55707aa4]::panicking::panic_with_hook
[INFO] [stdout]                                at /rustc/dfb0accb7f508ae8be965d8629557221c889dd98/library/std/src/panicking.rs:823:13
[INFO] [stdout]   15:     0x5b8dda5df5f2 - std[70759c8f55707aa4]::panicking::panic_handler::{closure#0}
[INFO] [stdout]                                at /rustc/dfb0accb7f508ae8be965d8629557221c889dd98/library/std/src/panicking.rs:688:13
[INFO] [stdout]   16:     0x5b8dda5d7ca9 - std[70759c8f55707aa4]::sys::backtrace::__rust_end_short_backtrace::<std[70759c8f55707aa4]::panicking::panic_handler::{closure#0}, !>
[INFO] [stdout]                                at /rustc/dfb0accb7f508ae8be965d8629557221c889dd98/library/std/src/sys/backtrace.rs:182:18
[INFO] [stdout]   17:     0x5b8dda5e076d - __rustc[8fa7c3cbc660c2b3]::rust_begin_unwind
[INFO] [stdout]                                at /rustc/dfb0accb7f508ae8be965d8629557221c889dd98/library/std/src/panicking.rs:679:5
[INFO] [stdout]   18:     0x5b8dda621a6c - core[df12db4294e9bfd3]::panicking::panic_fmt
[INFO] [stdout]                                at /rustc/dfb0accb7f508ae8be965d8629557221c889dd98/library/core/src/panicking.rs:80:14
[INFO] [stdout]   19:     0x5b8dda621963 - core[df12db4294e9bfd3]::panicking::assert_failed_inner
[INFO] [stdout]                                at /rustc/dfb0accb7f508ae8be965d8629557221c889dd98/library/core/src/panicking.rs:447:23
[INFO] [stdout]   20:     0x5b8dd98d1b45 - core[df12db4294e9bfd3]::panicking::assert_failed::<serde_json[754db78b12e41289]::value::Value, &str>
[INFO] [stdout]                                at /rustc/dfb0accb7f508ae8be965d8629557221c889dd98/library/core/src/panicking.rs:407:5
[INFO] [stdout]   21:     0x5b8dd99c4f8f - webdir[79c54d79494e3d40]::sharing::tests::privacy_tests::root_and_path_search_return_only_shared_files_and_image_links
[INFO] [stdout]                                at /opt/rustwide/workdir/src/sharing/tests/privacy_tests.rs:374:9
[INFO] [stdout]   22:     0x5b8dd9994c37 - webdir[79c54d79494e3d40]::sharing::tests::privacy_tests::root_and_path_search_return_only_shared_files_and_image_links::{closure#0}
[INFO] [stdout]                                at /opt/rustwide/workdir/src/sharing/tests/privacy_tests.rs:349:67
[INFO] [stdout]   23:     0x5b8dd99868f6 - <webdir[79c54d79494e3d40]::sharing::tests::privacy_tests::root_and_path_search_return_only_shared_files_and_image_links::{closure#0} as core[df12db4294e9bfd3]::ops::function::FnOnce<()>>::call_once
[INFO] [stdout]                                at /rustc/dfb0accb7f508ae8be965d8629557221c889dd98/library/core/src/ops/function.rs:250:5
[INFO] [stdout]   24:     0x5b8dd9a3e7db - <fn() -> core[df12db4294e9bfd3]::result::Result<(), alloc[2182bb758b4b3781]::string::String> as core[df12db4294e9bfd3]::ops::function::FnOnce<()>>::call_once
[INFO] [stdout]                                at /rustc/dfb0accb7f508ae8be965d8629557221c889dd98/library/core/src/ops/function.rs:250:5
[INFO] [stdout]   25:     0x5b8dd9a3e7db - test[9d35eded1c95d3be]::__rust_begin_short_backtrace::<core[df12db4294e9bfd3]::result::Result<(), alloc[2182bb758b4b3781]::string::String>, fn() -> core[df12db4294e9bfd3]::result::Result<(), alloc[2182bb758b4b3781]::string::String>>
[INFO] [stdout]                                at /rustc/dfb0accb7f508ae8be965d8629557221c889dd98/library/test/src/lib.rs:733:18
[INFO] [stdout]   26:     0x5b8dd9a4be45 - test[9d35eded1c95d3be]::run_test_in_process::{closure#0}
[INFO] [stdout]                                at /rustc/dfb0accb7f508ae8be965d8629557221c889dd98/library/test/src/lib.rs:756:74
[INFO] [stdout]   27:     0x5b8dd9a4be45 - <core[df12db4294e9bfd3]::panic::unwind_safe::AssertUnwindSafe<test[9d35eded1c95d3be]::run_test_in_process::{closure#0}> as core[df12db4294e9bfd3]::ops::function::FnOnce<()>>::call_once
[INFO] [stdout]                                at /rustc/dfb0accb7f508ae8be965d8629557221c889dd98/library/core/src/panic/unwind_safe.rs:275:9
[INFO] [stdout]   28:     0x5b8dd9a4be45 - std[70759c8f55707aa4]::panicking::catch_unwind::do_call::<core[df12db4294e9bfd3]::panic::unwind_safe::AssertUnwindSafe<test[9d35eded1c95d3be]::run_test_in_process::{closure#0}>, core[df12db4294e9bfd3]::result::Result<(), alloc[2182bb758b4b3781]::string::String>>
[INFO] [stdout]                                at /rustc/dfb0accb7f508ae8be965d8629557221c889dd98/library/std/src/panicking.rs:576:43
[INFO] [stdout]   29:     0x5b8dd9a4be45 - std[70759c8f55707aa4]::panicking::catch_unwind::<core[df12db4294e9bfd3]::result::Result<(), alloc[2182bb758b4b3781]::string::String>, core[df12db4294e9bfd3]::panic::unwind_safe::AssertUnwindSafe<test[9d35eded1c95d3be]::run_test_in_process::{closure#0}>>
[INFO] [stdout]                                at /rustc/dfb0accb7f508ae8be965d8629557221c889dd98/library/std/src/panicking.rs:544:19
[INFO] [stdout]   30:     0x5b8dd9a4be45 - std[70759c8f55707aa4]::panic::catch_unwind::<core[df12db4294e9bfd3]::panic::unwind_safe::AssertUnwindSafe<test[9d35eded1c95d3be]::run_test_in_process::{closure#0}>, core[df12db4294e9bfd3]::result::Result<(), alloc[2182bb758b4b3781]::string::String>>
[INFO] [stdout]                                at /rustc/dfb0accb7f508ae8be965d8629557221c889dd98/library/std/src/panic.rs:359:14
[INFO] [stdout]   31:     0x5b8dd9a4be45 - test[9d35eded1c95d3be]::run_test_in_process
[INFO] [stdout]                                at /rustc/dfb0accb7f508ae8be965d8629557221c889dd98/library/test/src/lib.rs:756:27
[INFO] [stdout]   32:     0x5b8dd9a4be45 - test[9d35eded1c95d3be]::run_test::{closure#0}
[INFO] [stdout]                                at /rustc/dfb0accb7f508ae8be965d8629557221c889dd98/library/test/src/lib.rs:677:43
[INFO] [stdout]   33:     0x5b8dd9a45704 - test[9d35eded1c95d3be]::run_test::{closure#1}
[INFO] [stdout]                                at /rustc/dfb0accb7f508ae8be965d8629557221c889dd98/library/test/src/lib.rs:707:41
[INFO] [stdout]   34:     0x5b8dd9a45704 - std[70759c8f55707aa4]::sys::backtrace::__rust_begin_short_backtrace::<test[9d35eded1c95d3be]::run_test::{closure#1}, ()>
[INFO] [stdout]                                at /rustc/dfb0accb7f508ae8be965d8629557221c889dd98/library/std/src/sys/backtrace.rs:166:18
[INFO] [stdout]   35:     0x5b8dd9a4efa2 - std[70759c8f55707aa4]::thread::lifecycle::spawn_unchecked::<test[9d35eded1c95d3be]::run_test::{closure#1}, ()>::{closure#1}::{closure#0}
[INFO] [stdout]                                at /rustc/dfb0accb7f508ae8be965d8629557221c889dd98/library/std/src/thread/lifecycle.rs:70:13
[INFO] [stdout]   36:     0x5b8dd9a4efa2 - <core[df12db4294e9bfd3]::panic::unwind_safe::AssertUnwindSafe<std[70759c8f55707aa4]::thread::lifecycle::spawn_unchecked<test[9d35eded1c95d3be]::run_test::{closure#1}, ()>::{closure#1}::{closure#0}> as core[df12db4294e9bfd3]::ops::function::FnOnce<()>>::call_once
[INFO] [stdout]                                at /rustc/dfb0accb7f508ae8be965d8629557221c889dd98/library/core/src/panic/unwind_safe.rs:275:9
[INFO] [stdout]   37:     0x5b8dd9a4efa2 - std[70759c8f55707aa4]::panicking::catch_unwind::do_call::<core[df12db4294e9bfd3]::panic::unwind_safe::AssertUnwindSafe<std[70759c8f55707aa4]::thread::lifecycle::spawn_unchecked<test[9d35eded1c95d3be]::run_test::{closure#1}, ()>::{closure#1}::{closure#0}>, ()>
[INFO] [stdout]                                at /rustc/dfb0accb7f508ae8be965d8629557221c889dd98/library/std/src/panicking.rs:576:43
[INFO] [stdout]   38:     0x5b8dd9a4efa2 - std[70759c8f55707aa4]::panicking::catch_unwind::<(), core[df12db4294e9bfd3]::panic::unwind_safe::AssertUnwindSafe<std[70759c8f55707aa4]::thread::lifecycle::spawn_unchecked<test[9d35eded1c95d3be]::run_test::{closure#1}, ()>::{closure#1}::{closure#0}>>
[INFO] [stdout]                                at /rustc/dfb0accb7f508ae8be965d8629557221c889dd98/library/std/src/panicking.rs:544:19
[INFO] [stdout]   39:     0x5b8dd9a4efa2 - std[70759c8f55707aa4]::panic::catch_unwind::<core[df12db4294e9bfd3]::panic::unwind_safe::AssertUnwindSafe<std[70759c8f55707aa4]::thread::lifecycle::spawn_unchecked<test[9d35eded1c95d3be]::run_test::{closure#1}, ()>::{closure#1}::{closure#0}>, ()>
[INFO] [stdout]                                at /rustc/dfb0accb7f508ae8be965d8629557221c889dd98/library/std/src/panic.rs:359:14
[INFO] [stdout]   40:     0x5b8dd9a4efa2 - std[70759c8f55707aa4]::thread::lifecycle::spawn_unchecked::<test[9d35eded1c95d3be]::run_test::{closure#1}, ()>::{closure#1}
[INFO] [stdout]                                at /rustc/dfb0accb7f508ae8be965d8629557221c889dd98/library/std/src/thread/lifecycle.rs:68:26
[INFO] [stdout]   41:     0x5b8dd9a4efa2 - <std[70759c8f55707aa4]::thread::lifecycle::spawn_unchecked<test[9d35eded1c95d3be]::run_test::{closure#1}, ()>::{closure#1} as core[df12db4294e9bfd3]::ops::function::FnOnce<()>>::call_once::{shim:vtable#0}
[INFO] [stdout]                                at /rustc/dfb0accb7f508ae8be965d8629557221c889dd98/library/core/src/ops/function.rs:250:5
[INFO] [stdout]   42:     0x5b8dda6075c9 - <alloc[2182bb758b4b3781]::boxed::Box<dyn core[df12db4294e9bfd3]::ops::function::FnOnce<(), Output = ()> + core[df12db4294e9bfd3]::marker::Send> as core[df12db4294e9bfd3]::ops::function::FnOnce<()>>::call_once
[INFO] [stdout]                                at /rustc/dfb0accb7f508ae8be965d8629557221c889dd98/library/alloc/src/boxed.rs:2320:9
[INFO] [stdout]   43:     0x5b8dda6075c9 - <std[70759c8f55707aa4]::sys::thread::unix::Thread>::new::thread_start
[INFO] [stdout]                                at /rustc/dfb0accb7f508ae8be965d8629557221c889dd98/library/std/src/sys/thread/unix.rs:123:17
[INFO] [stdout]   44:     0x785fc05bcdfa - <unknown>
[INFO] [stdout]   45:     0x785fc06503d4 - clone
[INFO] [stdout]   46:                0x0 - <unknown>
[INFO] [stdout] 
[INFO] [stdout] 
[INFO] [stdout] failures:
[INFO] [stdout]     sharing::tests::privacy_tests::root_and_path_search_return_only_shared_files_and_image_links
[INFO] [stdout]     sharing::tests::privacy_tests::root_search_from_removed_directories_preserves_share_scope
[INFO] [stdout] 
[INFO] [stdout] test result: FAILED. 117 passed; 2 failed; 0 ignored; 0 measured; 0 filtered out; finished in 13.28s
[INFO] [stdout] 
[INFO] [stderr] error: test failed, to rerun pass `--bin webdir`
[INFO] running `Command { std: "docker" "inspect" "eb4f6fccad0c86066ad3bc6c362ad43a147fff224c39f5e7999e7b6d574fccfe", kill_on_drop: false }`
[INFO] running `Command { std: "docker" "rm" "-f" "eb4f6fccad0c86066ad3bc6c362ad43a147fff224c39f5e7999e7b6d574fccfe", kill_on_drop: false }`
[INFO] [stdout] eb4f6fccad0c86066ad3bc6c362ad43a147fff224c39f5e7999e7b6d574fccfe
