[INFO] cloning repository https://github.com/oddurs/fontina
[INFO] running `Command { std: "git" "-c" "credential.helper=" "-c" "credential.helper=/workspace/cargo-home/bin/git-credential-null" "clone" "--bare" "https://github.com/oddurs/fontina" "/workspace/cache/git-repos/https%3A%2F%2Fgithub.com%2Foddurs%2Ffontina", kill_on_drop: false }`
[INFO] [stderr] Cloning into bare repository '/workspace/cache/git-repos/https%3A%2F%2Fgithub.com%2Foddurs%2Ffontina'...
[INFO] running `Command { std: "git" "rev-parse" "HEAD", kill_on_drop: false }`
[INFO] [stdout] 84753d28af03b331c88afb6dd1561838d523c8a1
[INFO] testing oddurs/fontina against 1.100.0-beta.1 for beta-1.100-2
[INFO] running `Command { std: "git" "clone" "/workspace/cache/git-repos/https%3A%2F%2Fgithub.com%2Foddurs%2Ffontina" "/workspace/builds/worker-7-tc2/source", kill_on_drop: false }`
[INFO] [stderr] Cloning into '/workspace/builds/worker-7-tc2/source'...
[INFO] [stderr] done.
[INFO] started tweaking git repo https://github.com/oddurs/fontina
[INFO] finished tweaking git repo https://github.com/oddurs/fontina
[INFO] tweaked toml for git repo https://github.com/oddurs/fontina written to /workspace/builds/worker-7-tc2/source/Cargo.toml
[INFO] validating manifest of git repo https://github.com/oddurs/fontina on toolchain 1.100.0-beta.1
[INFO] running `Command { std: CARGO_HOME="/workspace/cargo-home" RUSTUP_HOME="/workspace/rustup-home" "/workspace/cargo-home/bin/cargo" "+1.100.0-beta.1" "metadata" "--manifest-path" "Cargo.toml" "--no-deps", kill_on_drop: false }`
[INFO] crate git repo https://github.com/oddurs/fontina already has a lockfile, it will not be regenerated
[INFO] running `Command { std: CARGO_HOME="/workspace/cargo-home" RUSTUP_HOME="/workspace/rustup-home" "/workspace/cargo-home/bin/cargo" "+1.100.0-beta.1" "fetch" "--manifest-path" "Cargo.toml", kill_on_drop: false }`
[INFO] [stderr] warning: unused field `authors` in `workspace.package`
[INFO] [stderr]   --> Cargo.toml:63:1
[INFO] [stderr]    |
[INFO] [stderr] 63 | authors = ["Oddur Sigurdsson"]
[INFO] [stderr]    | ^^^^^^^
[INFO] [stderr]    |
[INFO] [stderr]    = note: `cargo::unused_workspace_package_fields` is set to `warn` by default
[INFO] [stderr] help: consider removing the field `workspace.package.authors`
[INFO] [stderr] warning: unused field `homepage` in `workspace.package`
[INFO] [stderr]   --> Cargo.toml:66:1
[INFO] [stderr]    |
[INFO] [stderr] 66 | homepage = "https://github.com/oddurs/fontina"
[INFO] [stderr]    | ^^^^^^^^
[INFO] [stderr]    |
[INFO] [stderr] help: consider removing the field `workspace.package.homepage`
[INFO] [stderr] warning: workspace (manifest) generated 2 warnings
[INFO] running `Command { std: "docker" "create" "-v" "/var/lib/crater-agent-workspace/builds/worker-7-tc2/source:/opt/rustwide/workdir:ro,Z" "-v" "/var/lib/crater-agent-workspace/builds/worker-7-tc2/target:/opt/rustwide/target:rw,Z" "-v" "/var/lib/crater-agent-workspace/cargo-home:/opt/rustwide/cargo-home:ro,Z" "-v" "/var/lib/crater-agent-workspace/rustup-home:/opt/rustwide/rustup-home:ro,Z" "-m" "1610612736" "--network" "none" "ghcr.io/rust-lang/crates-build-env/linux@sha256:3111399a4047eeb3a02b7a90e478d715f38a8c6669b5c4b49d30a17385265909" "sleep" "infinity", kill_on_drop: false }`
[INFO] [stdout] 80336de699fd8896b0211c23bd73bc7dff1a0516932a52ea1bc1a9fb0e68d0b8
[INFO] running `Command { std: "docker" "start" "80336de699fd8896b0211c23bd73bc7dff1a0516932a52ea1bc1a9fb0e68d0b8", kill_on_drop: false }`
[INFO] running `Command { std: "docker" "inspect" "80336de699fd8896b0211c23bd73bc7dff1a0516932a52ea1bc1a9fb0e68d0b8", kill_on_drop: false }`
[INFO] running `Command { std: "docker" "exec" "-e" "SOURCE_DIR=/opt/rustwide/workdir" "-e" "CARGO_HOME=/opt/rustwide/cargo-home" "-e" "RUSTUP_HOME=/opt/rustwide/rustup-home" "-e" "CARGO_TARGET_DIR=/opt/rustwide/target" "-w" "/opt/rustwide/workdir" "--user" "0:0" "80336de699fd8896b0211c23bd73bc7dff1a0516932a52ea1bc1a9fb0e68d0b8" "/opt/rustwide/cargo-home/bin/cargo" "+1.100.0-beta.1" "metadata" "--no-deps" "--format-version=1", kill_on_drop: false }`
[INFO] running `Command { std: "docker" "inspect" "80336de699fd8896b0211c23bd73bc7dff1a0516932a52ea1bc1a9fb0e68d0b8", kill_on_drop: false }`
[INFO] running `Command { std: "docker" "exec" "-e" "SOURCE_DIR=/opt/rustwide/workdir" "-e" "CARGO_HOME=/opt/rustwide/cargo-home" "-e" "RUSTUP_HOME=/opt/rustwide/rustup-home" "-e" "CARGO_TARGET_DIR=/opt/rustwide/target" "-e" "CARGO_INCREMENTAL=0" "-e" "RUST_BACKTRACE=full" "-e" "RUSTFLAGS=--cap-lints=warn" "-e" "RUSTDOCFLAGS=--cap-lints=warn" "-w" "/opt/rustwide/workdir" "--user" "0:0" "80336de699fd8896b0211c23bd73bc7dff1a0516932a52ea1bc1a9fb0e68d0b8" "/opt/rustwide/cargo-home/bin/cargo" "+1.100.0-beta.1" "build" "--frozen" "--message-format=json", kill_on_drop: false }`
[INFO] [stderr] warning: unused field `authors` in `workspace.package`
[INFO] [stderr]   --> Cargo.toml:63:1
[INFO] [stderr]    |
[INFO] [stderr] 63 | authors = ["Oddur Sigurdsson"]
[INFO] [stderr]    | ^^^^^^^
[INFO] [stderr]    |
[INFO] [stderr]    = note: `cargo::unused_workspace_package_fields` is set to `warn` by default
[INFO] [stderr] help: consider removing the field `workspace.package.authors`
[INFO] [stderr] warning: unused field `homepage` in `workspace.package`
[INFO] [stderr]   --> Cargo.toml:66:1
[INFO] [stderr]    |
[INFO] [stderr] 66 | homepage = "https://github.com/oddurs/fontina"
[INFO] [stderr]    | ^^^^^^^^
[INFO] [stderr]    |
[INFO] [stderr] help: consider removing the field `workspace.package.homepage`
[INFO] [stderr] warning: workspace (manifest) generated 2 warnings
[INFO] [stderr]    Compiling serde_core v1.0.229
[INFO] [stderr]    Compiling rustix v1.1.4
[INFO] [stderr]    Compiling thiserror v2.0.21
[INFO] [stderr]    Compiling smallvec v1.16.0
[INFO] [stderr]    Compiling either v1.18.0
[INFO] [stderr]    Compiling serde_json v1.0.151
[INFO] [stderr]    Compiling syn v2.0.119
[INFO] [stderr]    Compiling mio v1.2.3
[INFO] [stderr]    Compiling serde v1.0.229
[INFO] [stderr]    Compiling thiserror-impl v2.0.21
[INFO] [stderr]    Compiling darling_core v0.24.1
[INFO] [stderr]    Compiling bytemuck_derive v1.12.0
[INFO] [stderr]    Compiling instability v0.3.13
[INFO] [stderr]    Compiling inotify-sys v0.1.8
[INFO] [stderr]    Compiling pkg-config v0.3.34
[INFO] [stderr]    Compiling ref-cast v1.0.27
[INFO] [stderr]    Compiling alloc-stdlib v0.2.4
[INFO] [stderr]    Compiling parking_lot_core v0.9.12
[INFO] [stderr]    Compiling serde_derive_internals v0.30.0
[INFO] [stderr]    Compiling ref-cast-impl v1.0.27
[INFO] [stderr]    Compiling blake3 v1.8.7
[INFO] [stderr]    Compiling lru v0.18.4
[INFO] [stderr]    Compiling itertools v0.14.0
[INFO] [stderr]    Compiling once_cell v1.21.4
[INFO] [stderr]    Compiling crc32fast v1.5.1
[INFO] [stderr]    Compiling parking_lot v0.12.5
[INFO] [stderr]    Compiling dirs-sys v0.5.0
[INFO] [stderr]    Compiling brotli-decompressor v4.0.3
[INFO] [stderr]    Compiling signal-hook-mio v0.2.5
[INFO] [stderr]    Compiling libsqlite3-sys v0.38.2
[INFO] [stderr]    Compiling clap_derive v4.6.7
[INFO] [stderr]    Compiling cpufeatures v0.3.1
[INFO] [stderr]    Compiling simd-adler32 v0.3.10
[INFO] [stderr]    Compiling constant_time_eq v0.4.2
[INFO] [stderr]    Compiling dyn-clone v1.0.20
[INFO] [stderr]    Compiling arrayvec v0.7.8
[INFO] [stderr]    Compiling miniz_oxide v0.9.1
[INFO] [stderr]    Compiling bitvec v1.1.1
[INFO] [stderr]    Compiling inotify v0.11.5
[INFO] [stderr]    Compiling directories v6.0.0
[INFO] [stderr]    Compiling terminal_size v0.4.4
[INFO] [stderr]    Compiling clap_builder v4.6.7
[INFO] [stderr]    Compiling bytemuck v1.25.2
[INFO] [stderr]    Compiling brotli v7.0.0
[INFO] [stderr]    Compiling schemars_derive v1.2.2
[INFO] [stderr]    Compiling hashlink v0.12.1
[INFO] [stderr]    Compiling kasuari v0.4.12
[INFO] [stderr]    Compiling font-types v0.12.4
[INFO] [stderr]    Compiling notify-types v2.1.0
[INFO] [stderr]    Compiling line-clipping v0.3.8
[INFO] [stderr]    Compiling four-cc v0.4.0
[INFO] [stderr]    Compiling fallible-streaming-iterator v0.1.9
[INFO] [stderr]    Compiling winnow v1.0.4
[INFO] [stderr]    Compiling fallible-iterator v0.3.0
[INFO] [stderr]    Compiling time v0.3.55
[INFO] [stderr]    Compiling notify v8.2.0
[INFO] [stderr]    Compiling read-fonts v0.43.3
[INFO] [stderr]    Compiling unicode-truncate v2.0.1
[INFO] [stderr]    Compiling toml_parser v1.1.3+spec-1.1.0
[INFO] [stderr]    Compiling flate2 v1.1.10
[INFO] [stderr]    Compiling rayon v1.12.0
[INFO] [stderr]    Compiling roff v1.1.1
[INFO] [stderr]    Compiling ab_glyph_rasterizer v0.1.10
[INFO] [stderr]    Compiling toml_writer v1.1.2+spec-1.1.0
[INFO] [stderr]    Compiling unicode-blocks v0.1.10
[INFO] [stderr]    Compiling unicode-script v0.5.8
[INFO] [stderr]    Compiling strum_macros v0.28.0
[INFO] [stderr]    Compiling derive_more-impl v2.1.1
[INFO] [stderr]    Compiling thiserror-impl v1.0.69
[INFO] [stderr]    Compiling toml_datetime v1.1.1+spec-1.1.0
[INFO] [stderr]    Compiling serde_spanned v1.1.1
[INFO] [stderr]    Compiling toml v1.1.6+spec-1.1.0
[INFO] [stderr]    Compiling clap v4.6.7
[INFO] [stderr]    Compiling darling_macro v0.24.1
[INFO] [stderr]    Compiling clap_complete v4.6.11
[INFO] [stderr]    Compiling clap_mangen v0.3.3
[INFO] [stderr]    Compiling derive_more v2.1.1
[INFO] [stderr]    Compiling crossterm v0.29.0
[INFO] [stderr]    Compiling darling v0.24.1
[INFO] [stderr]    Compiling thiserror v1.0.69
[INFO] [stderr]    Compiling safer-bytes v0.2.0
[INFO] [stderr]    Compiling woff2-patched v0.4.0
[INFO] [stderr]    Compiling schemars v1.2.2
[INFO] [stderr]    Compiling fontina-testkit v0.2.0 (/opt/rustwide/workdir/crates/fontina-testkit)
[INFO] [stderr]    Compiling strum v0.28.0
[INFO] [stderr]    Compiling ratatui-core v0.1.2
[INFO] [stderr]    Compiling fontina-platform v0.2.0 (/opt/rustwide/workdir/crates/fontina-platform)
[INFO] [stderr]    Compiling ratatui-widgets v0.3.2
[INFO] [stderr]    Compiling ratatui-crossterm v0.1.2
[INFO] [stderr]    Compiling ratatui v0.30.2
[INFO] [stderr]    Compiling rusqlite v0.40.2
[INFO] [stderr]    Compiling harfrust v0.13.3
[INFO] [stderr]    Compiling skrifa v0.46.2
[INFO] [stderr]    Compiling fontina-core v0.2.0 (/opt/rustwide/workdir/crates/fontina-core)
[INFO] [stderr]    Compiling fontina-cli v0.2.0 (/opt/rustwide/workdir/crates/fontina-cli)
[INFO] [stderr]     Finished `dev` profile [unoptimized + debuginfo] target(s) in 1m 24s
[INFO] running `Command { std: "docker" "inspect" "80336de699fd8896b0211c23bd73bc7dff1a0516932a52ea1bc1a9fb0e68d0b8", kill_on_drop: false }`
[INFO] running `Command { std: "docker" "exec" "-e" "SOURCE_DIR=/opt/rustwide/workdir" "-e" "CARGO_HOME=/opt/rustwide/cargo-home" "-e" "RUSTUP_HOME=/opt/rustwide/rustup-home" "-e" "CARGO_TARGET_DIR=/opt/rustwide/target" "-e" "CARGO_INCREMENTAL=0" "-e" "RUST_BACKTRACE=full" "-e" "RUSTFLAGS=--cap-lints=warn" "-e" "RUSTDOCFLAGS=--cap-lints=warn" "-w" "/opt/rustwide/workdir" "--user" "0:0" "80336de699fd8896b0211c23bd73bc7dff1a0516932a52ea1bc1a9fb0e68d0b8" "/opt/rustwide/cargo-home/bin/cargo" "+1.100.0-beta.1" "test" "--frozen" "--no-run" "--message-format=json", kill_on_drop: false }`
[INFO] [stderr] warning: unused field `authors` in `workspace.package`
[INFO] [stderr]   --> Cargo.toml:63:1
[INFO] [stderr]    |
[INFO] [stderr] 63 | authors = ["Oddur Sigurdsson"]
[INFO] [stderr]    | ^^^^^^^
[INFO] [stderr]    |
[INFO] [stderr]    = note: `cargo::unused_workspace_package_fields` is set to `warn` by default
[INFO] [stderr] help: consider removing the field `workspace.package.authors`
[INFO] [stderr] warning: unused field `homepage` in `workspace.package`
[INFO] [stderr]   --> Cargo.toml:66:1
[INFO] [stderr]    |
[INFO] [stderr] 66 | homepage = "https://github.com/oddurs/fontina"
[INFO] [stderr]    | ^^^^^^^^
[INFO] [stderr]    |
[INFO] [stderr] help: consider removing the field `workspace.package.homepage`
[INFO] [stderr] warning: workspace (manifest) generated 2 warnings
[INFO] [stderr]    Compiling serde_json v1.0.151
[INFO] [stderr]    Compiling rustix v1.1.4
[INFO] [stderr]    Compiling read-fonts v0.43.3
[INFO] [stderr]    Compiling console v0.16.4
[INFO] [stderr]    Compiling similar v2.7.0
[INFO] [stderr]    Compiling strum v0.28.0
[INFO] [stderr]    Compiling num-integer v0.1.47
[INFO] [stderr]    Compiling getrandom v0.3.4
[INFO] [stderr]    Compiling ahash v0.8.12
[INFO] [stderr]    Compiling regex-syntax v0.8.11
[INFO] [stderr]    Compiling aho-corasick v1.1.5
[INFO] [stderr]    Compiling unicode-general-category v1.1.0
[INFO] [stderr]    Compiling jsonschema-value v0.58.5
[INFO] [stderr]    Compiling bit-vec v0.8.0
[INFO] [stderr]    Compiling borrow-or-share v0.2.4
[INFO] [stderr]    Compiling micromap v0.3.0
[INFO] [stderr]    Compiling ratatui-core v0.1.2
[INFO] [stderr]    Compiling fluent-uri v0.4.1
[INFO] [stderr]    Compiling num-cmp v0.1.0
[INFO] [stderr]    Compiling bit-set v0.8.0
[INFO] [stderr]    Compiling bytecount v0.6.9
[INFO] [stderr]    Compiling num-bigint v0.4.8
[INFO] [stderr]    Compiling num-iter v0.1.46
[INFO] [stderr]    Compiling uuid-simd v0.8.0
[INFO] [stderr]    Compiling email_address v0.2.9
[INFO] [stderr]    Compiling schemars v1.2.2
[INFO] [stderr]    Compiling fontina-testkit v0.2.0 (/opt/rustwide/workdir/crates/fontina-testkit)
[INFO] [stderr]    Compiling referencing v0.58.5
[INFO] [stderr]    Compiling num-rational v0.4.2
[INFO] [stderr]    Compiling ratatui-widgets v0.3.2
[INFO] [stderr]    Compiling num v0.4.3
[INFO] [stderr]    Compiling fraction v0.17.0
[INFO] [stderr]    Compiling regex-automata v0.4.18
[INFO] [stderr]    Compiling jsonschema-regex v0.58.5
[INFO] [stderr]    Compiling fontina-platform v0.2.0 (/opt/rustwide/workdir/crates/fontina-platform)
[INFO] [stderr]    Compiling tempfile v3.27.0
[INFO] [stderr]    Compiling terminal_size v0.4.4
[INFO] [stderr]    Compiling crossterm v0.29.0
[INFO] [stderr]    Compiling clap_builder v4.6.7
[INFO] [stderr]    Compiling insta v1.48.0
[INFO] [stderr]    Compiling ratatui-crossterm v0.1.2
[INFO] [stderr]    Compiling ratatui v0.30.2
[INFO] [stderr]    Compiling clap v4.6.7
[INFO] [stderr]    Compiling clap_complete v4.6.11
[INFO] [stderr]    Compiling clap_mangen v0.3.3
[INFO] [stderr]    Compiling fancy-regex v0.19.0
[INFO] [stderr]    Compiling regex v1.13.1
[INFO] [stderr]    Compiling jsonschema v0.58.4
[INFO] [stderr]    Compiling skrifa v0.46.2
[INFO] [stderr]    Compiling harfrust v0.13.3
[INFO] [stderr]    Compiling fontina-core v0.2.0 (/opt/rustwide/workdir/crates/fontina-core)
[INFO] [stderr]    Compiling fontina-cli v0.2.0 (/opt/rustwide/workdir/crates/fontina-cli)
[INFO] [stderr]     Finished `test` profile [unoptimized + debuginfo] target(s) in 1m 42s
[INFO] running `Command { std: "docker" "inspect" "80336de699fd8896b0211c23bd73bc7dff1a0516932a52ea1bc1a9fb0e68d0b8", kill_on_drop: false }`
[INFO] running `Command { std: "docker" "exec" "-e" "SOURCE_DIR=/opt/rustwide/workdir" "-e" "CARGO_HOME=/opt/rustwide/cargo-home" "-e" "RUSTUP_HOME=/opt/rustwide/rustup-home" "-e" "CARGO_TARGET_DIR=/opt/rustwide/target" "-e" "CARGO_INCREMENTAL=0" "-e" "RUST_BACKTRACE=full" "-e" "RUSTFLAGS=--cap-lints=warn" "-e" "RUSTDOCFLAGS=--cap-lints=warn" "-w" "/opt/rustwide/workdir" "--user" "0:0" "80336de699fd8896b0211c23bd73bc7dff1a0516932a52ea1bc1a9fb0e68d0b8" "/opt/rustwide/cargo-home/bin/cargo" "+1.100.0-beta.1" "test" "--frozen", kill_on_drop: false }`
[INFO] [stderr] warning: unused field `authors` in `workspace.package`
[INFO] [stderr]   --> Cargo.toml:63:1
[INFO] [stderr]    |
[INFO] [stderr] 63 | authors = ["Oddur Sigurdsson"]
[INFO] [stderr]    | ^^^^^^^
[INFO] [stderr]    |
[INFO] [stderr]    = note: `cargo::unused_workspace_package_fields` is set to `warn` by default
[INFO] [stderr] help: consider removing the field `workspace.package.authors`
[INFO] [stderr] warning: unused field `homepage` in `workspace.package`
[INFO] [stderr]   --> Cargo.toml:66:1
[INFO] [stderr]    |
[INFO] [stderr] 66 | homepage = "https://github.com/oddurs/fontina"
[INFO] [stderr]    | ^^^^^^^^
[INFO] [stderr]    |
[INFO] [stderr] help: consider removing the field `workspace.package.homepage`
[INFO] [stderr] warning: workspace (manifest) generated 2 warnings
[INFO] [stderr]     Finished `test` profile [unoptimized + debuginfo] target(s) in 0.53s
[INFO] [stderr]      Running unittests src/main.rs (/opt/rustwide/target/debug/build/fontina-cli/9bb7dca81639dff4/out/fontina-9bb7dca81639dff4)
[INFO] [stdout] 
[INFO] [stdout] running 237 tests
[INFO] [stdout] test config::tests::an_empty_file_is_every_default ... ok
[INFO] [stdout] test help::tests::a_description_is_cut_to_one_line ... ok
[INFO] [stdout] test scheme::tests::a_value_says_what_it_would_have_taken ... ok
[INFO] [stdout] test config::tests::a_key_nobody_recognises_is_an_error_that_names_it ... ok
[INFO] [stdout] test config::tests::a_leading_tilde_is_the_home_directory ... ok
[INFO] [stdout] test config::tests::the_example_file_is_a_configuration ... ok
[INFO] [stdout] test scheme::tests::modifiers_may_arrive_in_any_order ... ok
[INFO] [stdout] test scheme::tests::a_paint_round_trips_through_its_own_name ... ok
[INFO] [stdout] test scheme::tests::changing_one_role_leaves_the_rest_alone ... ok
[INFO] [stdout] test help::tests::no_entry_wraps ... ok
[INFO] [stdout] test term::tests::a_pipe_is_never_coloured_and_is_never_fitted ... ok
[INFO] [stdout] test term::tests::a_depth_is_a_value_and_never_a_reading_of_the_environment ... ok
[INFO] [stdout] test help::tests::the_rendered_list_holds_every_command ... ok
[INFO] [stdout] test term::tests::the_environment_beats_the_terminal_in_both_directions ... ok
[INFO] [stdout] test config::tests::a_setting_in_the_file_says_so_and_a_flag_outranks_it ... ok
[INFO] [stdout] test help::tests::a_long_sentence_is_fitted_to_the_room_there_is ... ok
[INFO] [stdout] test tests::a_bar_shows_the_difference_between_a_little_and_none ... ok
[INFO] [stdout] test term::tests::the_roles_are_distinct_and_they_all_go_at_once ... ok
[INFO] [stdout] test term::tests::nothing_is_painted_as_nothing ... ok
[INFO] [stdout] test scheme::tests::the_default_scheme_is_what_shipped ... ok
[INFO] [stdout] test term::tests::a_terminal_is_coloured_to_the_depth_it_reports ... ok
[INFO] [stdout] test help::tests::every_command_is_in_exactly_one_group ... ok
[INFO] [stdout] test tests::a_table_gives_ground_from_the_widest_column ... ok
[INFO] [stdout] test tests::a_path_keeps_its_filename_and_a_filename_keeps_its_front ... ok
[INFO] [stdout] test tests::the_licence_cell_drops_the_namespace_and_keeps_the_name ... ok
[INFO] [stdout] test tests::no_width_makes_a_path_cell_overflow_it ... ok
[INFO] [stdout] test ui::controls::tests::adjusting_clamps_and_does_not_drift ... ok
[INFO] [stdout] test tests::a_specimen_counts_the_licensed_fonts_it_would_carry ... ok
[INFO] [stdout] test term::tests::a_terminal_too_narrow_to_fit_is_not_fitted ... ok
[INFO] [stdout] test scheme::tests::two_roles_that_look_the_same_are_refused ... ok
[INFO] [stdout] test ui::controls::tests::a_variable_face_offers_its_axes_at_their_defaults ... ok
[INFO] [stdout] test term::tests::the_depth_is_read_from_the_environment_in_order ... ok
[INFO] [stdout] test ui::controls::tests::adjust_and_toggle_each_ignore_the_other_kind_of_row ... ok
[INFO] [stdout] test ui::controls::tests::a_hidden_axis_is_kept_but_not_shown ... ok
[INFO] [stdout] test ui::controls::tests::a_static_face_offers_features_but_no_axes ... ok
[INFO] [stdout] test ui::controls::tests::a_face_with_nothing_to_set_offers_no_controls ... ok
[INFO] [stdout] test ui::controls::tests::a_hand_set_axis_is_not_called_by_an_instance_name ... ok
[INFO] [stdout] test ui::covering::tests::each_codepoint_carries_the_script_unicode_gives_it ... ok
[INFO] [stdout] test ui::controls::tests::reset_returns_every_axis_to_its_default ... ok
[INFO] [stdout] test ui::controls::tests::cycling_walks_every_instance_in_order_and_wraps ... ok
[INFO] [stdout] test ui::controls::tests::instances_still_work_when_an_axis_is_hidden ... ok
[INFO] [stdout] test ui::covering::tests::whitespace_and_controls_are_not_characters_a_font_has_to_have ... ok
[INFO] [stdout] test ui::covering::tests::a_face_missing_a_handful_is_offered_with_the_handful_named ... ok
[INFO] [stdout] test ui::covering::tests::a_face_that_sets_everything_says_so_and_counts_nothing_missing ... ok
[INFO] [stdout] test ui::covering::tests::a_mixed_script_string_reports_per_script ... ok
[INFO] [stdout] test ui::controls::tests::the_cursor_walks_axes_then_features_and_stops_at_the_ends ... ok
[INFO] [stdout] test tests::a_transition_takes_back_the_registration_it_replaces ... ok
[INFO] [stdout] test tests::restore_counts_a_reinstall_once_it_is_recorded ... ok
[INFO] [stdout] test ui::filter::tests::an_empty_line_is_the_empty_filter ... ok
[INFO] [stdout] test ui::glyphs::tests::a_codepoint_is_read_in_every_spelling ... ok
[INFO] [stdout] test ui::filter::tests::a_line_of_flags_is_the_filter_the_command_line_would_build ... ok
[INFO] [stdout] test ui::covering::tests::many_missing_characters_are_named_up_to_a_point ... ok
[INFO] [stdout] test ui::filter::tests::the_shapes_of_every_kind_of_field_parse ... ok
[INFO] [stdout] test ui::filter::tests::a_mistake_is_reported_in_the_command_lines_own_words ... ok
[INFO] [stdout] test tests::session_and_user_swap_but_a_repeat_is_not_a_transition ... ok
[INFO] [stdout] test ui::filter::tests::everything_the_facets_cannot_express_is_expressible_here ... ok
[INFO] [stdout] test ui::filter::tests::quotes_hold_a_value_together ... ok
[INFO] [stdout] test ui::filter::tests::a_quote_inside_the_other_kind_is_just_a_character ... ok
[INFO] [stdout] test tests::restore_does_not_count_a_reinstall_it_could_not_record ... ok
[INFO] [stdout] test tests::restore_surfaces_a_database_error_when_looking_up_the_faces ... ok
[INFO] [stdout] test ui::glyphs::tests::a_number_that_is_not_a_codepoint_is_not_searched_for_as_one ... ok
[INFO] [stdout] test ui::glyphs::tests::a_query_of_nothing_but_space_finds_nothing ... ok
[INFO] [stdout] test ui::glyphs::tests::an_extreme_delta_stops_at_an_end ... ok
[INFO] [stdout] test ui::glyphs::tests::changing_block_forgets_the_codepoint_the_search_pointed_at ... ok
[INFO] [stdout] test ui::glyphs::tests::a_search_that_finds_nothing_changes_nothing ... ok
[INFO] [stdout] test ui::glyphs::tests::no_sequence_of_keys_leaves_the_map_outside_itself ... ok
[INFO] [stdout] test ui::glyphs::tests::one_letter_never_lands_on_a_block_by_accident ... ok
[INFO] [stdout] test ui::glyphs::tests::a_block_names_itself_and_its_extent ... ok
[INFO] [stdout] test ui::glyphs::tests::a_face_that_covers_nothing_answers_every_key_without_moving ... ok
[INFO] [stdout] test ui::glyphs::tests::a_codepoint_the_face_does_not_cover_is_not_found ... ok
[INFO] [stdout] test ui::glyphs::tests::a_face_reports_the_blocks_it_covers ... ok
[INFO] [stdout] test ui::glyphs::tests::changing_block_starts_at_the_top ... ok
[INFO] [stdout] test ui::glyphs::tests::selection_and_scrolling_stay_in_range ... ok
[INFO] [stdout] test ui::glyphs::tests::a_resize_keeps_the_found_codepoint_on_the_grid ... ok
[INFO] [stdout] test ui::glyphs::tests::searching_for_a_codepoint_selects_the_block_holding_it ... ok
[INFO] [stdout] test ui::glyphs::tests::a_face_covering_three_codepoints_is_one_block_and_one_row ... ok
[INFO] [stdout] test ui::glyphs::tests::a_pane_with_no_room_for_a_cell_is_laid_out_as_one ... ok
[INFO] [stdout] test ui::history::tests::an_action_that_touched_nothing_is_not_recorded ... ok
[INFO] [stdout] test ui::history::tests::a_new_action_puts_the_redo_branch_out_of_reach ... ok
[INFO] [stdout] test ui::history::tests::the_history_has_a_bottom_and_the_oldest_falls_out_of_it ... ok
[INFO] [stdout] test ui::history::tests::every_change_says_what_it_was_in_words ... ok
[INFO] [stdout] test ui::layout::tests::a_width_picks_a_shape_and_the_boundary_belongs_to_the_wider_one ... ok
[INFO] [stdout] test ui::layout::tests::a_window_is_the_size_of_the_pane_and_not_of_the_list ... ok
[INFO] [stdout] test ui::covering::tests::a_bounded_answer_says_that_it_was_bounded ... ok
[INFO] [stdout] test ui::history::tests::two_hundred_faces_in_one_action_are_one_undo ... ok
[INFO] [stdout] test ui::layout::tests::eighty_columns_still_shows_a_list_and_a_face ... ok
[INFO] [stdout] test ui::glyphs::tests::searching_for_a_block_selects_it_by_name ... ok
[INFO] [stdout] test ui::glyphs::tests::the_end_key_lands_on_the_last_row_that_has_characters ... ok
[INFO] [stdout] test ui::layout::tests::one_pane_shows_exactly_the_one_with_the_focus ... ok
[INFO] [stdout] test ui::layout::tests::the_cursor_keeps_its_distance_from_the_edge_except_at_the_ends ... ok
[INFO] [stdout] test ui::layout::tests::help_is_the_last_hint_to_go ... ok
[INFO] [stdout] test ui::glyphs::tests::a_found_codepoint_is_on_the_first_row_on_show ... ok
[INFO] [stdout] test ui::glyphs::tests::a_face_covering_tens_of_thousands_of_codepoints_reaches_the_last_one ... ok
[INFO] [stdout] test ui::layout::tests::the_face_pane_takes_focus_when_it_is_the_only_way_to_see_a_face ... ok
[INFO] [stdout] test ui::layout::tests::the_window_survives_the_list_changing_under_it ... ok
[INFO] [stdout] test ui::layout::tests::two_panes_are_side_by_side_and_cover_the_width ... ok
[INFO] [stdout] test ui::layout::tests::the_key_hints_fit_the_width_they_are_given ... ok
[INFO] [stdout] test ui::layout::tests::the_hints_only_ever_grow_with_the_width ... ok
[INFO] [stdout] test ui::layout::tests::the_selection_is_always_inside_the_window ... ok
[INFO] [stdout] test ui::pairing::tests::a_row_says_what_was_measured_and_never_whether_it_is_good ... ok
[INFO] [stdout] test ui::glyphs::tests::a_face_covering_a_whole_plane_walks_every_block_it_has ... ok
[INFO] [stdout] test ui::pairing::tests::contrast_ranks_above_sameness ... ok
[INFO] [stdout] test ui::pairing::tests::an_unreported_x_height_is_unknown_rather_than_zero ... ok
[INFO] [stdout] test ui::covering::tests::the_faces_that_can_set_it_come_first_then_the_nearest_misses ... ok
[INFO] [stdout] test ui::palette::tests::a_reach_that_presses_a_key_names_one ... ok
[INFO] [stdout] test ui::palette::tests::a_subcommand_of_a_subcommand_is_listed_under_both_words ... ok
[INFO] [stdout] test ui::pairing::tests::the_pseudo_scripts_do_not_count_as_something_in_common ... ok
[INFO] [stdout] test ui::palette::tests::every_command_is_accounted_for ... ok
[INFO] [stdout] test ui::pairing::tests::the_weight_difference_is_signed ... ok
[INFO] [stdout] test ui::palette::tests::a_query_matching_nothing_has_nothing_selected ... ok
[INFO] [stdout] test ui::palette::tests::the_help_is_the_help_the_command_line_prints ... ok
[INFO] [stdout] test ui::palette::tests::narrowing_puts_the_cursor_back_on_the_first_match ... ok
[INFO] [stdout] test ui::palette::tests::typing_narrows_the_list_by_subsequence ... ok
[INFO] [stdout] test ui::related::tests::coverage_without_the_metrics_is_reported_as_different ... ok
[INFO] [stdout] test ui::related::tests::a_row_carries_the_score_and_the_four_metrics_behind_it ... ok
[INFO] [stdout] test ui::related::tests::the_cursor_stays_inside_the_list_and_an_empty_one_has_no_selection ... ok
[INFO] [stdout] test ui::glyphs::tests::paging_to_the_end_and_back_lands_where_it_started ... ok
[INFO] [stdout] test ui::related::tests::the_title_names_the_face_and_the_floor_it_was_measured_against ... ok
[INFO] [stdout] test ui::search::tests::a_failure_on_a_superseded_generation_is_silence ... ok
[INFO] [stdout] test ui::palette::tests::what_the_reader_typed_is_the_first_thing_on_the_list ... ok
[INFO] [stdout] test ui::search::tests::a_request_the_worker_takes_out_is_never_dropped ... ok
[INFO] [stdout] test ui::search::tests::an_answer_that_overtakes_a_newer_one_is_discarded ... ok
[INFO] [stdout] test ui::related::tests::the_name_is_what_gives_way_when_the_pane_is_narrow ... ok
[INFO] [stdout] test ui::search::tests::asking_returns_immediately_however_slow_the_worker_is ... ok
[INFO] [stdout] test ui::glyphs::tests::a_resize_from_any_width_to_any_other_keeps_the_grid_on_screen ... ok
[INFO] [stdout] test ui::search::tests::only_the_newest_answer_is_taken_and_the_rest_are_dropped ... ok
[INFO] [stdout] test ui::palette::tests::what_writes_to_the_disk_asks_before_it_does ... ok
[INFO] [stdout] test ui::search::tests::a_burst_of_keystrokes_costs_the_worker_at_most_two_queries ... ok
[INFO] [stdout] test ui::pairing::tests::a_font_that_did_not_say_what_it_is_is_not_scored_on_it ... ok
[INFO] [stdout] test ui::pairing::tests::a_face_sharing_no_script_is_not_a_candidate ... ok
[INFO] [stdout] test ui::pairing::tests::the_title_says_ranked_and_never_best ... ok
[INFO] [stdout] test ui::search::tests::a_worker_that_is_gone_does_not_block_the_browser ... ok
[INFO] [stdout] test ui::layout::tests::the_panel_is_a_drawer_that_never_covers_the_face ... ok
[INFO] [stdout] test ui::glyphs::tests::no_pane_width_scrolls_the_grid_out_of_its_block ... ok
[INFO] [stdout] test ui::tests::a_command_that_prints_is_written_out_rather_than_run ... ok
[INFO] [stdout] test ui::tests::a_face_that_went_away_leaves_no_stale_id ... ok
[INFO] [stdout] test ui::tests::a_face_with_no_partner_in_the_filter_says_so ... ok
[INFO] [stdout] test ui::tests::a_face_that_nearly_sets_it_is_offered_with_what_it_lacks ... ok
[INFO] [stdout] test ui::tests::a_long_value_does_not_cost_the_lines_below_it ... ok
[INFO] [stdout] test ui::tests::a_face_with_nothing_near_it_says_so ... ok
[INFO] [stdout] test ui::tests::a_burst_of_typing_ends_on_the_answer_to_the_last_character ... ok
[INFO] [stdout] test ui::tests::a_partial_failure_says_what_worked_and_what_did_not ... ok
[INFO] [stdout] test ui::tests::a_filter_drops_the_marks_it_no_longer_shows_and_says_so ... ok
[INFO] [stdout] test ui::tests::a_pseudo_script_is_said_in_words ... ok
[INFO] [stdout] test ui::tests::a_marked_set_is_what_the_next_action_acts_on ... ok
[INFO] [stdout] test ui::tests::a_range_marks_from_the_anchor_to_the_cursor ... ok
[INFO] [stdout] test ui::tests::a_listing_command_carries_the_filter_and_not_the_ids ... ok
[INFO] [stdout] test ui::tests::a_resize_pulls_the_scroll_back_into_range ... ok
[INFO] [stdout] test ui::tests::a_filter_leaves_the_pane_where_the_reader_left_it ... ok
[INFO] [stdout] test ui::tests::a_selection_is_one_undo_and_ctrl_r_is_the_way_forward_again ... ok
[INFO] [stdout] test ui::tests::a_command_that_writes_to_the_disk_asks_before_it_runs ... ok
[INFO] [stdout] test ui::tests::a_pane_draws_a_screenful_however_much_it_is_holding ... ok
[INFO] [stdout] test ui::tests::a_wrapped_value_hangs_under_the_value_it_belongs_to ... ok
[INFO] [stdout] test ui::tests::an_indent_costs_the_columns_it_occupies ... ok
[INFO] [stdout] test ui::tests::activating_nothing_is_a_message_rather_than_a_mistake ... ok
[INFO] [stdout] test ui::tests::browser_repaint_on_every_screen_and_at_every_size ... ignored, a measurement, applied as a budget by scripts/bench
[INFO] [stdout] test ui::tests::a_line_that_does_not_parse_leaves_the_panes_alone_and_says_why ... ok
[INFO] [stdout] test ui::tests::a_name_too_long_for_its_pane_is_cut_visibly ... ok
[INFO] [stdout] test ui::tests::an_action_shows_the_command_that_would_have_done_it ... ok
[INFO] [stdout] test ui::tests::an_action_on_the_selected_face_keeps_its_axes_and_toggles ... ok
[INFO] [stdout] test ui::tests::copying_before_doing_anything_says_so ... ok
[INFO] [stdout] test ui::tests::e_asks_the_library_who_can_set_a_line_of_text ... ok
[INFO] [stdout] test ui::tests::enter_goes_to_the_face_that_can_set_it ... ok
[INFO] [stdout] test ui::tests::a_wide_terminal_gives_both_panes_room ... ok
[INFO] [stdout] test ui::tests::each_action_names_its_own_command ... ok
[INFO] [stdout] test ui::tests::an_eighty_column_terminal_gives_the_face_pane_room_to_be_read ... ok
[INFO] [stdout] test ui::tests::asking_about_nothing_says_so ... ok
[INFO] [stdout] test ui::tests::a_sixty_column_terminal_shows_one_pane_at_a_time ... ok
[INFO] [stdout] test ui::tests::enter_goes_to_the_partner_and_p_closes_the_list ... ok
[INFO] [stdout] test ui::tests::ctrl_s_saves_what_the_filter_matched_as_a_collection ... ok
[INFO] [stdout] test ui::tests::look ... ignored, a way of looking, not an assertion
[INFO] [stdout] ]52;c;Zm9udGluYSBkZWFjdGl2YXRlIDE=test ui::tests::every_control_is_drawn_with_its_tag ... ok
[INFO] [stdout] test ui::tests::focus_never_rests_on_controls_a_face_does_not_have ... ok
[INFO] [stdout] test ui::tests::filtering_to_nothing_leaves_the_way_back_on_the_screen ... ok
[INFO] [stdout] test ui::tests::enter_goes_to_the_face_the_list_found ... ok
[INFO] [stdout] test ui::tests::going_to_a_face_clears_a_filter_that_would_hide_it ... ok
[INFO] [stdout] test ui::tests::every_facet_emits_a_command_that_means_what_the_screen_says ... ok
[INFO] [stdout] test ui::tests::narrowing_the_terminal_moves_a_focus_that_has_nowhere_left_to_be ... ok
[INFO] [stdout] test ui::tests::narrow_by_opens_over_the_list_and_says_how_to_leave ... ok
[INFO] [stdout] test ui::layout::tests::the_face_pane_can_always_hold_a_path ... ok
[INFO] [stdout] test ui::tests::restricted_embedding_is_shown_as_reported_not_enforced ... ok
[INFO] [stdout] test ui::tests::r_closes_the_list_and_ctrl_r_is_still_redo ... ok
[INFO] [stdout] test ui::tests::opening_a_family_lists_its_faces_and_says_so_in_the_command ... ok
[INFO] [stdout] test ui::tests::p_ranks_the_library_against_the_face_on_show ... ok
[INFO] [stdout] test ui::tests::star_marks_everything_the_filter_matches_and_then_nothing ... ok
[INFO] [stdout] test ui::tests::searching_the_map_reports_what_it_found_or_did_not ... ok
[INFO] [stdout] test ui::tests::r_lists_what_covers_nearly_the_same_characters ... ok
[INFO] [stdout] test ui::tests::esc_restores_the_filter_the_bar_opened_over ... ok
[INFO] [stdout] test ui::tests::the_bar_opens_pre_filled_with_what_the_panes_are_showing ... ok
[INFO] [stdout] test ui::tests::the_controls_describe_the_face_on_show_and_no_other ... ok
[INFO] [stdout] test ui::tests::the_browser_opens_on_the_family_list ... ok
[INFO] [stdout] test ui::tests::one_pane_at_a_time_can_still_reach_the_face ... ok
[INFO] [stdout] test ui::tests::the_detail_summary_is_cached_alongside_the_face ... ok
[INFO] [stdout] test ui::tests::the_command_is_on_the_screen_beside_what_happened ... ok
[INFO] [stdout] test ui::tests::the_face_pane_is_titled_with_the_face ... ok
[INFO] [stdout] test ui::tests::the_facet_panel_opens_on_one_key_and_closes_on_esc ... ok
[INFO] [stdout] test ui::tests::the_face_pane_says_nothing_twice ... ok
[INFO] [stdout] test ui::tests::the_controls_pane_offers_the_axes_of_a_variable_face ... ok
[INFO] [stdout] test ui::glyphs::tests::the_search_puts_one_block_cursor_on_the_codepoint_it_found ... ok
[INFO] [stdout] test ui::tests::no_width_a_terminal_can_be_makes_the_browser_overflow_it ... ok
[INFO] [stdout] test ui::tests::the_glyph_map_opens_on_the_face_on_show_and_closes_again ... ok
[INFO] [stdout] test ui::tests::the_bar_says_what_the_facets_cannot ... ok
[INFO] [stdout] test ui::tests::the_freedom_facet_reaches_the_command_line ... ok
[INFO] [stdout] test ui::tests::the_help_overlay_sits_over_the_browser ... ok
[INFO] [stdout] test ui::tests::the_glyph_map_lists_the_blocks_and_lays_out_the_characters ... ok
[INFO] [stdout] test ui::tests::the_freedom_facet_filters_the_listing ... ok
[INFO] [stdout] test ui::glyphs::tests::the_glyph_map_writes_nothing_outside_the_pane_it_is_given ... ok
[INFO] [stdout] test ui::search::tests::an_index_with_no_file_behind_it_gets_no_worker ... ok
[INFO] [stdout] test ui::tests::the_filter_bar_applies_the_flags_as_they_are_typed ... ok
[INFO] [stdout] test ui::tests::the_pane_gives_the_verdict_and_the_reason_for_it ... ok
[INFO] [stdout] test ui::tests::the_filter_line_says_what_is_on_and_how_to_take_it_off ... ok
[INFO] [stdout] test ui::tests::the_activation_keys_record_what_they_did ... ok
[INFO] [stdout] test ui::tests::the_pane_draws_a_long_value_under_its_label ... ok
[INFO] [stdout] test ui::tests::the_sections_are_collapsed_and_ordered_the_way_a_library_is_entered ... ok
[INFO] [stdout] test ui::tests::the_pane_says_how_many_are_marked ... ok
[INFO] [stdout] test ui::tests::the_help_says_when_it_does_not_fit_and_scrolls_when_it_does_not ... ok
[INFO] [stdout] test ui::tests::the_palette_lists_every_command_and_runs_the_ones_the_browser_has ... ok
[INFO] [stdout] test ui::tests::the_pseudo_scripts_do_not_take_the_top_of_the_script_section ... ok
[INFO] [stdout] test ui::tests::the_panel_counts_in_the_unit_of_the_list_beside_it ... ok
[INFO] [stdout] test ui::tests::the_specimen_key_says_when_there_is_nothing_to_show ... ok
[INFO] [stdout] test ui::tests::the_spacing_facet_picks_the_flag_that_matches_the_bucket ... ok
[INFO] [stdout] test ui::theme::tests::no_role_sets_a_colour_when_there_is_none ... ok
[INFO] [stdout] test ui::tests::the_same_family_is_not_a_pairing ... ok
[INFO] [stdout] test ui::tests::the_text_survives_closing_the_answer ... ok
[INFO] [stdout] test ui::tests::the_status_line_says_what_the_screen_is ... ok
[INFO] [stdout] test ui::tests::what_cannot_be_put_back_is_not_offered ... ok
[INFO] [stdout] test ui::glyphs::tests::the_selected_block_is_always_one_of_the_ones_drawn ... ok
[INFO] [stdout] test ui::tests::undoing_a_tag_takes_it_off_only_the_faces_that_gained_it ... ok
[INFO] [stdout] test ui::tests::toggling_a_facet_takes_the_facets_back_from_a_typed_filter ... ok
[INFO] [stdout] test ui::tests::the_key_line_keeps_the_key_that_finds_the_others ... ok
[INFO] [stdout] test ui::tests::the_specimen_key_writes_a_file_for_the_selection ... ok
[INFO] [stdout] test ui::tests::the_browser_survives_the_index_changing_underneath_it ... ok
[INFO] [stdout] test ui::tests::typing_filters_the_list_without_any_keystroke_waiting_for_it ... ok
[INFO] [stdout] test ui::tests::undoing_an_activation_puts_every_face_back_in_its_own_state ... ok
[INFO] [stdout] test ui::tests::a_long_run_of_arbitrary_keys_keeps_every_invariant ... ok
[INFO] [stdout] test ui::tests::holding_any_single_key_down_keeps_every_invariant ... ok
[INFO] [stdout] test ui::glyphs::tests::the_glyph_map_draws_at_any_terminal_size ... ok
[INFO] [stdout] 
[INFO] [stdout] test result: ok. 235 passed; 0 failed; 2 ignored; 0 measured; 0 filtered out; finished in 21.98s
[INFO] [stdout] 
[INFO] [stderr]      Running tests/arrival.rs (/opt/rustwide/target/debug/build/fontina-cli/59ef74505c040559/out/arrival-59ef74505c040559)
[INFO] [stdout] 
[INFO] [stdout] running 12 tests
[INFO] [stdout] test help_still_lists_every_command ... ok
[INFO] [stdout] test with_no_index_it_says_where_to_begin ... ok
[INFO] [stdout] test a_bare_fontina_is_not_an_error ... ok
[INFO] [stdout] test it_never_scans_on_its_own ... ok
[INFO] [stdout] test json_is_unaffected_by_any_of_this ... ok
[INFO] [stdout] test nothing_answers_an_empty_index_with_a_blank ... ok
[INFO] [stdout] test the_scan_json_is_unchanged ... ok
[INFO] [stdout] test a_first_scan_leads_with_the_library ... ok
[INFO] [stdout] test with_an_index_it_says_what_is_there ... ok
[INFO] [stdout] test a_rescan_is_just_the_ledger ... ok
[INFO] [stdout] test an_empty_index_exits_zero ... ok
[INFO] [stdout] test a_filter_that_matches_nothing_is_not_an_empty_index ... ok
[INFO] [stderr]      Running tests/blind_spot.rs (/opt/rustwide/target/debug/build/fontina-cli/bf9df0f2ddecb38a/out/blind_spot-bf9df0f2ddecb38a)
[INFO] [stdout] 
[INFO] [stdout] test result: ok. 12 passed; 0 failed; 0 ignored; 0 measured; 0 filtered out; finished in 0.67s
[INFO] [stdout] 
[INFO] [stdout] 
[INFO] [stdout] running 3 tests
[INFO] [stdout] test no_conflicts_says_so_when_there_was_nothing_to_compare_against ... ok
[INFO] [stdout] test a_font_another_program_installed_is_a_conflict_once_it_is_indexed ... ok
[INFO] [stderr]      Running tests/bundle.rs (/opt/rustwide/target/debug/build/fontina-cli/70f032585fe5e874/out/bundle-70f032585fe5e874)
[INFO] [stdout] test activate_says_it_before_the_first_one_only ... ok
[INFO] [stdout] 
[INFO] [stdout] test result: ok. 3 passed; 0 failed; 0 ignored; 0 measured; 0 filtered out; finished in 4.63s
[INFO] [stdout] 
[INFO] [stdout] 
[INFO] [stdout] running 3 tests
[INFO] [stdout] test what_a_bundle_says_is_missing_is_a_path_you_can_go_and_look_at ... ok
[INFO] [stdout] test a_bundle_written_by_one_index_opens_in_another_somewhere_else ... ok
[INFO] [stderr]      Running tests/collection_file.rs (/opt/rustwide/target/debug/build/fontina-cli/dcad4be4175750ee/out/collection_file-dcad4be4175750ee)
[INFO] [stdout] test importing_a_font_you_already_have_does_not_give_you_two_of_it ... ok
[INFO] [stdout] 
[INFO] [stdout] test result: ok. 3 passed; 0 failed; 0 ignored; 0 measured; 0 filtered out; finished in 0.58s
[INFO] [stdout] 
[INFO] [stdout] 
[INFO] [stdout] running 4 tests
[INFO] [stdout] test the_address_a_listing_prints_can_be_pasted_back ... ok
[INFO] [stdout] test each_face_of_a_collection_is_indexed_named_and_addressable ... ok
[INFO] [stdout] test what_is_exported_carries_the_fragment_that_selects_the_face ... ok
[INFO] [stdout] test rescanning_a_collection_does_not_double_it ... ok
[INFO] [stdout] 
[INFO] [stdout] test result: ok. 4 passed; 0 failed; 0 ignored; 0 measured; 0 filtered out; finished in 0.47s
[INFO] [stdout] 
[INFO] [stderr]      Running tests/colour.rs (/opt/rustwide/target/debug/build/fontina-cli/82f97b509d6984f1/out/colour-82f97b509d6984f1)
[INFO] [stdout] 
[INFO] [stdout] running 5 tests
[INFO] [stdout] test no_color_beats_the_variable_that_forces_it ... ok
[INFO] [stdout] test json_is_never_painted ... ok
[INFO] [stdout] test every_readable_command_paints_something_when_asked ... ok
[INFO] [stdout] test nothing_piped_carries_an_escape ... ok
[INFO] [stdout] test painting_changes_nothing_but_the_paint ... ok
[INFO] [stdout] 
[INFO] [stdout] test result: ok. 5 passed; 0 failed; 0 ignored; 0 measured; 0 filtered out; finished in 0.68s
[INFO] [stdout] 
[INFO] [stderr]      Running tests/colour_scheme.rs (/opt/rustwide/target/debug/build/fontina-cli/637cf31d3201a02d/out/colour_scheme-637cf31d3201a02d)
[INFO] [stdout] 
[INFO] [stdout] running 9 tests
[INFO] [stdout] test a_colour_that_is_not_a_colour_says_what_it_would_have_taken ... ok
[INFO] [stdout] test no_colour_outranks_the_file ... ok
[INFO] [stdout] test a_reader_with_no_configuration_sees_what_shipped ... ok
[INFO] [stdout] test the_config_report_names_the_source_of_each_role ... ok
[INFO] [stdout] test a_file_changes_the_roles_it_names_and_leaves_the_rest ... ok
[INFO] [stdout] test two_roles_that_would_look_identical_are_refused ... ok
[INFO] [stdout] test either_spelling_of_the_table_works ... ok
[INFO] [stdout] test a_role_can_take_a_modifier_as_well_as_a_colour ... ok
[INFO] [stdout] test the_report_prints_values_the_file_would_accept ... ok
[INFO] [stdout] 
[INFO] [stdout] test result: ok. 9 passed; 0 failed; 0 ignored; 0 measured; 0 filtered out; finished in 0.55s
[INFO] [stdout] 
[INFO] [stderr]      Running tests/concurrent.rs (/opt/rustwide/target/debug/build/fontina-cli/36d62db8dfaab575/out/concurrent-36d62db8dfaab575)
[INFO] [stdout] 
[INFO] [stdout] running 2 tests
[INFO] [stdout] test a_tag_while_a_scan_is_running_is_not_a_lock_error ... ok
[INFO] [stdout] test two_scans_of_different_directories_into_one_index_both_land ... ok
[INFO] [stderr]      Running tests/config.rs (/opt/rustwide/target/debug/build/fontina-cli/a8603137efe9faca/out/config-a8603137efe9faca)
[INFO] [stdout] 
[INFO] [stdout] test result: ok. 2 passed; 0 failed; 0 ignored; 0 measured; 0 filtered out; finished in 6.71s
[INFO] [stdout] 
[INFO] [stdout] 
[INFO] [stdout] running 7 tests
[INFO] [stdout] test a_key_nobody_recognises_is_refused_rather_than_ignored ... ok
[INFO] [stdout] test a_file_that_does_not_parse_is_an_error_naming_the_line ... ok
[INFO] [stdout] test the_example_can_be_saved_and_read_back ... ok
[INFO] [stdout] test with_no_file_everything_is_a_default ... ok
[INFO] [stdout] test a_windows_path_in_double_quotes_says_to_use_single_ones ... ok
[INFO] [stdout] test a_bare_scan_uses_the_sources_in_the_file ... ok
[INFO] [stdout] test a_configured_default_reaches_the_command_and_a_flag_overrides_it ... ok
[INFO] [stdout] 
[INFO] [stdout] test result: ok. 7 passed; 0 failed; 0 ignored; 0 measured; 0 filtered out; finished in 0.24s
[INFO] [stdout] 
[INFO] [stderr]      Running tests/hostile_arguments.rs (/opt/rustwide/target/debug/build/fontina-cli/fbec53dbd45bcd64/out/hostile_arguments-fbec53dbd45bcd64)
[INFO] [stdout] 
[INFO] [stdout] running 2 tests
[INFO] [stdout] test no_command_panics_on_an_index_it_cannot_use ... ok
[INFO] [stdout] test no_command_panics_on_a_hostile_argument ... ok
[INFO] [stderr]      Running tests/interruption.rs (/opt/rustwide/target/debug/build/fontina-cli/e342172b7a8b5b48/out/interruption-e342172b7a8b5b48)
[INFO] [stdout] 
[INFO] [stdout] test result: ok. 2 passed; 0 failed; 0 ignored; 0 measured; 0 filtered out; finished in 6.65s
[INFO] [stdout] 
[INFO] [stdout] 
[INFO] [stdout] running 4 tests
[INFO] [stdout] test an_index_that_cannot_be_created_is_an_error_that_says_which_path ... FAILED
[INFO] [stdout] test a_killed_scan_leaves_no_lock_behind ... ok
[INFO] [stdout] test a_read_only_font_directory_is_an_error_that_says_which_path ... FAILED
[INFO] [stdout] test a_killed_scan_leaves_an_index_that_still_works ... ok
[INFO] [stdout] 
[INFO] [stdout] failures:
[INFO] [stdout] 
[INFO] [stdout] ---- an_index_that_cannot_be_created_is_an_error_that_says_which_path stdout ----
[INFO] [stdout] 
[INFO] [stdout] thread 'an_index_that_cannot_be_created_is_an_error_that_says_which_path' (6050) panicked at crates/fontina-cli/tests/interruption.rs:305:5:
[INFO] [stdout] assertion `left == right` failed
[INFO] [stdout]   left: Some(0)
[INFO] [stdout]  right: Some(1)
[INFO] [stdout] stack backtrace:
[INFO] [stdout]    0:     0x5c2907b25c01 - std[617be2ca0a6fd877]::backtrace_rs::backtrace::libunwind::trace
[INFO] [stdout]                                at /rustc/e3feeb59cd1bdd011a2bfcc0747b55125d9b8527/library/std/src/../../backtrace/src/backtrace/libunwind.rs:117:9
[INFO] [stdout]    1:     0x5c2907b25c01 - std[617be2ca0a6fd877]::backtrace_rs::backtrace::trace_unsynchronized::<std[617be2ca0a6fd877]::sys::backtrace::_print_fmt::{closure#1}>
[INFO] [stdout]                                at /rustc/e3feeb59cd1bdd011a2bfcc0747b55125d9b8527/library/std/src/../../backtrace/src/backtrace/mod.rs:66:14
[INFO] [stdout]    2:     0x5c2907b25c01 - std[617be2ca0a6fd877]::sys::backtrace::_print_fmt
[INFO] [stdout]                                at /rustc/e3feeb59cd1bdd011a2bfcc0747b55125d9b8527/library/std/src/sys/backtrace.rs:74:9
[INFO] [stdout]    3:     0x5c2907b25c01 - <<std[617be2ca0a6fd877]::sys::backtrace::BacktraceLock>::print::DisplayBacktrace as core[a373ad73a504971]::fmt::Display>::fmt
[INFO] [stdout]                                at /rustc/e3feeb59cd1bdd011a2bfcc0747b55125d9b8527/library/std/src/sys/backtrace.rs:44:26
[INFO] [stdout]    4:     0x5c2907b3a59a - <core[a373ad73a504971]::fmt::rt::Argument>::fmt
[INFO] [stdout]                                at /rustc/e3feeb59cd1bdd011a2bfcc0747b55125d9b8527/library/core/src/fmt/rt.rs:152:76
[INFO] [stdout]    5:     0x5c2907b3a59a - core[a373ad73a504971]::fmt::write
[INFO] [stdout]    6:     0x5c2907b2a10c - core[a373ad73a504971]::io::write::default_write_fmt::<alloc[2e1b2a31b91974c5]::vec::Vec<u8>>
[INFO] [stdout]                                at /rustc/e3feeb59cd1bdd011a2bfcc0747b55125d9b8527/library/core/src/io/write.rs:402:11
[INFO] [stdout]    7:     0x5c2907b2a10c - <alloc[2e1b2a31b91974c5]::vec::Vec<u8> as core[a373ad73a504971]::io::write::Write>::write_fmt
[INFO] [stdout]                                at /rustc/e3feeb59cd1bdd011a2bfcc0747b55125d9b8527/library/core/src/io/write.rs:335:13
[INFO] [stdout]    8:     0x5c2907aff726 - <std[617be2ca0a6fd877]::sys::backtrace::BacktraceLock>::print
[INFO] [stdout]                                at /rustc/e3feeb59cd1bdd011a2bfcc0747b55125d9b8527/library/std/src/sys/backtrace.rs:47:9
[INFO] [stdout]    9:     0x5c2907aff726 - std[617be2ca0a6fd877]::panicking::default_hook::{closure#0}
[INFO] [stdout]                                at /rustc/e3feeb59cd1bdd011a2bfcc0747b55125d9b8527/library/std/src/panicking.rs:289:27
[INFO] [stdout]   10:     0x5c2907b1cad9 - std[617be2ca0a6fd877]::panicking::default_hook
[INFO] [stdout]                                at /rustc/e3feeb59cd1bdd011a2bfcc0747b55125d9b8527/library/std/src/panicking.rs:313:9
[INFO] [stdout]   11:     0x5c2907ab7d70 - <alloc[2e1b2a31b91974c5]::boxed::Box<dyn for<'a, 'b> core[a373ad73a504971]::ops::function::Fn<(&'a std[617be2ca0a6fd877]::panic::PanicHookInfo<'b>,), Output = ()> + core[a373ad73a504971]::marker::Sync + core[a373ad73a504971]::marker::Send> as core[a373ad73a504971]::ops::function::Fn<(&std[617be2ca0a6fd877]::panic::PanicHookInfo,)>>::call
[INFO] [stdout]                                at /rustc/e3feeb59cd1bdd011a2bfcc0747b55125d9b8527/library/alloc/src/boxed.rs:2328:9
[INFO] [stdout]   12:     0x5c2907ab7d70 - test[aada8e7e76ba119b]::test_main_inner::{closure#0}
[INFO] [stdout]                                at /rustc/e3feeb59cd1bdd011a2bfcc0747b55125d9b8527/library/test/src/lib.rs:137:21
[INFO] [stdout]   13:     0x5c2907b1cc92 - <alloc[2e1b2a31b91974c5]::boxed::Box<dyn for<'a, 'b> core[a373ad73a504971]::ops::function::Fn<(&'a std[617be2ca0a6fd877]::panic::PanicHookInfo<'b>,), Output = ()> + core[a373ad73a504971]::marker::Sync + core[a373ad73a504971]::marker::Send> as core[a373ad73a504971]::ops::function::Fn<(&std[617be2ca0a6fd877]::panic::PanicHookInfo,)>>::call
[INFO] [stdout]                                at /rustc/e3feeb59cd1bdd011a2bfcc0747b55125d9b8527/library/alloc/src/boxed.rs:2328:9
[INFO] [stdout]   14:     0x5c2907b1cc92 - std[617be2ca0a6fd877]::panicking::panic_with_hook
[INFO] [stdout]                                at /rustc/e3feeb59cd1bdd011a2bfcc0747b55125d9b8527/library/std/src/panicking.rs:819:13
[INFO] [stdout]   15:     0x5c2907aff7d2 - std[617be2ca0a6fd877]::panicking::panic_handler::{closure#0}
[INFO] [stdout]                                at /rustc/e3feeb59cd1bdd011a2bfcc0747b55125d9b8527/library/std/src/panicking.rs:685:13
[INFO] [stdout]   16:     0x5c2907af8329 - std[617be2ca0a6fd877]::sys::backtrace::__rust_end_short_backtrace::<std[617be2ca0a6fd877]::panicking::panic_handler::{closure#0}, !>
[INFO] [stdout]                                at /rustc/e3feeb59cd1bdd011a2bfcc0747b55125d9b8527/library/std/src/sys/backtrace.rs:182:18
[INFO] [stdout]   17:     0x5c2907b0049d - __rustc[ea4f61d10b84890b]::rust_begin_unwind
[INFO] [stdout]                                at /rustc/e3feeb59cd1bdd011a2bfcc0747b55125d9b8527/library/std/src/panicking.rs:676:5
[INFO] [stdout]   18:     0x5c2907b3ad4c - core[a373ad73a504971]::panicking::panic_fmt
[INFO] [stdout]                                at /rustc/e3feeb59cd1bdd011a2bfcc0747b55125d9b8527/library/core/src/panicking.rs:80:14
[INFO] [stdout]   19:     0x5c2907b3abe3 - core[a373ad73a504971]::panicking::assert_failed_inner
[INFO] [stdout]                                at /rustc/e3feeb59cd1bdd011a2bfcc0747b55125d9b8527/library/core/src/panicking.rs:452:17
[INFO] [stdout]   20:     0x5c2907a6b32e - core[a373ad73a504971]::panicking::assert_failed::<core[a373ad73a504971]::option::Option<i32>, core[a373ad73a504971]::option::Option<i32>>
[INFO] [stdout]                                at /rustc/e3feeb59cd1bdd011a2bfcc0747b55125d9b8527/library/core/src/panicking.rs:407:5
[INFO] [stdout]   21:     0x5c2907a664a8 - interruption[8bc9e7de01f842ee]::an_index_that_cannot_be_created_is_an_error_that_says_which_path
[INFO] [stdout]                                at /opt/rustwide/workdir/crates/fontina-cli/tests/interruption.rs:305:5
[INFO] [stdout]   22:     0x5c2907a62857 - interruption[8bc9e7de01f842ee]::an_index_that_cannot_be_created_is_an_error_that_says_which_path::{closure#0}
[INFO] [stdout]                                at /opt/rustwide/workdir/crates/fontina-cli/tests/interruption.rs:289:70
[INFO] [stdout]   23:     0x5c2907a6a1b6 - <interruption[8bc9e7de01f842ee]::an_index_that_cannot_be_created_is_an_error_that_says_which_path::{closure#0} as core[a373ad73a504971]::ops::function::FnOnce<()>>::call_once
[INFO] [stdout]                                at /rustc/e3feeb59cd1bdd011a2bfcc0747b55125d9b8527/library/core/src/ops/function.rs:250:5
[INFO] [stdout]   24:     0x5c2907aab1bb - <fn() -> core[a373ad73a504971]::result::Result<(), alloc[2e1b2a31b91974c5]::string::String> as core[a373ad73a504971]::ops::function::FnOnce<()>>::call_once
[INFO] [stdout]                                at /rustc/e3feeb59cd1bdd011a2bfcc0747b55125d9b8527/library/core/src/ops/function.rs:250:5
[INFO] [stdout]   25:     0x5c2907aab1bb - test[aada8e7e76ba119b]::__rust_begin_short_backtrace::<core[a373ad73a504971]::result::Result<(), alloc[2e1b2a31b91974c5]::string::String>, fn() -> core[a373ad73a504971]::result::Result<(), alloc[2e1b2a31b91974c5]::string::String>>
[INFO] [stdout]                                at /rustc/e3feeb59cd1bdd011a2bfcc0747b55125d9b8527/library/test/src/lib.rs:701:18
[INFO] [stdout]   26:     0x5c2907ab8395 - test[aada8e7e76ba119b]::run_test_in_process::{closure#0}
[INFO] [stdout]                                at /rustc/e3feeb59cd1bdd011a2bfcc0747b55125d9b8527/library/test/src/lib.rs:724:74
[INFO] [stdout]   27:     0x5c2907ab8395 - <core[a373ad73a504971]::panic::unwind_safe::AssertUnwindSafe<test[aada8e7e76ba119b]::run_test_in_process::{closure#0}> as core[a373ad73a504971]::ops::function::FnOnce<()>>::call_once
[INFO] [stdout]                                at /rustc/e3feeb59cd1bdd011a2bfcc0747b55125d9b8527/library/core/src/panic/unwind_safe.rs:275:9
[INFO] [stdout]   28:     0x5c2907ab8395 - std[617be2ca0a6fd877]::panicking::catch_unwind::do_call::<core[a373ad73a504971]::panic::unwind_safe::AssertUnwindSafe<test[aada8e7e76ba119b]::run_test_in_process::{closure#0}>, core[a373ad73a504971]::result::Result<(), alloc[2e1b2a31b91974c5]::string::String>>
[INFO] [stdout]                                at /rustc/e3feeb59cd1bdd011a2bfcc0747b55125d9b8527/library/std/src/panicking.rs:573:43
[INFO] [stdout]   29:     0x5c2907ab8395 - std[617be2ca0a6fd877]::panicking::catch_unwind::<core[a373ad73a504971]::result::Result<(), alloc[2e1b2a31b91974c5]::string::String>, core[a373ad73a504971]::panic::unwind_safe::AssertUnwindSafe<test[aada8e7e76ba119b]::run_test_in_process::{closure#0}>>
[INFO] [stdout]                                at /rustc/e3feeb59cd1bdd011a2bfcc0747b55125d9b8527/library/std/src/panicking.rs:541:19
[INFO] [stdout]   30:     0x5c2907ab8395 - std[617be2ca0a6fd877]::panic::catch_unwind::<core[a373ad73a504971]::panic::unwind_safe::AssertUnwindSafe<test[aada8e7e76ba119b]::run_test_in_process::{closure#0}>, core[a373ad73a504971]::result::Result<(), alloc[2e1b2a31b91974c5]::string::String>>
[INFO] [stdout]                                at /rustc/e3feeb59cd1bdd011a2bfcc0747b55125d9b8527/library/std/src/panic.rs:359:14
[INFO] [stdout]   31:     0x5c2907ab8395 - test[aada8e7e76ba119b]::run_test_in_process
[INFO] [stdout]                                at /rustc/e3feeb59cd1bdd011a2bfcc0747b55125d9b8527/library/test/src/lib.rs:724:27
[INFO] [stdout]   32:     0x5c2907ab8395 - test[aada8e7e76ba119b]::run_test::{closure#0}
[INFO] [stdout]                                at /rustc/e3feeb59cd1bdd011a2bfcc0747b55125d9b8527/library/test/src/lib.rs:645:43
[INFO] [stdout]   33:     0x5c2907ab1c84 - test[aada8e7e76ba119b]::run_test::{closure#1}
[INFO] [stdout]                                at /rustc/e3feeb59cd1bdd011a2bfcc0747b55125d9b8527/library/test/src/lib.rs:675:41
[INFO] [stdout]   34:     0x5c2907ab1c84 - std[617be2ca0a6fd877]::sys::backtrace::__rust_begin_short_backtrace::<test[aada8e7e76ba119b]::run_test::{closure#1}, ()>
[INFO] [stdout]                                at /rustc/e3feeb59cd1bdd011a2bfcc0747b55125d9b8527/library/std/src/sys/backtrace.rs:166:18
[INFO] [stdout]   35:     0x5c2907abb422 - std[617be2ca0a6fd877]::thread::lifecycle::spawn_unchecked::<test[aada8e7e76ba119b]::run_test::{closure#1}, ()>::{closure#1}::{closure#0}
[INFO] [stdout]                                at /rustc/e3feeb59cd1bdd011a2bfcc0747b55125d9b8527/library/std/src/thread/lifecycle.rs:70:13
[INFO] [stdout]   36:     0x5c2907abb422 - <core[a373ad73a504971]::panic::unwind_safe::AssertUnwindSafe<std[617be2ca0a6fd877]::thread::lifecycle::spawn_unchecked<test[aada8e7e76ba119b]::run_test::{closure#1}, ()>::{closure#1}::{closure#0}> as core[a373ad73a504971]::ops::function::FnOnce<()>>::call_once
[INFO] [stdout]                                at /rustc/e3feeb59cd1bdd011a2bfcc0747b55125d9b8527/library/core/src/panic/unwind_safe.rs:275:9
[INFO] [stdout]   37:     0x5c2907abb422 - std[617be2ca0a6fd877]::panicking::catch_unwind::do_call::<core[a373ad73a504971]::panic::unwind_safe::AssertUnwindSafe<std[617be2ca0a6fd877]::thread::lifecycle::spawn_unchecked<test[aada8e7e76ba119b]::run_test::{closure#1}, ()>::{closure#1}::{closure#0}>, ()>
[INFO] [stdout]                                at /rustc/e3feeb59cd1bdd011a2bfcc0747b55125d9b8527/library/std/src/panicking.rs:573:43
[INFO] [stdout]   38:     0x5c2907abb422 - std[617be2ca0a6fd877]::panicking::catch_unwind::<(), core[a373ad73a504971]::panic::unwind_safe::AssertUnwindSafe<std[617be2ca0a6fd877]::thread::lifecycle::spawn_unchecked<test[aada8e7e76ba119b]::run_test::{closure#1}, ()>::{closure#1}::{closure#0}>>
[INFO] [stdout]                                at /rustc/e3feeb59cd1bdd011a2bfcc0747b55125d9b8527/library/std/src/panicking.rs:541:19
[INFO] [stdout]   39:     0x5c2907abb422 - std[617be2ca0a6fd877]::panic::catch_unwind::<core[a373ad73a504971]::panic::unwind_safe::AssertUnwindSafe<std[617be2ca0a6fd877]::thread::lifecycle::spawn_unchecked<test[aada8e7e76ba119b]::run_test::{closure#1}, ()>::{closure#1}::{closure#0}>, ()>
[INFO] [stdout]                                at /rustc/e3feeb59cd1bdd011a2bfcc0747b55125d9b8527/library/std/src/panic.rs:359:14
[INFO] [stdout]   40:     0x5c2907abb422 - std[617be2ca0a6fd877]::thread::lifecycle::spawn_unchecked::<test[aada8e7e76ba119b]::run_test::{closure#1}, ()>::{closure#1}
[INFO] [stdout]                                at /rustc/e3feeb59cd1bdd011a2bfcc0747b55125d9b8527/library/std/src/thread/lifecycle.rs:68:26
[INFO] [stdout]   41:     0x5c2907abb422 - <std[617be2ca0a6fd877]::thread::lifecycle::spawn_unchecked<test[aada8e7e76ba119b]::run_test::{closure#1}, ()>::{closure#1} as core[a373ad73a504971]::ops::function::FnOnce<()>>::call_once::{shim:vtable#0}
[INFO] [stdout]                                at /rustc/e3feeb59cd1bdd011a2bfcc0747b55125d9b8527/library/core/src/ops/function.rs:250:5
[INFO] [stdout]   42:     0x5c2907b2539f - <alloc[2e1b2a31b91974c5]::boxed::Box<dyn core[a373ad73a504971]::ops::function::FnOnce<(), Output = ()> + core[a373ad73a504971]::marker::Send> as core[a373ad73a504971]::ops::function::FnOnce<()>>::call_once
[INFO] [stdout]                                at /rustc/e3feeb59cd1bdd011a2bfcc0747b55125d9b8527/library/alloc/src/boxed.rs:2314:9
[INFO] [stdout]   43:     0x5c2907b2539f - <std[617be2ca0a6fd877]::sys::thread::unix::Thread>::new::thread_start
[INFO] [stdout]                                at /rustc/e3feeb59cd1bdd011a2bfcc0747b55125d9b8527/library/std/src/sys/thread/unix.rs:127:17
[INFO] [stdout]   44:     0x70af91acadfa - <unknown>
[INFO] [stdout]   45:     0x70af91b5e3d4 - clone
[INFO] [stdout]   46:                0x0 - <unknown>
[INFO] [stdout] 
[INFO] [stdout] ---- a_read_only_font_directory_is_an_error_that_says_which_path stdout ----
[INFO] [stdout] 
[INFO] [stdout] thread 'a_read_only_font_directory_is_an_error_that_says_which_path' (6049) panicked at crates/fontina-cli/tests/interruption.rs:266:5:
[INFO] [stdout] assertion `left == right` failed: a refused write is an error
[INFO] [stdout]   left: Some(0)
[INFO] [stdout]  right: Some(1)
[INFO] [stdout] stack backtrace:
[INFO] [stdout]    0:     0x5c2907b25c01 - std[617be2ca0a6fd877]::backtrace_rs::backtrace::libunwind::trace
[INFO] [stdout]                                at /rustc/e3feeb59cd1bdd011a2bfcc0747b55125d9b8527/library/std/src/../../backtrace/src/backtrace/libunwind.rs:117:9
[INFO] [stdout]    1:     0x5c2907b25c01 - std[617be2ca0a6fd877]::backtrace_rs::backtrace::trace_unsynchronized::<std[617be2ca0a6fd877]::sys::backtrace::_print_fmt::{closure#1}>
[INFO] [stdout]                                at /rustc/e3feeb59cd1bdd011a2bfcc0747b55125d9b8527/library/std/src/../../backtrace/src/backtrace/mod.rs:66:14
[INFO] [stdout]    2:     0x5c2907b25c01 - std[617be2ca0a6fd877]::sys::backtrace::_print_fmt
[INFO] [stdout]                                at /rustc/e3feeb59cd1bdd011a2bfcc0747b55125d9b8527/library/std/src/sys/backtrace.rs:74:9
[INFO] [stdout]    3:     0x5c2907b25c01 - <<std[617be2ca0a6fd877]::sys::backtrace::BacktraceLock>::print::DisplayBacktrace as core[a373ad73a504971]::fmt::Display>::fmt
[INFO] [stdout]                                at /rustc/e3feeb59cd1bdd011a2bfcc0747b55125d9b8527/library/std/src/sys/backtrace.rs:44:26
[INFO] [stdout]    4:     0x5c2907b3a59a - <core[a373ad73a504971]::fmt::rt::Argument>::fmt
[INFO] [stdout]                                at /rustc/e3feeb59cd1bdd011a2bfcc0747b55125d9b8527/library/core/src/fmt/rt.rs:152:76
[INFO] [stdout]    5:     0x5c2907b3a59a - core[a373ad73a504971]::fmt::write
[INFO] [stdout]    6:     0x5c2907b2a10c - core[a373ad73a504971]::io::write::default_write_fmt::<alloc[2e1b2a31b91974c5]::vec::Vec<u8>>
[INFO] [stdout]                                at /rustc/e3feeb59cd1bdd011a2bfcc0747b55125d9b8527/library/core/src/io/write.rs:402:11
[INFO] [stdout]    7:     0x5c2907b2a10c - <alloc[2e1b2a31b91974c5]::vec::Vec<u8> as core[a373ad73a504971]::io::write::Write>::write_fmt
[INFO] [stdout]                                at /rustc/e3feeb59cd1bdd011a2bfcc0747b55125d9b8527/library/core/src/io/write.rs:335:13
[INFO] [stdout]    8:     0x5c2907aff726 - <std[617be2ca0a6fd877]::sys::backtrace::BacktraceLock>::print
[INFO] [stdout]                                at /rustc/e3feeb59cd1bdd011a2bfcc0747b55125d9b8527/library/std/src/sys/backtrace.rs:47:9
[INFO] [stdout]    9:     0x5c2907aff726 - std[617be2ca0a6fd877]::panicking::default_hook::{closure#0}
[INFO] [stdout]                                at /rustc/e3feeb59cd1bdd011a2bfcc0747b55125d9b8527/library/std/src/panicking.rs:289:27
[INFO] [stdout]   10:     0x5c2907b1cad9 - std[617be2ca0a6fd877]::panicking::default_hook
[INFO] [stdout]                                at /rustc/e3feeb59cd1bdd011a2bfcc0747b55125d9b8527/library/std/src/panicking.rs:313:9
[INFO] [stdout]   11:     0x5c2907ab7d70 - <alloc[2e1b2a31b91974c5]::boxed::Box<dyn for<'a, 'b> core[a373ad73a504971]::ops::function::Fn<(&'a std[617be2ca0a6fd877]::panic::PanicHookInfo<'b>,), Output = ()> + core[a373ad73a504971]::marker::Sync + core[a373ad73a504971]::marker::Send> as core[a373ad73a504971]::ops::function::Fn<(&std[617be2ca0a6fd877]::panic::PanicHookInfo,)>>::call
[INFO] [stdout]                                at /rustc/e3feeb59cd1bdd011a2bfcc0747b55125d9b8527/library/alloc/src/boxed.rs:2328:9
[INFO] [stdout]   12:     0x5c2907ab7d70 - test[aada8e7e76ba119b]::test_main_inner::{closure#0}
[INFO] [stdout]                                at /rustc/e3feeb59cd1bdd011a2bfcc0747b55125d9b8527/library/test/src/lib.rs:137:21
[INFO] [stdout]   13:     0x5c2907b1cc92 - <alloc[2e1b2a31b91974c5]::boxed::Box<dyn for<'a, 'b> core[a373ad73a504971]::ops::function::Fn<(&'a std[617be2ca0a6fd877]::panic::PanicHookInfo<'b>,), Output = ()> + core[a373ad73a504971]::marker::Sync + core[a373ad73a504971]::marker::Send> as core[a373ad73a504971]::ops::function::Fn<(&std[617be2ca0a6fd877]::panic::PanicHookInfo,)>>::call
[INFO] [stdout]                                at /rustc/e3feeb59cd1bdd011a2bfcc0747b55125d9b8527/library/alloc/src/boxed.rs:2328:9
[INFO] [stdout]   14:     0x5c2907b1cc92 - std[617be2ca0a6fd877]::panicking::panic_with_hook
[INFO] [stdout]                                at /rustc/e3feeb59cd1bdd011a2bfcc0747b55125d9b8527/library/std/src/panicking.rs:819:13
[INFO] [stdout]   15:     0x5c2907aff7d2 - std[617be2ca0a6fd877]::panicking::panic_handler::{closure#0}
[INFO] [stdout]                                at /rustc/e3feeb59cd1bdd011a2bfcc0747b55125d9b8527/library/std/src/panicking.rs:685:13
[INFO] [stdout]   16:     0x5c2907af8329 - std[617be2ca0a6fd877]::sys::backtrace::__rust_end_short_backtrace::<std[617be2ca0a6fd877]::panicking::panic_handler::{closure#0}, !>
[INFO] [stdout]                                at /rustc/e3feeb59cd1bdd011a2bfcc0747b55125d9b8527/library/std/src/sys/backtrace.rs:182:18
[INFO] [stdout]   17:     0x5c2907b0049d - __rustc[ea4f61d10b84890b]::rust_begin_unwind
[INFO] [stdout]                                at /rustc/e3feeb59cd1bdd011a2bfcc0747b55125d9b8527/library/std/src/panicking.rs:676:5
[INFO] [stdout]   18:     0x5c2907b3ad4c - core[a373ad73a504971]::panicking::panic_fmt
[INFO] [stdout]                                at /rustc/e3feeb59cd1bdd011a2bfcc0747b55125d9b8527/library/core/src/panicking.rs:80:14
[INFO] [stdout]   19:     0x5c2907b3ac43 - core[a373ad73a504971]::panicking::assert_failed_inner
[INFO] [stdout]                                at /rustc/e3feeb59cd1bdd011a2bfcc0747b55125d9b8527/library/core/src/panicking.rs:447:23
[INFO] [stdout]   20:     0x5c2907a6b32e - core[a373ad73a504971]::panicking::assert_failed::<core[a373ad73a504971]::option::Option<i32>, core[a373ad73a504971]::option::Option<i32>>
[INFO] [stdout]                                at /rustc/e3feeb59cd1bdd011a2bfcc0747b55125d9b8527/library/core/src/panicking.rs:407:5
[INFO] [stdout]   21:     0x5c2907a65730 - interruption[8bc9e7de01f842ee]::a_read_only_font_directory_is_an_error_that_says_which_path
[INFO] [stdout]                                at /opt/rustwide/workdir/crates/fontina-cli/tests/interruption.rs:266:5
[INFO] [stdout]   22:     0x5c2907a62827 - interruption[8bc9e7de01f842ee]::a_read_only_font_directory_is_an_error_that_says_which_path::{closure#0}
[INFO] [stdout]                                at /opt/rustwide/workdir/crates/fontina-cli/tests/interruption.rs:233:65
[INFO] [stdout]   23:     0x5c2907a6a196 - <interruption[8bc9e7de01f842ee]::a_read_only_font_directory_is_an_error_that_says_which_path::{closure#0} as core[a373ad73a504971]::ops::function::FnOnce<()>>::call_once
[INFO] [stdout]                                at /rustc/e3feeb59cd1bdd011a2bfcc0747b55125d9b8527/library/core/src/ops/function.rs:250:5
[INFO] [stdout]   24:     0x5c2907aab1bb - <fn() -> core[a373ad73a504971]::result::Result<(), alloc[2e1b2a31b91974c5]::string::String> as core[a373ad73a504971]::ops::function::FnOnce<()>>::call_once
[INFO] [stdout]                                at /rustc/e3feeb59cd1bdd011a2bfcc0747b55125d9b8527/library/core/src/ops/function.rs:250:5
[INFO] [stdout]   25:     0x5c2907aab1bb - test[aada8e7e76ba119b]::__rust_begin_short_backtrace::<core[a373ad73a504971]::result::Result<(), alloc[2e1b2a31b91974c5]::string::String>, fn() -> core[a373ad73a504971]::result::Result<(), alloc[2e1b2a31b91974c5]::string::String>>
[INFO] [stdout]                                at /rustc/e3feeb59cd1bdd011a2bfcc0747b55125d9b8527/library/test/src/lib.rs:701:18
[INFO] [stdout]   26:     0x5c2907ab8395 - test[aada8e7e76ba119b]::run_test_in_process::{closure#0}
[INFO] [stdout]                                at /rustc/e3feeb59cd1bdd011a2bfcc0747b55125d9b8527/library/test/src/lib.rs:724:74
[INFO] [stdout]   27:     0x5c2907ab8395 - <core[a373ad73a504971]::panic::unwind_safe::AssertUnwindSafe<test[aada8e7e76ba119b]::run_test_in_process::{closure#0}> as core[a373ad73a504971]::ops::function::FnOnce<()>>::call_once
[INFO] [stdout]                                at /rustc/e3feeb59cd1bdd011a2bfcc0747b55125d9b8527/library/core/src/panic/unwind_safe.rs:275:9
[INFO] [stdout]   28:     0x5c2907ab8395 - std[617be2ca0a6fd877]::panicking::catch_unwind::do_call::<core[a373ad73a504971]::panic::unwind_safe::AssertUnwindSafe<test[aada8e7e76ba119b]::run_test_in_process::{closure#0}>, core[a373ad73a504971]::result::Result<(), alloc[2e1b2a31b91974c5]::string::String>>
[INFO] [stdout]                                at /rustc/e3feeb59cd1bdd011a2bfcc0747b55125d9b8527/library/std/src/panicking.rs:573:43
[INFO] [stdout]   29:     0x5c2907ab8395 - std[617be2ca0a6fd877]::panicking::catch_unwind::<core[a373ad73a504971]::result::Result<(), alloc[2e1b2a31b91974c5]::string::String>, core[a373ad73a504971]::panic::unwind_safe::AssertUnwindSafe<test[aada8e7e76ba119b]::run_test_in_process::{closure#0}>>
[INFO] [stdout]                                at /rustc/e3feeb59cd1bdd011a2bfcc0747b55125d9b8527/library/std/src/panicking.rs:541:19
[INFO] [stdout]   30:     0x5c2907ab8395 - std[617be2ca0a6fd877]::panic::catch_unwind::<core[a373ad73a504971]::panic::unwind_safe::AssertUnwindSafe<test[aada8e7e76ba119b]::run_test_in_process::{closure#0}>, core[a373ad73a504971]::result::Result<(), alloc[2e1b2a31b91974c5]::string::String>>
[INFO] [stdout]                                at /rustc/e3feeb59cd1bdd011a2bfcc0747b55125d9b8527/library/std/src/panic.rs:359:14
[INFO] [stdout]   31:     0x5c2907ab8395 - test[aada8e7e76ba119b]::run_test_in_process
[INFO] [stdout]                                at /rustc/e3feeb59cd1bdd011a2bfcc0747b55125d9b8527/library/test/src/lib.rs:724:27
[INFO] [stdout]   32:     0x5c2907ab8395 - test[aada8e7e76ba119b]::run_test::{closure#0}
[INFO] [stdout]                                at /rustc/e3feeb59cd1bdd011a2bfcc0747b55125d9b8527/library/test/src/lib.rs:645:43
[INFO] [stdout]   33:     0x5c2907ab1c84 - test[aada8e7e76ba119b]::run_test::{closure#1}
[INFO] [stdout]                                at /rustc/e3feeb59cd1bdd011a2bfcc0747b55125d9b8527/library/test/src/lib.rs:675:41
[INFO] [stdout]   34:     0x5c2907ab1c84 - std[617be2ca0a6fd877]::sys::backtrace::__rust_begin_short_backtrace::<test[aada8e7e76ba119b]::run_test::{closure#1}, ()>
[INFO] [stdout]                                at /rustc/e3feeb59cd1bdd011a2bfcc0747b55125d9b8527/library/std/src/sys/backtrace.rs:166:18
[INFO] [stdout]   35:     0x5c2907abb422 - std[617be2ca0a6fd877]::thread::lifecycle::spawn_unchecked::<test[aada8e7e76ba119b]::run_test::{closure#1}, ()>::{closure#1}::{closure#0}
[INFO] [stdout]                                at /rustc/e3feeb59cd1bdd011a2bfcc0747b55125d9b8527/library/std/src/thread/lifecycle.rs:70:13
[INFO] [stdout]   36:     0x5c2907abb422 - <core[a373ad73a504971]::panic::unwind_safe::AssertUnwindSafe<std[617be2ca0a6fd877]::thread::lifecycle::spawn_unchecked<test[aada8e7e76ba119b]::run_test::{closure#1}, ()>::{closure#1}::{closure#0}> as core[a373ad73a504971]::ops::function::FnOnce<()>>::call_once
[INFO] [stdout]                                at /rustc/e3feeb59cd1bdd011a2bfcc0747b55125d9b8527/library/core/src/panic/unwind_safe.rs:275:9
[INFO] [stdout]   37:     0x5c2907abb422 - std[617be2ca0a6fd877]::panicking::catch_unwind::do_call::<core[a373ad73a504971]::panic::unwind_safe::AssertUnwindSafe<std[617be2ca0a6fd877]::thread::lifecycle::spawn_unchecked<test[aada8e7e76ba119b]::run_test::{closure#1}, ()>::{closure#1}::{closure#0}>, ()>
[INFO] [stdout]                                at /rustc/e3feeb59cd1bdd011a2bfcc0747b55125d9b8527/library/std/src/panicking.rs:573:43
[INFO] [stdout]   38:     0x5c2907abb422 - std[617be2ca0a6fd877]::panicking::catch_unwind::<(), core[a373ad73a504971]::panic::unwind_safe::AssertUnwindSafe<std[617be2ca0a6fd877]::thread::lifecycle::spawn_unchecked<test[aada8e7e76ba119b]::run_test::{closure#1}, ()>::{closure#1}::{closure#0}>>
[INFO] [stdout]                                at /rustc/e3feeb59cd1bdd011a2bfcc0747b55125d9b8527/library/std/src/panicking.rs:541:19
[INFO] [stdout]   39:     0x5c2907abb422 - std[617be2ca0a6fd877]::panic::catch_unwind::<core[a373ad73a504971]::panic::unwind_safe::AssertUnwindSafe<std[617be2ca0a6fd877]::thread::lifecycle::spawn_unchecked<test[aada8e7e76ba119b]::run_test::{closure#1}, ()>::{closure#1}::{closure#0}>, ()>
[INFO] [stdout]                                at /rustc/e3feeb59cd1bdd011a2bfcc0747b55125d9b8527/library/std/src/panic.rs:359:14
[INFO] [stdout]   40:     0x5c2907abb422 - std[617be2ca0a6fd877]::thread::lifecycle::spawn_unchecked::<test[aada8e7e76ba119b]::run_test::{closure#1}, ()>::{closure#1}
[INFO] [stdout]                                at /rustc/e3feeb59cd1bdd011a2bfcc0747b55125d9b8527/library/std/src/thread/lifecycle.rs:68:26
[INFO] [stdout]   41:     0x5c2907abb422 - <std[617be2ca0a6fd877]::thread::lifecycle::spawn_unchecked<test[aada8e7e76ba119b]::run_test::{closure#1}, ()>::{closure#1} as core[a373ad73a504971]::ops::function::FnOnce<()>>::call_once::{shim:vtable#0}
[INFO] [stdout]                                at /rustc/e3feeb59cd1bdd011a2bfcc0747b55125d9b8527/library/core/src/ops/function.rs:250:5
[INFO] [stdout]   42:     0x5c2907b2539f - <alloc[2e1b2a31b91974c5]::boxed::Box<dyn core[a373ad73a504971]::ops::function::FnOnce<(), Output = ()> + core[a373ad73a504971]::marker::Send> as core[a373ad73a504971]::ops::function::FnOnce<()>>::call_once
[INFO] [stdout]                                at /rustc/e3feeb59cd1bdd011a2bfcc0747b55125d9b8527/library/alloc/src/boxed.rs:2314:9
[INFO] [stdout]   43:     0x5c2907b2539f - <std[617be2ca0a6fd877]::sys::thread::unix::Thread>::new::thread_start
[INFO] [stdout]                                at /rustc/e3feeb59cd1bdd011a2bfcc0747b55125d9b8527/library/std/src/sys/thread/unix.rs:127:17
[INFO] [stdout]   44:     0x70af91acadfa - <unknown>
[INFO] [stdout]   45:     0x70af91b5e3d4 - clone
[INFO] [stdout]   46:                0x0 - <unknown>
[INFO] [stdout] 
[INFO] [stdout] 
[INFO] [stdout] failures:
[INFO] [stdout]     a_read_only_font_directory_is_an_error_that_says_which_path
[INFO] [stdout]     an_index_that_cannot_be_created_is_an_error_that_says_which_path
[INFO] [stdout] 
[INFO] [stdout] test result: FAILED. 2 passed; 2 failed; 0 ignored; 0 measured; 0 filtered out; finished in 7.10s
[INFO] [stdout] 
[INFO] [stderr] error: test failed, to rerun pass `-p fontina-cli --test interruption`
[INFO] running `Command { std: "docker" "inspect" "80336de699fd8896b0211c23bd73bc7dff1a0516932a52ea1bc1a9fb0e68d0b8", kill_on_drop: false }`
[INFO] running `Command { std: "docker" "rm" "-f" "80336de699fd8896b0211c23bd73bc7dff1a0516932a52ea1bc1a9fb0e68d0b8", kill_on_drop: false }`
[INFO] [stdout] 80336de699fd8896b0211c23bd73bc7dff1a0516932a52ea1bc1a9fb0e68d0b8
