[INFO] cloning repository https://github.com/nihilok/run
[INFO] running `Command { std: "git" "-c" "credential.helper=" "-c" "credential.helper=/workspace/cargo-home/bin/git-credential-null" "clone" "--bare" "https://github.com/nihilok/run" "/workspace/cache/git-repos/https%3A%2F%2Fgithub.com%2Fnihilok%2Frun", kill_on_drop: false }`
[INFO] [stderr] Cloning into bare repository '/workspace/cache/git-repos/https%3A%2F%2Fgithub.com%2Fnihilok%2Frun'...
[INFO] running `Command { std: "git" "rev-parse" "HEAD", kill_on_drop: false }`
[INFO] [stdout] c651c499a505593618b6a053815fe515826fd2ce
[INFO] testing nihilok/run against 1.100.0-beta.1 for beta-1.100-2
[INFO] running `Command { std: "git" "clone" "/workspace/cache/git-repos/https%3A%2F%2Fgithub.com%2Fnihilok%2Frun" "/workspace/builds/worker-7-tc2/source", kill_on_drop: false }`
[INFO] [stderr] Cloning into '/workspace/builds/worker-7-tc2/source'...
[INFO] [stderr] done.
[INFO] started tweaking git repo https://github.com/nihilok/run
[INFO] finished tweaking git repo https://github.com/nihilok/run
[INFO] tweaked toml for git repo https://github.com/nihilok/run written to /workspace/builds/worker-7-tc2/source/Cargo.toml
[INFO] validating manifest of git repo https://github.com/nihilok/run on toolchain 1.100.0-beta.1
[INFO] running `Command { std: CARGO_HOME="/workspace/cargo-home" RUSTUP_HOME="/workspace/rustup-home" "/workspace/cargo-home/bin/cargo" "+1.100.0-beta.1" "metadata" "--manifest-path" "Cargo.toml" "--no-deps", kill_on_drop: false }`
[INFO] crate git repo https://github.com/nihilok/run already has a lockfile, it will not be regenerated
[INFO] running `Command { std: CARGO_HOME="/workspace/cargo-home" RUSTUP_HOME="/workspace/rustup-home" "/workspace/cargo-home/bin/cargo" "+1.100.0-beta.1" "fetch" "--manifest-path" "Cargo.toml", kill_on_drop: false }`
[INFO] running `Command { std: "docker" "create" "-v" "/var/lib/crater-agent-workspace/builds/worker-7-tc2/source:/opt/rustwide/workdir:ro,Z" "-v" "/var/lib/crater-agent-workspace/builds/worker-7-tc2/target:/opt/rustwide/target:rw,Z" "-v" "/var/lib/crater-agent-workspace/cargo-home:/opt/rustwide/cargo-home:ro,Z" "-v" "/var/lib/crater-agent-workspace/rustup-home:/opt/rustwide/rustup-home:ro,Z" "-m" "1610612736" "--network" "none" "ghcr.io/rust-lang/crates-build-env/linux@sha256:3111399a4047eeb3a02b7a90e478d715f38a8c6669b5c4b49d30a17385265909" "sleep" "infinity", kill_on_drop: false }`
[INFO] [stdout] 252099470bd3a6855f578b50fe87d9b64512447c2a56b79bbd1164e801799b78
[INFO] running `Command { std: "docker" "start" "252099470bd3a6855f578b50fe87d9b64512447c2a56b79bbd1164e801799b78", kill_on_drop: false }`
[INFO] running `Command { std: "docker" "inspect" "252099470bd3a6855f578b50fe87d9b64512447c2a56b79bbd1164e801799b78", kill_on_drop: false }`
[INFO] running `Command { std: "docker" "exec" "-e" "SOURCE_DIR=/opt/rustwide/workdir" "-e" "CARGO_HOME=/opt/rustwide/cargo-home" "-e" "RUSTUP_HOME=/opt/rustwide/rustup-home" "-e" "CARGO_TARGET_DIR=/opt/rustwide/target" "-w" "/opt/rustwide/workdir" "--user" "0:0" "252099470bd3a6855f578b50fe87d9b64512447c2a56b79bbd1164e801799b78" "/opt/rustwide/cargo-home/bin/cargo" "+1.100.0-beta.1" "metadata" "--no-deps" "--format-version=1", kill_on_drop: false }`
[INFO] running `Command { std: "docker" "inspect" "252099470bd3a6855f578b50fe87d9b64512447c2a56b79bbd1164e801799b78", kill_on_drop: false }`
[INFO] running `Command { std: "docker" "exec" "-e" "SOURCE_DIR=/opt/rustwide/workdir" "-e" "CARGO_HOME=/opt/rustwide/cargo-home" "-e" "RUSTUP_HOME=/opt/rustwide/rustup-home" "-e" "CARGO_TARGET_DIR=/opt/rustwide/target" "-e" "CARGO_INCREMENTAL=0" "-e" "RUST_BACKTRACE=full" "-e" "RUSTFLAGS=--cap-lints=warn" "-e" "RUSTDOCFLAGS=--cap-lints=warn" "-w" "/opt/rustwide/workdir" "--user" "0:0" "252099470bd3a6855f578b50fe87d9b64512447c2a56b79bbd1164e801799b78" "/opt/rustwide/cargo-home/bin/cargo" "+1.100.0-beta.1" "build" "--frozen" "--message-format=json", kill_on_drop: false }`
[INFO] [stderr] warning: output filename collision at /opt/rustwide/target/debug/run
[INFO] [stderr]   |
[INFO] [stderr]   = note: the bin target `run` in package `runtool v0.7.1 (/opt/rustwide/workdir/runtool)` has the same output filename as the bin target `run` in package `run v0.7.1 (/opt/rustwide/workdir/run)`
[INFO] [stderr]   = note: this may become a hard error in the future; see <https://github.com/rust-lang/cargo/issues/6313>
[INFO] [stderr]   = help: consider changing their names to be unique or compiling them separately
[INFO] [stderr] warning: output filename collision at /opt/rustwide/target/debug/run.dwp
[INFO] [stderr]   |
[INFO] [stderr]   = note: the bin target `run` in package `runtool v0.7.1 (/opt/rustwide/workdir/runtool)` has the same output filename as the bin target `run` in package `run v0.7.1 (/opt/rustwide/workdir/run)`
[INFO] [stderr]   = note: this may become a hard error in the future; see <https://github.com/rust-lang/cargo/issues/6313>
[INFO] [stderr]   = help: consider changing their names to be unique or compiling them separately
[INFO] [stderr]    Compiling proc-macro2 v1.0.105
[INFO] [stderr]    Compiling quote v1.0.43
[INFO] [stderr]    Compiling unicode-ident v1.0.22
[INFO] [stderr]    Compiling libc v0.2.189
[INFO] [stderr]    Compiling memchr v2.7.6
[INFO] [stderr]    Compiling cfg-if v1.0.4
[INFO] [stderr]    Compiling rustix v1.1.3
[INFO] [stderr]    Compiling signal-hook v0.3.18
[INFO] [stderr]    Compiling unicode-segmentation v1.13.3
[INFO] [stderr]    Compiling parking_lot_core v0.9.12
[INFO] [stderr]    Compiling scopeguard v1.2.0
[INFO] [stderr]    Compiling serde_core v1.0.228
[INFO] [stderr]    Compiling convert_case v0.10.0
[INFO] [stderr]    Compiling utf8parse v0.2.2
[INFO] [stderr]    Compiling bitflags v2.10.0
[INFO] [stderr]    Compiling linux-raw-sys v0.11.0
[INFO] [stderr]    Compiling ucd-trie v0.1.7
[INFO] [stderr]    Compiling log v0.4.29
[INFO] [stderr]    Compiling smallvec v1.15.1
[INFO] [stderr]    Compiling anstyle-parse v0.2.7
[INFO] [stderr]    Compiling lock_api v0.4.14
[INFO] [stderr]    Compiling is_terminal_polyfill v1.70.2
[INFO] [stderr]    Compiling pest v2.8.5
[INFO] [stderr]    Compiling litrs v1.0.0
[INFO] [stderr]    Compiling anstyle-query v1.1.5
[INFO] [stderr]    Compiling anstyle v1.0.13
[INFO] [stderr]    Compiling colorchoice v1.0.4
[INFO] [stderr]    Compiling zmij v1.0.15
[INFO] [stderr]    Compiling aho-corasick v1.1.4
[INFO] [stderr]    Compiling anstream v0.6.21
[INFO] [stderr]    Compiling syn v2.0.114
[INFO] [stderr]    Compiling document-features v0.2.12
[INFO] [stderr]    Compiling thread_local v1.1.10
[INFO] [stderr]    Compiling regex-syntax v0.8.8
[INFO] [stderr]    Compiling errno v0.3.14
[INFO] [stderr]    Compiling signal-hook-registry v1.4.8
[INFO] [stderr]    Compiling mio v1.2.2
[INFO] [stderr]    Compiling signal-hook-mio v0.2.5
[INFO] [stderr]    Compiling strsim v0.11.1
[INFO] [stderr]    Compiling parking_lot v0.12.5
[INFO] [stderr]    Compiling pest_meta v2.8.5
[INFO] [stderr]    Compiling serde v1.0.228
[INFO] [stderr]    Compiling heck v0.5.0
[INFO] [stderr]    Compiling serde_json v1.0.149
[INFO] [stderr]    Compiling clap_lex v0.7.7
[INFO] [stderr]    Compiling fuzzy-matcher v0.3.7
[INFO] [stderr]    Compiling clap_builder v4.5.54
[INFO] [stderr]    Compiling unicode-width v0.2.2
[INFO] [stderr]    Compiling regex-automata v0.4.13
[INFO] [stderr]    Compiling itoa v1.0.17
[INFO] [stderr]    Compiling dyn-clone v1.0.20
[INFO] [stderr]    Compiling env_home v0.1.0
[INFO] [stderr]    Compiling which v8.0.0
[INFO] [stderr]    Compiling pest_generator v2.8.5
[INFO] [stderr]    Compiling derive_more-impl v2.1.1
[INFO] [stderr]    Compiling clap_derive v4.5.49
[INFO] [stderr]    Compiling serde_derive v1.0.228
[INFO] [stderr]    Compiling pest_derive v2.8.5
[INFO] [stderr]    Compiling derive_more v2.1.1
[INFO] [stderr]    Compiling crossterm v0.29.0
[INFO] [stderr]    Compiling inquire v0.9.4
[INFO] [stderr]    Compiling regex v1.12.2
[INFO] [stderr]    Compiling clap v4.5.54
[INFO] [stderr]    Compiling run v0.7.1 (/opt/rustwide/workdir/run)
[INFO] [stderr]    Compiling runtool v0.7.1 (/opt/rustwide/workdir/runtool)
[INFO] [stderr]     Finished `dev` profile [unoptimized + debuginfo] target(s) in 57.74s
[INFO] running `Command { std: "docker" "inspect" "252099470bd3a6855f578b50fe87d9b64512447c2a56b79bbd1164e801799b78", kill_on_drop: false }`
[INFO] running `Command { std: "docker" "exec" "-e" "SOURCE_DIR=/opt/rustwide/workdir" "-e" "CARGO_HOME=/opt/rustwide/cargo-home" "-e" "RUSTUP_HOME=/opt/rustwide/rustup-home" "-e" "CARGO_TARGET_DIR=/opt/rustwide/target" "-e" "CARGO_INCREMENTAL=0" "-e" "RUST_BACKTRACE=full" "-e" "RUSTFLAGS=--cap-lints=warn" "-e" "RUSTDOCFLAGS=--cap-lints=warn" "-w" "/opt/rustwide/workdir" "--user" "0:0" "252099470bd3a6855f578b50fe87d9b64512447c2a56b79bbd1164e801799b78" "/opt/rustwide/cargo-home/bin/cargo" "+1.100.0-beta.1" "test" "--frozen" "--no-run" "--message-format=json", kill_on_drop: false }`
[INFO] [stderr]    Compiling rustix v1.1.3
[INFO] [stderr]    Compiling slab v0.4.12
[INFO] [stderr]    Compiling futures-task v0.3.31
[INFO] [stderr]    Compiling pin-project-lite v0.2.16
[INFO] [stderr]    Compiling getrandom v0.3.4
[INFO] [stderr]    Compiling pin-utils v0.1.0
[INFO] [stderr]    Compiling futures-core v0.3.31
[INFO] [stderr]    Compiling once_cell v1.21.3
[INFO] [stderr]    Compiling cargo-husky v1.5.0
[INFO] [stderr]    Compiling sdd v3.0.10
[INFO] [stderr]    Compiling serial_test_derive v3.3.1
[INFO] [stderr]    Compiling futures-util v0.3.31
[INFO] [stderr]    Compiling fastrand v2.3.0
[INFO] [stderr]    Compiling scc v2.4.0
[INFO] [stderr]    Compiling futures-executor v0.3.31
[INFO] [stderr]    Compiling crossterm v0.29.0
[INFO] [stderr]    Compiling which v8.0.0
[INFO] [stderr]    Compiling tempfile v3.24.0
[INFO] [stderr]    Compiling serial_test v3.3.1
[INFO] [stderr]    Compiling inquire v0.9.4
[INFO] [stderr]    Compiling run v0.7.1 (/opt/rustwide/workdir/run)
[INFO] [stderr]    Compiling runtool v0.7.1 (/opt/rustwide/workdir/runtool)
[INFO] [stderr]     Finished `test` profile [unoptimized + debuginfo] target(s) in 29.37s
[INFO] running `Command { std: "docker" "inspect" "252099470bd3a6855f578b50fe87d9b64512447c2a56b79bbd1164e801799b78", kill_on_drop: false }`
[INFO] running `Command { std: "docker" "exec" "-e" "SOURCE_DIR=/opt/rustwide/workdir" "-e" "CARGO_HOME=/opt/rustwide/cargo-home" "-e" "RUSTUP_HOME=/opt/rustwide/rustup-home" "-e" "CARGO_TARGET_DIR=/opt/rustwide/target" "-e" "CARGO_INCREMENTAL=0" "-e" "RUST_BACKTRACE=full" "-e" "RUSTFLAGS=--cap-lints=warn" "-e" "RUSTDOCFLAGS=--cap-lints=warn" "-w" "/opt/rustwide/workdir" "--user" "0:0" "252099470bd3a6855f578b50fe87d9b64512447c2a56b79bbd1164e801799b78" "/opt/rustwide/cargo-home/bin/cargo" "+1.100.0-beta.1" "test" "--frozen", kill_on_drop: false }`
[INFO] [stderr]     Finished `test` profile [unoptimized + debuginfo] target(s) in 0.17s
[INFO] [stderr]      Running unittests src/lib.rs (/opt/rustwide/target/debug/build/run/e39d16b40052750b/out/run-e39d16b40052750b)
[INFO] [stdout] 
[INFO] [stdout] running 355 tests
[INFO] [stdout] test ast::tests::test_output_mode_default ... ok
[INFO] [stdout] test ast::tests::test_structured_result_from_outputs_success ... ok
[INFO] [stdout] test ast::tests::test_structured_result_from_outputs_failure ... ok
[INFO] [stdout] test ast::tests::test_extract_ssh_context_no_match ... ok
[INFO] [stdout] test ast::tests::test_structured_result_from_outputs_multiple ... ok
[INFO] [stdout] test ast::tests::test_structured_result_to_json ... ok
[INFO] [stdout] test ast::tests::test_structured_result_to_markdown ... ok
[INFO] [stdout] test ast::tests::test_structured_result_to_markdown_failed_with_exit_code ... ok
[INFO] [stdout] test ast::tests::test_structured_result_to_markdown_no_host ... ok
[INFO] [stdout] test ast::tests::test_extract_ssh_context_basic ... ok
[INFO] [stdout] test cli::tests::test_format_result_json_returns_json ... ok
[INFO] [stdout] test ast::tests::test_structured_result_to_mcp_format_failed ... ok
[INFO] [stdout] test cli::tests::test_format_result_markdown_returns_markdown ... ok
[INFO] [stdout] test cli::tests::test_output_format_markdown_mode ... ok
[INFO] [stdout] test cli::tests::test_output_format_json_mode ... ok
[INFO] [stdout] test cli::tests::test_output_format_stream_mode ... ok
[INFO] [stdout] test completion::tests::test_shell_completion_script_not_empty ... ok
[INFO] [stdout] test ast::tests::test_structured_result_to_mcp_format ... ok
[INFO] [stdout] test ast::tests::test_extract_ssh_context_multiple_options ... ok
[INFO] [stdout] test ast::tests::test_structured_result_from_outputs_with_ssh ... ok
[INFO] [stdout] test completion::tests::test_shell_completion_scripts_are_different ... ok
[INFO] [stdout] test completion::tests::test_shell_name_powershell ... ok
[INFO] [stdout] test completion::tests::test_shell_detect_returns_option ... ok
[INFO] [stdout] test completion::tests::test_shell_name_bash ... ok
[INFO] [stdout] test ast::tests::test_extract_ssh_context_with_key ... ok
[INFO] [stdout] test completion::tests::test_shell_name_fish ... ok
[INFO] [stdout] test completion::tests::test_shell_name_zsh ... ok
[INFO] [stdout] test config::tests::test_collect_mcp_instructions_ignores_empty_directives ... ok
[INFO] [stdout] test config::tests::test_collect_mcp_instructions_top_level_only ... ok
[INFO] [stdout] test config::tests::test_count_unquoted_braces_after_comment ... ok
[INFO] [stdout] test config::tests::test_count_unquoted_braces_simple ... ok
[INFO] [stdout] test config::tests::test_ensure_mcp_output_dir_fallback ... ok
[INFO] [stdout] test cli::tests::test_format_result_stream_returns_none ... ok
[INFO] [stdout] test config::tests::test_count_unquoted_braces_in_strings ... ok
[INFO] [stdout] test config::tests::test_collect_mcp_instructions_source_expansion_order ... ok
[INFO] [stdout] test completion::tests::test_write_completion_file ... ok
[INFO] [stdout] test config::tests::test_expand_source_directives_circular ... ok
[INFO] [stdout] test config::tests::test_expand_source_directives_missing_file_skipped ... ok
[INFO] [stdout] test config::tests::test_find_runfile_path_custom_nonexistent ... ok
[INFO] [stdout] test config::tests::test_expand_source_directives_skips_inside_block ... ok
[INFO] [stdout] test config::tests::test_find_runfile_path_with_custom_path ... ok
[INFO] [stdout] test config::tests::test_load_config_with_custom_path ... ok
[INFO] [stdout] test config::tests::test_expand_source_directives_no_directives ... ok
[INFO] [stdout] test config::tests::test_expand_source_directives_with_source ... ok
[INFO] [stdout] test config::tests::test_get_home_dir_returns_some ... ok
[INFO] [stdout] test config::tests::test_set_and_get_custom_runfile_path ... ok
[INFO] [stdout] test config::tests::test_load_from_path_file_exists ... ok
[INFO] [stdout] test config::tests::test_load_from_path_nonexistent ... ok
[INFO] [stdout] test config::tests::test_load_from_path_dir_without_runfile ... ok
[INFO] [stdout] test config::tests::test_no_runfile_error_message ... ok
[INFO] [stdout] test config::tests::test_load_merged_config_custom_path ... ok
[INFO] [stdout] test config::tests::test_load_from_path_directory ... ok
[INFO] [stdout] test config::tests::test_set_and_get_mcp_output_dir ... ok
[INFO] [stdout] test executor::tests::test_parse_error_display_has_caret ... ok
[INFO] [stdout] test graph::tests::test_resolve_stages_single_task ... ok
[INFO] [stdout] test executor::tests::test_parse_error_no_raw_rule_names ... ok
[INFO] [stdout] test graph::tests::test_resolve_stages_diamond ... ok
[INFO] [stdout] test graph::tests::test_resolve_stages_unbalanced ... ok
[INFO] [stdout] test interpreter::execution::tests::test_build_combined_script_both_preambles ... ok
[INFO] [stdout] test executor::tests::test_parse_error_display_has_source_line ... ok
[INFO] [stdout] test executor::tests::test_parse_error_display_has_location_arrow ... ok
[INFO] [stdout] test graph::tests::test_resolve_stages_linear ... ok
[INFO] [stdout] test graph::tests::test_resolve_stages_cycle_detected ... ok
[INFO] [stdout] test interpreter::execution::tests::test_build_combined_script_func_preamble_only ... ok
[INFO] [stdout] test interpreter::execution::tests::test_build_combined_script_no_wrap_for_polyglot ... ok
[INFO] [stdout] test interpreter::execution::tests::test_build_combined_script_var_preamble_only ... ok
[INFO] [stdout] test interpreter::execution::tests::test_collect_rewritable_siblings_empty ... ok
[INFO] [stdout] test interpreter::execution::tests::test_build_combined_script_errexit_before_preambles ... ok
[INFO] [stdout] test interpreter::execution::tests::test_build_combined_script_no_preambles ... ok
[INFO] [stdout] test interpreter::execution::tests::test_build_combined_script_with_param_locals ... ok
[INFO] [stdout] test interpreter::execution::tests::test_build_combined_script_with_param_locals_and_preambles ... ok
[INFO] [stdout] test interpreter::execution::tests::test_build_combined_script_wraps_body_with_return ... ok
[INFO] [stdout] test interpreter::execution::tests::test_errexit_prefix_bash ... ok
[INFO] [stdout] test interpreter::execution::tests::test_errexit_prefix_node ... ok
[INFO] [stdout] test interpreter::execution::tests::test_collect_rewritable_siblings_with_compatible ... ok
[INFO] [stdout] test interpreter::execution::tests::test_errexit_prefix_noerrexit_with_other_attrs ... ok
[INFO] [stdout] test interpreter::execution::tests::test_errexit_prefix_noerrexit_attribute ... ok
[INFO] [stdout] test interpreter::execution::tests::test_errexit_prefix_python ... ok
[INFO] [stdout] test interpreter::execution::tests::test_build_combined_script_with_errexit ... ok
[INFO] [stdout] test interpreter::execution::tests::test_errexit_prefix_sh ... ok
[INFO] [stdout] test interpreter::preamble::tests::test_build_function_preamble_excludes_self ... ok
[INFO] [stdout] test interpreter::preamble::tests::test_build_function_preamble_pwsh ... ok
[INFO] [stdout] test interpreter::preamble::tests::test_build_function_preamble_with_simple_sibling ... ok
[INFO] [stdout] test interpreter::preamble::tests::test_build_runfile_dir_preamble_path_with_special_chars ... ok
[INFO] [stdout] test interpreter::preamble::tests::test_build_function_preamble_empty ... ok
[INFO] [stdout] test interpreter::preamble::tests::test_build_function_preamble_with_block_sibling ... ok
[INFO] [stdout] test interpreter::preamble::tests::test_build_runfile_dir_preamble_bash ... ok
[INFO] [stdout] test interpreter::preamble::tests::test_build_runfile_dir_preamble_pwsh ... ok
[INFO] [stdout] test interpreter::preamble::tests::test_build_runfile_dir_preamble_sh ... ok
[INFO] [stdout] test interpreter::preamble::tests::test_build_source_dir_preamble_node ... ok
[INFO] [stdout] test interpreter::preamble::tests::test_build_runfile_dir_preamble_python ... ok
[INFO] [stdout] test interpreter::preamble::tests::test_build_runfile_dir_preamble_ruby ... ok
[INFO] [stdout] test interpreter::preamble::tests::test_build_source_dir_preamble_sh ... ok
[INFO] [stdout] test interpreter::preamble::tests::test_build_variable_preamble_empty ... ok
[INFO] [stdout] test interpreter::preamble::tests::test_build_variable_preamble_pwsh_with_special_chars ... ok
[INFO] [stdout] test interpreter::preamble::tests::test_build_variable_preamble_pwsh ... ok
[INFO] [stdout] test interpreter::preamble::tests::test_build_runfile_dir_preamble_node ... ok
[INFO] [stdout] test interpreter::preamble::tests::test_build_variable_preamble_shell ... ok
[INFO] [stdout] test interpreter::preamble::tests::test_collect_compatible_siblings_empty ... ok
[INFO] [stdout] test interpreter::preamble::tests::test_build_source_dir_preamble_python ... ok
[INFO] [stdout] test interpreter::preamble::tests::test_collect_incompatible_colon_siblings_empty ... ok
[INFO] [stdout] test interpreter::preamble::tests::test_combine_with_builtin_no_builtin ... ok
[INFO] [stdout] test interpreter::preamble::tests::test_build_variable_preamble_shell_with_special_chars ... ok
[INFO] [stdout] test interpreter::preamble::tests::test_collect_compatible_siblings_same_interpreter ... ok
[INFO] [stdout] test interpreter::preamble::tests::test_combine_with_builtin_both_empty ... ok
[INFO] [stdout] test interpreter::preamble::tests::test_combine_with_builtin_no_user_vars ... ok
[INFO] [stdout] test interpreter::preamble::tests::test_collect_compatible_siblings_with_blocks ... ok
[INFO] [stdout] test interpreter::preamble::tests::test_node_preamble_default_param ... ok
[INFO] [stdout] test interpreter::preamble::tests::test_node_preamble_float_type ... ok
[INFO] [stdout] test interpreter::preamble::tests::test_node_preamble_integer_type ... ok
[INFO] [stdout] test interpreter::preamble::tests::test_node_preamble_object_type ... ok
[INFO] [stdout] test interpreter::preamble::tests::test_node_preamble_float_default ... ok
[INFO] [stdout] test interpreter::preamble::tests::test_combine_with_builtin_both_present ... ok
[INFO] [stdout] test interpreter::preamble::tests::test_node_preamble_required_param ... ok
[INFO] [stdout] test interpreter::preamble::tests::test_node_preamble_boolean_default ... ok
[INFO] [stdout] test interpreter::preamble::tests::test_collect_incompatible_colon_siblings_finds_colon_functions ... ok
[INFO] [stdout] test interpreter::preamble::tests::test_python3_preamble_works ... ok
[INFO] [stdout] test interpreter::preamble::tests::test_python_preamble_boolean_type ... ok
[INFO] [stdout] test interpreter::preamble::tests::test_polyglot_preamble_non_polyglot ... ok
[INFO] [stdout] test interpreter::preamble::tests::test_python_preamble_float_type ... ok
[INFO] [stdout] test interpreter::preamble::tests::test_python_preamble_float_default ... ok
[INFO] [stdout] test interpreter::preamble::tests::test_python_preamble_integer_default ... ok
[INFO] [stdout] test interpreter::preamble::tests::test_python_preamble_integer_type ... ok
[INFO] [stdout] test interpreter::preamble::tests::test_python_preamble_object_type ... ok
[INFO] [stdout] test interpreter::preamble::tests::test_python_preamble_default_param ... ok
[INFO] [stdout] test interpreter::preamble::tests::test_node_preamble_rest_param ... ok
[INFO] [stdout] test interpreter::preamble::tests::test_polyglot_preamble_empty_params ... ok
[INFO] [stdout] test interpreter::preamble::tests::test_python_preamble_object_no_json_import_without_object ... ok
[INFO] [stdout] test interpreter::preamble::tests::test_python_preamble_required_param ... ok
[INFO] [stdout] test interpreter::preamble::tests::test_python_preamble_rest_param ... ok
[INFO] [stdout] test interpreter::preamble::tests::test_ruby_preamble_default_param ... ok
[INFO] [stdout] test interpreter::preamble::tests::test_ruby_preamble_float_default ... ok
[INFO] [stdout] test interpreter::preamble::tests::test_shell_param_locals_escapes_default ... ok
[INFO] [stdout] test interpreter::preamble::tests::test_shell_param_locals_required_param ... ok
[INFO] [stdout] test interpreter::preamble::tests::test_shell_param_locals_rest_only ... ok
[INFO] [stdout] test interpreter::preamble::tests::test_shell_param_locals_rest_param ... ok
[INFO] [stdout] test interpreter::preamble::tests::test_shell_param_locals_with_default ... ok
[INFO] [stdout] test interpreter::preamble::tests::test_ruby_preamble_required_param ... ok
[INFO] [stdout] test interpreter::preamble::tests::test_ruby_preamble_float_type ... ok
[INFO] [stdout] test interpreter::preamble::tests::test_ruby_preamble_rest_param ... ok
[INFO] [stdout] test interpreter::preamble::tests::test_ruby_preamble_object_type ... ok
[INFO] [stdout] test interpreter::preamble::tests::test_shell_param_locals_empty ... ok
[INFO] [stdout] test interpreter::preamble::tests::test_shell_param_locals_multiple_params ... ok
[INFO] [stdout] test interpreter::shell::tests::test_escape_pwsh_value_backtick ... ok
[INFO] [stdout] test interpreter::preamble::tests::test_ruby_preamble_no_json_require_without_object ... ok
[INFO] [stdout] test interpreter::shell::tests::test_escape_shell_value_bang ... ok
[INFO] [stdout] test interpreter::shell::tests::test_escape_shell_value_double_quotes ... ok
[INFO] [stdout] test interpreter::shell::tests::test_escape_shell_value_combined ... ok
[INFO] [stdout] test interpreter::shell::tests::test_escape_shell_value_dollar ... ok
[INFO] [stdout] test interpreter::shell::tests::test_escape_pwsh_value_plain ... ok
[INFO] [stdout] test interpreter::shell::tests::test_escape_shell_value_backslash ... ok
[INFO] [stdout] test interpreter::shell::tests::test_interpreter_to_shell_args_bash ... ok
[INFO] [stdout] test interpreter::shell::tests::test_interpreter_to_shell_args_node ... ok
[INFO] [stdout] test interpreter::shell::tests::test_interpreter_to_shell_args_pwsh ... ok
[INFO] [stdout] test interpreter::shell::tests::test_escape_pwsh_value_dollar ... ok
[INFO] [stdout] test interpreter::shell::tests::test_escape_pwsh_value_double_quotes ... ok
[INFO] [stdout] test interpreter::shell::tests::test_escape_shell_value_backtick ... ok
[INFO] [stdout] test interpreter::shell::tests::test_escape_shell_value_plain ... ok
[INFO] [stdout] test interpreter::shell::tests::test_get_python_executable_returns_valid ... ok
[INFO] [stdout] test interpreter::shell::tests::test_resolve_shebang_bash_direct ... ok
[INFO] [stdout] test interpreter::shell::tests::test_resolve_shebang_pwsh ... ok
[INFO] [stdout] test interpreter::shell::tests::test_resolve_shebang_direct_path_python3 ... ok
[INFO] [stdout] test interpreter::shell::tests::test_resolve_shebang_python ... ok
[INFO] [stdout] test interpreter::shell::tests::test_resolve_shebang_python3 ... ok
[INFO] [stdout] test interpreter::shell::tests::test_resolve_shebang_ruby ... ok
[INFO] [stdout] test interpreter::shell::tests::test_resolve_shebang_sh_direct ... ok
[INFO] [stdout] test interpreter::shell::tests::test_resolve_shebang_unknown ... ok
[INFO] [stdout] test interpreter::shell::tests::test_resolve_shebang_powershell ... ok
[INFO] [stdout] test interpreter::shell::tests::test_strip_shebang_no_shebang ... ok
[INFO] [stdout] test interpreter::shell::tests::test_strip_shebang_only_shebang ... ok
[INFO] [stdout] test interpreter::shell::tests::test_interpreter_to_shell_args_ruby ... ok
[INFO] [stdout] test interpreter::shell::tests::test_strip_shebang_with_comment_before ... ok
[INFO] [stdout] test interpreter::shell::tests::test_interpreter_to_shell_args_sh ... ok
[INFO] [stdout] test interpreter::tests::test_call_function_not_found ... ok
[INFO] [stdout] test interpreter::tests::test_execute_assignment ... ok
[INFO] [stdout] test interpreter::shell::tests::test_strip_shebang_basic ... ok
[INFO] [stdout] test interpreter::shell::tests::test_interpreter_to_shell_args_python3 ... ok
[INFO] [stdout] test interpreter::tests::test_execute_block_function_def ... ok
[INFO] [stdout] test interpreter::tests::test_call_function_with_args_not_found ... ok
[INFO] [stdout] test interpreter::tests::test_execute_os_filtered_function ... ok
[INFO] [stdout] test interpreter::shell::tests::test_resolve_shebang_node ... ok
[INFO] [stdout] test interpreter::tests::test_interpreter_new_default ... ok
[INFO] [stdout] test interpreter::tests::test_list_available_functions_empty ... ok
[INFO] [stdout] test interpreter::tests::test_get_simple_function_attributes ... ok
[INFO] [stdout] test interpreter::tests::test_execute_simple_function_def ... ok
[INFO] [stdout] test interpreter::tests::test_replace_var_word_boundary_basic ... ok
[INFO] [stdout] test interpreter::tests::test_get_block_function_metadata ... ok
[INFO] [stdout] test interpreter::tests::test_list_available_functions_sorted ... ok
[INFO] [stdout] test interpreter::tests::test_replace_var_word_boundary_end_of_string ... ok
[INFO] [stdout] test interpreter::tests::test_replace_var_word_boundary_followed_by_punctuation ... ok
[INFO] [stdout] test interpreter::tests::test_replace_var_word_boundary_prevents_substring ... ok
[INFO] [stdout] test interpreter::tests::test_resolve_function_interpreter_attribute_overrides_shebang ... ok
[INFO] [stdout] test interpreter::tests::test_resolve_function_interpreter_shell_attribute ... ok
[INFO] [stdout] test interpreter::tests::test_replace_var_word_boundary_both_present ... ok
[INFO] [stdout] test interpreter::tests::test_resolve_function_interpreter_default ... ok
[INFO] [stdout] test interpreter::tests::test_set_output_mode ... ok
[INFO] [stdout] test interpreter::tests::test_shell_quote_args_empty_arg ... ok
[INFO] [stdout] test interpreter::tests::test_shell_quote_args_mixed ... ok
[INFO] [stdout] test interpreter::tests::test_shell_quote_args_safe_chars ... ok
[INFO] [stdout] test interpreter::tests::test_shell_quote_args_single_quote ... ok
[INFO] [stdout] test interpreter::tests::test_shell_quote_args_special_chars ... ok
[INFO] [stdout] test interpreter::tests::test_substitute_args_all_args ... ok
[INFO] [stdout] test interpreter::tests::test_substitute_args_braced ... ok
[INFO] [stdout] test interpreter::tests::test_substitute_args_braced_missing ... ok
[INFO] [stdout] test interpreter::tests::test_substitute_args_default_value_with_arg ... ok
[INFO] [stdout] test interpreter::tests::test_substitute_args_default_value ... ok
[INFO] [stdout] test interpreter::tests::test_substitute_args_positional ... ok
[INFO] [stdout] test interpreter::tests::test_substitute_args_with_params_fallback_positional ... ok
[INFO] [stdout] test interpreter::tests::test_substitute_args_with_params_rest ... ok
[INFO] [stdout] test interpreter::tests::test_substitute_args_with_params_named ... ok
[INFO] [stdout] test interpreter::tests::test_substitute_args_with_variables ... ok
[INFO] [stdout] test interpreter::tests::test_take_captured_outputs ... ok
[INFO] [stdout] test interpreter::tests::test_resolve_function_interpreter_shebang ... ok
[INFO] [stdout] test interpreter::tests::test_shell_quote_args_empty_slice ... ok
[INFO] [stdout] test mcp::handlers::tests::test_handle_initialize ... ok
[INFO] [stdout] test mcp::handlers::tests::test_handle_initialize_appends_runfile_instructions ... ok
[INFO] [stdout] test mcp::handlers::tests::test_handle_initialize_with_params ... ok
[INFO] [stdout] test mcp::handlers::tests::test_handle_set_cwd_invalid_path ... ok
[INFO] [stdout] test mcp::handlers::tests::test_handle_set_cwd ... ok
[INFO] [stdout] test mcp::handlers::tests::test_handle_set_cwd_missing_path ... ok
[INFO] [stdout] test mcp::handlers::tests::test_handle_tools_call_get_cwd_value ... ok
[INFO] [stdout] test mcp::handlers::tests::test_handle_initialize_without_runfile_instructions_section ... ok
[INFO] [stdout] test mcp::handlers::tests::test_handle_tools_call_set_cwd_nonexistent ... ok
[INFO] [stdout] test mcp::handlers::tests::test_handle_get_cwd ... ok
[INFO] [stdout] building
[INFO] [stdout] test mcp::handlers::tests::test_handle_tools_call_unknown_tool ... ok
[INFO] [stdout] test mcp::handlers::tests::test_handle_tools_call_missing_params ... ok
[INFO] [stdout] shell
[INFO] [stdout] test mcp::handlers::tests::test_handle_tools_call_missing_tool_name ... ok
[INFO] [stdout] hello
[INFO] [stdout] nested
[INFO] [stdout] test interpreter::tests::test_call_function_subcommand_resolution ... ok
[INFO] [stdout] test interpreter::tests::test_execute_simple_function_call ... ok
[INFO] [stdout] test interpreter::tests::test_call_function_double_underscore_resolution ... ok
[INFO] [stdout] test interpreter::tests::test_call_function_underscore_to_colon_resolution ... ok
[INFO] [stdout] test mcp::handlers::tests::test_run_command_with_timeout_no_timeout_succeeds ... ok
[INFO] [stdout] test mcp::mapping::tests::test_map_arguments_legacy_arg_mapping ... ok
[INFO] [stdout] test mcp::mapping::tests::test_map_arguments_named_params_in_order ... ok
[INFO] [stdout] test mcp::mapping::tests::test_map_arguments_no_params_returns_empty ... ok
[INFO] [stdout] test mcp::mapping::tests::test_map_arguments_non_object_returns_error ... ok
[INFO] [stdout] test mcp::mapping::tests::test_resolve_tool_name_only_functions_with_desc_are_found ... ok
[INFO] [stdout] test mcp::mapping::tests::test_resolve_tool_name_simple ... ok
[INFO] [stdout] test mcp::mapping::tests::test_value_to_string_array ... ok
[INFO] [stdout] test mcp::mapping::tests::test_resolve_tool_name_colon_sanitised ... ok
[INFO] [stdout] test mcp::mapping::tests::test_value_to_string_bool_true ... ok
[INFO] [stdout] test mcp::mapping::tests::test_value_to_string_bool_false ... ok
[INFO] [stdout] test mcp::mapping::tests::test_value_to_string_null ... ok
[INFO] [stdout] test mcp::mapping::tests::test_resolve_tool_name_not_found ... ok
[INFO] [stdout] test mcp::mapping::tests::test_value_to_string_object ... ok
[INFO] [stdout] test mcp::mapping::tests::test_value_to_string_string ... ok
[INFO] [stdout] test mcp::tests::test_extract_function_metadata_params_with_arg_descriptions ... ok
[INFO] [stdout] test mcp::mapping::tests::test_resolve_tool_name_no_runfile ... ok
[INFO] [stdout] test mcp::mapping::tests::test_value_to_string_number ... ok
[INFO] [stdout] test mcp::tests::test_extract_function_metadata_with_args ... ok
[INFO] [stdout] test mcp::tests::test_extract_function_metadata_with_desc ... ok
[INFO] [stdout] test mcp::tests::test_extract_function_metadata_with_params ... ok
[INFO] [stdout] test mcp::tests::test_extract_function_metadata_with_rest_param ... ok
[INFO] [stdout] test mcp::tests::test_extract_function_metadata_without_desc ... ok
[INFO] [stdout] test mcp::tests::test_process_request_invalid_jsonrpc_version ... ok
[INFO] [stdout] test mcp::tests::test_process_request_valid_jsonrpc_version ... ok
[INFO] [stdout] test mcp::tools::tests::test_extract_function_metadata_mixed_optional_required ... ok
[INFO] [stdout] test mcp::tools::tests::test_extract_function_metadata_optional_arg ... ok
[INFO] [stdout] test mcp::handlers::tests::test_run_command_with_timeout_generous_timeout_succeeds ... ok
[INFO] [stdout] test mcp::tools::tests::test_extract_function_metadata_optional_arg_description_in_hybrid_mode ... ok
[INFO] [stdout] test mcp::tools::tests::test_sanitise_property_key_invalid_chars_replaced ... ok
[INFO] [stdout] test mcp::tools::tests::test_get_builtin_tools ... ok
[INFO] [stdout] test mcp::tools::tests::test_sanitise_property_key_truncated_to_64 ... ok
[INFO] [stdout] test mcp::tools::tests::test_sanitise_property_key_valid ... ok
[INFO] [stdout] test mcp::tools::tests::test_sanitise_property_key_valid_chars ... ok
[INFO] [stdout] test output_file::tests::test_exactly_threshold_unchanged ... ok
[INFO] [stdout] test mcp::tools::tests::test_sanitise_property_key_invalid_chars_with_question_mark ... ok
[INFO] [stdout] test mcp::tools::tests::test_sanitise_property_key_question_mark_optional ... ok
[INFO] [stdout] test output_file::tests::test_short_output_unchanged ... ok
[INFO] [stdout] test parser::attributes::tests::test_parse_cd_attribute ... ok
[INFO] [stdout] test parser::attributes::tests::test_parse_parallel_attribute ... ok
[INFO] [stdout] test parser::error::tests::test_display_includes_filename_and_location ... ok
[INFO] [stdout] test mcp::mapping::tests::test_map_arguments_rest_param_expands_array ... ok
[INFO] [stdout] test mcp::mapping::tests::test_value_to_string_float ... ok
[INFO] [stdout] test parser::attributes::tests::test_parse_source_dir_attribute ... ok
[INFO] [stdout] test parser::error::tests::test_hint_is_clean_when_present ... ok
[INFO] [stdout] test parser::error::tests::test_multiline_error_points_to_correct_line ... ok
[INFO] [stdout] test parser::error::tests::test_pos_location_extracted ... ok
[INFO] [stdout] test parser::error::tests::test_display_without_filename ... ok
[INFO] [stdout] test parser::error::tests::test_source_line_and_caret_present ... ok
[INFO] [stdout] test parser::tests::test_block_function_single_quotes_in_double_quoted_string ... ok
[INFO] [stdout] test parser::tests::test_block_function_with_apostrophe_in_comment ... ok
[INFO] [stdout] test parser::tests::test_arg_without_position_hybrid_mode ... ok
[INFO] [stdout] test parser::tests::test_block_function_with_multiple_apostrophes_in_comments ... ok
[INFO] [stdout] test parser::tests::test_block_function_with_params ... ok
[INFO] [stdout] test parser::tests::test_function_after_comment_with_apostrophe ... ok
[INFO] [stdout] test parser::tests::test_function_keyword_with_params ... ok
[INFO] [stdout] test parser::tests::test_function_with_default_values ... ok
[INFO] [stdout] test parser::tests::test_function_with_mixed_params_and_rest ... ok
[INFO] [stdout] test parser::tests::test_function_with_params ... ok
[INFO] [stdout] test parser::tests::test_function_with_rest_param ... ok
[INFO] [stdout] test parser::error::tests::test_no_raw_rule_names_in_message ... ok
[INFO] [stdout] test parser::tests::test_all_param_types ... ok
[INFO] [stdout] test parser::tests::test_function_with_typed_params ... ok
[INFO] [stdout] test parser::tests::test_empty_parens_still_works ... ok
[INFO] [stdout] test parser::tests::test_parse_arg_without_explicit_type ... ok
[INFO] [stdout] test parser::tests::test_parse_arg_attribute_boolean_type ... ok
[INFO] [stdout] test parser::tests::test_parse_arg_attribute_integer_type ... ok
[INFO] [stdout] test parser::tests::test_parse_arg_attribute_with_type ... ok
[INFO] [stdout] test parser::tests::test_parse_multiple_attributes ... ok
[INFO] [stdout] test parser::tests::test_quoted_default_with_comma ... ok
[INFO] [stdout] test parser::tests::test_short_type_names ... ok
[INFO] [stdout] test parser::tests::test_parse_command_with_variable_after_equals ... ok
[INFO] [stdout] test parser::tests::test_parse_desc_attribute ... ok
[INFO] [stdout] test parser::tests::test_single_quoted_default ... ok
[INFO] [stdout] test parser::tests::test_strip_quotes_from_arg ... ok
[INFO] [stdout] test parser::tests::test_strip_quotes_from_desc ... ok
[INFO] [stdout] test parser::tests::test_unquoted_default ... ok
[INFO] [stdout] test transpiler::tests::test_indent ... ok
[INFO] [stdout] test transpiler::tests::test_indent_skips_heredoc_dash ... ok
[INFO] [stdout] test transpiler::tests::test_indent_skips_quoted_heredoc_delimiter ... ok
[INFO] [stdout] test transpiler::tests::test_indent_ignores_heredoc_marker_in_quotes ... ok
[INFO] [stdout] test transpiler::tests::test_indent_multiple_heredocs ... ok
[INFO] [stdout] test transpiler::tests::test_indent_with_empty_lines ... ok
[INFO] [stdout] test transpiler::tests::test_indent_skips_heredoc_content ... ok
[INFO] [stdout] test transpiler::tests::test_interpreter_compatibility_polyglot ... ok
[INFO] [stdout] test transpiler::tests::test_rewrite_call_sites_after_command_separators ... ok
[INFO] [stdout] test transpiler::tests::test_interpreter_compatibility_pwsh ... ok
[INFO] [stdout] test transpiler::tests::test_interpreter_compatibility_sh_bash ... ok
[INFO] [stdout] test transpiler::tests::test_rewrite_call_sites_command_position_vs_argument ... ok
[INFO] [stdout] test transpiler::tests::test_rewrite_call_sites_indented ... ok
[INFO] [stdout] test transpiler::tests::test_rewrite_call_sites_no_colons ... ok
[INFO] [stdout] test transpiler::tests::test_rewrite_call_sites_no_partial_match ... ok
[INFO] [stdout] test output_file::tests::test_single_long_line_truncated ... FAILED
[INFO] [stdout] test output_file::tests::test_long_output_truncated ... FAILED
[INFO] [stdout] test transpiler::tests::test_rewrite_call_sites_should_not_rewrite_arguments ... ok
[INFO] [stdout] test transpiler::tests::test_rewrite_call_sites_sibling_name_as_argument_to_echo ... ok
[INFO] [stdout] test transpiler::tests::test_rewrite_call_sites_with_args ... ok
[INFO] [stdout] test transpiler::tests::test_rewrite_no_partial_match ... ok
[INFO] [stdout] test transpiler::tests::test_rewrite_word_boundaries ... ok
[INFO] [stdout] test transpiler::tests::test_transpile_block_pwsh_function ... ok
[INFO] [stdout] test transpiler::tests::test_transpile_block_with_heredoc ... ok
[INFO] [stdout] test transpiler::tests::test_transpile_colon_name ... ok
[INFO] [stdout] test transpiler::tests::test_transpile_simple_pwsh_function ... ok
[INFO] [stdout] test transpiler::tests::test_transpile_simple_shell_function ... ok
[INFO] [stdout] test transpiler::tests::test_rewrite_call_sites_simple ... ok
[INFO] [stdout] test transpiler::tests::test_rewrite_call_sites_pnpm_wrapper_pattern ... ok
[INFO] [stdout] test utils::tests::test_arg_type_to_json_type ... ok
[INFO] [stdout] test utils::tests::test_build_heredoc_mask_basic ... ok
[INFO] [stdout] test utils::tests::test_build_heredoc_mask_multiple ... ok
[INFO] [stdout] test utils::tests::test_extract_heredoc_case_sensitive ... ok
[INFO] [stdout] test utils::tests::test_extract_heredoc_delimiters_basic ... ok
[INFO] [stdout] test utils::tests::test_extract_heredoc_escaped_quotes_in_string ... ok
[INFO] [stdout] test utils::tests::test_extract_heredoc_inside_quotes ... ok
[INFO] [stdout] test utils::tests::test_extract_heredoc_skips_herestring ... ok
[INFO] [stdout] test utils::tests::test_extract_heredoc_with_dot_in_delimiter ... ok
[INFO] [stdout] test utils::tests::test_extract_heredoc_with_hyphen_in_delimiter ... ok
[INFO] [stdout] test utils::tests::test_matches_current_platform_multiple_os ... ok
[INFO] [stdout] test utils::tests::test_matches_current_platform_no_os_attrs ... ok
[INFO] [stdout] test utils::tests::test_matches_current_platform_unix ... ok
[INFO] [stdout] test utils::tests::test_matches_current_platform_windows ... ok
[INFO] [stdout] test transpiler::tests::test_sanitise_name ... ok
[INFO] [stdout] test transpiler::tests::test_transpile_block_shell_function ... ok
[INFO] [stdout] test mcp::handlers::tests::test_handle_tools_list_includes_builtin ... ok
[INFO] [stdout] test mcp::handlers::tests::test_run_command_with_timeout_expires ... ok
[INFO] [stdout] 
[INFO] [stdout] failures:
[INFO] [stdout] 
[INFO] [stdout] ---- output_file::tests::test_single_long_line_truncated stdout ----
[INFO] [stdout] 
[INFO] [stdout] thread 'output_file::tests::test_single_long_line_truncated' (1977) panicked at run/src/output_file.rs:188:64:
[INFO] [stdout] Processing should succeed: Os { code: 30, kind: ReadOnlyFilesystem, message: "Read-only file system" }
[INFO] [stdout] stack backtrace:
[INFO] [stdout]    0:     0x595636905481 - std[617be2ca0a6fd877]::backtrace_rs::backtrace::libunwind::trace
[INFO] [stdout]                                at /rustc/e3feeb59cd1bdd011a2bfcc0747b55125d9b8527/library/std/src/../../backtrace/src/backtrace/libunwind.rs:117:9
[INFO] [stdout]    1:     0x595636905481 - std[617be2ca0a6fd877]::backtrace_rs::backtrace::trace_unsynchronized::<std[617be2ca0a6fd877]::sys::backtrace::_print_fmt::{closure#1}>
[INFO] [stdout]                                at /rustc/e3feeb59cd1bdd011a2bfcc0747b55125d9b8527/library/std/src/../../backtrace/src/backtrace/mod.rs:66:14
[INFO] [stdout]    2:     0x595636905481 - std[617be2ca0a6fd877]::sys::backtrace::_print_fmt
[INFO] [stdout]                                at /rustc/e3feeb59cd1bdd011a2bfcc0747b55125d9b8527/library/std/src/sys/backtrace.rs:74:9
[INFO] [stdout]    3:     0x595636905481 - <<std[617be2ca0a6fd877]::sys::backtrace::BacktraceLock>::print::DisplayBacktrace as core[a373ad73a504971]::fmt::Display>::fmt
[INFO] [stdout]                                at /rustc/e3feeb59cd1bdd011a2bfcc0747b55125d9b8527/library/std/src/sys/backtrace.rs:44:26
[INFO] [stdout]    4:     0x59563691c4aa - <core[a373ad73a504971]::fmt::rt::Argument>::fmt
[INFO] [stdout]                                at /rustc/e3feeb59cd1bdd011a2bfcc0747b55125d9b8527/library/core/src/fmt/rt.rs:152:76
[INFO] [stdout]    5:     0x59563691c4aa - core[a373ad73a504971]::fmt::write
[INFO] [stdout]    6:     0x595636909cbc - core[a373ad73a504971]::io::write::default_write_fmt::<alloc[2e1b2a31b91974c5]::vec::Vec<u8>>
[INFO] [stdout]                                at /rustc/e3feeb59cd1bdd011a2bfcc0747b55125d9b8527/library/core/src/io/write.rs:402:11
[INFO] [stdout]    7:     0x595636909cbc - <alloc[2e1b2a31b91974c5]::vec::Vec<u8> as core[a373ad73a504971]::io::write::Write>::write_fmt
[INFO] [stdout]                                at /rustc/e3feeb59cd1bdd011a2bfcc0747b55125d9b8527/library/core/src/io/write.rs:335:13
[INFO] [stdout]    8:     0x5956368dea36 - <std[617be2ca0a6fd877]::sys::backtrace::BacktraceLock>::print
[INFO] [stdout]                                at /rustc/e3feeb59cd1bdd011a2bfcc0747b55125d9b8527/library/std/src/sys/backtrace.rs:47:9
[INFO] [stdout]    9:     0x5956368dea36 - std[617be2ca0a6fd877]::panicking::default_hook::{closure#0}
[INFO] [stdout]                                at /rustc/e3feeb59cd1bdd011a2bfcc0747b55125d9b8527/library/std/src/panicking.rs:289:27
[INFO] [stdout]   10:     0x5956368fc499 - std[617be2ca0a6fd877]::panicking::default_hook
[INFO] [stdout]                                at /rustc/e3feeb59cd1bdd011a2bfcc0747b55125d9b8527/library/std/src/panicking.rs:313:9
[INFO] [stdout]   11:     0x5956365b7750 - <alloc[2e1b2a31b91974c5]::boxed::Box<dyn for<'a, 'b> core[a373ad73a504971]::ops::function::Fn<(&'a std[617be2ca0a6fd877]::panic::PanicHookInfo<'b>,), Output = ()> + core[a373ad73a504971]::marker::Sync + core[a373ad73a504971]::marker::Send> as core[a373ad73a504971]::ops::function::Fn<(&std[617be2ca0a6fd877]::panic::PanicHookInfo,)>>::call
[INFO] [stdout]                                at /rustc/e3feeb59cd1bdd011a2bfcc0747b55125d9b8527/library/alloc/src/boxed.rs:2328:9
[INFO] [stdout]   12:     0x5956365b7750 - test[aada8e7e76ba119b]::test_main_inner::{closure#0}
[INFO] [stdout]                                at /rustc/e3feeb59cd1bdd011a2bfcc0747b55125d9b8527/library/test/src/lib.rs:137:21
[INFO] [stdout]   13:     0x5956368fc652 - <alloc[2e1b2a31b91974c5]::boxed::Box<dyn for<'a, 'b> core[a373ad73a504971]::ops::function::Fn<(&'a std[617be2ca0a6fd877]::panic::PanicHookInfo<'b>,), Output = ()> + core[a373ad73a504971]::marker::Sync + core[a373ad73a504971]::marker::Send> as core[a373ad73a504971]::ops::function::Fn<(&std[617be2ca0a6fd877]::panic::PanicHookInfo,)>>::call
[INFO] [stdout]                                at /rustc/e3feeb59cd1bdd011a2bfcc0747b55125d9b8527/library/alloc/src/boxed.rs:2328:9
[INFO] [stdout]   14:     0x5956368fc652 - std[617be2ca0a6fd877]::panicking::panic_with_hook
[INFO] [stdout]                                at /rustc/e3feeb59cd1bdd011a2bfcc0747b55125d9b8527/library/std/src/panicking.rs:819:13
[INFO] [stdout]   15:     0x5956368deae2 - std[617be2ca0a6fd877]::panicking::panic_handler::{closure#0}
[INFO] [stdout]                                at /rustc/e3feeb59cd1bdd011a2bfcc0747b55125d9b8527/library/std/src/panicking.rs:685:13
[INFO] [stdout]   16:     0x5956368d7289 - std[617be2ca0a6fd877]::sys::backtrace::__rust_end_short_backtrace::<std[617be2ca0a6fd877]::panicking::panic_handler::{closure#0}, !>
[INFO] [stdout]                                at /rustc/e3feeb59cd1bdd011a2bfcc0747b55125d9b8527/library/std/src/sys/backtrace.rs:182:18
[INFO] [stdout]   17:     0x5956368df90d - __rustc[ea4f61d10b84890b]::rust_begin_unwind
[INFO] [stdout]                                at /rustc/e3feeb59cd1bdd011a2bfcc0747b55125d9b8527/library/std/src/panicking.rs:676:5
[INFO] [stdout]   18:     0x59563691cd7c - core[a373ad73a504971]::panicking::panic_fmt
[INFO] [stdout]                                at /rustc/e3feeb59cd1bdd011a2bfcc0747b55125d9b8527/library/core/src/panicking.rs:80:14
[INFO] [stdout]   19:     0x59563691caa2 - core[a373ad73a504971]::result::unwrap_failed
[INFO] [stdout]                                at /rustc/e3feeb59cd1bdd011a2bfcc0747b55125d9b8527/library/core/src/result.rs:1870:5
[INFO] [stdout]   20:     0x5956364d41de - <core[a373ad73a504971]::result::Result<run[9bf05d74e7775591]::output_file::ProcessedOutput, alloc[2e1b2a31b91974c5]::boxed::Box<dyn core[a373ad73a504971]::error::Error>>>::expect
[INFO] [stdout]                                at /rustc/e3feeb59cd1bdd011a2bfcc0747b55125d9b8527/library/core/src/result.rs:1184:23
[INFO] [stdout]   21:     0x5956364b6a3d - run[9bf05d74e7775591]::output_file::tests::test_single_long_line_truncated
[INFO] [stdout]                                at /opt/rustwide/workdir/run/src/output_file.rs:188:64
[INFO] [stdout]   22:     0x5956364af4d7 - run[9bf05d74e7775591]::output_file::tests::test_single_long_line_truncated::{closure#0}
[INFO] [stdout]                                at /opt/rustwide/workdir/run/src/output_file.rs:183:41
[INFO] [stdout]   23:     0x5956364fd286 - <run[9bf05d74e7775591]::output_file::tests::test_single_long_line_truncated::{closure#0} as core[a373ad73a504971]::ops::function::FnOnce<()>>::call_once
[INFO] [stdout]                                at /rustc/e3feeb59cd1bdd011a2bfcc0747b55125d9b8527/library/core/src/ops/function.rs:250:5
[INFO] [stdout]   24:     0x5956365aab9b - <fn() -> core[a373ad73a504971]::result::Result<(), alloc[2e1b2a31b91974c5]::string::String> as core[a373ad73a504971]::ops::function::FnOnce<()>>::call_once
[INFO] [stdout]                                at /rustc/e3feeb59cd1bdd011a2bfcc0747b55125d9b8527/library/core/src/ops/function.rs:250:5
[INFO] [stdout]   25:     0x5956365aab9b - test[aada8e7e76ba119b]::__rust_begin_short_backtrace::<core[a373ad73a504971]::result::Result<(), alloc[2e1b2a31b91974c5]::string::String>, fn() -> core[a373ad73a504971]::result::Result<(), alloc[2e1b2a31b91974c5]::string::String>>
[INFO] [stdout]                                at /rustc/e3feeb59cd1bdd011a2bfcc0747b55125d9b8527/library/test/src/lib.rs:701:18
[INFO] [stdout]   26:     0x5956365b7d75 - test[aada8e7e76ba119b]::run_test_in_process::{closure#0}
[INFO] [stdout]                                at /rustc/e3feeb59cd1bdd011a2bfcc0747b55125d9b8527/library/test/src/lib.rs:724:74
[INFO] [stdout]   27:     0x5956365b7d75 - <core[a373ad73a504971]::panic::unwind_safe::AssertUnwindSafe<test[aada8e7e76ba119b]::run_test_in_process::{closure#0}> as core[a373ad73a504971]::ops::function::FnOnce<()>>::call_once
[INFO] [stdout]                                at /rustc/e3feeb59cd1bdd011a2bfcc0747b55125d9b8527/library/core/src/panic/unwind_safe.rs:275:9
[INFO] [stdout]   28:     0x5956365b7d75 - std[617be2ca0a6fd877]::panicking::catch_unwind::do_call::<core[a373ad73a504971]::panic::unwind_safe::AssertUnwindSafe<test[aada8e7e76ba119b]::run_test_in_process::{closure#0}>, core[a373ad73a504971]::result::Result<(), alloc[2e1b2a31b91974c5]::string::String>>
[INFO] [stdout]                                at /rustc/e3feeb59cd1bdd011a2bfcc0747b55125d9b8527/library/std/src/panicking.rs:573:43
[INFO] [stdout]   29:     0x5956365b7d75 - std[617be2ca0a6fd877]::panicking::catch_unwind::<core[a373ad73a504971]::result::Result<(), alloc[2e1b2a31b91974c5]::string::String>, core[a373ad73a504971]::panic::unwind_safe::AssertUnwindSafe<test[aada8e7e76ba119b]::run_test_in_process::{closure#0}>>
[INFO] [stdout]                                at /rustc/e3feeb59cd1bdd011a2bfcc0747b55125d9b8527/library/std/src/panicking.rs:541:19
[INFO] [stdout]   30:     0x5956365b7d75 - std[617be2ca0a6fd877]::panic::catch_unwind::<core[a373ad73a504971]::panic::unwind_safe::AssertUnwindSafe<test[aada8e7e76ba119b]::run_test_in_process::{closure#0}>, core[a373ad73a504971]::result::Result<(), alloc[2e1b2a31b91974c5]::string::String>>
[INFO] [stdout]                                at /rustc/e3feeb59cd1bdd011a2bfcc0747b55125d9b8527/library/std/src/panic.rs:359:14
[INFO] [stdout]   31:     0x5956365b7d75 - test[aada8e7e76ba119b]::run_test_in_process
[INFO] [stdout]                                at /rustc/e3feeb59cd1bdd011a2bfcc0747b55125d9b8527/library/test/src/lib.rs:724:27
[INFO] [stdout]   32:     0x5956365b7d75 - test[aada8e7e76ba119b]::run_test::{closure#0}
[INFO] [stdout]                                at /rustc/e3feeb59cd1bdd011a2bfcc0747b55125d9b8527/library/test/src/lib.rs:645:43
[INFO] [stdout]   33:     0x5956365b1664 - test[aada8e7e76ba119b]::run_test::{closure#1}
[INFO] [stdout]                                at /rustc/e3feeb59cd1bdd011a2bfcc0747b55125d9b8527/library/test/src/lib.rs:675:41
[INFO] [stdout]   34:     0x5956365b1664 - std[617be2ca0a6fd877]::sys::backtrace::__rust_begin_short_backtrace::<test[aada8e7e76ba119b]::run_test::{closure#1}, ()>
[INFO] [stdout]                                at /rustc/e3feeb59cd1bdd011a2bfcc0747b55125d9b8527/library/std/src/sys/backtrace.rs:166:18
[INFO] [stdout]   35:     0x5956365bae02 - std[617be2ca0a6fd877]::thread::lifecycle::spawn_unchecked::<test[aada8e7e76ba119b]::run_test::{closure#1}, ()>::{closure#1}::{closure#0}
[INFO] [stdout]                                at /rustc/e3feeb59cd1bdd011a2bfcc0747b55125d9b8527/library/std/src/thread/lifecycle.rs:70:13
[INFO] [stdout]   36:     0x5956365bae02 - <core[a373ad73a504971]::panic::unwind_safe::AssertUnwindSafe<std[617be2ca0a6fd877]::thread::lifecycle::spawn_unchecked<test[aada8e7e76ba119b]::run_test::{closure#1}, ()>::{closure#1}::{closure#0}> as core[a373ad73a504971]::ops::function::FnOnce<()>>::call_once
[INFO] [stdout]                                at /rustc/e3feeb59cd1bdd011a2bfcc0747b55125d9b8527/library/core/src/panic/unwind_safe.rs:275:9
[INFO] [stdout]   37:     0x5956365bae02 - std[617be2ca0a6fd877]::panicking::catch_unwind::do_call::<core[a373ad73a504971]::panic::unwind_safe::AssertUnwindSafe<std[617be2ca0a6fd877]::thread::lifecycle::spawn_unchecked<test[aada8e7e76ba119b]::run_test::{closure#1}, ()>::{closure#1}::{closure#0}>, ()>
[INFO] [stdout]                                at /rustc/e3feeb59cd1bdd011a2bfcc0747b55125d9b8527/library/std/src/panicking.rs:573:43
[INFO] [stdout]   38:     0x5956365bae02 - std[617be2ca0a6fd877]::panicking::catch_unwind::<(), core[a373ad73a504971]::panic::unwind_safe::AssertUnwindSafe<std[617be2ca0a6fd877]::thread::lifecycle::spawn_unchecked<test[aada8e7e76ba119b]::run_test::{closure#1}, ()>::{closure#1}::{closure#0}>>
[INFO] [stdout]                                at /rustc/e3feeb59cd1bdd011a2bfcc0747b55125d9b8527/library/std/src/panicking.rs:541:19
[INFO] [stdout]   39:     0x5956365bae02 - std[617be2ca0a6fd877]::panic::catch_unwind::<core[a373ad73a504971]::panic::unwind_safe::AssertUnwindSafe<std[617be2ca0a6fd877]::thread::lifecycle::spawn_unchecked<test[aada8e7e76ba119b]::run_test::{closure#1}, ()>::{closure#1}::{closure#0}>, ()>
[INFO] [stdout]                                at /rustc/e3feeb59cd1bdd011a2bfcc0747b55125d9b8527/library/std/src/panic.rs:359:14
[INFO] [stdout]   40:     0x5956365bae02 - std[617be2ca0a6fd877]::thread::lifecycle::spawn_unchecked::<test[aada8e7e76ba119b]::run_test::{closure#1}, ()>::{closure#1}
[INFO] [stdout]                                at /rustc/e3feeb59cd1bdd011a2bfcc0747b55125d9b8527/library/std/src/thread/lifecycle.rs:68:26
[INFO] [stdout]   41:     0x5956365bae02 - <std[617be2ca0a6fd877]::thread::lifecycle::spawn_unchecked<test[aada8e7e76ba119b]::run_test::{closure#1}, ()>::{closure#1} as core[a373ad73a504971]::ops::function::FnOnce<()>>::call_once::{shim:vtable#0}
[INFO] [stdout]                                at /rustc/e3feeb59cd1bdd011a2bfcc0747b55125d9b8527/library/core/src/ops/function.rs:250:5
[INFO] [stdout]   42:     0x59563690476f - <alloc[2e1b2a31b91974c5]::boxed::Box<dyn core[a373ad73a504971]::ops::function::FnOnce<(), Output = ()> + core[a373ad73a504971]::marker::Send> as core[a373ad73a504971]::ops::function::FnOnce<()>>::call_once
[INFO] [stdout]                                at /rustc/e3feeb59cd1bdd011a2bfcc0747b55125d9b8527/library/alloc/src/boxed.rs:2314:9
[INFO] [stdout]   43:     0x59563690476f - <std[617be2ca0a6fd877]::sys::thread::unix::Thread>::new::thread_start
[INFO] [stdout]                                at /rustc/e3feeb59cd1bdd011a2bfcc0747b55125d9b8527/library/std/src/sys/thread/unix.rs:127:17
[INFO] [stdout]   44:     0x7a3a840bedfa - <unknown>
[INFO] [stdout]   45:     0x7a3a841523d4 - clone
[INFO] [stdout]   46:                0x0 - <unknown>
[INFO] [stdout] 
[INFO] [stdout] ---- output_file::tests::test_long_output_truncated stdout ----
[INFO] [stdout] 
[INFO] [stdout] thread 'output_file::tests::test_long_output_truncated' (1975) panicked at run/src/output_file.rs:159:64:
[INFO] [stdout] Processing should succeed: Os { code: 30, kind: ReadOnlyFilesystem, message: "Read-only file system" }
[INFO] [stdout] stack backtrace:
[INFO] [stdout]    0:     0x595636905481 - std[617be2ca0a6fd877]::backtrace_rs::backtrace::libunwind::trace
[INFO] [stdout]                                at /rustc/e3feeb59cd1bdd011a2bfcc0747b55125d9b8527/library/std/src/../../backtrace/src/backtrace/libunwind.rs:117:9
[INFO] [stdout]    1:     0x595636905481 - std[617be2ca0a6fd877]::backtrace_rs::backtrace::trace_unsynchronized::<std[617be2ca0a6fd877]::sys::backtrace::_print_fmt::{closure#1}>
[INFO] [stdout]                                at /rustc/e3feeb59cd1bdd011a2bfcc0747b55125d9b8527/library/std/src/../../backtrace/src/backtrace/mod.rs:66:14
[INFO] [stdout]    2:     0x595636905481 - std[617be2ca0a6fd877]::sys::backtrace::_print_fmt
[INFO] [stdout]                                at /rustc/e3feeb59cd1bdd011a2bfcc0747b55125d9b8527/library/std/src/sys/backtrace.rs:74:9
[INFO] [stdout]    3:     0x595636905481 - <<std[617be2ca0a6fd877]::sys::backtrace::BacktraceLock>::print::DisplayBacktrace as core[a373ad73a504971]::fmt::Display>::fmt
[INFO] [stdout]                                at /rustc/e3feeb59cd1bdd011a2bfcc0747b55125d9b8527/library/std/src/sys/backtrace.rs:44:26
[INFO] [stdout]    4:     0x59563691c4aa - <core[a373ad73a504971]::fmt::rt::Argument>::fmt
[INFO] [stdout]                                at /rustc/e3feeb59cd1bdd011a2bfcc0747b55125d9b8527/library/core/src/fmt/rt.rs:152:76
[INFO] [stdout]    5:     0x59563691c4aa - core[a373ad73a504971]::fmt::write
[INFO] [stdout]    6:     0x595636909cbc - core[a373ad73a504971]::io::write::default_write_fmt::<alloc[2e1b2a31b91974c5]::vec::Vec<u8>>
[INFO] [stdout]                                at /rustc/e3feeb59cd1bdd011a2bfcc0747b55125d9b8527/library/core/src/io/write.rs:402:11
[INFO] [stdout]    7:     0x595636909cbc - <alloc[2e1b2a31b91974c5]::vec::Vec<u8> as core[a373ad73a504971]::io::write::Write>::write_fmt
[INFO] [stdout]                                at /rustc/e3feeb59cd1bdd011a2bfcc0747b55125d9b8527/library/core/src/io/write.rs:335:13
[INFO] [stdout]    8:     0x5956368dea36 - <std[617be2ca0a6fd877]::sys::backtrace::BacktraceLock>::print
[INFO] [stdout]                                at /rustc/e3feeb59cd1bdd011a2bfcc0747b55125d9b8527/library/std/src/sys/backtrace.rs:47:9
[INFO] [stdout]    9:     0x5956368dea36 - std[617be2ca0a6fd877]::panicking::default_hook::{closure#0}
[INFO] [stdout]                                at /rustc/e3feeb59cd1bdd011a2bfcc0747b55125d9b8527/library/std/src/panicking.rs:289:27
[INFO] [stdout]   10:     0x5956368fc499 - std[617be2ca0a6fd877]::panicking::default_hook
[INFO] [stdout]                                at /rustc/e3feeb59cd1bdd011a2bfcc0747b55125d9b8527/library/std/src/panicking.rs:313:9
[INFO] [stdout]   11:     0x5956365b7750 - <alloc[2e1b2a31b91974c5]::boxed::Box<dyn for<'a, 'b> core[a373ad73a504971]::ops::function::Fn<(&'a std[617be2ca0a6fd877]::panic::PanicHookInfo<'b>,), Output = ()> + core[a373ad73a504971]::marker::Sync + core[a373ad73a504971]::marker::Send> as core[a373ad73a504971]::ops::function::Fn<(&std[617be2ca0a6fd877]::panic::PanicHookInfo,)>>::call
[INFO] [stdout]                                at /rustc/e3feeb59cd1bdd011a2bfcc0747b55125d9b8527/library/alloc/src/boxed.rs:2328:9
[INFO] [stdout]   12:     0x5956365b7750 - test[aada8e7e76ba119b]::test_main_inner::{closure#0}
[INFO] [stdout]                                at /rustc/e3feeb59cd1bdd011a2bfcc0747b55125d9b8527/library/test/src/lib.rs:137:21
[INFO] [stdout]   13:     0x5956368fc652 - <alloc[2e1b2a31b91974c5]::boxed::Box<dyn for<'a, 'b> core[a373ad73a504971]::ops::function::Fn<(&'a std[617be2ca0a6fd877]::panic::PanicHookInfo<'b>,), Output = ()> + core[a373ad73a504971]::marker::Sync + core[a373ad73a504971]::marker::Send> as core[a373ad73a504971]::ops::function::Fn<(&std[617be2ca0a6fd877]::panic::PanicHookInfo,)>>::call
[INFO] [stdout]                                at /rustc/e3feeb59cd1bdd011a2bfcc0747b55125d9b8527/library/alloc/src/boxed.rs:2328:9
[INFO] [stdout]   14:     0x5956368fc652 - std[617be2ca0a6fd877]::panicking::panic_with_hook
[INFO] [stdout]                                at /rustc/e3feeb59cd1bdd011a2bfcc0747b55125d9b8527/library/std/src/panicking.rs:819:13
[INFO] [stdout]   15:     0x5956368deae2 - std[617be2ca0a6fd877]::panicking::panic_handler::{closure#0}
[INFO] [stdout]                                at /rustc/e3feeb59cd1bdd011a2bfcc0747b55125d9b8527/library/std/src/panicking.rs:685:13
[INFO] [stdout]   16:     0x5956368d7289 - std[617be2ca0a6fd877]::sys::backtrace::__rust_end_short_backtrace::<std[617be2ca0a6fd877]::panicking::panic_handler::{closure#0}, !>
[INFO] [stdout]                                at /rustc/e3feeb59cd1bdd011a2bfcc0747b55125d9b8527/library/std/src/sys/backtrace.rs:182:18
[INFO] [stdout]   17:     0x5956368df90d - __rustc[ea4f61d10b84890b]::rust_begin_unwind
[INFO] [stdout]                                at /rustc/e3feeb59cd1bdd011a2bfcc0747b55125d9b8527/library/std/src/panicking.rs:676:5
[INFO] [stdout]   18:     0x59563691cd7c - core[a373ad73a504971]::panicking::panic_fmt
[INFO] [stdout]                                at /rustc/e3feeb59cd1bdd011a2bfcc0747b55125d9b8527/library/core/src/panicking.rs:80:14
[INFO] [stdout]   19:     0x59563691caa2 - core[a373ad73a504971]::result::unwrap_failed
[INFO] [stdout]                                at /rustc/e3feeb59cd1bdd011a2bfcc0747b55125d9b8527/library/core/src/result.rs:1870:5
[INFO] [stdout]   20:     0x5956364d41de - <core[a373ad73a504971]::result::Result<run[9bf05d74e7775591]::output_file::ProcessedOutput, alloc[2e1b2a31b91974c5]::boxed::Box<dyn core[a373ad73a504971]::error::Error>>>::expect
[INFO] [stdout]                                at /rustc/e3feeb59cd1bdd011a2bfcc0747b55125d9b8527/library/core/src/result.rs:1184:23
[INFO] [stdout]   21:     0x5956364b62b5 - run[9bf05d74e7775591]::output_file::tests::test_long_output_truncated
[INFO] [stdout]                                at /opt/rustwide/workdir/run/src/output_file.rs:159:64
[INFO] [stdout]   22:     0x5956364af477 - run[9bf05d74e7775591]::output_file::tests::test_long_output_truncated::{closure#0}
[INFO] [stdout]                                at /opt/rustwide/workdir/run/src/output_file.rs:153:36
[INFO] [stdout]   23:     0x5956364fd246 - <run[9bf05d74e7775591]::output_file::tests::test_long_output_truncated::{closure#0} as core[a373ad73a504971]::ops::function::FnOnce<()>>::call_once
[INFO] [stdout]                                at /rustc/e3feeb59cd1bdd011a2bfcc0747b55125d9b8527/library/core/src/ops/function.rs:250:5
[INFO] [stdout]   24:     0x5956365aab9b - <fn() -> core[a373ad73a504971]::result::Result<(), alloc[2e1b2a31b91974c5]::string::String> as core[a373ad73a504971]::ops::function::FnOnce<()>>::call_once
[INFO] [stdout]                                at /rustc/e3feeb59cd1bdd011a2bfcc0747b55125d9b8527/library/core/src/ops/function.rs:250:5
[INFO] [stdout]   25:     0x5956365aab9b - test[aada8e7e76ba119b]::__rust_begin_short_backtrace::<core[a373ad73a504971]::result::Result<(), alloc[2e1b2a31b91974c5]::string::String>, fn() -> core[a373ad73a504971]::result::Result<(), alloc[2e1b2a31b91974c5]::string::String>>
[INFO] [stdout]                                at /rustc/e3feeb59cd1bdd011a2bfcc0747b55125d9b8527/library/test/src/lib.rs:701:18
[INFO] [stdout]   26:     0x5956365b7d75 - test[aada8e7e76ba119b]::run_test_in_process::{closure#0}
[INFO] [stdout]                                at /rustc/e3feeb59cd1bdd011a2bfcc0747b55125d9b8527/library/test/src/lib.rs:724:74
[INFO] [stdout]   27:     0x5956365b7d75 - <core[a373ad73a504971]::panic::unwind_safe::AssertUnwindSafe<test[aada8e7e76ba119b]::run_test_in_process::{closure#0}> as core[a373ad73a504971]::ops::function::FnOnce<()>>::call_once
[INFO] [stdout]                                at /rustc/e3feeb59cd1bdd011a2bfcc0747b55125d9b8527/library/core/src/panic/unwind_safe.rs:275:9
[INFO] [stdout]   28:     0x5956365b7d75 - std[617be2ca0a6fd877]::panicking::catch_unwind::do_call::<core[a373ad73a504971]::panic::unwind_safe::AssertUnwindSafe<test[aada8e7e76ba119b]::run_test_in_process::{closure#0}>, core[a373ad73a504971]::result::Result<(), alloc[2e1b2a31b91974c5]::string::String>>
[INFO] [stdout]                                at /rustc/e3feeb59cd1bdd011a2bfcc0747b55125d9b8527/library/std/src/panicking.rs:573:43
[INFO] [stdout]   29:     0x5956365b7d75 - std[617be2ca0a6fd877]::panicking::catch_unwind::<core[a373ad73a504971]::result::Result<(), alloc[2e1b2a31b91974c5]::string::String>, core[a373ad73a504971]::panic::unwind_safe::AssertUnwindSafe<test[aada8e7e76ba119b]::run_test_in_process::{closure#0}>>
[INFO] [stdout]                                at /rustc/e3feeb59cd1bdd011a2bfcc0747b55125d9b8527/library/std/src/panicking.rs:541:19
[INFO] [stdout]   30:     0x5956365b7d75 - std[617be2ca0a6fd877]::panic::catch_unwind::<core[a373ad73a504971]::panic::unwind_safe::AssertUnwindSafe<test[aada8e7e76ba119b]::run_test_in_process::{closure#0}>, core[a373ad73a504971]::result::Result<(), alloc[2e1b2a31b91974c5]::string::String>>
[INFO] [stdout]                                at /rustc/e3feeb59cd1bdd011a2bfcc0747b55125d9b8527/library/std/src/panic.rs:359:14
[INFO] [stdout]   31:     0x5956365b7d75 - test[aada8e7e76ba119b]::run_test_in_process
[INFO] [stdout]                                at /rustc/e3feeb59cd1bdd011a2bfcc0747b55125d9b8527/library/test/src/lib.rs:724:27
[INFO] [stdout]   32:     0x5956365b7d75 - test[aada8e7e76ba119b]::run_test::{closure#0}
[INFO] [stdout]                                at /rustc/e3feeb59cd1bdd011a2bfcc0747b55125d9b8527/library/test/src/lib.rs:645:43
[INFO] [stdout]   33:     0x5956365b1664 - test[aada8e7e76ba119b]::run_test::{closure#1}
[INFO] [stdout]                                at /rustc/e3feeb59cd1bdd011a2bfcc0747b55125d9b8527/library/test/src/lib.rs:675:41
[INFO] [stdout]   34:     0x5956365b1664 - std[617be2ca0a6fd877]::sys::backtrace::__rust_begin_short_backtrace::<test[aada8e7e76ba119b]::run_test::{closure#1}, ()>
[INFO] [stdout]                                at /rustc/e3feeb59cd1bdd011a2bfcc0747b55125d9b8527/library/std/src/sys/backtrace.rs:166:18
[INFO] [stdout]   35:     0x5956365bae02 - std[617be2ca0a6fd877]::thread::lifecycle::spawn_unchecked::<test[aada8e7e76ba119b]::run_test::{closure#1}, ()>::{closure#1}::{closure#0}
[INFO] [stdout]                                at /rustc/e3feeb59cd1bdd011a2bfcc0747b55125d9b8527/library/std/src/thread/lifecycle.rs:70:13
[INFO] [stdout]   36:     0x5956365bae02 - <core[a373ad73a504971]::panic::unwind_safe::AssertUnwindSafe<std[617be2ca0a6fd877]::thread::lifecycle::spawn_unchecked<test[aada8e7e76ba119b]::run_test::{closure#1}, ()>::{closure#1}::{closure#0}> as core[a373ad73a504971]::ops::function::FnOnce<()>>::call_once
[INFO] [stdout]                                at /rustc/e3feeb59cd1bdd011a2bfcc0747b55125d9b8527/library/core/src/panic/unwind_safe.rs:275:9
[INFO] [stdout]   37:     0x5956365bae02 - std[617be2ca0a6fd877]::panicking::catch_unwind::do_call::<core[a373ad73a504971]::panic::unwind_safe::AssertUnwindSafe<std[617be2ca0a6fd877]::thread::lifecycle::spawn_unchecked<test[aada8e7e76ba119b]::run_test::{closure#1}, ()>::{closure#1}::{closure#0}>, ()>
[INFO] [stdout]                                at /rustc/e3feeb59cd1bdd011a2bfcc0747b55125d9b8527/library/std/src/panicking.rs:573:43
[INFO] [stdout]   38:     0x5956365bae02 - std[617be2ca0a6fd877]::panicking::catch_unwind::<(), core[a373ad73a504971]::panic::unwind_safe::AssertUnwindSafe<std[617be2ca0a6fd877]::thread::lifecycle::spawn_unchecked<test[aada8e7e76ba119b]::run_test::{closure#1}, ()>::{closure#1}::{closure#0}>>
[INFO] [stdout]                                at /rustc/e3feeb59cd1bdd011a2bfcc0747b55125d9b8527/library/std/src/panicking.rs:541:19
[INFO] [stdout]   39:     0x5956365bae02 - std[617be2ca0a6fd877]::panic::catch_unwind::<core[a373ad73a504971]::panic::unwind_safe::AssertUnwindSafe<std[617be2ca0a6fd877]::thread::lifecycle::spawn_unchecked<test[aada8e7e76ba119b]::run_test::{closure#1}, ()>::{closure#1}::{closure#0}>, ()>
[INFO] [stdout]                                at /rustc/e3feeb59cd1bdd011a2bfcc0747b55125d9b8527/library/std/src/panic.rs:359:14
[INFO] [stdout]   40:     0x5956365bae02 - std[617be2ca0a6fd877]::thread::lifecycle::spawn_unchecked::<test[aada8e7e76ba119b]::run_test::{closure#1}, ()>::{closure#1}
[INFO] [stdout]                                at /rustc/e3feeb59cd1bdd011a2bfcc0747b55125d9b8527/library/std/src/thread/lifecycle.rs:68:26
[INFO] [stdout]   41:     0x5956365bae02 - <std[617be2ca0a6fd877]::thread::lifecycle::spawn_unchecked<test[aada8e7e76ba119b]::run_test::{closure#1}, ()>::{closure#1} as core[a373ad73a504971]::ops::function::FnOnce<()>>::call_once::{shim:vtable#0}
[INFO] [stdout]                                at /rustc/e3feeb59cd1bdd011a2bfcc0747b55125d9b8527/library/core/src/ops/function.rs:250:5
[INFO] [stdout]   42:     0x59563690476f - <alloc[2e1b2a31b91974c5]::boxed::Box<dyn core[a373ad73a504971]::ops::function::FnOnce<(), Output = ()> + core[a373ad73a504971]::marker::Send> as core[a373ad73a504971]::ops::function::FnOnce<()>>::call_once
[INFO] [stdout]                                at /rustc/e3feeb59cd1bdd011a2bfcc0747b55125d9b8527/library/alloc/src/boxed.rs:2314:9
[INFO] [stdout]   43:     0x59563690476f - <std[617be2ca0a6fd877]::sys::thread::unix::Thread>::new::thread_start
[INFO] [stdout]                                at /rustc/e3feeb59cd1bdd011a2bfcc0747b55125d9b8527/library/std/src/sys/thread/unix.rs:127:17
[INFO] [stdout]   44:     0x7a3a840bedfa - <unknown>
[INFO] [stdout]   45:     0x7a3a841523d4 - clone
[INFO] [stdout]   46:                0x0 - <unknown>
[INFO] [stdout] 
[INFO] [stdout] 
[INFO] [stdout] failures:
[INFO] [stdout]     output_file::tests::test_long_output_truncated
[INFO] [stdout]     output_file::tests::test_single_long_line_truncated
[INFO] [stdout] 
[INFO] [stdout] test result: FAILED. 353 passed; 2 failed; 0 ignored; 0 measured; 0 filtered out; finished in 1.15s
[INFO] [stdout] 
[INFO] [stderr] error: test failed, to rerun pass `-p run --lib`
[INFO] running `Command { std: "docker" "inspect" "252099470bd3a6855f578b50fe87d9b64512447c2a56b79bbd1164e801799b78", kill_on_drop: false }`
[INFO] running `Command { std: "docker" "rm" "-f" "252099470bd3a6855f578b50fe87d9b64512447c2a56b79bbd1164e801799b78", kill_on_drop: false }`
[INFO] [stdout] 252099470bd3a6855f578b50fe87d9b64512447c2a56b79bbd1164e801799b78
