[INFO] cloning repository https://github.com/naa0yama/boilerplate-rust
[INFO] running `Command { std: "git" "-c" "credential.helper=" "-c" "credential.helper=/workspace/cargo-home/bin/git-credential-null" "clone" "--bare" "https://github.com/naa0yama/boilerplate-rust" "/workspace/cache/git-repos/https%3A%2F%2Fgithub.com%2Fnaa0yama%2Fboilerplate-rust", kill_on_drop: false }`
[INFO] [stderr] Cloning into bare repository '/workspace/cache/git-repos/https%3A%2F%2Fgithub.com%2Fnaa0yama%2Fboilerplate-rust'...
[INFO] running `Command { std: "git" "rev-parse" "HEAD", kill_on_drop: false }`
[INFO] [stdout] 28c0df15c65a1522d96787d8b15b197e54b6e23a
[INFO] testing naa0yama/boilerplate-rust against 1.100.0-beta.1 for beta-1.100-2
[INFO] running `Command { std: "git" "clone" "/workspace/cache/git-repos/https%3A%2F%2Fgithub.com%2Fnaa0yama%2Fboilerplate-rust" "/workspace/builds/worker-5-tc2/source", kill_on_drop: false }`
[INFO] [stderr] Cloning into '/workspace/builds/worker-5-tc2/source'...
[INFO] [stderr] done.
[INFO] removed /workspace/builds/worker-5-tc2/source/.cargo/config.toml
[INFO] removed /workspace/builds/worker-5-tc2/source/rust-toolchain.toml
[INFO] started tweaking git repo https://github.com/naa0yama/boilerplate-rust
[INFO] finished tweaking git repo https://github.com/naa0yama/boilerplate-rust
[INFO] tweaked toml for git repo https://github.com/naa0yama/boilerplate-rust written to /workspace/builds/worker-5-tc2/source/Cargo.toml
[INFO] validating manifest of git repo https://github.com/naa0yama/boilerplate-rust on toolchain 1.100.0-beta.1
[INFO] running `Command { std: CARGO_HOME="/workspace/cargo-home" RUSTUP_HOME="/workspace/rustup-home" "/workspace/cargo-home/bin/cargo" "+1.100.0-beta.1" "metadata" "--manifest-path" "Cargo.toml" "--no-deps", kill_on_drop: false }`
[INFO] crate git repo https://github.com/naa0yama/boilerplate-rust already has a lockfile, it will not be regenerated
[INFO] running `Command { std: CARGO_HOME="/workspace/cargo-home" RUSTUP_HOME="/workspace/rustup-home" "/workspace/cargo-home/bin/cargo" "+1.100.0-beta.1" "fetch" "--manifest-path" "Cargo.toml", kill_on_drop: false }`
[INFO] [stderr] warning: Cargo.toml: `lints.clippy.cargo-common-metadata` is deprecated in favor of `lints.clippy.cargo_common_metadata` and will not work in a future edition
[INFO] [stderr] warning: Cargo.toml: `lints.clippy.multiple-crate-versions` is deprecated in favor of `lints.clippy.multiple_crate_versions` and will not work in a future edition
[INFO] [stderr] warning: workspace (manifest) generated 2 warnings
[INFO] [stderr] warning: crates/brust/Cargo.toml: `lints.clippy.cargo-common-metadata` is deprecated in favor of `lints.clippy.cargo_common_metadata` and will not work in a future edition
[INFO] [stderr] warning: crates/brust/Cargo.toml: `lints.clippy.multiple-crate-versions` is deprecated in favor of `lints.clippy.multiple_crate_versions` and will not work in a future edition
[INFO] [stderr] warning: `brust` (manifest) generated 2 warnings
[INFO] [stderr] warning: crates/brust-web/Cargo.toml: `lints.clippy.cargo-common-metadata` is deprecated in favor of `lints.clippy.cargo_common_metadata` and will not work in a future edition
[INFO] [stderr] warning: crates/brust-web/Cargo.toml: `lints.clippy.multiple-crate-versions` is deprecated in favor of `lints.clippy.multiple_crate_versions` and will not work in a future edition
[INFO] [stderr] warning: `brust-web` (manifest) generated 2 warnings
[INFO] running `Command { std: "docker" "create" "-v" "/var/lib/crater-agent-workspace/builds/worker-5-tc2/source:/opt/rustwide/workdir:ro,Z" "-v" "/var/lib/crater-agent-workspace/builds/worker-5-tc2/target:/opt/rustwide/target:rw,Z" "-v" "/var/lib/crater-agent-workspace/cargo-home:/opt/rustwide/cargo-home:ro,Z" "-v" "/var/lib/crater-agent-workspace/rustup-home:/opt/rustwide/rustup-home:ro,Z" "-m" "1610612736" "--network" "none" "ghcr.io/rust-lang/crates-build-env/linux@sha256:3111399a4047eeb3a02b7a90e478d715f38a8c6669b5c4b49d30a17385265909" "sleep" "infinity", kill_on_drop: false }`
[INFO] [stdout] 3e3bd6c2f5f8c26026569055f11b98f047a1f5412c08c6af63c4ff401919acc0
[INFO] running `Command { std: "docker" "start" "3e3bd6c2f5f8c26026569055f11b98f047a1f5412c08c6af63c4ff401919acc0", kill_on_drop: false }`
[INFO] running `Command { std: "docker" "inspect" "3e3bd6c2f5f8c26026569055f11b98f047a1f5412c08c6af63c4ff401919acc0", kill_on_drop: false }`
[INFO] running `Command { std: "docker" "exec" "-e" "SOURCE_DIR=/opt/rustwide/workdir" "-e" "CARGO_HOME=/opt/rustwide/cargo-home" "-e" "RUSTUP_HOME=/opt/rustwide/rustup-home" "-e" "CARGO_TARGET_DIR=/opt/rustwide/target" "-w" "/opt/rustwide/workdir" "--user" "0:0" "3e3bd6c2f5f8c26026569055f11b98f047a1f5412c08c6af63c4ff401919acc0" "/opt/rustwide/cargo-home/bin/cargo" "+1.100.0-beta.1" "metadata" "--no-deps" "--format-version=1", kill_on_drop: false }`
[INFO] running `Command { std: "docker" "inspect" "3e3bd6c2f5f8c26026569055f11b98f047a1f5412c08c6af63c4ff401919acc0", kill_on_drop: false }`
[INFO] running `Command { std: "docker" "exec" "-e" "SOURCE_DIR=/opt/rustwide/workdir" "-e" "CARGO_HOME=/opt/rustwide/cargo-home" "-e" "RUSTUP_HOME=/opt/rustwide/rustup-home" "-e" "CARGO_TARGET_DIR=/opt/rustwide/target" "-e" "CARGO_INCREMENTAL=0" "-e" "RUST_BACKTRACE=full" "-e" "RUSTFLAGS=--cap-lints=warn" "-e" "RUSTDOCFLAGS=--cap-lints=warn" "-w" "/opt/rustwide/workdir" "--user" "0:0" "3e3bd6c2f5f8c26026569055f11b98f047a1f5412c08c6af63c4ff401919acc0" "/opt/rustwide/cargo-home/bin/cargo" "+1.100.0-beta.1" "build" "--frozen" "--message-format=json", kill_on_drop: false }`
[INFO] [stderr] warning: Cargo.toml: `lints.clippy.cargo-common-metadata` is deprecated in favor of `lints.clippy.cargo_common_metadata` and will not work in a future edition
[INFO] [stderr] warning: Cargo.toml: `lints.clippy.multiple-crate-versions` is deprecated in favor of `lints.clippy.multiple_crate_versions` and will not work in a future edition
[INFO] [stderr] warning: workspace (manifest) generated 2 warnings
[INFO] [stderr] warning: crates/brust/Cargo.toml: `lints.clippy.cargo-common-metadata` is deprecated in favor of `lints.clippy.cargo_common_metadata` and will not work in a future edition
[INFO] [stderr] warning: crates/brust/Cargo.toml: `lints.clippy.multiple-crate-versions` is deprecated in favor of `lints.clippy.multiple_crate_versions` and will not work in a future edition
[INFO] [stderr] warning: `brust` (manifest) generated 2 warnings
[INFO] [stderr] warning: crates/brust-web/Cargo.toml: `lints.clippy.cargo-common-metadata` is deprecated in favor of `lints.clippy.cargo_common_metadata` and will not work in a future edition
[INFO] [stderr] warning: crates/brust-web/Cargo.toml: `lints.clippy.multiple-crate-versions` is deprecated in favor of `lints.clippy.multiple_crate_versions` and will not work in a future edition
[INFO] [stderr] warning: `brust-web` (manifest) generated 2 warnings
[INFO] [stderr]    Compiling proc-macro2 v1.0.106
[INFO] [stderr]    Compiling unicode-ident v1.0.24
[INFO] [stderr]    Compiling quote v1.0.46
[INFO] [stderr]    Compiling libc v0.2.186
[INFO] [stderr]    Compiling cfg-if v1.0.4
[INFO] [stderr]    Compiling pin-project-lite v0.2.17
[INFO] [stderr]    Compiling futures-core v0.3.32
[INFO] [stderr]    Compiling bytes v1.12.0
[INFO] [stderr]    Compiling stable_deref_trait v1.2.1
[INFO] [stderr]    Compiling futures-sink v0.3.32
[INFO] [stderr]    Compiling itoa v1.0.18
[INFO] [stderr]    Compiling once_cell v1.21.4
[INFO] [stderr]    Compiling memchr v2.8.3
[INFO] [stderr]    Compiling find-msvc-tools v0.1.9
[INFO] [stderr]    Compiling shlex v2.0.1
[INFO] [stderr]    Compiling cc v1.2.66
[INFO] [stderr]    Compiling tracing-core v0.1.36
[INFO] [stderr]    Compiling percent-encoding v2.3.2
[INFO] [stderr]    Compiling futures-task v0.3.32
[INFO] [stderr]    Compiling smallvec v1.15.2
[INFO] [stderr]    Compiling futures-io v0.3.32
[INFO] [stderr]    Compiling http v1.4.2
[INFO] [stderr]    Compiling slab v0.4.12
[INFO] [stderr]    Compiling syn v2.0.118
[INFO] [stderr]    Compiling writeable v0.6.3
[INFO] [stderr]    Compiling litemap v0.8.2
[INFO] [stderr]    Compiling errno v0.3.14
[INFO] [stderr]    Compiling signal-hook-registry v1.4.8
[INFO] [stderr]    Compiling mio v1.2.1
[INFO] [stderr]    Compiling socket2 v0.6.4
[INFO] [stderr]    Compiling zeroize v1.9.0
[INFO] [stderr]    Compiling icu_normalizer_data v2.2.0
[INFO] [stderr]    Compiling tower-service v0.3.3
[INFO] [stderr]    Compiling http-body v1.0.1
[INFO] [stderr]    Compiling anyhow v1.0.103
[INFO] [stderr]    Compiling utf8_iter v1.0.4
[INFO] [stderr]    Compiling icu_properties_data v2.2.0
[INFO] [stderr]    Compiling rustls-pki-types v1.15.0
[INFO] [stderr]    Compiling getrandom v0.2.17
[INFO] [stderr]    Compiling ring v0.17.14
[INFO] [stderr]    Compiling futures-channel v0.3.32
[INFO] [stderr]    Compiling thiserror v2.0.18
[INFO] [stderr]    Compiling httparse v1.10.1
[INFO] [stderr]    Compiling untrusted v0.9.0
[INFO] [stderr]    Compiling getrandom v0.3.4
[INFO] [stderr]    Compiling tower-layer v0.3.3
[INFO] [stderr]    Compiling try-lock v0.2.5
[INFO] [stderr]    Compiling rustls v0.23.42
[INFO] [stderr]    Compiling zerocopy v0.8.53
[INFO] [stderr]    Compiling want v0.3.1
[INFO] [stderr]    Compiling sync_wrapper v1.0.2
[INFO] [stderr]    Compiling bitflags v2.13.0
[INFO] [stderr]    Compiling httpdate v1.0.3
[INFO] [stderr]    Compiling subtle v2.6.1
[INFO] [stderr]    Compiling typenum v1.20.1
[INFO] [stderr]    Compiling atomic-waker v1.1.2
[INFO] [stderr]    Compiling ipnet v2.12.0
[INFO] [stderr]    Compiling serde_core v1.0.228
[INFO] [stderr]    Compiling base64 v0.22.1
[INFO] [stderr]    Compiling rand_core v0.9.5
[INFO] [stderr]    Compiling http-body-util v0.1.3
[INFO] [stderr]    Compiling hybrid-array v0.4.13
[INFO] [stderr]    Compiling form_urlencoded v1.2.2
[INFO] [stderr]    Compiling cpufeatures v0.3.0
[INFO] [stderr]    Compiling regex-syntax v0.8.11
[INFO] [stderr]    Compiling either v1.16.0
[INFO] [stderr]    Compiling openssl-probe v0.2.1
[INFO] [stderr]    Compiling same-file v1.0.6
[INFO] [stderr]    Compiling crypto-common v0.2.2
[INFO] [stderr]    Compiling walkdir v2.5.0
[INFO] [stderr]    Compiling block-buffer v0.12.1
[INFO] [stderr]    Compiling rustls-native-certs v0.8.4
[INFO] [stderr]    Compiling itertools v0.14.0
[INFO] [stderr]    Compiling synstructure v0.13.2
[INFO] [stderr]    Compiling regex-automata v0.4.14
[INFO] [stderr]    Compiling utf8parse v0.2.2
[INFO] [stderr]    Compiling unicase v2.9.0
[INFO] [stderr]    Compiling const-oid v0.10.2
[INFO] [stderr]    Compiling option-ext v0.2.0
[INFO] [stderr]    Compiling zmij v1.0.21
[INFO] [stderr]    Compiling log v0.4.33
[INFO] [stderr]    Compiling lazy_static v1.5.0
[INFO] [stderr]    Compiling sharded-slab v0.1.7
[INFO] [stderr]    Compiling ppv-lite86 v0.2.21
[INFO] [stderr]    Compiling winnow v1.0.3
[INFO] [stderr]    Compiling rand_chacha v0.9.0
[INFO] [stderr]    Compiling rustls-webpki v0.103.13
[INFO] [stderr]    Compiling zerofrom-derive v0.1.7
[INFO] [stderr]    Compiling yoke-derive v0.8.2
[INFO] [stderr]    Compiling zerovec-derive v0.11.3
[INFO] [stderr]    Compiling displaydoc v0.2.6
[INFO] [stderr]    Compiling zerofrom v0.1.8
[INFO] [stderr]    Compiling tracing-attributes v0.1.31
[INFO] [stderr]    Compiling yoke v0.8.3
[INFO] [stderr]    Compiling futures-macro v0.3.32
[INFO] [stderr]    Compiling tokio-macros v2.7.0
[INFO] [stderr]    Compiling zerovec v0.11.6
[INFO] [stderr]    Compiling tokio v1.52.4
[INFO] [stderr]    Compiling futures-util v0.3.32
[INFO] [stderr]    Compiling tinystr v0.8.3
[INFO] [stderr]    Compiling icu_locale_core v2.2.0
[INFO] [stderr]    Compiling tracing v0.1.44
[INFO] [stderr]    Compiling potential_utf v0.1.5
[INFO] [stderr]    Compiling zerotrie v0.2.4
[INFO] [stderr]    Compiling icu_collections v2.2.0
[INFO] [stderr]    Compiling thiserror-impl v2.0.18
[INFO] [stderr]    Compiling icu_provider v2.2.0
[INFO] [stderr]    Compiling icu_normalizer v2.2.0
[INFO] [stderr]    Compiling icu_properties v2.2.0
[INFO] [stderr]    Compiling opentelemetry v0.32.0
[INFO] [stderr]    Compiling idna_adapter v1.2.2
[INFO] [stderr]    Compiling idna v1.1.0
[INFO] [stderr]    Compiling futures-executor v0.3.32
[INFO] [stderr]    Compiling url v2.5.8
[INFO] [stderr]    Compiling matchers v0.2.0
[INFO] [stderr]    Compiling prost-derive v0.14.4
[INFO] [stderr]    Compiling rand v0.9.4
[INFO] [stderr]    Compiling hyper v1.10.1
[INFO] [stderr]    Compiling tower v0.5.3
[INFO] [stderr]    Compiling hyper-util v0.1.20
[INFO] [stderr]    Compiling tokio-rustls v0.26.4
[INFO] [stderr]    Compiling tower-http v0.6.11
[INFO] [stderr]    Compiling rustls-platform-verifier v0.7.0
[INFO] [stderr]    Compiling dirs-sys v0.5.0
[INFO] [stderr]    Compiling digest v0.11.3
[INFO] [stderr]    Compiling mime_guess v2.0.5
[INFO] [stderr]    Compiling anstyle-parse v1.0.0
[INFO] [stderr]    Compiling thread_local v1.1.9
[INFO] [stderr]    Compiling colorchoice v1.0.5
[INFO] [stderr]    Compiling hyper-rustls v0.27.9
[INFO] [stderr]    Compiling rustc-hash v2.1.3
[INFO] [stderr]    Compiling serde_json v1.0.150
[INFO] [stderr]    Compiling rustix v1.1.4
[INFO] [stderr]    Compiling is_terminal_polyfill v1.70.2
[INFO] [stderr]    Compiling anstyle v1.0.14
[INFO] [stderr]    Compiling nu-ansi-term v0.50.3
[INFO] [stderr]    Compiling anstyle-query v1.1.5
[INFO] [stderr]    Compiling sha2 v0.11.0
[INFO] [stderr]    Compiling anstream v1.0.0
[INFO] [stderr]    Compiling tracing-subscriber v0.3.23
[INFO] [stderr]    Compiling reqwest v0.13.4
[INFO] [stderr]    Compiling askama_parser v0.16.0
[INFO] [stderr]    Compiling dirs v6.0.0
[INFO] [stderr]    Compiling prost v0.14.4
[INFO] [stderr]    Compiling opentelemetry_sdk v0.32.1
[INFO] [stderr]    Compiling async-trait v0.1.89
[INFO] [stderr]    Compiling linux-raw-sys v0.12.1
[INFO] [stderr]    Compiling heck v0.5.0
[INFO] [stderr]    Compiling clap_lex v1.1.0
[INFO] [stderr]    Compiling mime v0.3.17
[INFO] [stderr]    Compiling strsim v0.11.1
[INFO] [stderr]    Compiling serde v1.0.228
[INFO] [stderr]    Compiling clap_builder v4.6.2
[INFO] [stderr]    Compiling opentelemetry-proto v0.32.0
[INFO] [stderr]    Compiling askama_derive v0.16.0
[INFO] [stderr]    Compiling opentelemetry-http v0.32.0
[INFO] [stderr]    Compiling clap_derive v4.6.1
[INFO] [stderr]    Compiling shellexpand v3.1.2
[INFO] [stderr]    Compiling rust-embed-utils v8.12.0
[INFO] [stderr]    Compiling serde_derive v1.0.228
[INFO] [stderr]    Compiling getrandom v0.4.3
[INFO] [stderr]    Compiling rand_core v0.10.1
[INFO] [stderr]    Compiling axum-core v0.5.6
[INFO] [stderr]    Compiling clap v4.6.2
[INFO] [stderr]    Compiling rust-embed-impl v8.12.0
[INFO] [stderr]    Compiling askama_macros v0.16.0
[INFO] [stderr]    Compiling gethostname v1.1.0
[INFO] [stderr]    Compiling opentelemetry-otlp v0.32.0
[INFO] [stderr]    Compiling tracing-opentelemetry v0.33.0
[INFO] [stderr]    Compiling opentelemetry-appender-tracing v0.32.0
[INFO] [stderr]    Compiling serde_path_to_error v0.1.20
[INFO] [stderr]    Compiling axum-macros v0.5.1
[INFO] [stderr]    Compiling brust-web v0.1.27 (/opt/rustwide/workdir/crates/brust-web)
[INFO] [stderr]    Compiling sysinfo v0.39.6
[INFO] [stderr]    Compiling matchit v0.8.4
[INFO] [stderr]    Compiling opentelemetry-semantic-conventions v0.32.1
[INFO] [stderr] warning: brust-web@0.1.27: CSS pipeline stub mode: emitting empty assets.
[INFO] [stderr]    Compiling rust-embed v8.12.0
[INFO] [stderr]    Compiling askama v0.16.0
[INFO] [stderr]    Compiling axum v0.8.9
[INFO] [stderr]    Compiling chacha20 v0.10.1
[INFO] [stderr]    Compiling tower-http v0.7.0
[INFO] [stderr]    Compiling brust v0.1.27 (/opt/rustwide/workdir/crates/brust)
[INFO] [stderr]    Compiling rand v0.10.2
[INFO] [stderr] warning: unused dependency `serde`
[INFO] [stderr]   --> crates/brust/Cargo.toml:57:1
[INFO] [stderr]    |
[INFO] [stderr] 57 | serde.workspace = true
[INFO] [stderr]    | ^^^^^
[INFO] [stderr]    |
[INFO] [stderr]    = note: `cargo::unused_dependencies` is set to `warn` by default
[INFO] [stderr] help: consider removing the dependency on `serde`
[INFO] [stderr] warning: unused dependency `serde_json`
[INFO] [stderr]   --> crates/brust/Cargo.toml:58:1
[INFO] [stderr]    |
[INFO] [stderr] 58 | serde_json.workspace = true
[INFO] [stderr]    | ^^^^^^^^^^
[INFO] [stderr]    |
[INFO] [stderr] help: consider removing the dependency on `serde_json`
[INFO] [stderr] warning: `brust` (manifest) generated 2 warnings
[INFO] [stderr] warning: unused dependency `sysinfo`
[INFO] [stderr]   --> crates/brust-web/Cargo.toml:52:1
[INFO] [stderr]    |
[INFO] [stderr] 52 | sysinfo = { workspace = true, optional = true }
[INFO] [stderr]    | ^^^^^^^^^^^^^^^^^^^^^^^^^^^^^^^^^^^^^^^^^^^^^^^
[INFO] [stderr]    |
[INFO] [stderr]    = note: `cargo::unused_dependencies` is set to `warn` by default
[INFO] [stderr] help: consider removing the dependency on `sysinfo`
[INFO] [stderr] warning: `brust-web` (manifest) generated 1 warning
[INFO] [stderr]     Finished `dev` profile [optimized + debuginfo] target(s) in 5m 54s
[INFO] running `Command { std: "docker" "inspect" "3e3bd6c2f5f8c26026569055f11b98f047a1f5412c08c6af63c4ff401919acc0", kill_on_drop: false }`
[INFO] running `Command { std: "docker" "exec" "-e" "SOURCE_DIR=/opt/rustwide/workdir" "-e" "CARGO_HOME=/opt/rustwide/cargo-home" "-e" "RUSTUP_HOME=/opt/rustwide/rustup-home" "-e" "CARGO_TARGET_DIR=/opt/rustwide/target" "-e" "CARGO_INCREMENTAL=0" "-e" "RUST_BACKTRACE=full" "-e" "RUSTFLAGS=--cap-lints=warn" "-e" "RUSTDOCFLAGS=--cap-lints=warn" "-w" "/opt/rustwide/workdir" "--user" "0:0" "3e3bd6c2f5f8c26026569055f11b98f047a1f5412c08c6af63c4ff401919acc0" "/opt/rustwide/cargo-home/bin/cargo" "+1.100.0-beta.1" "test" "--frozen" "--no-run" "--message-format=json", kill_on_drop: false }`
[INFO] [stderr] warning: Cargo.toml: `lints.clippy.cargo-common-metadata` is deprecated in favor of `lints.clippy.cargo_common_metadata` and will not work in a future edition
[INFO] [stderr] warning: Cargo.toml: `lints.clippy.multiple-crate-versions` is deprecated in favor of `lints.clippy.multiple_crate_versions` and will not work in a future edition
[INFO] [stderr] warning: workspace (manifest) generated 2 warnings
[INFO] [stderr] warning: crates/brust/Cargo.toml: `lints.clippy.cargo-common-metadata` is deprecated in favor of `lints.clippy.cargo_common_metadata` and will not work in a future edition
[INFO] [stderr] warning: crates/brust/Cargo.toml: `lints.clippy.multiple-crate-versions` is deprecated in favor of `lints.clippy.multiple_crate_versions` and will not work in a future edition
[INFO] [stderr] warning: `brust` (manifest) generated 2 warnings
[INFO] [stderr] warning: crates/brust-web/Cargo.toml: `lints.clippy.cargo-common-metadata` is deprecated in favor of `lints.clippy.cargo_common_metadata` and will not work in a future edition
[INFO] [stderr] warning: crates/brust-web/Cargo.toml: `lints.clippy.multiple-crate-versions` is deprecated in favor of `lints.clippy.multiple_crate_versions` and will not work in a future edition
[INFO] [stderr] warning: `brust-web` (manifest) generated 2 warnings
[INFO] [stderr]    Compiling aho-corasick v1.1.4
[INFO] [stderr]    Compiling regex-syntax v0.8.11
[INFO] [stderr]    Compiling bitflags v2.13.0
[INFO] [stderr]    Compiling opentelemetry v0.32.0
[INFO] [stderr]    Compiling rustix v1.1.4
[INFO] [stderr]    Compiling autocfg v1.5.1
[INFO] [stderr]    Compiling predicates-core v1.0.10
[INFO] [stderr]    Compiling difflib v0.4.0
[INFO] [stderr]    Compiling tower-http v0.6.11
[INFO] [stderr]    Compiling normalize-line-endings v0.3.0
[INFO] [stderr]    Compiling assert_cmd v2.2.2
[INFO] [stderr]    Compiling num-traits v0.2.19
[INFO] [stderr]    Compiling termtree v0.5.1
[INFO] [stderr]    Compiling reqwest v0.13.4
[INFO] [stderr]    Compiling opentelemetry_sdk v0.32.1
[INFO] [stderr]    Compiling float-cmp v0.10.0
[INFO] [stderr]    Compiling predicates-tree v1.0.13
[INFO] [stderr]    Compiling wait-timeout v0.2.1
[INFO] [stderr]    Compiling regex-automata v0.4.14
[INFO] [stderr]    Compiling opentelemetry-proto v0.32.0
[INFO] [stderr]    Compiling opentelemetry-http v0.32.0
[INFO] [stderr]    Compiling gethostname v1.1.0
[INFO] [stderr]    Compiling opentelemetry-otlp v0.32.0
[INFO] [stderr] warning: brust-web@0.1.27: CSS pipeline stub mode: emitting empty assets.
[INFO] [stderr]    Compiling tower-http v0.7.0
[INFO] [stderr]    Compiling fastrand v2.4.1
[INFO] [stderr]    Compiling tempfile v3.27.0
[INFO] [stderr]    Compiling matchers v0.2.0
[INFO] [stderr]    Compiling tracing-subscriber v0.3.23
[INFO] [stderr]    Compiling regex v1.12.4
[INFO] [stderr]    Compiling bstr v1.12.3
[INFO] [stderr]    Compiling tracing-mock v0.1.0-beta.3
[INFO] [stderr]    Compiling tracing-opentelemetry v0.33.0
[INFO] [stderr]    Compiling opentelemetry-appender-tracing v0.32.0
[INFO] [stderr]    Compiling predicates v3.1.4
[INFO] [stderr]    Compiling brust-web v0.1.27 (/opt/rustwide/workdir/crates/brust-web)
[INFO] [stderr]    Compiling brust v0.1.27 (/opt/rustwide/workdir/crates/brust)
[INFO] [stderr] warning: unused dependency `sysinfo`
[INFO] [stderr]   --> crates/brust-web/Cargo.toml:52:1
[INFO] [stderr]    |
[INFO] [stderr] 52 | sysinfo = { workspace = true, optional = true }
[INFO] [stderr]    | ^^^^^^^^^^^^^^^^^^^^^^^^^^^^^^^^^^^^^^^^^^^^^^^
[INFO] [stderr]    |
[INFO] [stderr]    = note: `cargo::unused_dependencies` is set to `warn` by default
[INFO] [stderr] help: consider removing the dependency on `sysinfo`
[INFO] [stderr] warning: `brust-web` (manifest) generated 1 warning
[INFO] [stderr]     Finished `test` profile [optimized + debuginfo] target(s) in 3m 17s
[INFO] running `Command { std: "docker" "inspect" "3e3bd6c2f5f8c26026569055f11b98f047a1f5412c08c6af63c4ff401919acc0", kill_on_drop: false }`
[INFO] running `Command { std: "docker" "exec" "-e" "SOURCE_DIR=/opt/rustwide/workdir" "-e" "CARGO_HOME=/opt/rustwide/cargo-home" "-e" "RUSTUP_HOME=/opt/rustwide/rustup-home" "-e" "CARGO_TARGET_DIR=/opt/rustwide/target" "-e" "CARGO_INCREMENTAL=0" "-e" "RUST_BACKTRACE=full" "-e" "RUSTFLAGS=--cap-lints=warn" "-e" "RUSTDOCFLAGS=--cap-lints=warn" "-w" "/opt/rustwide/workdir" "--user" "0:0" "3e3bd6c2f5f8c26026569055f11b98f047a1f5412c08c6af63c4ff401919acc0" "/opt/rustwide/cargo-home/bin/cargo" "+1.100.0-beta.1" "test" "--frozen", kill_on_drop: false }`
[INFO] [stderr] warning: Cargo.toml: `lints.clippy.cargo-common-metadata` is deprecated in favor of `lints.clippy.cargo_common_metadata` and will not work in a future edition
[INFO] [stderr] warning: Cargo.toml: `lints.clippy.multiple-crate-versions` is deprecated in favor of `lints.clippy.multiple_crate_versions` and will not work in a future edition
[INFO] [stderr] warning: workspace (manifest) generated 2 warnings
[INFO] [stderr] warning: crates/brust/Cargo.toml: `lints.clippy.cargo-common-metadata` is deprecated in favor of `lints.clippy.cargo_common_metadata` and will not work in a future edition
[INFO] [stderr] warning: crates/brust/Cargo.toml: `lints.clippy.multiple-crate-versions` is deprecated in favor of `lints.clippy.multiple_crate_versions` and will not work in a future edition
[INFO] [stderr] warning: `brust` (manifest) generated 2 warnings
[INFO] [stderr] warning: crates/brust-web/Cargo.toml: `lints.clippy.cargo-common-metadata` is deprecated in favor of `lints.clippy.cargo_common_metadata` and will not work in a future edition
[INFO] [stderr] warning: crates/brust-web/Cargo.toml: `lints.clippy.multiple-crate-versions` is deprecated in favor of `lints.clippy.multiple_crate_versions` and will not work in a future edition
[INFO] [stderr] warning: `brust-web` (manifest) generated 2 warnings
[INFO] [stderr] warning: brust-web@0.1.27: CSS pipeline stub mode: emitting empty assets.
[INFO] [stderr] warning: unused dependency `sysinfo`
[INFO] [stderr]   --> crates/brust-web/Cargo.toml:52:1
[INFO] [stderr]    |
[INFO] [stderr] 52 | sysinfo = { workspace = true, optional = true }
[INFO] [stderr]    | ^^^^^^^^^^^^^^^^^^^^^^^^^^^^^^^^^^^^^^^^^^^^^^^
[INFO] [stderr]    |
[INFO] [stderr]    = note: `cargo::unused_dependencies` is set to `warn` by default
[INFO] [stderr] help: consider removing the dependency on `sysinfo`
[INFO] [stderr] warning: `brust-web` (manifest) generated 1 warning
[INFO] [stderr]     Finished `test` profile [optimized + debuginfo] target(s) in 0.50s
[INFO] [stderr]      Running unittests src/main.rs (/opt/rustwide/target/debug/build/brust/b6420a989483ded1/out/brust-b6420a989483ded1)
[INFO] [stdout] 
[INFO] [stdout] running 33 tests
[INFO] [stdout] test libs::count::tests::test_run_iterations_zero ... ok
[INFO] [stdout] test libs::hello::tests::test_greeting_error_display ... ok
[INFO] [stdout] test libs::hello::tests::test_sayhello_with_gender_man ... ok
[INFO] [stdout] test libs::hello::tests::test_sayhello_with_gender_empty_string ... ok
[INFO] [stdout] test libs::hello::tests::test_sayhello_with_gender_woman ... ok
[INFO] [stdout] test libs::hello::tests::test_sayhello_with_gender_invalid ... ok
[INFO] [stdout] test libs::hello::tests::test_sayhello_with_gender_none ... ok
[INFO] [stdout] test libs::http::tests::fetch_url_rejects_invalid_url ... ok
[INFO] [stdout] test libs::http::tests::fetch_url_rejects_empty_url ... ok
[INFO] [stdout] test telemetry::metrics::process::tests::disk_io_has_read_and_write_data_points ... ok
[INFO] [stdout] test telemetry::metrics::process::tests::process_handles_debug_format ... ok
[INFO] [stdout] test telemetry::metrics::process::tests::memory_usage_is_positive ... ok
[INFO] [stdout] test telemetry::metrics::tests::greeting_count_increments_with_attributes ... ok
[INFO] [stdout] test telemetry::metrics::tests::in_flight_counter_tracks_net_change ... ok
[INFO] [stdout] test telemetry::metrics::tests::http_request_duration_records_semconv_attributes ... ok
[INFO] [stdout] test telemetry::metrics::tests::iteration_histogram_records_all_durations ... ok
[INFO] [stdout] test tests::test_format_greeting_invalid_gender ... ok
[INFO] [stdout] test tests::test_format_greeting_ok ... ok
[INFO] [stdout] test tests::test_format_greeting_unknown_gender ... ok
[INFO] [stdout] test telemetry::metrics::process::tests::uptime_is_positive ... ok
[INFO] [stdout] test telemetry::metrics::process::tests::process_metrics_are_registered_and_flushed ... ok
[INFO] [stdout] test tests::test_run_with_custom_name ... ok
[INFO] [stdout] test telemetry::metrics::tests::meters_debug_format ... ok
[INFO] [stdout] test tests::test_run_with_default_name ... ok
[INFO] [stdout] test tests::test_run_with_empty_name ... ok
[INFO] [stdout] test tests::test_run_with_invalid_gender ... ok
[INFO] [stdout] test tests::test_run_with_gender_man ... ok
[INFO] [stdout] test tests::test_run_with_japanese_name ... ok
[INFO] [stdout] test tests::test_run_with_gender_woman ... ok
[INFO] [stdout] test libs::http::tests::fetch_url_connection_refused_returns_error ... ok
[INFO] [stdout] test libs::http::tests::fetch_url_success_records_metrics ... ok
[INFO] [stdout] test libs::count::tests::test_run_iterations_duration_range ... ok
[INFO] [stdout] test libs::count::tests::test_run_iterations_returns_correct_count ... ok
[INFO] [stderr]      Running tests/integration_test.rs (/opt/rustwide/target/debug/build/brust/705bc7a0caf243ba/out/integration_test-705bc7a0caf243ba)
[INFO] [stdout] 
[INFO] [stdout] test result: ok. 33 passed; 0 failed; 0 ignored; 0 measured; 0 filtered out; finished in 5.00s
[INFO] [stdout] 
[INFO] [stdout] 
[INFO] [stdout] running 15 tests
[INFO] [stdout] test test_cli_version_short_flag ... ok
[INFO] [stdout] test test_cli_version_flag ... ok
[INFO] [stdout] test test_cli_count_zero ... ok
[INFO] [stdout] test test_cli_url_fetch_success ... ok
[INFO] [stdout] test test_cli_url_fetch_connection_refused ... ok
[INFO] [stdout] test test_cli_with_invalid_gender ... ok
[INFO] [stdout] test test_cli_with_gender_short_flag ... ok
[INFO] [stdout] test test_cli_with_gender_man ... ok
[INFO] [stdout] test test_cli_with_custom_name ... ok
[INFO] [stdout] test test_cli_with_gender_woman ... ok
[INFO] [stdout] test test_cli_without_gender ... ok
[INFO] [stdout] test test_cli_with_short_flag ... ok
[INFO] [stdout] test test_cli_otel_init_and_shutdown ... ok
[INFO] [stdout] test test_cli_count_basic ... ok
[INFO] [stderr]      Running unittests src/lib.rs (/opt/rustwide/target/debug/build/brust-web/facc91c9607f30ab/out/brust_web-facc91c9607f30ab)
[INFO] [stdout] test test_cli_count_with_name ... ok
[INFO] [stdout] 
[INFO] [stdout] test result: ok. 15 passed; 0 failed; 0 ignored; 0 measured; 0 filtered out; finished in 4.10s
[INFO] [stdout] 
[INFO] [stdout] 
[INFO] [stdout] running 21 tests
[INFO] [stdout] test telemetry::metrics::tests::meters_default_is_same_as_new ... ok
[INFO] [stdout] test telemetry::tests::disabled_debug_format ... ok
[INFO] [stdout] test assets::tests::serve_css_returns_200_with_content_type ... ok
[INFO] [stdout] test telemetry::tests::disabled_shutdown_no_panic ... ok
[INFO] [stdout] test assets::tests::serve_htmx_returns_200_with_content_type ... ok
[INFO] [stdout] test telemetry::metrics::tests::meters_debug_format ... ok
[INFO] [stdout] test trace::tests::header_extractor_get_and_keys ... ok
[INFO] [stdout] test trace::tests::make_span_does_not_panic_on_minimal_request ... ok
[INFO] [stdout] test assets::tests::fonts_debug_format_contains_struct_name ... ok
[INFO] [stdout] test assets::tests::serve_font_200_woff2_with_cache_control ... ok
[INFO] [stdout] test trace::tests::make_span_does_not_panic_with_query_and_user_agent ... ok
[INFO] [stdout] test tests::app_version_is_not_empty ... ok
[INFO] [stdout] test trace::tests::on_response_5xx_records_error_type ... ok
[INFO] [stdout] test trace::tests::server_metrics_mw_no_matched_path_uses_uri ... ok
[INFO] [stdout] test telemetry::metrics::tests::meters_new_does_not_panic ... ok
[INFO] [stdout] test trace::tests::make_span_http_versions ... ok
[INFO] [stdout] test telemetry::tests::otlp_debug_format ... ok
[INFO] [stdout] test trace::tests::server_metrics_mw_records_5xx ... ok
[INFO] [stdout] test trace::tests::server_metrics_mw_records_without_panic ... ok
[INFO] [stdout] test telemetry::tests::otlp_shutdown_no_panic ... ok
[INFO] [stdout] test assets::tests::serve_font_404_for_nonexistent_file ... ok
[INFO] [stdout] 
[INFO] [stdout] test result: ok. 21 passed; 0 failed; 0 ignored; 0 measured; 0 filtered out; finished in 0.00s
[INFO] [stdout] 
[INFO] [stderr]      Running unittests src/main.rs (/opt/rustwide/target/debug/build/brust-web/75c2d87fc80c66ec/out/brust_web-75c2d87fc80c66ec)
[INFO] [stdout] 
[INFO] [stdout] running 0 tests
[INFO] [stdout] 
[INFO] [stdout] test result: ok. 0 passed; 0 failed; 0 ignored; 0 measured; 0 filtered out; finished in 0.00s
[INFO] [stdout] 
[INFO] [stderr]      Running tests/integration_test.rs (/opt/rustwide/target/debug/build/brust-web/9da1ca61f1e972e3/out/integration_test-9da1ca61f1e972e3)
[INFO] [stdout] 
[INFO] [stdout] running 6 tests
[INFO] [stdout] test static_css_returns_200 ... ok
[INFO] [stdout] test health_returns_200_with_json ... ok
[INFO] [stdout] test static_htmx_returns_200 ... ok
[INFO] [stdout] test index_returns_200_html ... ok
[INFO] [stdout] test version_subcommand_prints_version ... ok
[INFO] [stdout] test serve_subcommand_binds_and_responds ... ok
[INFO] [stdout] 
[INFO] [stdout] test result: ok. 6 passed; 0 failed; 0 ignored; 0 measured; 0 filtered out; finished in 0.04s
[INFO] [stdout] 
[INFO] [stderr]      Running tests/telemetry_integration.rs (/opt/rustwide/target/debug/build/brust-web/81dca328eef47ac7/out/telemetry_integration-81dca328eef47ac7)
[INFO] [stdout] 
[INFO] [stdout] running 2 tests
[INFO] [stdout] test init_telemetry_disabled_when_no_endpoint ... ok
[INFO] [stdout] test init_telemetry_otlp_variant_with_fake_receiver ... FAILED
[INFO] [stdout] 
[INFO] [stdout] failures:
[INFO] [stdout] 
[INFO] [stdout] ---- init_telemetry_otlp_variant_with_fake_receiver stdout ----
[INFO] [stdout] 
[INFO] [stdout] thread 'init_telemetry_otlp_variant_with_fake_receiver' (4649) panicked at crates/brust-web/tests/telemetry_integration.rs:57:56:
[INFO] [stdout] init_telemetry failed: failed to init tracing subscriber: a global default trace dispatcher has already been set
[INFO] [stdout] 
[INFO] [stdout] Stack backtrace:
[INFO] [stdout]    0: msg<alloc::string::String>
[INFO] [stdout]              at /opt/rustwide/cargo-home/registry/src/index.crates.io-1949cf8c6b5b557f/anyhow-1.0.103/src/backtrace.rs:10:14
[INFO] [stdout]    1: format_err
[INFO] [stdout]              at /opt/rustwide/cargo-home/registry/src/index.crates.io-1949cf8c6b5b557f/anyhow-1.0.103/src/lib.rs:690:13
[INFO] [stdout]    2: {closure#5}
[INFO] [stdout]              at ./src/telemetry/mod.rs:143:30
[INFO] [stdout]    3: map_err<(), tracing_subscriber::util::TryInitError, anyhow::Error, brust_web::telemetry::init_telemetry::{closure_env#5}>
[INFO] [stdout]              at /rustc/e3feeb59cd1bdd011a2bfcc0747b55125d9b8527/library/core/src/result.rs:967:27
[INFO] [stdout]    4: init_telemetry
[INFO] [stdout]              at ./src/telemetry/mod.rs:143:18
[INFO] [stdout]    5: init_telemetry_otlp_variant_with_fake_receiver
[INFO] [stdout]              at ./tests/telemetry_integration.rs:57:17
[INFO] [stdout]    6: {closure#0}
[INFO] [stdout]              at ./tests/telemetry_integration.rs:44:52
[INFO] [stdout]    7: call_once<telemetry_integration::init_telemetry_otlp_variant_with_fake_receiver::{closure_env#0}, ()>
[INFO] [stdout]              at /rustc/e3feeb59cd1bdd011a2bfcc0747b55125d9b8527/library/core/src/ops/function.rs:250:5
[INFO] [stdout]    8: <fn() -> core::result::Result<(), alloc::string::String> as core::ops::function::FnOnce<()>>::call_once
[INFO] [stdout]              at /rustc/e3feeb59cd1bdd011a2bfcc0747b55125d9b8527/library/core/src/ops/function.rs:250:5
[INFO] [stdout]    9: test::__rust_begin_short_backtrace::<core::result::Result<(), alloc::string::String>, fn() -> core::result::Result<(), alloc::string::String>>
[INFO] [stdout]              at /rustc/e3feeb59cd1bdd011a2bfcc0747b55125d9b8527/library/test/src/lib.rs:701:18
[INFO] [stdout]   10: test::run_test_in_process::{closure#0}
[INFO] [stdout]              at /rustc/e3feeb59cd1bdd011a2bfcc0747b55125d9b8527/library/test/src/lib.rs:724:74
[INFO] [stdout]   11: <core::panic::unwind_safe::AssertUnwindSafe<test::run_test_in_process::{closure#0}> as core::ops::function::FnOnce<()>>::call_once
[INFO] [stdout]              at /rustc/e3feeb59cd1bdd011a2bfcc0747b55125d9b8527/library/core/src/panic/unwind_safe.rs:275:9
[INFO] [stdout]   12: std::panicking::catch_unwind::do_call::<core::panic::unwind_safe::AssertUnwindSafe<test::run_test_in_process::{closure#0}>, core::result::Result<(), alloc::string::String>>
[INFO] [stdout]              at /rustc/e3feeb59cd1bdd011a2bfcc0747b55125d9b8527/library/std/src/panicking.rs:573:43
[INFO] [stdout]   13: std::panicking::catch_unwind::<core::result::Result<(), alloc::string::String>, core::panic::unwind_safe::AssertUnwindSafe<test::run_test_in_process::{closure#0}>>
[INFO] [stdout]              at /rustc/e3feeb59cd1bdd011a2bfcc0747b55125d9b8527/library/std/src/panicking.rs:541:19
[INFO] [stdout]   14: std::panic::catch_unwind::<core::panic::unwind_safe::AssertUnwindSafe<test::run_test_in_process::{closure#0}>, core::result::Result<(), alloc::string::String>>
[INFO] [stdout]              at /rustc/e3feeb59cd1bdd011a2bfcc0747b55125d9b8527/library/std/src/panic.rs:359:14
[INFO] [stdout]   15: test::run_test_in_process
[INFO] [stdout]              at /rustc/e3feeb59cd1bdd011a2bfcc0747b55125d9b8527/library/test/src/lib.rs:724:27
[INFO] [stdout]   16: test::run_test::{closure#0}
[INFO] [stdout]              at /rustc/e3feeb59cd1bdd011a2bfcc0747b55125d9b8527/library/test/src/lib.rs:645:43
[INFO] [stdout]   17: test::run_test::{closure#1}
[INFO] [stdout]              at /rustc/e3feeb59cd1bdd011a2bfcc0747b55125d9b8527/library/test/src/lib.rs:675:41
[INFO] [stdout]   18: std::sys::backtrace::__rust_begin_short_backtrace::<test::run_test::{closure#1}, ()>
[INFO] [stdout]              at /rustc/e3feeb59cd1bdd011a2bfcc0747b55125d9b8527/library/std/src/sys/backtrace.rs:166:18
[INFO] [stdout]   19: std::thread::lifecycle::spawn_unchecked::<test::run_test::{closure#1}, ()>::{closure#1}::{closure#0}
[INFO] [stdout]              at /rustc/e3feeb59cd1bdd011a2bfcc0747b55125d9b8527/library/std/src/thread/lifecycle.rs:70:13
[INFO] [stdout]   20: <core::panic::unwind_safe::AssertUnwindSafe<std::thread::lifecycle::spawn_unchecked<test::run_test::{closure#1}, ()>::{closure#1}::{closure#0}> as core::ops::function::FnOnce<()>>::call_once
[INFO] [stdout]              at /rustc/e3feeb59cd1bdd011a2bfcc0747b55125d9b8527/library/core/src/panic/unwind_safe.rs:275:9
[INFO] [stdout]   21: std::panicking::catch_unwind::do_call::<core::panic::unwind_safe::AssertUnwindSafe<std::thread::lifecycle::spawn_unchecked<test::run_test::{closure#1}, ()>::{closure#1}::{closure#0}>, ()>
[INFO] [stdout]              at /rustc/e3feeb59cd1bdd011a2bfcc0747b55125d9b8527/library/std/src/panicking.rs:573:43
[INFO] [stdout]   22: std::panicking::catch_unwind::<(), core::panic::unwind_safe::AssertUnwindSafe<std::thread::lifecycle::spawn_unchecked<test::run_test::{closure#1}, ()>::{closure#1}::{closure#0}>>
[INFO] [stdout]              at /rustc/e3feeb59cd1bdd011a2bfcc0747b55125d9b8527/library/std/src/panicking.rs:541:19
[INFO] [stdout]   23: std::panic::catch_unwind::<core::panic::unwind_safe::AssertUnwindSafe<std::thread::lifecycle::spawn_unchecked<test::run_test::{closure#1}, ()>::{closure#1}::{closure#0}>, ()>
[INFO] [stdout]              at /rustc/e3feeb59cd1bdd011a2bfcc0747b55125d9b8527/library/std/src/panic.rs:359:14
[INFO] [stdout]   24: std::thread::lifecycle::spawn_unchecked::<test::run_test::{closure#1}, ()>::{closure#1}
[INFO] [stdout]              at /rustc/e3feeb59cd1bdd011a2bfcc0747b55125d9b8527/library/std/src/thread/lifecycle.rs:68:26
[INFO] [stdout]   25: <std::thread::lifecycle::spawn_unchecked<test::run_test::{closure#1}, ()>::{closure#1} as core::ops::function::FnOnce<()>>::call_once::{shim:vtable#0}
[INFO] [stdout]              at /rustc/e3feeb59cd1bdd011a2bfcc0747b55125d9b8527/library/core/src/ops/function.rs:250:5
[INFO] [stdout]   26: <alloc::boxed::Box<dyn core::ops::function::FnOnce<(), Output = ()> + core::marker::Send> as core::ops::function::FnOnce<()>>::call_once
[INFO] [stdout]              at /rustc/e3feeb59cd1bdd011a2bfcc0747b55125d9b8527/library/alloc/src/boxed.rs:2314:9
[INFO] [stdout]   27: <std::sys::thread::unix::Thread>::new::thread_start
[INFO] [stdout]              at /rustc/e3feeb59cd1bdd011a2bfcc0747b55125d9b8527/library/std/src/sys/thread/unix.rs:127:17
[INFO] [stdout]   28: <unknown>
[INFO] [stdout]   29: clone
[INFO] [stdout] stack backtrace:
[INFO] [stdout]    0:     0x5f9a0697b9d1 - std[617be2ca0a6fd877]::backtrace_rs::backtrace::libunwind::trace
[INFO] [stdout]                                at /rustc/e3feeb59cd1bdd011a2bfcc0747b55125d9b8527/library/std/src/../../backtrace/src/backtrace/libunwind.rs:117:9
[INFO] [stdout]    1:     0x5f9a0697b9d1 - std[617be2ca0a6fd877]::backtrace_rs::backtrace::trace_unsynchronized::<std[617be2ca0a6fd877]::sys::backtrace::_print_fmt::{closure#1}>
[INFO] [stdout]                                at /rustc/e3feeb59cd1bdd011a2bfcc0747b55125d9b8527/library/std/src/../../backtrace/src/backtrace/mod.rs:66:14
[INFO] [stdout]    2:     0x5f9a0697b9d1 - std[617be2ca0a6fd877]::sys::backtrace::_print_fmt
[INFO] [stdout]                                at /rustc/e3feeb59cd1bdd011a2bfcc0747b55125d9b8527/library/std/src/sys/backtrace.rs:74:9
[INFO] [stdout]    3:     0x5f9a0697b9d1 - <<std[617be2ca0a6fd877]::sys::backtrace::BacktraceLock>::print::DisplayBacktrace as core[a373ad73a504971]::fmt::Display>::fmt
[INFO] [stdout]                                at /rustc/e3feeb59cd1bdd011a2bfcc0747b55125d9b8527/library/std/src/sys/backtrace.rs:44:26
[INFO] [stdout]    4:     0x5f9a069946fa - <core[a373ad73a504971]::fmt::rt::Argument>::fmt
[INFO] [stdout]                                at /rustc/e3feeb59cd1bdd011a2bfcc0747b55125d9b8527/library/core/src/fmt/rt.rs:152:76
[INFO] [stdout]    5:     0x5f9a069946fa - core[a373ad73a504971]::fmt::write
[INFO] [stdout]    6:     0x5f9a06980ebc - core[a373ad73a504971]::io::write::default_write_fmt::<alloc[2e1b2a31b91974c5]::vec::Vec<u8>>
[INFO] [stdout]                                at /rustc/e3feeb59cd1bdd011a2bfcc0747b55125d9b8527/library/core/src/io/write.rs:402:11
[INFO] [stdout]    7:     0x5f9a06980ebc - <alloc[2e1b2a31b91974c5]::vec::Vec<u8> as core[a373ad73a504971]::io::write::Write>::write_fmt
[INFO] [stdout]                                at /rustc/e3feeb59cd1bdd011a2bfcc0747b55125d9b8527/library/core/src/io/write.rs:335:13
[INFO] [stdout]    8:     0x5f9a06954f36 - <std[617be2ca0a6fd877]::sys::backtrace::BacktraceLock>::print
[INFO] [stdout]                                at /rustc/e3feeb59cd1bdd011a2bfcc0747b55125d9b8527/library/std/src/sys/backtrace.rs:47:9
[INFO] [stdout]    9:     0x5f9a06954f36 - std[617be2ca0a6fd877]::panicking::default_hook::{closure#0}
[INFO] [stdout]                                at /rustc/e3feeb59cd1bdd011a2bfcc0747b55125d9b8527/library/std/src/panicking.rs:289:27
[INFO] [stdout]   10:     0x5f9a06972ba9 - std[617be2ca0a6fd877]::panicking::default_hook
[INFO] [stdout]                                at /rustc/e3feeb59cd1bdd011a2bfcc0747b55125d9b8527/library/std/src/panicking.rs:313:9
[INFO] [stdout]   11:     0x5f9a06541090 - <alloc[2e1b2a31b91974c5]::boxed::Box<dyn for<'a, 'b> core[a373ad73a504971]::ops::function::Fn<(&'a std[617be2ca0a6fd877]::panic::PanicHookInfo<'b>,), Output = ()> + core[a373ad73a504971]::marker::Sync + core[a373ad73a504971]::marker::Send> as core[a373ad73a504971]::ops::function::Fn<(&std[617be2ca0a6fd877]::panic::PanicHookInfo,)>>::call
[INFO] [stdout]                                at /rustc/e3feeb59cd1bdd011a2bfcc0747b55125d9b8527/library/alloc/src/boxed.rs:2328:9
[INFO] [stdout]   12:     0x5f9a06541090 - test[aada8e7e76ba119b]::test_main_inner::{closure#0}
[INFO] [stdout]                                at /rustc/e3feeb59cd1bdd011a2bfcc0747b55125d9b8527/library/test/src/lib.rs:137:21
[INFO] [stdout]   13:     0x5f9a06972ed2 - <alloc[2e1b2a31b91974c5]::boxed::Box<dyn for<'a, 'b> core[a373ad73a504971]::ops::function::Fn<(&'a std[617be2ca0a6fd877]::panic::PanicHookInfo<'b>,), Output = ()> + core[a373ad73a504971]::marker::Sync + core[a373ad73a504971]::marker::Send> as core[a373ad73a504971]::ops::function::Fn<(&std[617be2ca0a6fd877]::panic::PanicHookInfo,)>>::call
[INFO] [stdout]                                at /rustc/e3feeb59cd1bdd011a2bfcc0747b55125d9b8527/library/alloc/src/boxed.rs:2328:9
[INFO] [stdout]   14:     0x5f9a06972ed2 - std[617be2ca0a6fd877]::panicking::panic_with_hook
[INFO] [stdout]                                at /rustc/e3feeb59cd1bdd011a2bfcc0747b55125d9b8527/library/std/src/panicking.rs:819:13
[INFO] [stdout]   15:     0x5f9a06954fe2 - std[617be2ca0a6fd877]::panicking::panic_handler::{closure#0}
[INFO] [stdout]                                at /rustc/e3feeb59cd1bdd011a2bfcc0747b55125d9b8527/library/std/src/panicking.rs:685:13
[INFO] [stdout]   16:     0x5f9a0694d3a9 - std[617be2ca0a6fd877]::sys::backtrace::__rust_end_short_backtrace::<std[617be2ca0a6fd877]::panicking::panic_handler::{closure#0}, !>
[INFO] [stdout]                                at /rustc/e3feeb59cd1bdd011a2bfcc0747b55125d9b8527/library/std/src/sys/backtrace.rs:182:18
[INFO] [stdout]   17:     0x5f9a0695610d - __rustc[ea4f61d10b84890b]::rust_begin_unwind
[INFO] [stdout]                                at /rustc/e3feeb59cd1bdd011a2bfcc0747b55125d9b8527/library/std/src/panicking.rs:676:5
[INFO] [stdout]   18:     0x5f9a06994f5c - core[a373ad73a504971]::panicking::panic_fmt
[INFO] [stdout]                                at /rustc/e3feeb59cd1bdd011a2bfcc0747b55125d9b8527/library/core/src/panicking.rs:80:14
[INFO] [stdout]   19:     0x5f9a06994cb2 - core[a373ad73a504971]::result::unwrap_failed
[INFO] [stdout]                                at /rustc/e3feeb59cd1bdd011a2bfcc0747b55125d9b8527/library/core/src/result.rs:1870:5
[INFO] [stdout]   20:     0x5f9a06534187 - expect<brust_web::telemetry::TelemetryGuard, anyhow::Error>
[INFO] [stdout]                                at /rustc/e3feeb59cd1bdd011a2bfcc0747b55125d9b8527/library/core/src/result.rs:1184:23
[INFO] [stdout]   21:     0x5f9a06534187 - init_telemetry_otlp_variant_with_fake_receiver
[INFO] [stdout]                                at /opt/rustwide/workdir/crates/brust-web/tests/telemetry_integration.rs:57:56
[INFO] [stdout]   22:     0x5f9a06534187 - {closure#0}
[INFO] [stdout]                                at /opt/rustwide/workdir/crates/brust-web/tests/telemetry_integration.rs:44:52
[INFO] [stdout]   23:     0x5f9a06534187 - call_once<telemetry_integration::init_telemetry_otlp_variant_with_fake_receiver::{closure_env#0}, ()>
[INFO] [stdout]                                at /rustc/e3feeb59cd1bdd011a2bfcc0747b55125d9b8527/library/core/src/ops/function.rs:250:5
[INFO] [stdout]   24:     0x5f9a065344db - <fn() -> core[a373ad73a504971]::result::Result<(), alloc[2e1b2a31b91974c5]::string::String> as core[a373ad73a504971]::ops::function::FnOnce<()>>::call_once
[INFO] [stdout]                                at /rustc/e3feeb59cd1bdd011a2bfcc0747b55125d9b8527/library/core/src/ops/function.rs:250:5
[INFO] [stdout]   25:     0x5f9a065344db - test[aada8e7e76ba119b]::__rust_begin_short_backtrace::<core[a373ad73a504971]::result::Result<(), alloc[2e1b2a31b91974c5]::string::String>, fn() -> core[a373ad73a504971]::result::Result<(), alloc[2e1b2a31b91974c5]::string::String>>
[INFO] [stdout]                                at /rustc/e3feeb59cd1bdd011a2bfcc0747b55125d9b8527/library/test/src/lib.rs:701:18
[INFO] [stdout]   26:     0x5f9a065416b5 - test[aada8e7e76ba119b]::run_test_in_process::{closure#0}
[INFO] [stdout]                                at /rustc/e3feeb59cd1bdd011a2bfcc0747b55125d9b8527/library/test/src/lib.rs:724:74
[INFO] [stdout]   27:     0x5f9a065416b5 - <core[a373ad73a504971]::panic::unwind_safe::AssertUnwindSafe<test[aada8e7e76ba119b]::run_test_in_process::{closure#0}> as core[a373ad73a504971]::ops::function::FnOnce<()>>::call_once
[INFO] [stdout]                                at /rustc/e3feeb59cd1bdd011a2bfcc0747b55125d9b8527/library/core/src/panic/unwind_safe.rs:275:9
[INFO] [stdout]   28:     0x5f9a065416b5 - std[617be2ca0a6fd877]::panicking::catch_unwind::do_call::<core[a373ad73a504971]::panic::unwind_safe::AssertUnwindSafe<test[aada8e7e76ba119b]::run_test_in_process::{closure#0}>, core[a373ad73a504971]::result::Result<(), alloc[2e1b2a31b91974c5]::string::String>>
[INFO] [stdout]                                at /rustc/e3feeb59cd1bdd011a2bfcc0747b55125d9b8527/library/std/src/panicking.rs:573:43
[INFO] [stdout]   29:     0x5f9a065416b5 - std[617be2ca0a6fd877]::panicking::catch_unwind::<core[a373ad73a504971]::result::Result<(), alloc[2e1b2a31b91974c5]::string::String>, core[a373ad73a504971]::panic::unwind_safe::AssertUnwindSafe<test[aada8e7e76ba119b]::run_test_in_process::{closure#0}>>
[INFO] [stdout]                                at /rustc/e3feeb59cd1bdd011a2bfcc0747b55125d9b8527/library/std/src/panicking.rs:541:19
[INFO] [stdout]   30:     0x5f9a065416b5 - std[617be2ca0a6fd877]::panic::catch_unwind::<core[a373ad73a504971]::panic::unwind_safe::AssertUnwindSafe<test[aada8e7e76ba119b]::run_test_in_process::{closure#0}>, core[a373ad73a504971]::result::Result<(), alloc[2e1b2a31b91974c5]::string::String>>
[INFO] [stdout]                                at /rustc/e3feeb59cd1bdd011a2bfcc0747b55125d9b8527/library/std/src/panic.rs:359:14
[INFO] [stdout]   31:     0x5f9a065416b5 - test[aada8e7e76ba119b]::run_test_in_process
[INFO] [stdout]                                at /rustc/e3feeb59cd1bdd011a2bfcc0747b55125d9b8527/library/test/src/lib.rs:724:27
[INFO] [stdout]   32:     0x5f9a065416b5 - test[aada8e7e76ba119b]::run_test::{closure#0}
[INFO] [stdout]                                at /rustc/e3feeb59cd1bdd011a2bfcc0747b55125d9b8527/library/test/src/lib.rs:645:43
[INFO] [stdout]   33:     0x5f9a0653afa4 - test[aada8e7e76ba119b]::run_test::{closure#1}
[INFO] [stdout]                                at /rustc/e3feeb59cd1bdd011a2bfcc0747b55125d9b8527/library/test/src/lib.rs:675:41
[INFO] [stdout]   34:     0x5f9a0653afa4 - std[617be2ca0a6fd877]::sys::backtrace::__rust_begin_short_backtrace::<test[aada8e7e76ba119b]::run_test::{closure#1}, ()>
[INFO] [stdout]                                at /rustc/e3feeb59cd1bdd011a2bfcc0747b55125d9b8527/library/std/src/sys/backtrace.rs:166:18
[INFO] [stdout]   35:     0x5f9a06544742 - std[617be2ca0a6fd877]::thread::lifecycle::spawn_unchecked::<test[aada8e7e76ba119b]::run_test::{closure#1}, ()>::{closure#1}::{closure#0}
[INFO] [stdout]                                at /rustc/e3feeb59cd1bdd011a2bfcc0747b55125d9b8527/library/std/src/thread/lifecycle.rs:70:13
[INFO] [stdout]   36:     0x5f9a06544742 - <core[a373ad73a504971]::panic::unwind_safe::AssertUnwindSafe<std[617be2ca0a6fd877]::thread::lifecycle::spawn_unchecked<test[aada8e7e76ba119b]::run_test::{closure#1}, ()>::{closure#1}::{closure#0}> as core[a373ad73a504971]::ops::function::FnOnce<()>>::call_once
[INFO] [stdout]                                at /rustc/e3feeb59cd1bdd011a2bfcc0747b55125d9b8527/library/core/src/panic/unwind_safe.rs:275:9
[INFO] [stdout]   37:     0x5f9a06544742 - std[617be2ca0a6fd877]::panicking::catch_unwind::do_call::<core[a373ad73a504971]::panic::unwind_safe::AssertUnwindSafe<std[617be2ca0a6fd877]::thread::lifecycle::spawn_unchecked<test[aada8e7e76ba119b]::run_test::{closure#1}, ()>::{closure#1}::{closure#0}>, ()>
[INFO] [stdout]                                at /rustc/e3feeb59cd1bdd011a2bfcc0747b55125d9b8527/library/std/src/panicking.rs:573:43
[INFO] [stdout]   38:     0x5f9a06544742 - std[617be2ca0a6fd877]::panicking::catch_unwind::<(), core[a373ad73a504971]::panic::unwind_safe::AssertUnwindSafe<std[617be2ca0a6fd877]::thread::lifecycle::spawn_unchecked<test[aada8e7e76ba119b]::run_test::{closure#1}, ()>::{closure#1}::{closure#0}>>
[INFO] [stdout]                                at /rustc/e3feeb59cd1bdd011a2bfcc0747b55125d9b8527/library/std/src/panicking.rs:541:19
[INFO] [stdout]   39:     0x5f9a06544742 - std[617be2ca0a6fd877]::panic::catch_unwind::<core[a373ad73a504971]::panic::unwind_safe::AssertUnwindSafe<std[617be2ca0a6fd877]::thread::lifecycle::spawn_unchecked<test[aada8e7e76ba119b]::run_test::{closure#1}, ()>::{closure#1}::{closure#0}>, ()>
[INFO] [stdout]                                at /rustc/e3feeb59cd1bdd011a2bfcc0747b55125d9b8527/library/std/src/panic.rs:359:14
[INFO] [stdout]   40:     0x5f9a06544742 - std[617be2ca0a6fd877]::thread::lifecycle::spawn_unchecked::<test[aada8e7e76ba119b]::run_test::{closure#1}, ()>::{closure#1}
[INFO] [stdout]                                at /rustc/e3feeb59cd1bdd011a2bfcc0747b55125d9b8527/library/std/src/thread/lifecycle.rs:68:26
[INFO] [stdout]   41:     0x5f9a06544742 - <std[617be2ca0a6fd877]::thread::lifecycle::spawn_unchecked<test[aada8e7e76ba119b]::run_test::{closure#1}, ()>::{closure#1} as core[a373ad73a504971]::ops::function::FnOnce<()>>::call_once::{shim:vtable#0}
[INFO] [stdout]                                at /rustc/e3feeb59cd1bdd011a2bfcc0747b55125d9b8527/library/core/src/ops/function.rs:250:5
[INFO] [stdout]   42:     0x5f9a0697ac2f - <alloc[2e1b2a31b91974c5]::boxed::Box<dyn core[a373ad73a504971]::ops::function::FnOnce<(), Output = ()> + core[a373ad73a504971]::marker::Send> as core[a373ad73a504971]::ops::function::FnOnce<()>>::call_once
[INFO] [stdout]                                at /rustc/e3feeb59cd1bdd011a2bfcc0747b55125d9b8527/library/alloc/src/boxed.rs:2314:9
[INFO] [stdout]   43:     0x5f9a0697ac2f - <std[617be2ca0a6fd877]::sys::thread::unix::Thread>::new::thread_start
[INFO] [stdout]                                at /rustc/e3feeb59cd1bdd011a2bfcc0747b55125d9b8527/library/std/src/sys/thread/unix.rs:127:17
[INFO] [stdout]   44:     0x78060e3bcdfa - <unknown>
[INFO] [stdout]   45:     0x78060e4503d4 - clone
[INFO] [stdout]   46:                0x0 - <unknown>
[INFO] [stdout] 
[INFO] [stdout] 
[INFO] [stdout] failures:
[INFO] [stdout]     init_telemetry_otlp_variant_with_fake_receiver
[INFO] [stdout] 
[INFO] [stdout] test result: FAILED. 1 passed; 1 failed; 0 ignored; 0 measured; 0 filtered out; finished in 0.49s
[INFO] [stdout] 
[INFO] [stderr] error: test failed, to rerun pass `-p brust-web --test telemetry_integration`
[INFO] running `Command { std: "docker" "inspect" "3e3bd6c2f5f8c26026569055f11b98f047a1f5412c08c6af63c4ff401919acc0", kill_on_drop: false }`
[INFO] running `Command { std: "docker" "rm" "-f" "3e3bd6c2f5f8c26026569055f11b98f047a1f5412c08c6af63c4ff401919acc0", kill_on_drop: false }`
[INFO] [stdout] 3e3bd6c2f5f8c26026569055f11b98f047a1f5412c08c6af63c4ff401919acc0
