[INFO] cloning repository https://github.com/lukasfri/mergiraf
[INFO] running `Command { std: "git" "-c" "credential.helper=" "-c" "credential.helper=/workspace/cargo-home/bin/git-credential-null" "clone" "--bare" "https://github.com/lukasfri/mergiraf" "/workspace/cache/git-repos/https%3A%2F%2Fgithub.com%2Flukasfri%2Fmergiraf", kill_on_drop: false }`
[INFO] [stderr] Cloning into bare repository '/workspace/cache/git-repos/https%3A%2F%2Fgithub.com%2Flukasfri%2Fmergiraf'...
[INFO] running `Command { std: "git" "rev-parse" "HEAD", kill_on_drop: false }`
[INFO] [stdout] f4f3a654fd4ccf0b6596184e975959fb68817602
[INFO] testing lukasfri/mergiraf/f4f3a654fd4ccf0b6596184e975959fb68817602 against 1.100.0-beta.1 for beta-1.100-2
[INFO] running `Command { std: "git" "clone" "/workspace/cache/git-repos/https%3A%2F%2Fgithub.com%2Flukasfri%2Fmergiraf" "/workspace/builds/worker-7-tc2/source", kill_on_drop: false }`
[INFO] [stderr] Cloning into '/workspace/builds/worker-7-tc2/source'...
[INFO] [stderr] done.
[INFO] removed /workspace/builds/worker-7-tc2/source/.cargo/config.toml
[INFO] started tweaking git repo https://github.com/lukasfri/mergiraf
[INFO] finished tweaking git repo https://github.com/lukasfri/mergiraf
[INFO] tweaked toml for git repo https://github.com/lukasfri/mergiraf written to /workspace/builds/worker-7-tc2/source/Cargo.toml
[INFO] validating manifest of git repo https://github.com/lukasfri/mergiraf on toolchain 1.100.0-beta.1
[INFO] running `Command { std: CARGO_HOME="/workspace/cargo-home" RUSTUP_HOME="/workspace/rustup-home" "/workspace/cargo-home/bin/cargo" "+1.100.0-beta.1" "metadata" "--manifest-path" "Cargo.toml" "--no-deps", kill_on_drop: false }`
[INFO] crate git repo https://github.com/lukasfri/mergiraf already has a lockfile, it will not be regenerated
[INFO] running `Command { std: CARGO_HOME="/workspace/cargo-home" RUSTUP_HOME="/workspace/rustup-home" "/workspace/cargo-home/bin/cargo" "+1.100.0-beta.1" "fetch" "--manifest-path" "Cargo.toml", kill_on_drop: false }`
[INFO] [stderr] warning: missing `[lints]` to inherit `[workspace.lints]`
[INFO] [stderr]    --> Cargo.toml
[INFO] [stderr]     = note: `cargo::missing_lints_inheritance` is set to `warn` by default
[INFO] [stderr] help: to inherit `workspace.lints, add:
[INFO] [stderr]     |
[INFO] [stderr] 197 ~ use_self = "warn"
[INFO] [stderr] 198 + [lints]
[INFO] [stderr] 199 + workspace = true
[INFO] [stderr]     |
[INFO] [stderr] help: to clarify your intent to not inherit, add:
[INFO] [stderr]     |
[INFO] [stderr] 197 ~ use_self = "warn"
[INFO] [stderr] 198 + [lints]
[INFO] [stderr]     |
[INFO] [stderr] warning: `package.homepage` is redundant with `package.documentation`
[INFO] [stderr]    --> Cargo.toml:126:12
[INFO] [stderr]     |
[INFO] [stderr] 124 | documentation = "https://mergiraf.org/"
[INFO] [stderr]     |                 -----------------------
[INFO] [stderr] 125 | edition = "2024"
[INFO] [stderr] 126 | homepage = "https://mergiraf.org/"
[INFO] [stderr]     |            ^^^^^^^^^^^^^^^^^^^^^^^
[INFO] [stderr]     |
[INFO] [stderr]     = note: `cargo::redundant_homepage` is set to `warn` by default
[INFO] [stderr] help: consider removing `package.homepage`
[INFO] [stderr] warning: unused build dependency `cc`
[INFO] [stderr]  --> Cargo.toml:2:1
[INFO] [stderr]   |
[INFO] [stderr] 2 | cc = ">=1.1"
[INFO] [stderr]   | ^^^^^^^^^^^^
[INFO] [stderr]   |
[INFO] [stderr]   = note: `cargo::unused_dependencies` is set to `warn` by default
[INFO] [stderr] help: consider removing the dependency on `cc`
[INFO] [stderr] warning: `mergiraf` (manifest) generated 3 warnings
[INFO] running `Command { std: "docker" "create" "-v" "/var/lib/crater-agent-workspace/builds/worker-7-tc2/source:/opt/rustwide/workdir:ro,Z" "-v" "/var/lib/crater-agent-workspace/builds/worker-7-tc2/target:/opt/rustwide/target:rw,Z" "-v" "/var/lib/crater-agent-workspace/cargo-home:/opt/rustwide/cargo-home:ro,Z" "-v" "/var/lib/crater-agent-workspace/rustup-home:/opt/rustwide/rustup-home:ro,Z" "-m" "1610612736" "--network" "none" "ghcr.io/rust-lang/crates-build-env/linux@sha256:3111399a4047eeb3a02b7a90e478d715f38a8c6669b5c4b49d30a17385265909" "sleep" "infinity", kill_on_drop: false }`
[INFO] [stdout] 5617de45529d9003db17217aff0df100abc80e606f1d9dc46046aab55ae2b1ad
[INFO] running `Command { std: "docker" "start" "5617de45529d9003db17217aff0df100abc80e606f1d9dc46046aab55ae2b1ad", kill_on_drop: false }`
[INFO] running `Command { std: "docker" "inspect" "5617de45529d9003db17217aff0df100abc80e606f1d9dc46046aab55ae2b1ad", kill_on_drop: false }`
[INFO] running `Command { std: "docker" "exec" "-e" "SOURCE_DIR=/opt/rustwide/workdir" "-e" "CARGO_HOME=/opt/rustwide/cargo-home" "-e" "RUSTUP_HOME=/opt/rustwide/rustup-home" "-e" "CARGO_TARGET_DIR=/opt/rustwide/target" "-w" "/opt/rustwide/workdir" "--user" "0:0" "5617de45529d9003db17217aff0df100abc80e606f1d9dc46046aab55ae2b1ad" "/opt/rustwide/cargo-home/bin/cargo" "+1.100.0-beta.1" "metadata" "--no-deps" "--format-version=1", kill_on_drop: false }`
[INFO] running `Command { std: "docker" "inspect" "5617de45529d9003db17217aff0df100abc80e606f1d9dc46046aab55ae2b1ad", kill_on_drop: false }`
[INFO] running `Command { std: "docker" "exec" "-e" "SOURCE_DIR=/opt/rustwide/workdir" "-e" "CARGO_HOME=/opt/rustwide/cargo-home" "-e" "RUSTUP_HOME=/opt/rustwide/rustup-home" "-e" "CARGO_TARGET_DIR=/opt/rustwide/target" "-e" "CARGO_INCREMENTAL=0" "-e" "RUST_BACKTRACE=full" "-e" "RUSTFLAGS=--cap-lints=warn" "-e" "RUSTDOCFLAGS=--cap-lints=warn" "-w" "/opt/rustwide/workdir" "--user" "0:0" "5617de45529d9003db17217aff0df100abc80e606f1d9dc46046aab55ae2b1ad" "/opt/rustwide/cargo-home/bin/cargo" "+1.100.0-beta.1" "build" "--frozen" "--message-format=json", kill_on_drop: false }`
[INFO] [stderr] warning: missing `[lints]` to inherit `[workspace.lints]`
[INFO] [stderr]    --> Cargo.toml
[INFO] [stderr]     = note: `cargo::missing_lints_inheritance` is set to `warn` by default
[INFO] [stderr] help: to inherit `workspace.lints, add:
[INFO] [stderr]     |
[INFO] [stderr] 197 ~ use_self = "warn"
[INFO] [stderr] 198 + [lints]
[INFO] [stderr] 199 + workspace = true
[INFO] [stderr]     |
[INFO] [stderr] help: to clarify your intent to not inherit, add:
[INFO] [stderr]     |
[INFO] [stderr] 197 ~ use_self = "warn"
[INFO] [stderr] 198 + [lints]
[INFO] [stderr]     |
[INFO] [stderr] warning: `package.homepage` is redundant with `package.documentation`
[INFO] [stderr]    --> Cargo.toml:126:12
[INFO] [stderr]     |
[INFO] [stderr] 124 | documentation = "https://mergiraf.org/"
[INFO] [stderr]     |                 -----------------------
[INFO] [stderr] 125 | edition = "2024"
[INFO] [stderr] 126 | homepage = "https://mergiraf.org/"
[INFO] [stderr]     |            ^^^^^^^^^^^^^^^^^^^^^^^
[INFO] [stderr]     |
[INFO] [stderr]     = note: `cargo::redundant_homepage` is set to `warn` by default
[INFO] [stderr] help: consider removing `package.homepage`
[INFO] [stderr] warning: unused build dependency `cc`
[INFO] [stderr]  --> Cargo.toml:2:1
[INFO] [stderr]   |
[INFO] [stderr] 2 | cc = ">=1.1"
[INFO] [stderr]   | ^^^^^^^^^^^^
[INFO] [stderr]   |
[INFO] [stderr]   = note: `cargo::unused_dependencies` is set to `warn` by default
[INFO] [stderr] help: consider removing the dependency on `cc`
[INFO] [stderr] warning: `mergiraf` (manifest) generated 3 warnings
[INFO] [stderr]    Compiling find-msvc-tools v0.1.11
[INFO] [stderr]    Compiling tree-sitter-language v0.1.7
[INFO] [stderr]    Compiling quote v1.0.46
[INFO] [stderr]    Compiling cfg-if v1.0.4
[INFO] [stderr]    Compiling num-traits v0.2.19
[INFO] [stderr]    Compiling libc v0.2.186
[INFO] [stderr]    Compiling memchr v2.8.3
[INFO] [stderr]    Compiling serde_core v1.0.228
[INFO] [stderr]    Compiling hashbrown v0.17.1
[INFO] [stderr]    Compiling cc v1.4.3
[INFO] [stderr]    Compiling zerocopy v0.8.54
[INFO] [stderr]    Compiling serde_json v1.0.150
[INFO] [stderr]    Compiling equivalent v1.0.2
[INFO] [stderr]    Compiling syn v2.0.118
[INFO] [stderr]    Compiling syn v3.0.3
[INFO] [stderr]    Compiling indexmap v2.14.0
[INFO] [stderr]    Compiling zmij v1.0.23
[INFO] [stderr]    Compiling utf8parse v0.2.2
[INFO] [stderr]    Compiling itoa v1.0.18
[INFO] [stderr]    Compiling either v1.17.0
[INFO] [stderr]    Compiling anstyle-parse v1.0.0
[INFO] [stderr]    Compiling getrandom v0.3.4
[INFO] [stderr]    Compiling aho-corasick v1.1.4
[INFO] [stderr]    Compiling anstyle-query v1.1.5
[INFO] [stderr]    Compiling hashbrown v0.12.3
[INFO] [stderr]    Compiling anstyle v1.0.14
[INFO] [stderr]    Compiling regex-syntax v0.8.11
[INFO] [stderr]    Compiling colorchoice v1.0.5
[INFO] [stderr]    Compiling log v0.4.33
[INFO] [stderr]    Compiling foldhash v0.1.5
[INFO] [stderr]    Compiling is_terminal_polyfill v1.70.2
[INFO] [stderr]    Compiling indexmap v1.9.3
[INFO] [stderr]    Compiling anstream v1.0.0
[INFO] [stderr]    Compiling hashbrown v0.15.5
[INFO] [stderr]    Compiling tree-sitter-cmake v0.7.4
[INFO] [stderr]    Compiling tree-sitter-cpp v0.23.4
[INFO] [stderr]    Compiling tree-sitter-devicetree v0.15.0
[INFO] [stderr]    Compiling tree-sitter-scala v0.26.2
[INFO] [stderr]    Compiling tree-sitter-scheme v0.24.7
[INFO] [stderr]    Compiling tree-sitter-solidity v1.2.13
[INFO] [stderr]    Compiling tree-sitter-starlark v1.3.0
[INFO] [stderr]    Compiling tree-sitter-dart-orchard v0.6.0
[INFO] [stderr]    Compiling tree-sitter-systemverilog v0.4.0
[INFO] [stderr]    Compiling tree-sitter-c-sharp v0.23.5
[INFO] [stderr]    Compiling tree-sitter-lua v0.5.0
[INFO] [stderr]    Compiling tree-sitter-make v1.1.1
[INFO] [stderr]    Compiling tree-sitter-elixir v0.3.5
[INFO] [stderr]    Compiling tree-sitter-matlab v1.3.0
[INFO] [stderr]    Compiling regex-automata v0.4.16
[INFO] [stderr]    Compiling tree-sitter-erlang v0.20.0
[INFO] [stderr]    Compiling thiserror-impl v1.0.69
[INFO] [stderr]    Compiling tree-sitter-md v0.5.3
[INFO] [stderr]    Compiling tree-sitter-fortran v0.6.0
[INFO] [stderr]    Compiling tree-sitter-nix v0.3.0
[INFO] [stderr]    Compiling tree-sitter-gleam v1.0.0
[INFO] [stderr]    Compiling tree-sitter-ocaml v0.25.0
[INFO] [stderr]    Compiling tree-sitter v0.26.12
[INFO] [stderr]    Compiling tree-sitter-c v0.24.2
[INFO] [stderr]    Compiling tree-sitter-go v0.25.0
[INFO] [stderr]    Compiling tree-sitter-php v0.24.2
[INFO] [stderr]    Compiling tree-sitter-gomod-orchard v0.5.3
[INFO] [stderr]    Compiling tree-sitter-properties v0.3.0
[INFO] [stderr]    Compiling tree-sitter-gosum-orchard v0.3.3
[INFO] [stderr]    Compiling tree-sitter-python-orchard v0.4.3
[INFO] [stderr]    Compiling tree-sitter-haskell v0.23.1
[INFO] [stderr]    Compiling tree-sitter-toml-ng v0.7.0
[INFO] [stderr]    Compiling tree-sitter-r v1.3.0
[INFO] [stderr]    Compiling tree-sitter-typescript v0.23.2
[INFO] [stderr]    Compiling tree-sitter-hcl v1.1.0
[INFO] [stderr]    Compiling tree-sitter-requirements v0.6.1
[INFO] [stderr]    Compiling tree-sitter-xml v0.7.0
[INFO] [stderr]    Compiling tree-sitter-html v0.23.2
[INFO] [stderr]    Compiling tree-sitter-ruby v0.23.1
[INFO] [stderr]    Compiling tree-sitter-yaml v0.7.2
[INFO] [stderr]    Compiling tree-sitter-ini v1.4.0
[INFO] [stderr]    Compiling tree-sitter-rust-orchard v0.16.8
[INFO] [stderr]    Compiling tree-sitter-java-orchard v0.5.15
[INFO] [stderr]    Compiling tree-sitter-javascript v0.25.0
[INFO] [stderr]    Compiling tree-sitter-json v0.24.8
[INFO] [stderr]    Compiling tree-sitter-kotlin-ng v1.1.0
[INFO] [stderr]    Compiling tree-sitter-bash v0.25.1
[INFO] [stderr]    Compiling rand_core v0.9.5
[INFO] [stderr]    Compiling itertools v0.10.5
[INFO] [stderr]    Compiling crc32fast v1.5.0
[INFO] [stderr]    Compiling integer-sqrt v0.1.5
[INFO] [stderr]    Compiling thiserror v1.0.69
[INFO] [stderr]    Compiling fixedbitset v0.4.2
[INFO] [stderr]    Compiling zlib-rs v0.6.6
[INFO] [stderr]    Compiling ppv-lite86 v0.2.21
[INFO] [stderr]    Compiling strsim v0.11.1
[INFO] [stderr]    Compiling iana-time-zone v0.1.65
[INFO] [stderr]    Compiling bumpalo v3.20.3
[INFO] [stderr]    Compiling clap_lex v1.1.0
[INFO] [stderr]    Compiling simd-adler32 v0.3.9
[INFO] [stderr]    Compiling rustc-hash v1.1.0
[INFO] [stderr]    Compiling clap_builder v4.6.6
[INFO] [stderr]    Compiling rand_chacha v0.9.0
[INFO] [stderr]    Compiling pathfinding v3.0.14
[INFO] [stderr]    Compiling zopfli v0.8.3
[INFO] [stderr]    Compiling regex v1.13.1
[INFO] [stderr]    Compiling chrono v0.4.45
[INFO] [stderr]    Compiling clap_derive v4.6.4
[INFO] [stderr]    Compiling flate2 v1.1.9
[INFO] [stderr]    Compiling thiserror-impl v2.0.20
[INFO] [stderr]    Compiling serde_derive v1.0.228
[INFO] [stderr]    Compiling derive_more-impl v2.1.1
[INFO] [stderr]    Compiling derive_more v0.99.20
[INFO] [stderr]    Compiling imara-diff v0.1.8
[INFO] [stderr]    Compiling is-terminal v0.4.17
[INFO] [stderr]    Compiling thread_local v1.1.10
[INFO] [stderr]    Compiling termcolor v1.1.3
[INFO] [stderr]    Compiling typed-path v0.12.3
[INFO] [stderr]    Compiling streaming-iterator v0.1.9
[INFO] [stderr]    Compiling arrayvec v0.7.8
[INFO] [stderr]    Compiling nu-ansi-term v0.50.3
[INFO] [stderr]    Compiling diffy-imara v0.3.2
[INFO] [stderr]    Compiling zip v8.6.0
[INFO] [stderr]    Compiling tree-edit-distance v0.4.0
[INFO] [stderr]    Compiling stderrlog v0.6.0
[INFO] [stderr]    Compiling serde v1.0.228
[INFO] [stderr]    Compiling derive_more v2.1.1
[INFO] [stderr]    Compiling thiserror v2.0.20
[INFO] [stderr]    Compiling clap v4.6.6
[INFO] [stderr]    Compiling rand v0.9.5
[INFO] [stderr]    Compiling itertools v0.15.0
[INFO] [stderr]    Compiling etcetera v0.11.0
[INFO] [stderr]    Compiling nonempty-collections v1.4.0
[INFO] [stderr]    Compiling oneshot v0.2.1
[INFO] [stderr]    Compiling typed-arena v2.0.2
[INFO] [stderr]    Compiling rustc-hash v2.1.3
[INFO] [stderr]    Compiling mergiraf v0.19.0 (/opt/rustwide/workdir)
[INFO] [stderr]     Finished `dev` profile [unoptimized + debuginfo] target(s) in 46.13s
[INFO] running `Command { std: "docker" "inspect" "5617de45529d9003db17217aff0df100abc80e606f1d9dc46046aab55ae2b1ad", kill_on_drop: false }`
[INFO] running `Command { std: "docker" "exec" "-e" "SOURCE_DIR=/opt/rustwide/workdir" "-e" "CARGO_HOME=/opt/rustwide/cargo-home" "-e" "RUSTUP_HOME=/opt/rustwide/rustup-home" "-e" "CARGO_TARGET_DIR=/opt/rustwide/target" "-e" "CARGO_INCREMENTAL=0" "-e" "RUST_BACKTRACE=full" "-e" "RUSTFLAGS=--cap-lints=warn" "-e" "RUSTDOCFLAGS=--cap-lints=warn" "-w" "/opt/rustwide/workdir" "--user" "0:0" "5617de45529d9003db17217aff0df100abc80e606f1d9dc46046aab55ae2b1ad" "/opt/rustwide/cargo-home/bin/cargo" "+1.100.0-beta.1" "test" "--frozen" "--no-run" "--message-format=json", kill_on_drop: false }`
[INFO] [stderr] warning: missing `[lints]` to inherit `[workspace.lints]`
[INFO] [stderr]    --> Cargo.toml
[INFO] [stderr]     = note: `cargo::missing_lints_inheritance` is set to `warn` by default
[INFO] [stderr] help: to inherit `workspace.lints, add:
[INFO] [stderr]     |
[INFO] [stderr] 197 ~ use_self = "warn"
[INFO] [stderr] 198 + [lints]
[INFO] [stderr] 199 + workspace = true
[INFO] [stderr]     |
[INFO] [stderr] help: to clarify your intent to not inherit, add:
[INFO] [stderr]     |
[INFO] [stderr] 197 ~ use_self = "warn"
[INFO] [stderr] 198 + [lints]
[INFO] [stderr]     |
[INFO] [stderr] warning: `package.homepage` is redundant with `package.documentation`
[INFO] [stderr]    --> Cargo.toml:126:12
[INFO] [stderr]     |
[INFO] [stderr] 124 | documentation = "https://mergiraf.org/"
[INFO] [stderr]     |                 -----------------------
[INFO] [stderr] 125 | edition = "2024"
[INFO] [stderr] 126 | homepage = "https://mergiraf.org/"
[INFO] [stderr]     |            ^^^^^^^^^^^^^^^^^^^^^^^
[INFO] [stderr]     |
[INFO] [stderr]     = note: `cargo::redundant_homepage` is set to `warn` by default
[INFO] [stderr] help: consider removing `package.homepage`
[INFO] [stderr] warning: unused build dependency `cc`
[INFO] [stderr]  --> Cargo.toml:2:1
[INFO] [stderr]   |
[INFO] [stderr] 2 | cc = ">=1.1"
[INFO] [stderr]   | ^^^^^^^^^^^^
[INFO] [stderr]   |
[INFO] [stderr]   = note: `cargo::unused_dependencies` is set to `warn` by default
[INFO] [stderr] help: consider removing the dependency on `cc`
[INFO] [stderr] warning: `mergiraf` (manifest) generated 3 warnings
[INFO] [stderr]    Compiling tree-sitter-language v0.1.7
[INFO] [stderr]    Compiling syn v2.0.118
[INFO] [stderr]    Compiling num-traits v0.2.19
[INFO] [stderr]    Compiling serde_json v1.0.150
[INFO] [stderr]    Compiling regex-automata v0.4.16
[INFO] [stderr]    Compiling either v1.17.0
[INFO] [stderr]    Compiling zerocopy v0.8.54
[INFO] [stderr]    Compiling aho-corasick v1.1.4
[INFO] [stderr]    Compiling getrandom v0.4.3
[INFO] [stderr]    Compiling hashbrown v0.15.5
[INFO] [stderr]    Compiling itertools v0.10.5
[INFO] [stderr]    Compiling rstest_macros v0.26.1
[INFO] [stderr]    Compiling integer-sqrt v0.1.5
[INFO] [stderr]    Compiling bumpalo v3.20.3
[INFO] [stderr]    Compiling zlib-rs v0.6.6
[INFO] [stderr]    Compiling tree-sitter v0.26.12
[INFO] [stderr]    Compiling simd-adler32 v0.3.9
[INFO] [stderr]    Compiling predicates-core v1.0.10
[INFO] [stderr]    Compiling fixedbitset v0.4.2
[INFO] [stderr]    Compiling bitflags v2.13.0
[INFO] [stderr]    Compiling zopfli v0.8.3
[INFO] [stderr]    Compiling rustix v1.1.4
[INFO] [stderr]    Compiling chrono v0.4.45
[INFO] [stderr]    Compiling regex v1.13.1
[INFO] [stderr]    Compiling ppv-lite86 v0.2.21
[INFO] [stderr]    Compiling clap_builder v4.6.6
[INFO] [stderr]    Compiling rand_chacha v0.9.0
[INFO] [stderr]    Compiling imara-diff v0.1.8
[INFO] [stderr]    Compiling is-terminal v0.4.17
[INFO] [stderr]    Compiling relative-path v1.9.3
[INFO] [stderr]    Compiling arrayvec v0.7.8
[INFO] [stderr]    Compiling glob v0.3.3
[INFO] [stderr]    Compiling typed-path v0.12.3
[INFO] [stderr]    Compiling flate2 v1.1.9
[INFO] [stderr]    Compiling termcolor v1.1.3
[INFO] [stderr]    Compiling termtree v0.5.1
[INFO] [stderr]    Compiling assert_cmd v2.2.2
[INFO] [stderr]    Compiling difflib v0.4.0
[INFO] [stderr]    Compiling streaming-iterator v0.1.9
[INFO] [stderr]    Compiling thiserror-impl v1.0.69
[INFO] [stderr]    Compiling derive_more v0.99.20
[INFO] [stderr]    Compiling derive_more-impl v2.1.1
[INFO] [stderr]    Compiling serde_derive v1.0.228
[INFO] [stderr]    Compiling zip v8.6.0
[INFO] [stderr]    Compiling predicates v3.1.4
[INFO] [stderr]    Compiling derive_more v2.1.1
[INFO] [stderr]    Compiling clap v4.6.6
[INFO] [stderr]    Compiling thiserror v1.0.69
[INFO] [stderr]    Compiling pathfinding v3.0.14
[INFO] [stderr]    Compiling stderrlog v0.6.0
[INFO] [stderr]    Compiling tempfile v3.27.0
[INFO] [stderr]    Compiling predicates-tree v1.0.13
[INFO] [stderr]    Compiling tree-edit-distance v0.4.0
[INFO] [stderr]    Compiling diffy-imara v0.3.2
[INFO] [stderr]    Compiling rand v0.9.5
[INFO] [stderr]    Compiling bstr v1.12.3
[INFO] [stderr]    Compiling itertools v0.15.0
[INFO] [stderr]    Compiling thiserror v2.0.20
[INFO] [stderr]    Compiling tree-sitter-c v0.24.2
[INFO] [stderr]    Compiling tree-sitter-lua v0.5.0
[INFO] [stderr]    Compiling tree-sitter-make v1.1.1
[INFO] [stderr]    Compiling tree-sitter-matlab v1.3.0
[INFO] [stderr]    Compiling tree-sitter-php v0.24.2
[INFO] [stderr]    Compiling tree-sitter-bash v0.25.1
[INFO] [stderr]    Compiling tree-sitter-c-sharp v0.23.5
[INFO] [stderr]    Compiling tree-sitter-cmake v0.7.4
[INFO] [stderr]    Compiling tree-sitter-ocaml v0.25.0
[INFO] [stderr]    Compiling tree-sitter-properties v0.3.0
[INFO] [stderr]    Compiling tree-sitter-cpp v0.23.4
[INFO] [stderr]    Compiling tree-sitter-dart-orchard v0.6.0
[INFO] [stderr]    Compiling tree-sitter-python-orchard v0.4.3
[INFO] [stderr]    Compiling tree-sitter-r v1.3.0
[INFO] [stderr]    Compiling tree-sitter-requirements v0.6.1
[INFO] [stderr]    Compiling tree-sitter-devicetree v0.15.0
[INFO] [stderr]    Compiling tree-sitter-elixir v0.3.5
[INFO] [stderr]    Compiling tree-sitter-ruby v0.23.1
[INFO] [stderr]    Compiling tree-sitter-rust-orchard v0.16.8
[INFO] [stderr]    Compiling tree-sitter-scheme v0.24.7
[INFO] [stderr]    Compiling tree-sitter-erlang v0.20.0
[INFO] [stderr]    Compiling serde v1.0.228
[INFO] [stderr]    Compiling tree-sitter-fortran v0.6.0
[INFO] [stderr]    Compiling tree-sitter-go v0.25.0
[INFO] [stderr]    Compiling tree-sitter-scala v0.26.2
[INFO] [stderr]    Compiling tree-sitter-solidity v1.2.13
[INFO] [stderr]    Compiling tree-sitter-kotlin-ng v1.1.0
[INFO] [stderr]    Compiling tree-sitter-gleam v1.0.0
[INFO] [stderr]    Compiling tree-sitter-json v0.24.8
[INFO] [stderr]    Compiling tree-sitter-gomod-orchard v0.5.3
[INFO] [stderr]    Compiling tree-sitter-starlark v1.3.0
[INFO] [stderr]    Compiling tree-sitter-gosum-orchard v0.3.3
[INFO] [stderr]    Compiling tree-sitter-haskell v0.23.1
[INFO] [stderr]    Compiling tree-sitter-nix v0.3.0
[INFO] [stderr]    Compiling tree-sitter-systemverilog v0.4.0
[INFO] [stderr]    Compiling tree-sitter-toml-ng v0.7.0
[INFO] [stderr]    Compiling tree-sitter-hcl v1.1.0
[INFO] [stderr]    Compiling tree-sitter-html v0.23.2
[INFO] [stderr]    Compiling tree-sitter-typescript v0.23.2
[INFO] [stderr]    Compiling tree-sitter-xml v0.7.0
[INFO] [stderr]    Compiling tree-sitter-md v0.5.3
[INFO] [stderr]    Compiling tree-sitter-ini v1.4.0
[INFO] [stderr]    Compiling tree-sitter-java-orchard v0.5.15
[INFO] [stderr]    Compiling tree-sitter-javascript v0.25.0
[INFO] [stderr]    Compiling tree-sitter-yaml v0.7.2
[INFO] [stderr]    Compiling wait-timeout v0.2.1
[INFO] [stderr]    Compiling console v0.16.4
[INFO] [stderr]    Compiling etcetera v0.11.0
[INFO] [stderr]    Compiling nonempty-collections v1.4.0
[INFO] [stderr]    Compiling similar v2.7.0
[INFO] [stderr]    Compiling rustc-hash v2.1.3
[INFO] [stderr]    Compiling oneshot v0.2.1
[INFO] [stderr]    Compiling diff v0.1.13
[INFO] [stderr]    Compiling typed-arena v2.0.2
[INFO] [stderr]    Compiling yansi v1.0.1
[INFO] [stderr]    Compiling boxcar v0.2.14
[INFO] [stderr]    Compiling caplog v0.3.0
[INFO] [stderr]    Compiling pretty_assertions v1.4.1
[INFO] [stderr]    Compiling mergiraf v0.19.0 (/opt/rustwide/workdir)
[INFO] [stderr]    Compiling rstest v0.26.1
[INFO] [stderr]    Compiling insta v1.48.0
[INFO] [stderr]     Finished `test` profile [unoptimized + debuginfo] target(s) in 25.69s
[INFO] running `Command { std: "docker" "inspect" "5617de45529d9003db17217aff0df100abc80e606f1d9dc46046aab55ae2b1ad", kill_on_drop: false }`
[INFO] running `Command { std: "docker" "exec" "-e" "SOURCE_DIR=/opt/rustwide/workdir" "-e" "CARGO_HOME=/opt/rustwide/cargo-home" "-e" "RUSTUP_HOME=/opt/rustwide/rustup-home" "-e" "CARGO_TARGET_DIR=/opt/rustwide/target" "-e" "CARGO_INCREMENTAL=0" "-e" "RUST_BACKTRACE=full" "-e" "RUSTFLAGS=--cap-lints=warn" "-e" "RUSTDOCFLAGS=--cap-lints=warn" "-w" "/opt/rustwide/workdir" "--user" "0:0" "5617de45529d9003db17217aff0df100abc80e606f1d9dc46046aab55ae2b1ad" "/opt/rustwide/cargo-home/bin/cargo" "+1.100.0-beta.1" "test" "--frozen", kill_on_drop: false }`
[INFO] [stderr] warning: missing `[lints]` to inherit `[workspace.lints]`
[INFO] [stderr]    --> Cargo.toml
[INFO] [stderr]     = note: `cargo::missing_lints_inheritance` is set to `warn` by default
[INFO] [stderr] help: to inherit `workspace.lints, add:
[INFO] [stderr]     |
[INFO] [stderr] 197 ~ use_self = "warn"
[INFO] [stderr] 198 + [lints]
[INFO] [stderr] 199 + workspace = true
[INFO] [stderr]     |
[INFO] [stderr] help: to clarify your intent to not inherit, add:
[INFO] [stderr]     |
[INFO] [stderr] 197 ~ use_self = "warn"
[INFO] [stderr] 198 + [lints]
[INFO] [stderr]     |
[INFO] [stderr] warning: `package.homepage` is redundant with `package.documentation`
[INFO] [stderr]    --> Cargo.toml:126:12
[INFO] [stderr]     |
[INFO] [stderr] 124 | documentation = "https://mergiraf.org/"
[INFO] [stderr]     |                 -----------------------
[INFO] [stderr] 125 | edition = "2024"
[INFO] [stderr] 126 | homepage = "https://mergiraf.org/"
[INFO] [stderr]     |            ^^^^^^^^^^^^^^^^^^^^^^^
[INFO] [stderr]     |
[INFO] [stderr]     = note: `cargo::redundant_homepage` is set to `warn` by default
[INFO] [stderr] help: consider removing `package.homepage`
[INFO] [stderr] warning: unused build dependency `cc`
[INFO] [stderr]  --> Cargo.toml:2:1
[INFO] [stderr]   |
[INFO] [stderr] 2 | cc = ">=1.1"
[INFO] [stderr]   | ^^^^^^^^^^^^
[INFO] [stderr]   |
[INFO] [stderr]   = note: `cargo::unused_dependencies` is set to `warn` by default
[INFO] [stderr] help: consider removing the dependency on `cc`
[INFO] [stderr] warning: `mergiraf` (manifest) generated 3 warnings
[INFO] [stderr]     Finished `test` profile [unoptimized + debuginfo] target(s) in 1.37s
[INFO] [stderr]      Running unittests src/lib.rs (/opt/rustwide/target/debug/build/mergiraf/720a81b19f83704e/out/mergiraf-720a81b19f83704e)
[INFO] [stdout] 
[INFO] [stdout] running 173 tests
[INFO] [stdout] test ast::bundle_comments::test::affinities::node_node::node_1_comment_1_node ... ok
[INFO] [stdout] test ast::bundle_comments::test::affinities::node_node::node_2_comment_1_node ... ok
[INFO] [stdout] test ast::bundle_comments::test::affinities::node_node::node_1_comment_0_node ... ok
[INFO] [stdout] test ast::bundle_comments::test::affinities::node_node::node_0_comment_1_node ... ok
[INFO] [stdout] test ast::bundle_comments::test::affinities::node_node::node_0_comment_0_node ... ok
[INFO] [stdout] test ast::bundle_comments::test::affinities::node_node::node_1_comment_2_node ... ok
[INFO] [stdout] test ast::bundle_comments::test::affinities::node_sep::node_0_comment_0_sep ... ok
[INFO] [stdout] test ast::bundle_comments::test::affinities::node_sep::node_0_comment_1_sep ... ok
[INFO] [stdout] test ast::bundle_comments::test::affinities::node_node::node_2_comment_2_node ... ok
[INFO] [stdout] test ast::bundle_comments::test::affinities::node_sep::node_1_comment_1_sep ... ok
[INFO] [stdout] test ast::bundle_comments::test::affinities::node_sep::node_2_comment_1_sep ... ok
[INFO] [stdout] test ast::bundle_comments::test::affinities::sep_node::sep_0_comment_1_node ... ok
[INFO] [stdout] test ast::bundle_comments::test::affinities::node_sep::node_2_comment_2_sep ... ok
[INFO] [stdout] test ast::bundle_comments::test::affinities::sep_node::sep_0_comment_0_node ... ok
[INFO] [stdout] test ast::bundle_comments::test::affinities::sep_node::sep_1_comment_1_node ... ok
[INFO] [stdout] test ast::bundle_comments::test::affinities::node_sep::node_1_comment_2_sep ... ok
[INFO] [stdout] test ast::bundle_comments::test::affinities::node_sep::node_1_comment_0_sep ... ok
[INFO] [stdout] test ast::bundle_comments::test::affinities::sep_node::sep_2_comment_1_node ... ok
[INFO] [stdout] test ast::bundle_comments::test::affinities::sep_node::sep_1_comment_2_node ... ok
[INFO] [stdout] test ast::bundle_comments::test::affinities::sep_node::sep_1_comment_0_node ... ok
[INFO] [stdout] test ast::bundle_comments::test::comment_node_comment_newline_comment ... ok
[INFO] [stdout] test ast::bundle_comments::test::below_after_above ... ok
[INFO] [stdout] test ast::bundle_comments::test::affinities::sep_node::sep_2_comment_2_node ... ok
[INFO] [stdout] test ast::bundle_comments::test::comment_node_comment_newline_node ... ok
[INFO] [stdout] test ast::bundle_comments::test::dont_bundle_into_delims ... ok
[INFO] [stdout] test ast::bundle_comments::test::comment_node_newline_comment ... ok
[INFO] [stdout] test ast::bundle_comments::test::it_works ... ok
[INFO] [stdout] test ast::tests::atomic_nodes ... ok
[INFO] [stdout] test ast::tests::children_by_field_names ... ok
[INFO] [stdout] test ast::bundle_comments::test::dont_interfere_with_internal_top_comments ... ok
[INFO] [stdout] test ast::tests::children_by_field_names_with_modifiers ... ok
[INFO] [stdout] test ast::tests::dfs_exact_size_iterator ... ok
[INFO] [stdout] test ast::tests::dfs_traversal ... ok
[INFO] [stdout] test ast::tests::dont_flatten_different_operators_together ... ok
[INFO] [stdout] test ast::tests::commutative_parent_via_query ... ok
[INFO] [stdout] test ast::bundle_comments::test::node_comment_newline_comment ... ok
[INFO] [stdout] test ast::bundle_comments::test::line_and_block_comments_are_moved_together ... ok
[INFO] [stdout] test ast::tests::flatten_binary_operators ... ok
[INFO] [stdout] test ast::tests::heights ... ok
[INFO] [stdout] test ast::bundle_comments::test::multiple_line_comments_are_moved_together ... ok
[INFO] [stdout] test ast::tests::empty_injection ... ok
[INFO] [stdout] test ast::tests::isomorphism_for_different_languages ... ok
[INFO] [stdout] test ast::bundle_comments::test::only_move_one_level_down ... ok
[INFO] [stdout] test ast::tests::missing_token ... ok
[INFO] [stdout] test ast::tests::multiline_comments_are_isomorphic ... ok
[INFO] [stdout] test ast::tests::is_extra ... ok
[INFO] [stdout] test ast::tests::leading_source ... ok
[INFO] [stdout] test ast::tests::parents_are_accessible ... ok
[INFO] [stdout] test ast::tests::parse_empty_child_out_of_trimmed_parent ... ok
[INFO] [stdout] test ast::tests::parse_error ... ok
[INFO] [stdout] test ast::tests::node_ids_all_unique ... ok
[INFO] [stdout] test ast::tests::node_ids ... ok
[INFO] [stdout] test ast::tests::postfix_traversal ... ok
[INFO] [stdout] test ast::tests::preceding_indentation_shift ... ok
[INFO] [stdout] test ast::tests::preceding_indentation_shift_mixed_spaces_and_tabs ... ok
[INFO] [stdout] test ast::tests::preceding_indentation_shift_mixed_tabs_and_spaces ... ok
[INFO] [stdout] test ast::tests::preceding_indentation_shift_tabs ... ok
[INFO] [stdout] test ast::tests::preceding_succeeding_whitespace ... ok
[INFO] [stdout] test ast::tests::preceding_succeeding_whitespace_go ... ok
[INFO] [stdout] test ast::tests::print_as_ascii_art ... ok
[INFO] [stdout] test ast::tests::reindent_yaml ... ok
[INFO] [stdout] test ast::tests::removing_indentation ... ok
[INFO] [stdout] test ast::tests::sizes ... ok
[INFO] [stdout] test ast::tests::source_with_whitespace ... ok
[INFO] [stdout] test ast::bundle_comments::test::is_close_enough_to ... ok
[INFO] [stdout] test ast::tests::trailing_whitespace_toml ... ok
[INFO] [stdout] test ast::tests::truncate ... ok
[INFO] [stdout] test attempts::tests::lifecycle ... ok
[INFO] [stdout] test ast::tests::parse_html_with_js ... ok
[INFO] [stdout] test attempts::tests::no_extension ... ok
[INFO] [stdout] test changeset::tests::from_tree ... ok
[INFO] [stdout] test changeset::tests::single_tree_has_no_conflicts ... ok
[INFO] [stdout] test changeset::tests::write_to_file ... ok
[INFO] [stdout] test ast::tests::parse_injection_with_syntax_error ... ok
[INFO] [stdout] test ast::bundle_comments::test::affinities::sep_sep::its_all_the_same ... ok
[INFO] [stdout] test ast::tests::isomorphism_is_not_just_hashing ... ok
[INFO] [stdout] test ast::tests::isomorphism_of_empty_roots ... ok
[INFO] [stdout] test ast::tests::trailing_newlines_are_stripped_from_nodes ... ok
[INFO] [stdout] test git::test::attr::read_allow_parse_errors_attribute ... ok
[INFO] [stdout] test diff::tests::matcher_matches_isomorphic_functions ... ok
[INFO] [stdout] test git::test::attr::read_conflict_marker_size_attribute ... ok
[INFO] [stdout] test git::test::attr::read_lang_attribute ... ok
[INFO] [stdout] test json_export::tests::line_col_first_line ... ok
[INFO] [stdout] test json_export::tests::line_col_second_line ... ok
[INFO] [stdout] test lang_profile::tests::check_kinds ... ok
[INFO] [stdout] test git::test::attr::read_attributes_for_file ... ok
[INFO] [stdout] test lang_profile::tests::find_by_name ... ok
[INFO] [stdout] test lang_profile::tests::find_no_vcs ... ok
[INFO] [stdout] test lang_profile::tests::find_vcs ... ok
[INFO] [stdout] test lang_profile::tests::has_signature_conflicts ... ok
[INFO] [stdout] test line_based::test::some_reconstructed_revisions_do_not_parse ... ok
[INFO] [stdout] test class_mapping::tests::left_right_matching_does_not_override_base_matchings ... ok
[INFO] [stdout] test matching::tests::remove_previously_matched ... ok
[INFO] [stdout] test line_based::test::line_based_merge_parsed_with_conflict_in_input ... ok
[INFO] [stdout] test merge_3dm::tests::commutative_conflict_delete_modified ... ok
[INFO] [stdout] test diff::tests::token_update_on_type ... ok
[INFO] [stdout] test matching::tests::dice ... ok
[INFO] [stdout] test ast::tests::hashing_does_not_depend_on_whitespace_but_on_content ... ok
[INFO] [stdout] test merge_3dm::tests::commutative_conflict_end_separator ... ok
[INFO] [stdout] test merge_3dm::tests::commutative_conflict_double_delete ... ok
[INFO] [stdout] test merge_3dm::tests::commutative_conflict_no_end_separator ... ok
[INFO] [stdout] test class_mapping::tests::classes_are_properly_merged ... ok
[INFO] [stdout] test merge_3dm::tests::delete_insert ... ok
[INFO] [stdout] test merge_3dm::tests::delete_modify ... ok
[INFO] [stdout] test merge_3dm::tests::delete_delete ... ok
[INFO] [stdout] test merged_text::tests::avoid_spurious_conflicts ... ok
[INFO] [stdout] test merge_3dm::tests::single_tree_has_no_conflicts ... ok
[INFO] [stdout] test merged_text::tests::conflict_count_and_mass ... ok
[INFO] [stdout] test merged_text::tests::compact_mode ... ok
[INFO] [stdout] test merged_text::tests::reconstruct_revision ... ok
[INFO] [stdout] test merge_3dm::tests::merge_conflict ... ok
[INFO] [stdout] test merged_text::tests::multiple_conflicts_on_same_line ... ok
[INFO] [stdout] test merged_text::tests::space_after_conflict_base_empty ... ok
[INFO] [stdout] test merged_text::tests::space_after_conflict_base_empty_all_indented ... ok
[INFO] [stdout] test merged_text::tests::space_after_conflict_base_empty_next_incorrect ... ok
[INFO] [stdout] test merged_text::tests::space_after_conflict_left_empty ... ok
[INFO] [stdout] test merged_text::tests::space_after_conflict_left_empty_all_indented ... ok
[INFO] [stdout] test multimap::tests::simple_lifecycle ... ok
[INFO] [stdout] test newline::tests::imitate_newline_style ... ok
[INFO] [stdout] test newline::tests::infer_newline_style ... ok
[INFO] [stdout] test merged_text::tests::spurious_conflict ... ok
[INFO] [stdout] test merged_tree::test::debug_print ... ok
[INFO] [stdout] test parsed_merge::tests::add_revision_names::it_works ... ok
[INFO] [stdout] test parsed_merge::tests::is_empty ... ok
[INFO] [stdout] test parsed_merge::tests::add_revision_names::no_names ... ok
[INFO] [stdout] test matching::tests::retrieve_match ... ok
[INFO] [stdout] test parsed_merge::tests::add_revision_names::no_conflict ... ok
[INFO] [stdout] test parsed_merge::tests::matching::identical_ranges_but_different_kinds ... ok
[INFO] [stdout] test parsed_merge::tests::it_works ... ok
[INFO] [stdout] test parsed_merge::tests::parse::base_marker_not_at_line_start ... ok
[INFO] [stdout] test parsed_merge::tests::parse::diff2 ... ok
[INFO] [stdout] test parsed_merge::tests::parse::diff3_is_with_final_newline_when_possible ... ok
[INFO] [stdout] test parsed_merge::tests::parse::diff3_then_diff3_is_lazy ... ok
[INFO] [stdout] test parsed_merge::tests::parse::diff3_then_diff3_wo_newline ... ok
[INFO] [stdout] test parsed_merge::tests::parse::end_with_conflict ... ok
[INFO] [stdout] test parsed_merge::tests::parse::left_marker_not_at_line_start ... ok
[INFO] [stdout] test parsed_merge::tests::parse::middle_marker_not_at_line_start ... ok
[INFO] [stdout] test parsed_merge::tests::parse::non_standard_conflict_marker_size ... ok
[INFO] [stdout] test attempts::tests::prune ... ok
[INFO] [stdout] test parsed_merge::tests::parse::start_with_conflict ... ok
[INFO] [stdout] test parsed_merge::tests::parse::right_marker_not_at_line_start ... ok
[INFO] [stdout] test signature::tests::equal_signatures ... ok
[INFO] [stdout] test parsed_merge::tests::render::non_standard_conflict_marker_size ... ok
[INFO] [stdout] test signature::tests::node_equality_and_hashing ... ok
[INFO] [stdout] test supported_langs::test::children_of_commutative_parents_have_sigs ... ok
[INFO] [stdout] test supported_langs::test::extensions_do_not_start_with_a_dot ... ok
[INFO] [stdout] test supported_langs::test::injections_are_non_empty ... ok
[INFO] [stdout] test supported_langs::test::language_names_are_all_distinct ... ok
[INFO] [stdout] test supported_langs::test::language_profiles_refer_to_kinds_that_exist ... ok
[INFO] [stdout] test test::languages_gitattributes ... ok
[INFO] [stdout] test parsed_merge::tests::parse_then_render_is_identity ... ok
[INFO] [stdout] test test::languages_plain ... ok
[INFO] [stdout] test parsed_merge::tests::render::no_final_newline ... ok
[INFO] [stdout] test tree_builder::tests::recover_exact_tree ... ok
[INFO] [stdout] test tree_builder::tests::contains ... ok
[INFO] [stdout] test tree_matcher::priority_list::tests::empty ... ok
[INFO] [stdout] test signature::tests::node_equality_and_hashing_care_about_languages ... ok
[INFO] [stdout] test diff::tests::moved_function_is_a_move ... ok
[INFO] [stdout] test tree_matcher::priority_list::tests::one_element ... ok
[INFO] [stdout] test merge_3dm::tests::insert_insert_not_really_a_conflict ... ok
[INFO] [stdout] test tree_matcher::tests::example_from_the_paper ... ok
[INFO] [stdout] test parsed_merge::tests::matching::it_works ... ok
[INFO] [stdout] test tree_matcher::tests::matching_very_shallow_structures ... ok
[INFO] [stdout] test tree_matcher::priority_list::tests::open ... ok
[INFO] [stdout] test tree_matcher::tests::without_rted ... ok
[INFO] [stdout] test visualizer::tests::print_to_graphviz ... ok
[INFO] [stdout] test tree_matcher::priority_list::tests::two_elements_increasing_height ... ok
[INFO] [stdout] test tree_matcher::priority_list::tests::two_elements_decreasing_height ... ok
[INFO] [stdout] test tree_matcher::priority_list::tests::two_elements_same_height ... ok
[INFO] [stdout] test test::zdiff ... ok
[INFO] [stdout] test merge_3dm::tests::line_based_local_fallback_for_revnode_respects_conflict_marker_size ... ok
[INFO] [stdout] test tree_matcher::tests::matching_rust_types ... ok
[INFO] [stdout] test tree_matcher::tests::small_sample ... ok
[INFO] [stdout] 
[INFO] [stdout] test result: ok. 173 passed; 0 failed; 0 ignored; 0 measured; 0 filtered out; finished in 1.51s
[INFO] [stdout] 
[INFO] [stderr]      Running unittests src/main.rs (/opt/rustwide/target/debug/build/mergiraf/26935fbd59537f46/out/mergiraf-26935fbd59537f46)
[INFO] [stdout] 
[INFO] [stdout] running 4 tests
[INFO] [stdout] test test::verify_cli ... ok
[INFO] [stdout] test test::allow_parse_errors_flag ... ok
[INFO] [stdout] test test::compact_flag ... ok
[INFO] [stdout] test test::keep_backup_flag ... ok
[INFO] [stdout] 
[INFO] [stdout] test result: ok. 4 passed; 0 failed; 0 ignored; 0 measured; 0 filtered out; finished in 0.01s
[INFO] [stdout] 
[INFO] [stderr]      Running tests/diff_command.rs (/opt/rustwide/target/debug/build/mergiraf/8b0e405d1a24e2a4/out/diff_command-8b0e405d1a24e2a4)
[INFO] [stdout] 
[INFO] [stdout] running 2 tests
[INFO] [stdout] test diff_json_reports_move_for_reordered_functions ... ok
[INFO] [stdout] test merge_json_includes_conflicts ... ok
[INFO] [stdout] 
[INFO] [stdout] test result: ok. 2 passed; 0 failed; 0 ignored; 0 measured; 0 filtered out; finished in 0.72s
[INFO] [stdout] 
[INFO] [stderr]      Running tests/failing.rs (/opt/rustwide/target/debug/build/mergiraf/e486ba39e611fc51/out/failing-e486ba39e611fc51)
[INFO] [stdout] 
[INFO] [stdout] running 27 tests
[INFO] [stdout] test integration_failing::test_dir_05_tests_data_go_failing_duplicate_type_declarations ... ok
[INFO] [stdout] test integration_failing::test_dir_03_tests_data_cpp_failing_positional_argument_in_initializer_list ... ok
[INFO] [stdout] test integration_failing::test_dir_01_tests_data_cpp_failing_field_visibility_conflict ... ok
[INFO] [stdout] test integration_failing::test_dir_09_tests_data_java_failing_modifiers ... ok
[INFO] [stdout] test integration_failing::test_dir_04_tests_data_gleam_failing_add_target_imports_same_position ... ok
[INFO] [stdout] test integration_failing::test_dir_13_tests_data_matlab_failing_functions_no_final_newline ... ok
[INFO] [stdout] test integration_failing::test_dir_02_tests_data_cpp_failing_method_conflict_with_comments ... ok
[INFO] [stdout] test integration_failing::test_dir_07_tests_data_java_failing_imitate_separators_outside_of_conflict ... ok
[INFO] [stdout] test integration_failing::test_dir_08_tests_data_java_failing_left_right_class ... ok
[INFO] [stdout] test integration_failing::test_dir_10_tests_data_java_failing_preserve_order_in_commutative_additions ... ok
[INFO] [stdout] test integration_failing::test_dir_18_tests_data_requirements_txt_failing_no_line_at_end ... ok
[INFO] [stdout] test integration_failing::test_dir_06_tests_data_java_failing_adding_two_implements ... ok
[INFO] [stdout] test integration_failing::test_dir_14_tests_data_matlab_failing_methods_failing_isomorphic_error ... ok
[INFO] [stdout] test integration_failing::test_dir_15_tests_data_matlab_failing_methods_failing_with_square_brackets ... ok
[INFO] [stdout] test integration_failing::test_dir_22_tests_data_spork_failing_both_modified_add_similar_methods ... ok
[INFO] [stdout] test integration_failing::test_dir_23_tests_data_spork_failing_both_modified_both_add_try ... ok
[INFO] [stdout] test integration_failing::test_dir_24_tests_data_spork_failing_both_modified_conflicting_parameter_add ... ok
[INFO] [stdout] test integration_failing::test_dir_17_tests_data_python_failing_mismatched_argument_lists ... ok
[INFO] [stdout] test integration_failing::test_dir_11_tests_data_java_failing_successor_loop ... ok
[INFO] [stdout] test integration_failing::test_dir_26_tests_data_spork_failing_conflicting_class_visibility ... ok
[INFO] [stdout] test integration_failing::test_dir_25_tests_data_spork_failing_both_modified_implicitness ... ok
[INFO] [stdout] test integration_failing::test_dir_27_tests_data_spork_failing_method_visibility_left_empty ... ok
[INFO] [stdout] test integration_failing::test_dir_12_tests_data_javascript_failing_conflict_object_keys ... ok
[INFO] [stdout] test integration_failing::test_dir_16_tests_data_python_failing_bracketed_imports_issue_320 ... ok
[INFO] [stdout] test integration_failing::test_dir_20_tests_data_rust_failing_function_modifiers ... ok
[INFO] [stdout] test integration_failing::test_dir_21_tests_data_rust_failing_new_derive_attr ... ok
[INFO] [stdout] test integration_failing::test_dir_19_tests_data_rust_failing_derive_attr_with_paths ... ok
[INFO] [stdout] 
[INFO] [stdout] test result: ok. 27 passed; 0 failed; 0 ignored; 0 measured; 0 filtered out; finished in 0.99s
[INFO] [stdout] 
[INFO] [stderr]      Running tests/git_failure_missing_stage.rs (/opt/rustwide/target/debug/build/mergiraf/e91846590fab34cf/out/git_failure_missing_stage-e91846590fab34cf)
[INFO] [stdout] 
[INFO] [stdout] running 1 test
[INFO] [stdout] test oid_fallback_extracts_revisions_and_solves ... ok
[INFO] [stdout] 
[INFO] [stdout] test result: ok. 1 passed; 0 failed; 0 ignored; 0 measured; 0 filtered out; finished in 0.96s
[INFO] [stdout] 
[INFO] [stderr]      Running tests/git_failure_not_conflict_state.rs (/opt/rustwide/target/debug/build/mergiraf/8652ae32219573aa/out/git_failure_not_conflict_state-8652ae32219573aa)
[INFO] [stdout] 
[INFO] [stdout] running 3 tests
[INFO] [stdout] test not_in_repo ... ok
[INFO] [stdout] test not_in_index ... ok
[INFO] [stdout] test committed_conflict ... ok
[INFO] [stdout] 
[INFO] [stdout] test result: ok. 3 passed; 0 failed; 0 ignored; 0 measured; 0 filtered out; finished in 0.15s
[INFO] [stdout] 
[INFO] [stderr]      Running tests/misc.rs (/opt/rustwide/target/debug/build/mergiraf/2fc43870c9dfb68f/out/misc-2fc43870c9dfb68f)
[INFO] [stdout] 
[INFO] [stdout] running 14 tests
[INFO] [stdout] test line_ending_preservation_for_merge ... ok
[INFO] [stdout] test debug_dir_is_created_for_solve ... ok
[INFO] [stdout] test debug_dir_is_created_for_merge ... ok
[INFO] [stdout] test line_ending_preservation_for_solve ... ok
[INFO] [stdout] test merging_non_existing_files ... ok
[INFO] [stdout] test manual_language_selection_for_solve ... ok
[INFO] [stdout] test merging_files_with_conflict_markers_cause_fallback_to_git_merge_file ... ok
[INFO] [stdout] test merging_non_utf8_files_line_based_git_mode ... ok
[INFO] [stdout] test keep_backup_keeps_backup ... ok
[INFO] [stdout] test merging_non_utf8_files_line_based_with_output_file ... ok
[INFO] [stdout] test verify_cli_solve_has_conflicts ... ok
[INFO] [stdout] test solve_respects_conflict_marker_size_attr ... ok
[INFO] [stdout] test manual_language_selection_for_merge ... ok
[INFO] [stdout] test jj ... FAILED
[INFO] [stdout] 
[INFO] [stdout] failures:
[INFO] [stdout] 
[INFO] [stdout] ---- jj stdout ----
[INFO] [stdout] 
[INFO] [stdout] thread 'jj' (5465) panicked at tests/misc.rs:433:10:
[INFO] [stdout] failed to initialize jj repo: Os { code: 2, kind: NotFound, message: "No such file or directory" }
[INFO] [stdout] stack backtrace:
[INFO] [stdout]    0:     0x63e91f520711 - std[617be2ca0a6fd877]::backtrace_rs::backtrace::libunwind::trace
[INFO] [stdout]                                at /rustc/e3feeb59cd1bdd011a2bfcc0747b55125d9b8527/library/std/src/../../backtrace/src/backtrace/libunwind.rs:117:9
[INFO] [stdout]    1:     0x63e91f520711 - std[617be2ca0a6fd877]::backtrace_rs::backtrace::trace_unsynchronized::<std[617be2ca0a6fd877]::sys::backtrace::_print_fmt::{closure#1}>
[INFO] [stdout]                                at /rustc/e3feeb59cd1bdd011a2bfcc0747b55125d9b8527/library/std/src/../../backtrace/src/backtrace/mod.rs:66:14
[INFO] [stdout]    2:     0x63e91f520711 - std[617be2ca0a6fd877]::sys::backtrace::_print_fmt
[INFO] [stdout]                                at /rustc/e3feeb59cd1bdd011a2bfcc0747b55125d9b8527/library/std/src/sys/backtrace.rs:74:9
[INFO] [stdout]    3:     0x63e91f520711 - <<std[617be2ca0a6fd877]::sys::backtrace::BacktraceLock>::print::DisplayBacktrace as core[a373ad73a504971]::fmt::Display>::fmt
[INFO] [stdout]                                at /rustc/e3feeb59cd1bdd011a2bfcc0747b55125d9b8527/library/std/src/sys/backtrace.rs:44:26
[INFO] [stdout]    4:     0x63e91f537bca - <core[a373ad73a504971]::fmt::rt::Argument>::fmt
[INFO] [stdout]                                at /rustc/e3feeb59cd1bdd011a2bfcc0747b55125d9b8527/library/core/src/fmt/rt.rs:152:76
[INFO] [stdout]    5:     0x63e91f537bca - core[a373ad73a504971]::fmt::write
[INFO] [stdout]    6:     0x63e91f52685c - core[a373ad73a504971]::io::write::default_write_fmt::<alloc[2e1b2a31b91974c5]::vec::Vec<u8>>
[INFO] [stdout]                                at /rustc/e3feeb59cd1bdd011a2bfcc0747b55125d9b8527/library/core/src/io/write.rs:402:11
[INFO] [stdout]    7:     0x63e91f52685c - <alloc[2e1b2a31b91974c5]::vec::Vec<u8> as core[a373ad73a504971]::io::write::Write>::write_fmt
[INFO] [stdout]                                at /rustc/e3feeb59cd1bdd011a2bfcc0747b55125d9b8527/library/core/src/io/write.rs:335:13
[INFO] [stdout]    8:     0x63e91f4fa926 - <std[617be2ca0a6fd877]::sys::backtrace::BacktraceLock>::print
[INFO] [stdout]                                at /rustc/e3feeb59cd1bdd011a2bfcc0747b55125d9b8527/library/std/src/sys/backtrace.rs:47:9
[INFO] [stdout]    9:     0x63e91f4fa926 - std[617be2ca0a6fd877]::panicking::default_hook::{closure#0}
[INFO] [stdout]                                at /rustc/e3feeb59cd1bdd011a2bfcc0747b55125d9b8527/library/std/src/panicking.rs:289:27
[INFO] [stdout]   10:     0x63e91f517db9 - std[617be2ca0a6fd877]::panicking::default_hook
[INFO] [stdout]                                at /rustc/e3feeb59cd1bdd011a2bfcc0747b55125d9b8527/library/std/src/panicking.rs:313:9
[INFO] [stdout]   11:     0x63e91f45bdc0 - <alloc[2e1b2a31b91974c5]::boxed::Box<dyn for<'a, 'b> core[a373ad73a504971]::ops::function::Fn<(&'a std[617be2ca0a6fd877]::panic::PanicHookInfo<'b>,), Output = ()> + core[a373ad73a504971]::marker::Sync + core[a373ad73a504971]::marker::Send> as core[a373ad73a504971]::ops::function::Fn<(&std[617be2ca0a6fd877]::panic::PanicHookInfo,)>>::call
[INFO] [stdout]                                at /rustc/e3feeb59cd1bdd011a2bfcc0747b55125d9b8527/library/alloc/src/boxed.rs:2328:9
[INFO] [stdout]   12:     0x63e91f45bdc0 - test[aada8e7e76ba119b]::test_main_inner::{closure#0}
[INFO] [stdout]                                at /rustc/e3feeb59cd1bdd011a2bfcc0747b55125d9b8527/library/test/src/lib.rs:137:21
[INFO] [stdout]   13:     0x63e91f517f72 - <alloc[2e1b2a31b91974c5]::boxed::Box<dyn for<'a, 'b> core[a373ad73a504971]::ops::function::Fn<(&'a std[617be2ca0a6fd877]::panic::PanicHookInfo<'b>,), Output = ()> + core[a373ad73a504971]::marker::Sync + core[a373ad73a504971]::marker::Send> as core[a373ad73a504971]::ops::function::Fn<(&std[617be2ca0a6fd877]::panic::PanicHookInfo,)>>::call
[INFO] [stdout]                                at /rustc/e3feeb59cd1bdd011a2bfcc0747b55125d9b8527/library/alloc/src/boxed.rs:2328:9
[INFO] [stdout]   14:     0x63e91f517f72 - std[617be2ca0a6fd877]::panicking::panic_with_hook
[INFO] [stdout]                                at /rustc/e3feeb59cd1bdd011a2bfcc0747b55125d9b8527/library/std/src/panicking.rs:819:13
[INFO] [stdout]   15:     0x63e91f4fa9d2 - std[617be2ca0a6fd877]::panicking::panic_handler::{closure#0}
[INFO] [stdout]                                at /rustc/e3feeb59cd1bdd011a2bfcc0747b55125d9b8527/library/std/src/panicking.rs:685:13
[INFO] [stdout]   16:     0x63e91f4f3439 - std[617be2ca0a6fd877]::sys::backtrace::__rust_end_short_backtrace::<std[617be2ca0a6fd877]::panicking::panic_handler::{closure#0}, !>
[INFO] [stdout]                                at /rustc/e3feeb59cd1bdd011a2bfcc0747b55125d9b8527/library/std/src/sys/backtrace.rs:182:18
[INFO] [stdout]   17:     0x63e91f4fb5dd - __rustc[ea4f61d10b84890b]::rust_begin_unwind
[INFO] [stdout]                                at /rustc/e3feeb59cd1bdd011a2bfcc0747b55125d9b8527/library/std/src/panicking.rs:676:5
[INFO] [stdout]   18:     0x63e91f5383fc - core[a373ad73a504971]::panicking::panic_fmt
[INFO] [stdout]                                at /rustc/e3feeb59cd1bdd011a2bfcc0747b55125d9b8527/library/core/src/panicking.rs:80:14
[INFO] [stdout]   19:     0x63e91f538152 - core[a373ad73a504971]::result::unwrap_failed
[INFO] [stdout]                                at /rustc/e3feeb59cd1bdd011a2bfcc0747b55125d9b8527/library/core/src/result.rs:1870:5
[INFO] [stdout]   20:     0x63e91f443b93 - <core[a373ad73a504971]::result::Result<std[617be2ca0a6fd877]::process::Output, core[a373ad73a504971]::io::error::Error>>::expect
[INFO] [stdout]                                at /rustc/e3feeb59cd1bdd011a2bfcc0747b55125d9b8527/library/core/src/result.rs:1184:23
[INFO] [stdout]   21:     0x63e91f43fd38 - misc[aa4f6afde5aa3d20]::jj
[INFO] [stdout]                                at /opt/rustwide/workdir/tests/misc.rs:433:10
[INFO] [stdout]   22:     0x63e91f43eeb7 - misc[aa4f6afde5aa3d20]::jj::{closure#0}
[INFO] [stdout]                                at /opt/rustwide/workdir/tests/misc.rs:425:8
[INFO] [stdout]   23:     0x63e91f444ac6 - <misc[aa4f6afde5aa3d20]::jj::{closure#0} as core[a373ad73a504971]::ops::function::FnOnce<()>>::call_once
[INFO] [stdout]                                at /rustc/e3feeb59cd1bdd011a2bfcc0747b55125d9b8527/library/core/src/ops/function.rs:250:5
[INFO] [stdout]   24:     0x63e91f44f20b - <fn() -> core[a373ad73a504971]::result::Result<(), alloc[2e1b2a31b91974c5]::string::String> as core[a373ad73a504971]::ops::function::FnOnce<()>>::call_once
[INFO] [stdout]                                at /rustc/e3feeb59cd1bdd011a2bfcc0747b55125d9b8527/library/core/src/ops/function.rs:250:5
[INFO] [stdout]   25:     0x63e91f44f20b - test[aada8e7e76ba119b]::__rust_begin_short_backtrace::<core[a373ad73a504971]::result::Result<(), alloc[2e1b2a31b91974c5]::string::String>, fn() -> core[a373ad73a504971]::result::Result<(), alloc[2e1b2a31b91974c5]::string::String>>
[INFO] [stdout]                                at /rustc/e3feeb59cd1bdd011a2bfcc0747b55125d9b8527/library/test/src/lib.rs:701:18
[INFO] [stdout]   26:     0x63e91f45c3e5 - test[aada8e7e76ba119b]::run_test_in_process::{closure#0}
[INFO] [stdout]                                at /rustc/e3feeb59cd1bdd011a2bfcc0747b55125d9b8527/library/test/src/lib.rs:724:74
[INFO] [stdout]   27:     0x63e91f45c3e5 - <core[a373ad73a504971]::panic::unwind_safe::AssertUnwindSafe<test[aada8e7e76ba119b]::run_test_in_process::{closure#0}> as core[a373ad73a504971]::ops::function::FnOnce<()>>::call_once
[INFO] [stdout]                                at /rustc/e3feeb59cd1bdd011a2bfcc0747b55125d9b8527/library/core/src/panic/unwind_safe.rs:275:9
[INFO] [stdout]   28:     0x63e91f45c3e5 - std[617be2ca0a6fd877]::panicking::catch_unwind::do_call::<core[a373ad73a504971]::panic::unwind_safe::AssertUnwindSafe<test[aada8e7e76ba119b]::run_test_in_process::{closure#0}>, core[a373ad73a504971]::result::Result<(), alloc[2e1b2a31b91974c5]::string::String>>
[INFO] [stdout]                                at /rustc/e3feeb59cd1bdd011a2bfcc0747b55125d9b8527/library/std/src/panicking.rs:573:43
[INFO] [stdout]   29:     0x63e91f45c3e5 - std[617be2ca0a6fd877]::panicking::catch_unwind::<core[a373ad73a504971]::result::Result<(), alloc[2e1b2a31b91974c5]::string::String>, core[a373ad73a504971]::panic::unwind_safe::AssertUnwindSafe<test[aada8e7e76ba119b]::run_test_in_process::{closure#0}>>
[INFO] [stdout]                                at /rustc/e3feeb59cd1bdd011a2bfcc0747b55125d9b8527/library/std/src/panicking.rs:541:19
[INFO] [stdout]   30:     0x63e91f45c3e5 - std[617be2ca0a6fd877]::panic::catch_unwind::<core[a373ad73a504971]::panic::unwind_safe::AssertUnwindSafe<test[aada8e7e76ba119b]::run_test_in_process::{closure#0}>, core[a373ad73a504971]::result::Result<(), alloc[2e1b2a31b91974c5]::string::String>>
[INFO] [stdout]                                at /rustc/e3feeb59cd1bdd011a2bfcc0747b55125d9b8527/library/std/src/panic.rs:359:14
[INFO] [stdout]   31:     0x63e91f45c3e5 - test[aada8e7e76ba119b]::run_test_in_process
[INFO] [stdout]                                at /rustc/e3feeb59cd1bdd011a2bfcc0747b55125d9b8527/library/test/src/lib.rs:724:27
[INFO] [stdout]   32:     0x63e91f45c3e5 - test[aada8e7e76ba119b]::run_test::{closure#0}
[INFO] [stdout]                                at /rustc/e3feeb59cd1bdd011a2bfcc0747b55125d9b8527/library/test/src/lib.rs:645:43
[INFO] [stdout]   33:     0x63e91f455cd4 - test[aada8e7e76ba119b]::run_test::{closure#1}
[INFO] [stdout]                                at /rustc/e3feeb59cd1bdd011a2bfcc0747b55125d9b8527/library/test/src/lib.rs:675:41
[INFO] [stdout]   34:     0x63e91f455cd4 - std[617be2ca0a6fd877]::sys::backtrace::__rust_begin_short_backtrace::<test[aada8e7e76ba119b]::run_test::{closure#1}, ()>
[INFO] [stdout]                                at /rustc/e3feeb59cd1bdd011a2bfcc0747b55125d9b8527/library/std/src/sys/backtrace.rs:166:18
[INFO] [stdout]   35:     0x63e91f45f472 - std[617be2ca0a6fd877]::thread::lifecycle::spawn_unchecked::<test[aada8e7e76ba119b]::run_test::{closure#1}, ()>::{closure#1}::{closure#0}
[INFO] [stdout]                                at /rustc/e3feeb59cd1bdd011a2bfcc0747b55125d9b8527/library/std/src/thread/lifecycle.rs:70:13
[INFO] [stdout]   36:     0x63e91f45f472 - <core[a373ad73a504971]::panic::unwind_safe::AssertUnwindSafe<std[617be2ca0a6fd877]::thread::lifecycle::spawn_unchecked<test[aada8e7e76ba119b]::run_test::{closure#1}, ()>::{closure#1}::{closure#0}> as core[a373ad73a504971]::ops::function::FnOnce<()>>::call_once
[INFO] [stdout]                                at /rustc/e3feeb59cd1bdd011a2bfcc0747b55125d9b8527/library/core/src/panic/unwind_safe.rs:275:9
[INFO] [stdout]   37:     0x63e91f45f472 - std[617be2ca0a6fd877]::panicking::catch_unwind::do_call::<core[a373ad73a504971]::panic::unwind_safe::AssertUnwindSafe<std[617be2ca0a6fd877]::thread::lifecycle::spawn_unchecked<test[aada8e7e76ba119b]::run_test::{closure#1}, ()>::{closure#1}::{closure#0}>, ()>
[INFO] [stdout]                                at /rustc/e3feeb59cd1bdd011a2bfcc0747b55125d9b8527/library/std/src/panicking.rs:573:43
[INFO] [stdout]   38:     0x63e91f45f472 - std[617be2ca0a6fd877]::panicking::catch_unwind::<(), core[a373ad73a504971]::panic::unwind_safe::AssertUnwindSafe<std[617be2ca0a6fd877]::thread::lifecycle::spawn_unchecked<test[aada8e7e76ba119b]::run_test::{closure#1}, ()>::{closure#1}::{closure#0}>>
[INFO] [stdout]                                at /rustc/e3feeb59cd1bdd011a2bfcc0747b55125d9b8527/library/std/src/panicking.rs:541:19
[INFO] [stdout]   39:     0x63e91f45f472 - std[617be2ca0a6fd877]::panic::catch_unwind::<core[a373ad73a504971]::panic::unwind_safe::AssertUnwindSafe<std[617be2ca0a6fd877]::thread::lifecycle::spawn_unchecked<test[aada8e7e76ba119b]::run_test::{closure#1}, ()>::{closure#1}::{closure#0}>, ()>
[INFO] [stdout]                                at /rustc/e3feeb59cd1bdd011a2bfcc0747b55125d9b8527/library/std/src/panic.rs:359:14
[INFO] [stdout]   40:     0x63e91f45f472 - std[617be2ca0a6fd877]::thread::lifecycle::spawn_unchecked::<test[aada8e7e76ba119b]::run_test::{closure#1}, ()>::{closure#1}
[INFO] [stdout]                                at /rustc/e3feeb59cd1bdd011a2bfcc0747b55125d9b8527/library/std/src/thread/lifecycle.rs:68:26
[INFO] [stdout]   41:     0x63e91f45f472 - <std[617be2ca0a6fd877]::thread::lifecycle::spawn_unchecked<test[aada8e7e76ba119b]::run_test::{closure#1}, ()>::{closure#1} as core[a373ad73a504971]::ops::function::FnOnce<()>>::call_once::{shim:vtable#0}
[INFO] [stdout]                                at /rustc/e3feeb59cd1bdd011a2bfcc0747b55125d9b8527/library/core/src/ops/function.rs:250:5
[INFO] [stdout]   42:     0x63e91f51f69f - <alloc[2e1b2a31b91974c5]::boxed::Box<dyn core[a373ad73a504971]::ops::function::FnOnce<(), Output = ()> + core[a373ad73a504971]::marker::Send> as core[a373ad73a504971]::ops::function::FnOnce<()>>::call_once
[INFO] [stdout]                                at /rustc/e3feeb59cd1bdd011a2bfcc0747b55125d9b8527/library/alloc/src/boxed.rs:2314:9
[INFO] [stdout]   43:     0x63e91f51f69f - <std[617be2ca0a6fd877]::sys::thread::unix::Thread>::new::thread_start
[INFO] [stdout]                                at /rustc/e3feeb59cd1bdd011a2bfcc0747b55125d9b8527/library/std/src/sys/thread/unix.rs:127:17
[INFO] [stdout]   44:     0x73cd3519ddfa - <unknown>
[INFO] [stdout]   45:     0x73cd352313d4 - clone
[INFO] [stdout]   46:                0x0 - <unknown>
[INFO] [stdout] 
[INFO] [stdout] 
[INFO] [stdout] failures:
[INFO] [stdout]     jj
[INFO] [stdout] 
[INFO] [stdout] test result: FAILED. 13 passed; 1 failed; 0 ignored; 0 measured; 0 filtered out; finished in 0.22s
[INFO] [stdout] 
[INFO] [stderr] error: test failed, to rerun pass `--test misc`
[INFO] running `Command { std: "docker" "inspect" "5617de45529d9003db17217aff0df100abc80e606f1d9dc46046aab55ae2b1ad", kill_on_drop: false }`
[INFO] running `Command { std: "docker" "rm" "-f" "5617de45529d9003db17217aff0df100abc80e606f1d9dc46046aab55ae2b1ad", kill_on_drop: false }`
[INFO] [stdout] 5617de45529d9003db17217aff0df100abc80e606f1d9dc46046aab55ae2b1ad
