[INFO] cloning repository https://github.com/kgorelov/q
[INFO] running `Command { std: "git" "-c" "credential.helper=" "-c" "credential.helper=/workspace/cargo-home/bin/git-credential-null" "clone" "--bare" "https://github.com/kgorelov/q" "/workspace/cache/git-repos/https%3A%2F%2Fgithub.com%2Fkgorelov%2Fq", kill_on_drop: false }`
[INFO] [stderr] Cloning into bare repository '/workspace/cache/git-repos/https%3A%2F%2Fgithub.com%2Fkgorelov%2Fq'...
[INFO] running `Command { std: "git" "rev-parse" "HEAD", kill_on_drop: false }`
[INFO] [stdout] 73fec88ef0efe21b412ce0672052bc773cb2f7b1
[INFO] testing kgorelov/q against 1.100.0-beta.1 for beta-1.100-2
[INFO] running `Command { std: "git" "clone" "/workspace/cache/git-repos/https%3A%2F%2Fgithub.com%2Fkgorelov%2Fq" "/workspace/builds/worker-0-tc2/source", kill_on_drop: false }`
[INFO] [stderr] Cloning into '/workspace/builds/worker-0-tc2/source'...
[INFO] [stderr] done.
[INFO] started tweaking git repo https://github.com/kgorelov/q
[INFO] finished tweaking git repo https://github.com/kgorelov/q
[INFO] tweaked toml for git repo https://github.com/kgorelov/q written to /workspace/builds/worker-0-tc2/source/Cargo.toml
[INFO] validating manifest of git repo https://github.com/kgorelov/q on toolchain 1.100.0-beta.1
[INFO] running `Command { std: CARGO_HOME="/workspace/cargo-home" RUSTUP_HOME="/workspace/rustup-home" "/workspace/cargo-home/bin/cargo" "+1.100.0-beta.1" "metadata" "--manifest-path" "Cargo.toml" "--no-deps", kill_on_drop: false }`
[INFO] crate git repo https://github.com/kgorelov/q already has a lockfile, it will not be regenerated
[INFO] running `Command { std: CARGO_HOME="/workspace/cargo-home" RUSTUP_HOME="/workspace/rustup-home" "/workspace/cargo-home/bin/cargo" "+1.100.0-beta.1" "fetch" "--manifest-path" "Cargo.toml", kill_on_drop: false }`
[INFO] running `Command { std: "docker" "create" "-v" "/var/lib/crater-agent-workspace/builds/worker-0-tc2/source:/opt/rustwide/workdir:ro,Z" "-v" "/var/lib/crater-agent-workspace/builds/worker-0-tc2/target:/opt/rustwide/target:rw,Z" "-v" "/var/lib/crater-agent-workspace/cargo-home:/opt/rustwide/cargo-home:ro,Z" "-v" "/var/lib/crater-agent-workspace/rustup-home:/opt/rustwide/rustup-home:ro,Z" "-m" "1610612736" "--network" "none" "ghcr.io/rust-lang/crates-build-env/linux@sha256:3111399a4047eeb3a02b7a90e478d715f38a8c6669b5c4b49d30a17385265909" "sleep" "infinity", kill_on_drop: false }`
[INFO] [stdout] ab1250314ca904c109fe80484622ccd0e4c5214e2de10be882086e7fb6db2d6c
[INFO] running `Command { std: "docker" "start" "ab1250314ca904c109fe80484622ccd0e4c5214e2de10be882086e7fb6db2d6c", kill_on_drop: false }`
[INFO] running `Command { std: "docker" "inspect" "ab1250314ca904c109fe80484622ccd0e4c5214e2de10be882086e7fb6db2d6c", kill_on_drop: false }`
[INFO] running `Command { std: "docker" "exec" "-e" "SOURCE_DIR=/opt/rustwide/workdir" "-e" "CARGO_HOME=/opt/rustwide/cargo-home" "-e" "RUSTUP_HOME=/opt/rustwide/rustup-home" "-e" "CARGO_TARGET_DIR=/opt/rustwide/target" "-w" "/opt/rustwide/workdir" "--user" "0:0" "ab1250314ca904c109fe80484622ccd0e4c5214e2de10be882086e7fb6db2d6c" "/opt/rustwide/cargo-home/bin/cargo" "+1.100.0-beta.1" "metadata" "--no-deps" "--format-version=1", kill_on_drop: false }`
[INFO] running `Command { std: "docker" "inspect" "ab1250314ca904c109fe80484622ccd0e4c5214e2de10be882086e7fb6db2d6c", kill_on_drop: false }`
[INFO] running `Command { std: "docker" "exec" "-e" "SOURCE_DIR=/opt/rustwide/workdir" "-e" "CARGO_HOME=/opt/rustwide/cargo-home" "-e" "RUSTUP_HOME=/opt/rustwide/rustup-home" "-e" "CARGO_TARGET_DIR=/opt/rustwide/target" "-e" "CARGO_INCREMENTAL=0" "-e" "RUST_BACKTRACE=full" "-e" "RUSTFLAGS=--cap-lints=warn" "-e" "RUSTDOCFLAGS=--cap-lints=warn" "-w" "/opt/rustwide/workdir" "--user" "0:0" "ab1250314ca904c109fe80484622ccd0e4c5214e2de10be882086e7fb6db2d6c" "/opt/rustwide/cargo-home/bin/cargo" "+1.100.0-beta.1" "build" "--frozen" "--message-format=json", kill_on_drop: false }`
[INFO] [stderr]    Compiling proc-macro2 v1.0.106
[INFO] [stderr]    Compiling quote v1.0.46
[INFO] [stderr]    Compiling crossbeam-utils v0.8.22
[INFO] [stderr]    Compiling winnow v1.0.4
[INFO] [stderr]    Compiling toml_datetime v1.1.1+spec-1.1.0
[INFO] [stderr]    Compiling futures-io v0.3.33
[INFO] [stderr]    Compiling fastrand v2.5.0
[INFO] [stderr]    Compiling endi v1.1.1
[INFO] [stderr]    Compiling num-traits v0.2.19
[INFO] [stderr]    Compiling zmij v1.0.22
[INFO] [stderr]    Compiling smallvec v1.15.2
[INFO] [stderr]    Compiling uuid v1.24.0
[INFO] [stderr]    Compiling ordered-stream v0.2.0
[INFO] [stderr]    Compiling mio v1.2.1
[INFO] [stderr]    Compiling dirs-sys v0.4.1
[INFO] [stderr]    Compiling socket2 v0.6.4
[INFO] [stderr]    Compiling bytes v1.12.1
[INFO] [stderr]    Compiling futures-lite v2.6.1
[INFO] [stderr]    Compiling piper v0.2.5
[INFO] [stderr]    Compiling log v0.4.33
[INFO] [stderr]    Compiling memchr v2.8.3
[INFO] [stderr]    Compiling dirs v5.0.1
[INFO] [stderr]    Compiling concurrent-queue v2.5.0
[INFO] [stderr]    Compiling parking_lot_core v0.9.12
[INFO] [stderr]    Compiling syn v2.0.118
[INFO] [stderr]    Compiling syn v3.0.2
[INFO] [stderr]    Compiling event-listener v5.4.1
[INFO] [stderr]    Compiling async-io v2.6.0
[INFO] [stderr]    Compiling async-executor v1.14.0
[INFO] [stderr]    Compiling parking_lot v0.12.5
[INFO] [stderr]    Compiling chrono v0.4.45
[INFO] [stderr]    Compiling event-listener-strategy v0.5.4
[INFO] [stderr]    Compiling async-channel v2.5.0
[INFO] [stderr]    Compiling async-lock v3.4.2
[INFO] [stderr]    Compiling async-broadcast v0.7.2
[INFO] [stderr]    Compiling async-signal v0.2.14
[INFO] [stderr]    Compiling blocking v1.6.2
[INFO] [stderr]    Compiling serde_json v1.0.150
[INFO] [stderr]    Compiling async-process v2.5.0
[INFO] [stderr]    Compiling toml_parser v1.1.2+spec-1.1.0
[INFO] [stderr]    Compiling toml_edit v0.25.13+spec-1.1.0
[INFO] [stderr]    Compiling proc-macro-crate v3.5.0
[INFO] [stderr]    Compiling async-trait v0.1.91
[INFO] [stderr]    Compiling serde_repr v0.1.21
[INFO] [stderr]    Compiling serde_derive v1.0.228
[INFO] [stderr]    Compiling enumflags2_derive v0.7.12
[INFO] [stderr]    Compiling tracing-attributes v0.1.31
[INFO] [stderr]    Compiling async-recursion v1.1.1
[INFO] [stderr]    Compiling tokio-macros v2.7.0
[INFO] [stderr]    Compiling tokio v1.52.3
[INFO] [stderr]    Compiling tracing v0.1.44
[INFO] [stderr]    Compiling serde v1.0.228
[INFO] [stderr]    Compiling zvariant_utils v3.5.0
[INFO] [stderr]    Compiling enumflags2 v0.7.12
[INFO] [stderr]    Compiling toml_datetime v0.6.11
[INFO] [stderr]    Compiling serde_spanned v0.6.9
[INFO] [stderr]    Compiling toml_edit v0.22.27
[INFO] [stderr]    Compiling zvariant_derive v5.13.1
[INFO] [stderr]    Compiling zvariant v5.13.1
[INFO] [stderr]    Compiling toml v0.8.23
[INFO] [stderr]    Compiling zbus_names v4.3.4
[INFO] [stderr]    Compiling zbus_macros v5.18.0
[INFO] [stderr]    Compiling zbus v5.18.0
[INFO] [stderr]    Compiling notify-rust v4.18.0
[INFO] [stderr]    Compiling q v0.1.0 (/opt/rustwide/workdir)
[INFO] [stderr]     Finished `dev` profile [unoptimized + debuginfo] target(s) in 54.78s
[INFO] running `Command { std: "docker" "inspect" "ab1250314ca904c109fe80484622ccd0e4c5214e2de10be882086e7fb6db2d6c", kill_on_drop: false }`
[INFO] running `Command { std: "docker" "exec" "-e" "SOURCE_DIR=/opt/rustwide/workdir" "-e" "CARGO_HOME=/opt/rustwide/cargo-home" "-e" "RUSTUP_HOME=/opt/rustwide/rustup-home" "-e" "CARGO_TARGET_DIR=/opt/rustwide/target" "-e" "CARGO_INCREMENTAL=0" "-e" "RUST_BACKTRACE=full" "-e" "RUSTFLAGS=--cap-lints=warn" "-e" "RUSTDOCFLAGS=--cap-lints=warn" "-w" "/opt/rustwide/workdir" "--user" "0:0" "ab1250314ca904c109fe80484622ccd0e4c5214e2de10be882086e7fb6db2d6c" "/opt/rustwide/cargo-home/bin/cargo" "+1.100.0-beta.1" "test" "--frozen" "--no-run" "--message-format=json", kill_on_drop: false }`
[INFO] [stderr]    Compiling q v0.1.0 (/opt/rustwide/workdir)
[INFO] [stderr]     Finished `test` profile [unoptimized + debuginfo] target(s) in 3.60s
[INFO] running `Command { std: "docker" "inspect" "ab1250314ca904c109fe80484622ccd0e4c5214e2de10be882086e7fb6db2d6c", kill_on_drop: false }`
[INFO] running `Command { std: "docker" "exec" "-e" "SOURCE_DIR=/opt/rustwide/workdir" "-e" "CARGO_HOME=/opt/rustwide/cargo-home" "-e" "RUSTUP_HOME=/opt/rustwide/rustup-home" "-e" "CARGO_TARGET_DIR=/opt/rustwide/target" "-e" "CARGO_INCREMENTAL=0" "-e" "RUST_BACKTRACE=full" "-e" "RUSTFLAGS=--cap-lints=warn" "-e" "RUSTDOCFLAGS=--cap-lints=warn" "-w" "/opt/rustwide/workdir" "--user" "0:0" "ab1250314ca904c109fe80484622ccd0e4c5214e2de10be882086e7fb6db2d6c" "/opt/rustwide/cargo-home/bin/cargo" "+1.100.0-beta.1" "test" "--frozen", kill_on_drop: false }`
[INFO] [stderr]     Finished `test` profile [unoptimized + debuginfo] target(s) in 0.17s
[INFO] [stderr]      Running unittests src/lib.rs (/opt/rustwide/target/debug/build/q/99d785d1ad0af6f0/out/q-99d785d1ad0af6f0)
[INFO] [stdout] 
[INFO] [stdout] running 23 tests
[INFO] [stdout] test logging::tests::test_parse_size_str ... ok
[INFO] [stdout] test tests::test_config_defaults ... ok
[INFO] [stdout] test tests::test_color_choice_parse ... ok
[INFO] [stdout] test logging::tests::test_log_rotation_max_zero ... ok
[INFO] [stdout] test tests::test_job_spec_backward_compatibility ... ok
[INFO] [stdout] test tests::test_job_spec_with_notify ... ok
[INFO] [stdout] test tests::test_job_status_from_str ... ok
[INFO] [stdout] test logging::tests::test_log_rotation_file_shifting ... ok
[INFO] [stdout] test logging::tests::test_daemon_logger_auto_rotate ... ok
[INFO] [stdout] test tests::test_format_relative_duration ... ok
[INFO] [stdout] test timespec::tests::test_cron_5_fields ... ok
[INFO] [stdout] test logging::tests::test_should_rotate_size ... ok
[INFO] [stdout] test tests::test_config_logging_settings ... ok
[INFO] [stdout] test timespec::tests::test_human_readable_specs ... ok
[INFO] [stdout] test timespec::tests::test_cron_due_boundary_is_inclusive_without_early_trigger ... ok
[INFO] [stdout] test timespec::tests::test_cron_shortcuts ... ok
[INFO] [stdout] test timespec::tests::test_cron_catch_up_logic ... ok
[INFO] [stdout] test timespec::tests::test_interval_specs ... ok
[INFO] [stdout] test tests::test_schedule_request_serialization ... ok
[INFO] [stdout] test logging::tests::test_should_rotate_age ... ok
[INFO] [stdout] test tests::test_schedule_info_short_backward_compatibility ... ok
[INFO] [stdout] test tests::test_config_custom_notification_settings ... ok
[INFO] [stdout] test logging::tests::test_parse_age_str ... ok
[INFO] [stdout] 
[INFO] [stdout] test result: ok. 23 passed; 0 failed; 0 ignored; 0 measured; 0 filtered out; finished in 0.01s
[INFO] [stdout] 
[INFO] [stderr]      Running unittests src/bin/q.rs (/opt/rustwide/target/debug/build/q/45f1cc41d6ed31a2/out/q-45f1cc41d6ed31a2)
[INFO] [stderr]      Running unittests src/bin/qdaemon.rs (/opt/rustwide/target/debug/build/q/eb6021fdd915870f/out/qdaemon-eb6021fdd915870f)
[INFO] [stdout] 
[INFO] [stdout] running 0 tests
[INFO] [stdout] 
[INFO] [stdout] test result: ok. 0 passed; 0 failed; 0 ignored; 0 measured; 0 filtered out; finished in 0.00s
[INFO] [stdout] 
[INFO] [stderr]      Running tests/integration_tests.rs (/opt/rustwide/target/debug/build/q/e200affef8525669/out/integration_tests-e200affef8525669)
[INFO] [stdout] 
[INFO] [stdout] running 0 tests
[INFO] [stdout] 
[INFO] [stdout] test result: ok. 0 passed; 0 failed; 0 ignored; 0 measured; 0 filtered out; finished in 0.00s
[INFO] [stdout] 
[INFO] [stdout] 
[INFO] [stdout] running 1 test
[INFO] [stdout] test test_daemon_logging_and_rotation_integration ... FAILED
[INFO] [stdout] 
[INFO] [stdout] failures:
[INFO] [stdout] 
[INFO] [stdout] ---- test_daemon_logging_and_rotation_integration stdout ----
[INFO] [stdout] 
[INFO] [stdout] thread 'test_daemon_logging_and_rotation_integration' (1362) panicked at tests/integration_tests.rs:30:5:
[INFO] [stdout] qdaemon binary not found
[INFO] [stdout] stack backtrace:
[INFO] [stdout]    0:     0x63676d4ea241 - std[617be2ca0a6fd877]::backtrace_rs::backtrace::libunwind::trace
[INFO] [stdout]                                at /rustc/e3feeb59cd1bdd011a2bfcc0747b55125d9b8527/library/std/src/../../backtrace/src/backtrace/libunwind.rs:117:9
[INFO] [stdout]    1:     0x63676d4ea241 - std[617be2ca0a6fd877]::backtrace_rs::backtrace::trace_unsynchronized::<std[617be2ca0a6fd877]::sys::backtrace::_print_fmt::{closure#1}>
[INFO] [stdout]                                at /rustc/e3feeb59cd1bdd011a2bfcc0747b55125d9b8527/library/std/src/../../backtrace/src/backtrace/mod.rs:66:14
[INFO] [stdout]    2:     0x63676d4ea241 - std[617be2ca0a6fd877]::sys::backtrace::_print_fmt
[INFO] [stdout]                                at /rustc/e3feeb59cd1bdd011a2bfcc0747b55125d9b8527/library/std/src/sys/backtrace.rs:74:9
[INFO] [stdout]    3:     0x63676d4ea241 - <<std[617be2ca0a6fd877]::sys::backtrace::BacktraceLock>::print::DisplayBacktrace as core[a373ad73a504971]::fmt::Display>::fmt
[INFO] [stdout]                                at /rustc/e3feeb59cd1bdd011a2bfcc0747b55125d9b8527/library/std/src/sys/backtrace.rs:44:26
[INFO] [stdout]    4:     0x63676d4fe40a - <core[a373ad73a504971]::fmt::rt::Argument>::fmt
[INFO] [stdout]                                at /rustc/e3feeb59cd1bdd011a2bfcc0747b55125d9b8527/library/core/src/fmt/rt.rs:152:76
[INFO] [stdout]    5:     0x63676d4fe40a - core[a373ad73a504971]::fmt::write
[INFO] [stdout]    6:     0x63676d4ee6bc - core[a373ad73a504971]::io::write::default_write_fmt::<alloc[2e1b2a31b91974c5]::vec::Vec<u8>>
[INFO] [stdout]                                at /rustc/e3feeb59cd1bdd011a2bfcc0747b55125d9b8527/library/core/src/io/write.rs:402:11
[INFO] [stdout]    7:     0x63676d4ee6bc - <alloc[2e1b2a31b91974c5]::vec::Vec<u8> as core[a373ad73a504971]::io::write::Write>::write_fmt
[INFO] [stdout]                                at /rustc/e3feeb59cd1bdd011a2bfcc0747b55125d9b8527/library/core/src/io/write.rs:335:13
[INFO] [stdout]    8:     0x63676d4c4c26 - <std[617be2ca0a6fd877]::sys::backtrace::BacktraceLock>::print
[INFO] [stdout]                                at /rustc/e3feeb59cd1bdd011a2bfcc0747b55125d9b8527/library/std/src/sys/backtrace.rs:47:9
[INFO] [stdout]    9:     0x63676d4c4c26 - std[617be2ca0a6fd877]::panicking::default_hook::{closure#0}
[INFO] [stdout]                                at /rustc/e3feeb59cd1bdd011a2bfcc0747b55125d9b8527/library/std/src/panicking.rs:289:27
[INFO] [stdout]   10:     0x63676d4e1bf9 - std[617be2ca0a6fd877]::panicking::default_hook
[INFO] [stdout]                                at /rustc/e3feeb59cd1bdd011a2bfcc0747b55125d9b8527/library/std/src/panicking.rs:313:9
[INFO] [stdout]   11:     0x63676d47cdc0 - <alloc[2e1b2a31b91974c5]::boxed::Box<dyn for<'a, 'b> core[a373ad73a504971]::ops::function::Fn<(&'a std[617be2ca0a6fd877]::panic::PanicHookInfo<'b>,), Output = ()> + core[a373ad73a504971]::marker::Sync + core[a373ad73a504971]::marker::Send> as core[a373ad73a504971]::ops::function::Fn<(&std[617be2ca0a6fd877]::panic::PanicHookInfo,)>>::call
[INFO] [stdout]                                at /rustc/e3feeb59cd1bdd011a2bfcc0747b55125d9b8527/library/alloc/src/boxed.rs:2328:9
[INFO] [stdout]   12:     0x63676d47cdc0 - test[aada8e7e76ba119b]::test_main_inner::{closure#0}
[INFO] [stdout]                                at /rustc/e3feeb59cd1bdd011a2bfcc0747b55125d9b8527/library/test/src/lib.rs:137:21
[INFO] [stdout]   13:     0x63676d4e1db2 - <alloc[2e1b2a31b91974c5]::boxed::Box<dyn for<'a, 'b> core[a373ad73a504971]::ops::function::Fn<(&'a std[617be2ca0a6fd877]::panic::PanicHookInfo<'b>,), Output = ()> + core[a373ad73a504971]::marker::Sync + core[a373ad73a504971]::marker::Send> as core[a373ad73a504971]::ops::function::Fn<(&std[617be2ca0a6fd877]::panic::PanicHookInfo,)>>::call
[INFO] [stdout]                                at /rustc/e3feeb59cd1bdd011a2bfcc0747b55125d9b8527/library/alloc/src/boxed.rs:2328:9
[INFO] [stdout]   14:     0x63676d4e1db2 - std[617be2ca0a6fd877]::panicking::panic_with_hook
[INFO] [stdout]                                at /rustc/e3feeb59cd1bdd011a2bfcc0747b55125d9b8527/library/std/src/panicking.rs:819:13
[INFO] [stdout]   15:     0x63676d4c4d04 - std[617be2ca0a6fd877]::panicking::panic_handler::{closure#0}
[INFO] [stdout]                                at /rustc/e3feeb59cd1bdd011a2bfcc0747b55125d9b8527/library/std/src/panicking.rs:678:13
[INFO] [stdout]   16:     0x63676d4bd739 - std[617be2ca0a6fd877]::sys::backtrace::__rust_end_short_backtrace::<std[617be2ca0a6fd877]::panicking::panic_handler::{closure#0}, !>
[INFO] [stdout]                                at /rustc/e3feeb59cd1bdd011a2bfcc0747b55125d9b8527/library/std/src/sys/backtrace.rs:182:18
[INFO] [stdout]   17:     0x63676d4c58dd - __rustc[ea4f61d10b84890b]::rust_begin_unwind
[INFO] [stdout]                                at /rustc/e3feeb59cd1bdd011a2bfcc0747b55125d9b8527/library/std/src/panicking.rs:676:5
[INFO] [stdout]   18:     0x63676d4feb3c - core[a373ad73a504971]::panicking::panic_fmt
[INFO] [stdout]                                at /rustc/e3feeb59cd1bdd011a2bfcc0747b55125d9b8527/library/core/src/panicking.rs:80:14
[INFO] [stdout]   19:     0x63676d46980f - integration_tests[9ecdc9bc4d71f47b]::test_daemon_logging_and_rotation_integration
[INFO] [stdout]                                at /opt/rustwide/workdir/tests/integration_tests.rs:30:5
[INFO] [stdout]   20:     0x63676d468b17 - integration_tests[9ecdc9bc4d71f47b]::test_daemon_logging_and_rotation_integration::{closure#0}
[INFO] [stdout]                                at /opt/rustwide/workdir/tests/integration_tests.rs:6:50
[INFO] [stdout]   21:     0x63676d46ff56 - <integration_tests[9ecdc9bc4d71f47b]::test_daemon_logging_and_rotation_integration::{closure#0} as core[a373ad73a504971]::ops::function::FnOnce<()>>::call_once
[INFO] [stdout]                                at /rustc/e3feeb59cd1bdd011a2bfcc0747b55125d9b8527/library/core/src/ops/function.rs:250:5
[INFO] [stdout]   22:     0x63676d47020b - <fn() -> core[a373ad73a504971]::result::Result<(), alloc[2e1b2a31b91974c5]::string::String> as core[a373ad73a504971]::ops::function::FnOnce<()>>::call_once
[INFO] [stdout]                                at /rustc/e3feeb59cd1bdd011a2bfcc0747b55125d9b8527/library/core/src/ops/function.rs:250:5
[INFO] [stdout]   23:     0x63676d47020b - test[aada8e7e76ba119b]::__rust_begin_short_backtrace::<core[a373ad73a504971]::result::Result<(), alloc[2e1b2a31b91974c5]::string::String>, fn() -> core[a373ad73a504971]::result::Result<(), alloc[2e1b2a31b91974c5]::string::String>>
[INFO] [stdout]                                at /rustc/e3feeb59cd1bdd011a2bfcc0747b55125d9b8527/library/test/src/lib.rs:701:18
[INFO] [stdout]   24:     0x63676d47d3e5 - test[aada8e7e76ba119b]::run_test_in_process::{closure#0}
[INFO] [stdout]                                at /rustc/e3feeb59cd1bdd011a2bfcc0747b55125d9b8527/library/test/src/lib.rs:724:74
[INFO] [stdout]   25:     0x63676d47d3e5 - <core[a373ad73a504971]::panic::unwind_safe::AssertUnwindSafe<test[aada8e7e76ba119b]::run_test_in_process::{closure#0}> as core[a373ad73a504971]::ops::function::FnOnce<()>>::call_once
[INFO] [stdout]                                at /rustc/e3feeb59cd1bdd011a2bfcc0747b55125d9b8527/library/core/src/panic/unwind_safe.rs:275:9
[INFO] [stdout]   26:     0x63676d47d3e5 - std[617be2ca0a6fd877]::panicking::catch_unwind::do_call::<core[a373ad73a504971]::panic::unwind_safe::AssertUnwindSafe<test[aada8e7e76ba119b]::run_test_in_process::{closure#0}>, core[a373ad73a504971]::result::Result<(), alloc[2e1b2a31b91974c5]::string::String>>
[INFO] [stdout]                                at /rustc/e3feeb59cd1bdd011a2bfcc0747b55125d9b8527/library/std/src/panicking.rs:573:43
[INFO] [stdout]   27:     0x63676d47d3e5 - std[617be2ca0a6fd877]::panicking::catch_unwind::<core[a373ad73a504971]::result::Result<(), alloc[2e1b2a31b91974c5]::string::String>, core[a373ad73a504971]::panic::unwind_safe::AssertUnwindSafe<test[aada8e7e76ba119b]::run_test_in_process::{closure#0}>>
[INFO] [stdout]                                at /rustc/e3feeb59cd1bdd011a2bfcc0747b55125d9b8527/library/std/src/panicking.rs:541:19
[INFO] [stdout]   28:     0x63676d47d3e5 - std[617be2ca0a6fd877]::panic::catch_unwind::<core[a373ad73a504971]::panic::unwind_safe::AssertUnwindSafe<test[aada8e7e76ba119b]::run_test_in_process::{closure#0}>, core[a373ad73a504971]::result::Result<(), alloc[2e1b2a31b91974c5]::string::String>>
[INFO] [stdout]                                at /rustc/e3feeb59cd1bdd011a2bfcc0747b55125d9b8527/library/std/src/panic.rs:359:14
[INFO] [stdout]   29:     0x63676d47d3e5 - test[aada8e7e76ba119b]::run_test_in_process
[INFO] [stdout]                                at /rustc/e3feeb59cd1bdd011a2bfcc0747b55125d9b8527/library/test/src/lib.rs:724:27
[INFO] [stdout]   30:     0x63676d47d3e5 - test[aada8e7e76ba119b]::run_test::{closure#0}
[INFO] [stdout]                                at /rustc/e3feeb59cd1bdd011a2bfcc0747b55125d9b8527/library/test/src/lib.rs:645:43
[INFO] [stdout]   31:     0x63676d476cd4 - test[aada8e7e76ba119b]::run_test::{closure#1}
[INFO] [stdout]                                at /rustc/e3feeb59cd1bdd011a2bfcc0747b55125d9b8527/library/test/src/lib.rs:675:41
[INFO] [stdout]   32:     0x63676d476cd4 - std[617be2ca0a6fd877]::sys::backtrace::__rust_begin_short_backtrace::<test[aada8e7e76ba119b]::run_test::{closure#1}, ()>
[INFO] [stdout]                                at /rustc/e3feeb59cd1bdd011a2bfcc0747b55125d9b8527/library/std/src/sys/backtrace.rs:166:18
[INFO] [stdout]   33:     0x63676d480472 - std[617be2ca0a6fd877]::thread::lifecycle::spawn_unchecked::<test[aada8e7e76ba119b]::run_test::{closure#1}, ()>::{closure#1}::{closure#0}
[INFO] [stdout]                                at /rustc/e3feeb59cd1bdd011a2bfcc0747b55125d9b8527/library/std/src/thread/lifecycle.rs:70:13
[INFO] [stdout]   34:     0x63676d480472 - <core[a373ad73a504971]::panic::unwind_safe::AssertUnwindSafe<std[617be2ca0a6fd877]::thread::lifecycle::spawn_unchecked<test[aada8e7e76ba119b]::run_test::{closure#1}, ()>::{closure#1}::{closure#0}> as core[a373ad73a504971]::ops::function::FnOnce<()>>::call_once
[INFO] [stdout]                                at /rustc/e3feeb59cd1bdd011a2bfcc0747b55125d9b8527/library/core/src/panic/unwind_safe.rs:275:9
[INFO] [stdout]   35:     0x63676d480472 - std[617be2ca0a6fd877]::panicking::catch_unwind::do_call::<core[a373ad73a504971]::panic::unwind_safe::AssertUnwindSafe<std[617be2ca0a6fd877]::thread::lifecycle::spawn_unchecked<test[aada8e7e76ba119b]::run_test::{closure#1}, ()>::{closure#1}::{closure#0}>, ()>
[INFO] [stdout]                                at /rustc/e3feeb59cd1bdd011a2bfcc0747b55125d9b8527/library/std/src/panicking.rs:573:43
[INFO] [stdout]   36:     0x63676d480472 - std[617be2ca0a6fd877]::panicking::catch_unwind::<(), core[a373ad73a504971]::panic::unwind_safe::AssertUnwindSafe<std[617be2ca0a6fd877]::thread::lifecycle::spawn_unchecked<test[aada8e7e76ba119b]::run_test::{closure#1}, ()>::{closure#1}::{closure#0}>>
[INFO] [stdout]                                at /rustc/e3feeb59cd1bdd011a2bfcc0747b55125d9b8527/library/std/src/panicking.rs:541:19
[INFO] [stdout]   37:     0x63676d480472 - std[617be2ca0a6fd877]::panic::catch_unwind::<core[a373ad73a504971]::panic::unwind_safe::AssertUnwindSafe<std[617be2ca0a6fd877]::thread::lifecycle::spawn_unchecked<test[aada8e7e76ba119b]::run_test::{closure#1}, ()>::{closure#1}::{closure#0}>, ()>
[INFO] [stdout]                                at /rustc/e3feeb59cd1bdd011a2bfcc0747b55125d9b8527/library/std/src/panic.rs:359:14
[INFO] [stdout]   38:     0x63676d480472 - std[617be2ca0a6fd877]::thread::lifecycle::spawn_unchecked::<test[aada8e7e76ba119b]::run_test::{closure#1}, ()>::{closure#1}
[INFO] [stdout]                                at /rustc/e3feeb59cd1bdd011a2bfcc0747b55125d9b8527/library/std/src/thread/lifecycle.rs:68:26
[INFO] [stdout]   39:     0x63676d480472 - <std[617be2ca0a6fd877]::thread::lifecycle::spawn_unchecked<test[aada8e7e76ba119b]::run_test::{closure#1}, ()>::{closure#1} as core[a373ad73a504971]::ops::function::FnOnce<()>>::call_once::{shim:vtable#0}
[INFO] [stdout]                                at /rustc/e3feeb59cd1bdd011a2bfcc0747b55125d9b8527/library/core/src/ops/function.rs:250:5
[INFO] [stdout]   40:     0x63676d4e955f - <alloc[2e1b2a31b91974c5]::boxed::Box<dyn core[a373ad73a504971]::ops::function::FnOnce<(), Output = ()> + core[a373ad73a504971]::marker::Send> as core[a373ad73a504971]::ops::function::FnOnce<()>>::call_once
[INFO] [stdout]                                at /rustc/e3feeb59cd1bdd011a2bfcc0747b55125d9b8527/library/alloc/src/boxed.rs:2314:9
[INFO] [stdout]   41:     0x63676d4e955f - <std[617be2ca0a6fd877]::sys::thread::unix::Thread>::new::thread_start
[INFO] [stdout]                                at /rustc/e3feeb59cd1bdd011a2bfcc0747b55125d9b8527/library/std/src/sys/thread/unix.rs:127:17
[INFO] [stdout]   42:     0x7f06e9fe1dfa - <unknown>
[INFO] [stdout]   43:     0x7f06ea0753d4 - clone
[INFO] [stdout]   44:                0x0 - <unknown>
[INFO] [stdout] 
[INFO] [stdout] 
[INFO] [stdout] failures:
[INFO] [stdout]     test_daemon_logging_and_rotation_integration
[INFO] [stdout] 
[INFO] [stdout] test result: FAILED. 0 passed; 1 failed; 0 ignored; 0 measured; 0 filtered out; finished in 0.04s
[INFO] [stdout] 
[INFO] [stderr] error: test failed, to rerun pass `--test integration_tests`
[INFO] running `Command { std: "docker" "inspect" "ab1250314ca904c109fe80484622ccd0e4c5214e2de10be882086e7fb6db2d6c", kill_on_drop: false }`
[INFO] running `Command { std: "docker" "rm" "-f" "ab1250314ca904c109fe80484622ccd0e4c5214e2de10be882086e7fb6db2d6c", kill_on_drop: false }`
[INFO] [stdout] ab1250314ca904c109fe80484622ccd0e4c5214e2de10be882086e7fb6db2d6c
