[INFO] cloning repository https://github.com/im4vk/PiHoleLib
[INFO] running `Command { std: "git" "-c" "credential.helper=" "-c" "credential.helper=/workspace/cargo-home/bin/git-credential-null" "clone" "--bare" "https://github.com/im4vk/PiHoleLib" "/workspace/cache/git-repos/https%3A%2F%2Fgithub.com%2Fim4vk%2FPiHoleLib", kill_on_drop: false }`
[INFO] [stderr] Cloning into bare repository '/workspace/cache/git-repos/https%3A%2F%2Fgithub.com%2Fim4vk%2FPiHoleLib'...
[INFO] running `Command { std: "git" "rev-parse" "HEAD", kill_on_drop: false }`
[INFO] [stdout] cd8955bba74b233cb845076fa744931da4ba7f61
[INFO] testing im4vk/PiHoleLib against 1.99.0-beta.8 for beta-1.100-2
[INFO] running `Command { std: "git" "clone" "/workspace/cache/git-repos/https%3A%2F%2Fgithub.com%2Fim4vk%2FPiHoleLib" "/workspace/builds/worker-0-tc1/source", kill_on_drop: false }`
[INFO] [stderr] Cloning into '/workspace/builds/worker-0-tc1/source'...
[INFO] [stderr] done.
[INFO] started tweaking git repo https://github.com/im4vk/PiHoleLib
[INFO] finished tweaking git repo https://github.com/im4vk/PiHoleLib
[INFO] tweaked toml for git repo https://github.com/im4vk/PiHoleLib written to /workspace/builds/worker-0-tc1/source/Cargo.toml
[INFO] validating manifest of git repo https://github.com/im4vk/PiHoleLib on toolchain 1.99.0-beta.8
[INFO] running `Command { std: CARGO_HOME="/workspace/cargo-home" RUSTUP_HOME="/workspace/rustup-home" "/workspace/cargo-home/bin/cargo" "+1.99.0-beta.8" "metadata" "--manifest-path" "Cargo.toml" "--no-deps", kill_on_drop: false }`
[INFO] crate git repo https://github.com/im4vk/PiHoleLib already has a lockfile, it will not be regenerated
[INFO] running `Command { std: CARGO_HOME="/workspace/cargo-home" RUSTUP_HOME="/workspace/rustup-home" "/workspace/cargo-home/bin/cargo" "+1.99.0-beta.8" "fetch" "--manifest-path" "Cargo.toml", kill_on_drop: false }`
[INFO] [stderr]     Blocking waiting for file lock on package cache
[INFO] [stderr]     Updating crates.io index
[INFO] [stderr]     Blocking waiting for file lock on package cache
[INFO] [stderr]  Downloading crates ...
[INFO] [stderr]   Downloaded value-bag v1.11.1
[INFO] [stderr]   Downloaded thiserror v2.0.14
[INFO] [stderr]   Downloaded libredox v0.1.9
[INFO] [stderr]   Downloaded thiserror-impl v2.0.14
[INFO] [stderr]   Downloaded proc-macro2 v1.0.96
[INFO] [stderr]   Downloaded io-uring v0.7.9
[INFO] [stderr]   Downloaded cc v1.2.32
[INFO] [stderr]   Downloaded serde_json v1.0.142
[INFO] [stderr]   Downloaded rustix v1.0.8
[INFO] [stderr]   Downloaded webpki-roots v1.0.2
[INFO] [stderr]   Downloaded reqwest v0.12.22
[INFO] [stderr]   Downloaded rustls v0.23.31
[INFO] [stderr]   Downloaded httpmock v0.7.0
[INFO] [stderr]   Downloaded hyper-util v0.1.16
[INFO] [stderr]   Downloaded libc v0.2.175
[INFO] [stderr]   Downloaded basic-cookies v0.1.5
[INFO] [stderr]   Downloaded lalrpop-util v0.20.2
[INFO] [stderr]   Downloaded ena v0.14.3
[INFO] [stderr]   Downloaded lalrpop v0.20.2
[INFO] [stderr]   Downloaded async-process v2.4.0
[INFO] [stderr]   Downloaded async-std v1.13.1
[INFO] [stderr]   Downloaded async-signal v0.2.12
[INFO] [stderr]   Downloaded async-io v2.5.0
[INFO] [stderr]   Downloaded clap_derive v4.5.41
[INFO] [stderr]   Downloaded async-object-pool v0.1.5
[INFO] [stderr]   Downloaded polling v3.10.0
[INFO] [stderr]   Downloaded clap v4.5.44
[INFO] [stderr]   Downloaded anstream v0.6.20
[INFO] [stderr]   Downloaded clap_builder v4.5.44
[INFO] running `Command { std: "docker" "create" "-v" "/var/lib/crater-agent-workspace/builds/worker-0-tc1/source:/opt/rustwide/workdir:ro,Z" "-v" "/var/lib/crater-agent-workspace/builds/worker-0-tc1/target:/opt/rustwide/target:rw,Z" "-v" "/var/lib/crater-agent-workspace/cargo-home:/opt/rustwide/cargo-home:ro,Z" "-v" "/var/lib/crater-agent-workspace/rustup-home:/opt/rustwide/rustup-home:ro,Z" "-m" "1610612736" "--network" "none" "ghcr.io/rust-lang/crates-build-env/linux@sha256:3111399a4047eeb3a02b7a90e478d715f38a8c6669b5c4b49d30a17385265909" "sleep" "infinity", kill_on_drop: false }`
[INFO] [stdout] a41f3e4a0a90fbfca098f82a22b0c3c8267f53de93ff3a493cdcea9892340bbc
[INFO] running `Command { std: "docker" "start" "a41f3e4a0a90fbfca098f82a22b0c3c8267f53de93ff3a493cdcea9892340bbc", kill_on_drop: false }`
[INFO] running `Command { std: "docker" "inspect" "a41f3e4a0a90fbfca098f82a22b0c3c8267f53de93ff3a493cdcea9892340bbc", kill_on_drop: false }`
[INFO] running `Command { std: "docker" "exec" "-e" "SOURCE_DIR=/opt/rustwide/workdir" "-e" "CARGO_HOME=/opt/rustwide/cargo-home" "-e" "RUSTUP_HOME=/opt/rustwide/rustup-home" "-e" "CARGO_TARGET_DIR=/opt/rustwide/target" "-w" "/opt/rustwide/workdir" "--user" "0:0" "a41f3e4a0a90fbfca098f82a22b0c3c8267f53de93ff3a493cdcea9892340bbc" "/opt/rustwide/cargo-home/bin/cargo" "+1.99.0-beta.8" "metadata" "--no-deps" "--format-version=1", kill_on_drop: false }`
[INFO] running `Command { std: "docker" "inspect" "a41f3e4a0a90fbfca098f82a22b0c3c8267f53de93ff3a493cdcea9892340bbc", kill_on_drop: false }`
[INFO] running `Command { std: "docker" "exec" "-e" "SOURCE_DIR=/opt/rustwide/workdir" "-e" "CARGO_HOME=/opt/rustwide/cargo-home" "-e" "RUSTUP_HOME=/opt/rustwide/rustup-home" "-e" "CARGO_TARGET_DIR=/opt/rustwide/target" "-e" "CARGO_INCREMENTAL=0" "-e" "RUST_BACKTRACE=full" "-e" "RUSTFLAGS=--cap-lints=warn" "-e" "RUSTDOCFLAGS=--cap-lints=warn" "-w" "/opt/rustwide/workdir" "--user" "0:0" "a41f3e4a0a90fbfca098f82a22b0c3c8267f53de93ff3a493cdcea9892340bbc" "/opt/rustwide/cargo-home/bin/cargo" "+1.99.0-beta.8" "build" "--frozen" "--message-format=json", kill_on_drop: false }`
[INFO] [stderr]    Compiling proc-macro2 v1.0.96
[INFO] [stderr]    Compiling libc v0.2.175
[INFO] [stderr]    Compiling slab v0.4.11
[INFO] [stderr]    Compiling cc v1.2.32
[INFO] [stderr]    Compiling tracing-core v0.1.34
[INFO] [stderr]    Compiling smallvec v1.15.1
[INFO] [stderr]    Compiling hashbrown v0.15.5
[INFO] [stderr]    Compiling rustls-pki-types v1.12.0
[INFO] [stderr]    Compiling http v1.3.1
[INFO] [stderr]    Compiling serde_json v1.0.142
[INFO] [stderr]    Compiling thiserror v2.0.14
[INFO] [stderr]    Compiling rustls v0.23.31
[INFO] [stderr]    Compiling event-listener v5.4.1
[INFO] [stderr]    Compiling crypto-common v0.1.6
[INFO] [stderr]    Compiling spin v0.9.8
[INFO] [stderr]    Compiling digest v0.10.7
[INFO] [stderr]    Compiling futures-util v0.3.31
[INFO] [stderr]    Compiling chrono v0.4.41
[INFO] [stderr]    Compiling base64 v0.22.1
[INFO] [stderr]    Compiling flume v0.11.1
[INFO] [stderr]    Compiling ipnet v2.11.0
[INFO] [stderr]    Compiling sha2 v0.10.9
[INFO] [stderr]    Compiling webpki-roots v1.0.2
[INFO] [stderr]    Compiling mime_guess v2.0.5
[INFO] [stderr]    Compiling webpki-roots v0.26.11
[INFO] [stderr]    Compiling quote v1.0.40
[INFO] [stderr]    Compiling aho-corasick v1.1.3
[INFO] [stderr]    Compiling anstyle-query v1.1.4
[INFO] [stderr]    Compiling is_terminal_polyfill v1.70.1
[INFO] [stderr]    Compiling socket2 v0.6.0
[INFO] [stderr]    Compiling mio v1.0.4
[INFO] [stderr]    Compiling signal-hook-registry v1.4.6
[INFO] [stderr]    Compiling getrandom v0.2.16
[INFO] [stderr]    Compiling syn v2.0.104
[INFO] [stderr]    Compiling parking_lot_core v0.9.11
[INFO] [stderr]    Compiling indexmap v2.10.0
[INFO] [stderr]    Compiling hashlink v0.10.0
[INFO] [stderr]    Compiling anstyle v1.0.11
[INFO] [stderr]    Compiling http-body v1.0.1
[INFO] [stderr]    Compiling parking_lot v0.12.4
[INFO] [stderr]    Compiling tokio v1.47.1
[INFO] [stderr]    Compiling http-body-util v0.1.3
[INFO] [stderr]    Compiling anstream v0.6.20
[INFO] [stderr]    Compiling regex-automata v0.1.10
[INFO] [stderr]    Compiling clap_lex v0.7.5
[INFO] [stderr]    Compiling futures-intrusive v0.5.0
[INFO] [stderr]    Compiling iri-string v0.7.8
[INFO] [stderr]    Compiling sharded-slab v0.1.7
[INFO] [stderr]    Compiling clap_builder v4.5.44
[INFO] [stderr]    Compiling tracing-log v0.2.0
[INFO] [stderr]    Compiling ring v0.17.14
[INFO] [stderr]    Compiling openssl-sys v0.9.109
[INFO] [stderr]    Compiling libsqlite3-sys v0.30.1
[INFO] [stderr]    Compiling thread_local v1.1.9
[INFO] [stderr]    Compiling http-range-header v0.4.2
[INFO] [stderr]    Compiling regex-automata v0.4.9
[INFO] [stderr]    Compiling matchers v0.1.0
[INFO] [stderr]    Compiling openssl v0.10.73
[INFO] [stderr]    Compiling native-tls v0.2.14
[INFO] [stderr]    Compiling futures-executor v0.3.31
[INFO] [stderr]    Compiling regex v1.11.1
[INFO] [stderr]    Compiling tokio-stream v0.1.17
[INFO] [stderr]    Compiling rustls-webpki v0.103.4
[INFO] [stderr]    Compiling synstructure v0.13.2
[INFO] [stderr]    Compiling zerofrom-derive v0.1.6
[INFO] [stderr]    Compiling yoke-derive v0.8.0
[INFO] [stderr]    Compiling zerovec-derive v0.11.1
[INFO] [stderr]    Compiling displaydoc v0.2.5
[INFO] [stderr]    Compiling tracing-attributes v0.1.30
[INFO] [stderr]    Compiling tokio-macros v2.5.0
[INFO] [stderr]    Compiling serde_derive v1.0.219
[INFO] [stderr]    Compiling thiserror-impl v2.0.14
[INFO] [stderr]    Compiling openssl-macros v0.1.1
[INFO] [stderr]    Compiling async-trait v0.1.88
[INFO] [stderr]    Compiling clap_derive v4.5.41
[INFO] [stderr]    Compiling thiserror-impl v1.0.69
[INFO] [stderr]    Compiling zerofrom v0.1.6
[INFO] [stderr]    Compiling yoke v0.8.0
[INFO] [stderr]    Compiling tracing v0.1.41
[INFO] [stderr]    Compiling zerotrie v0.2.2
[INFO] [stderr]    Compiling thiserror v1.0.69
[INFO] [stderr]    Compiling zerovec v0.11.4
[INFO] [stderr]    Compiling axum-core v0.4.5
[INFO] [stderr]    Compiling tracing-subscriber v0.3.19
[INFO] [stderr]    Compiling tower v0.4.13
[INFO] [stderr]    Compiling clap v4.5.44
[INFO] [stderr]    Compiling tinystr v0.8.1
[INFO] [stderr]    Compiling potential_utf v0.1.2
[INFO] [stderr]    Compiling icu_collections v2.0.0
[INFO] [stderr]    Compiling icu_locale_core v2.0.0
[INFO] [stderr]    Compiling icu_provider v2.0.0
[INFO] [stderr]    Compiling serde v1.0.219
[INFO] [stderr]    Compiling icu_properties v2.0.1
[INFO] [stderr]    Compiling icu_normalizer v2.0.0
[INFO] [stderr]    Compiling idna_adapter v1.2.1
[INFO] [stderr]    Compiling idna v1.0.3
[INFO] [stderr]    Compiling url v2.5.4
[INFO] [stderr]    Compiling tokio-util v0.7.16
[INFO] [stderr]    Compiling tower v0.5.2
[INFO] [stderr]    Compiling tokio-native-tls v0.3.1
[INFO] [stderr]    Compiling h2 v0.4.12
[INFO] [stderr]    Compiling tower-http v0.5.2
[INFO] [stderr]    Compiling tower-http v0.6.6
[INFO] [stderr]    Compiling serde_urlencoded v0.7.1
[INFO] [stderr]    Compiling either v1.15.0
[INFO] [stderr]    Compiling serde_path_to_error v0.1.17
[INFO] [stderr]    Compiling sqlx-core v0.8.6
[INFO] [stderr]    Compiling hyper v1.6.0
[INFO] [stderr]    Compiling sqlx-sqlite v0.8.6
[INFO] [stderr]    Compiling hyper-util v0.1.16
[INFO] [stderr]    Compiling hyper-tls v0.6.0
[INFO] [stderr]    Compiling axum v0.7.9
[INFO] [stderr]    Compiling reqwest v0.12.22
[INFO] [stderr]    Compiling sqlx-macros-core v0.8.6
[INFO] [stderr]    Compiling sqlx-macros v0.8.6
[INFO] [stderr]    Compiling sqlx v0.8.6
[INFO] [stderr]    Compiling zzpi_holelib v0.1.0 (/opt/rustwide/workdir)
[INFO] [stdout] warning: fields `blocklist_manager` and `stats_collector` are never read
[INFO] [stdout]   --> src/lib.rs:33:5
[INFO] [stdout]    |
[INFO] [stdout] 29 | pub struct PiHole {
[INFO] [stdout]    |            ------ fields in this struct
[INFO] [stdout] ...
[INFO] [stdout] 33 |     blocklist_manager: Arc<RwLock<BlocklistManager>>,
[INFO] [stdout]    |     ^^^^^^^^^^^^^^^^^
[INFO] [stdout] 34 |     stats_collector: Arc<RwLock<StatsCollector>>,
[INFO] [stdout]    |     ^^^^^^^^^^^^^^^
[INFO] [stdout]    |
[INFO] [stdout]    = note: `#[warn(dead_code)]` (part of `#[warn(unused)]`) on by default
[INFO] [stdout] 
[INFO] [stdout] 
[INFO] [stdout] warning: field `gravity_updater` is never read
[INFO] [stdout]   --> src/web.rs:33:5
[INFO] [stdout]    |
[INFO] [stdout] 29 | pub struct AppState {
[INFO] [stdout]    |            -------- field in this struct
[INFO] [stdout] ...
[INFO] [stdout] 33 |     gravity_updater: Arc<GravityUpdater>,
[INFO] [stdout]    |     ^^^^^^^^^^^^^^^
[INFO] [stdout]    |
[INFO] [stdout]    = note: `AppState` has a derived impl for the trait `Clone`, but this is intentionally ignored during dead code analysis
[INFO] [stdout] 
[INFO] [stdout] 
[INFO] [stderr]     Finished `dev` profile [unoptimized + debuginfo] target(s) in 2m 12s
[INFO] running `Command { std: "docker" "inspect" "a41f3e4a0a90fbfca098f82a22b0c3c8267f53de93ff3a493cdcea9892340bbc", kill_on_drop: false }`
[INFO] running `Command { std: "docker" "exec" "-e" "SOURCE_DIR=/opt/rustwide/workdir" "-e" "CARGO_HOME=/opt/rustwide/cargo-home" "-e" "RUSTUP_HOME=/opt/rustwide/rustup-home" "-e" "CARGO_TARGET_DIR=/opt/rustwide/target" "-e" "CARGO_INCREMENTAL=0" "-e" "RUST_BACKTRACE=full" "-e" "RUSTFLAGS=--cap-lints=warn" "-e" "RUSTDOCFLAGS=--cap-lints=warn" "-w" "/opt/rustwide/workdir" "--user" "0:0" "a41f3e4a0a90fbfca098f82a22b0c3c8267f53de93ff3a493cdcea9892340bbc" "/opt/rustwide/cargo-home/bin/cargo" "+1.99.0-beta.8" "test" "--frozen" "--no-run" "--message-format=json", kill_on_drop: false }`
[INFO] [stderr]    Compiling value-bag v1.11.1
[INFO] [stderr]    Compiling bitflags v2.9.1
[INFO] [stderr]    Compiling futures-macro v0.3.31
[INFO] [stderr]    Compiling concurrent-queue v2.5.0
[INFO] [stderr]    Compiling either v1.15.0
[INFO] [stderr]    Compiling fastrand v2.3.0
[INFO] [stderr]    Compiling crossbeam-utils v0.8.21
[INFO] [stderr]    Compiling rustix v1.0.8
[INFO] [stderr]    Compiling linux-raw-sys v0.9.4
[INFO] [stderr]    Compiling futures-util v0.3.31
[INFO] [stderr]    Compiling dirs-sys-next v0.1.2
[INFO] [stderr]    Compiling regex-syntax v0.8.5
[INFO] [stderr]    Compiling crunchy v0.2.4
[INFO] [stderr]    Compiling siphasher v1.0.1
[INFO] [stderr]    Compiling async-task v4.7.1
[INFO] [stderr]    Compiling tiny-keccak v2.0.2
[INFO] [stderr]    Compiling dirs-next v2.0.0
[INFO] [stderr]    Compiling new_debug_unreachable v1.0.6
[INFO] [stderr]    Compiling term v0.7.0
[INFO] [stderr]    Compiling openssl v0.10.73
[INFO] [stderr]    Compiling bit-vec v0.6.3
[INFO] [stderr]    Compiling precomputed-hash v0.1.1
[INFO] [stderr]    Compiling fixedbitset v0.4.2
[INFO] [stderr]    Compiling itertools v0.11.0
[INFO] [stderr]    Compiling event-listener v5.4.1
[INFO] [stderr]    Compiling phf_shared v0.11.3
[INFO] [stderr]    Compiling futures-lite v2.6.1
[INFO] [stderr]    Compiling piper v0.2.4
[INFO] [stderr]    Compiling log v0.4.27
[INFO] [stderr]    Compiling string_cache v0.8.9
[INFO] [stderr]    Compiling petgraph v0.6.5
[INFO] [stderr]    Compiling bit-set v0.5.3
[INFO] [stderr]    Compiling ena v0.14.3
[INFO] [stderr]    Compiling event-listener-strategy v0.5.4
[INFO] [stderr]    Compiling crossbeam-queue v0.3.12
[INFO] [stderr]    Compiling unicode-xid v0.2.6
[INFO] [stderr]    Compiling async-lock v3.4.1
[INFO] [stderr]    Compiling async-channel v2.5.0
[INFO] [stderr]    Compiling ascii-canvas v3.0.0
[INFO] [stderr]    Compiling tracing v0.1.41
[INFO] [stderr]    Compiling pico-args v0.5.0
[INFO] [stderr]    Compiling syn v1.0.109
[INFO] [stderr]    Compiling blocking v1.6.2
[INFO] [stderr]    Compiling async-executor v1.13.2
[INFO] [stderr]    Compiling async-channel v1.9.0
[INFO] [stderr]    Compiling h2 v0.4.12
[INFO] [stderr]    Compiling kv-log-macro v1.0.7
[INFO] [stderr]    Compiling tracing-log v0.2.0
[INFO] [stderr]    Compiling getrandom v0.3.3
[INFO] [stderr]    Compiling http-body v0.4.6
[INFO] [stderr]    Compiling tower v0.4.13
[INFO] [stderr]    Compiling socket2 v0.5.10
[INFO] [stderr]    Compiling tracing-subscriber v0.3.19
[INFO] [stderr]    Compiling lalrpop-util v0.20.2
[INFO] [stderr]    Compiling serde_regex v1.1.0
[INFO] [stderr]    Compiling assert-json-diff v2.0.2
[INFO] [stderr]    Compiling levenshtein v1.0.5
[INFO] [stderr]    Compiling similar v2.7.0
[INFO] [stderr]    Compiling regex-automata v0.4.9
[INFO] [stderr]    Compiling futures-executor v0.3.31
[INFO] [stderr]    Compiling sqlx-core v0.8.6
[INFO] [stderr]    Compiling native-tls v0.2.14
[INFO] [stderr]    Compiling tokio-native-tls v0.3.1
[INFO] [stderr]    Compiling regex v1.11.1
[INFO] [stderr]    Compiling lalrpop v0.20.2
[INFO] [stderr]    Compiling async-attributes v1.1.2
[INFO] [stderr]    Compiling tower v0.5.2
[INFO] [stderr]    Compiling axum-core v0.4.5
[INFO] [stderr]    Compiling tower-http v0.5.2
[INFO] [stderr]    Compiling hyper v0.14.32
[INFO] [stderr]    Compiling tower-http v0.6.6
[INFO] [stderr]    Compiling polling v3.10.0
[INFO] [stderr]    Compiling tempfile v3.20.0
[INFO] [stderr]    Compiling async-io v2.5.0
[INFO] [stderr]    Compiling sqlx-sqlite v0.8.6
[INFO] [stderr]    Compiling hyper v1.6.0
[INFO] [stderr]    Compiling async-signal v0.2.12
[INFO] [stderr]    Compiling async-global-executor v2.4.1
[INFO] [stderr]    Compiling async-process v2.4.0
[INFO] [stderr]    Compiling async-std v1.13.1
[INFO] [stderr]    Compiling hyper-util v0.1.16
[INFO] [stderr]    Compiling sqlx-macros-core v0.8.6
[INFO] [stderr]    Compiling async-object-pool v0.1.5
[INFO] [stderr]    Compiling hyper-tls v0.6.0
[INFO] [stderr]    Compiling axum v0.7.9
[INFO] [stderr]    Compiling reqwest v0.12.22
[INFO] [stderr]    Compiling sqlx-macros v0.8.6
[INFO] [stderr]    Compiling sqlx v0.8.6
[INFO] [stderr]    Compiling basic-cookies v0.1.5
[INFO] [stderr]    Compiling httpmock v0.7.0
[INFO] [stderr]    Compiling zzpi_holelib v0.1.0 (/opt/rustwide/workdir)
[INFO] [stdout] warning: fields `blocklist_manager` and `stats_collector` are never read
[INFO] [stdout]   --> src/lib.rs:33:5
[INFO] [stdout]    |
[INFO] [stdout] 29 | pub struct PiHole {
[INFO] [stdout]    |            ------ fields in this struct
[INFO] [stdout] ...
[INFO] [stdout] 33 |     blocklist_manager: Arc<RwLock<BlocklistManager>>,
[INFO] [stdout]    |     ^^^^^^^^^^^^^^^^^
[INFO] [stdout] 34 |     stats_collector: Arc<RwLock<StatsCollector>>,
[INFO] [stdout]    |     ^^^^^^^^^^^^^^^
[INFO] [stdout]    |
[INFO] [stdout]    = note: `#[warn(dead_code)]` (part of `#[warn(unused)]`) on by default
[INFO] [stdout] 
[INFO] [stdout] 
[INFO] [stdout] warning: field `gravity_updater` is never read
[INFO] [stdout]   --> src/web.rs:33:5
[INFO] [stdout]    |
[INFO] [stdout] 29 | pub struct AppState {
[INFO] [stdout]    |            -------- field in this struct
[INFO] [stdout] ...
[INFO] [stdout] 33 |     gravity_updater: Arc<GravityUpdater>,
[INFO] [stdout]    |     ^^^^^^^^^^^^^^^
[INFO] [stdout]    |
[INFO] [stdout]    = note: `AppState` has a derived impl for the trait `Clone`, but this is intentionally ignored during dead code analysis
[INFO] [stdout] 
[INFO] [stdout] 
[INFO] [stdout] warning: fields `blocklist_manager` and `stats_collector` are never read
[INFO] [stdout]   --> src/lib.rs:33:5
[INFO] [stdout]    |
[INFO] [stdout] 29 | pub struct PiHole {
[INFO] [stdout]    |            ------ fields in this struct
[INFO] [stdout] ...
[INFO] [stdout] 33 |     blocklist_manager: Arc<RwLock<BlocklistManager>>,
[INFO] [stdout]    |     ^^^^^^^^^^^^^^^^^
[INFO] [stdout] 34 |     stats_collector: Arc<RwLock<StatsCollector>>,
[INFO] [stdout]    |     ^^^^^^^^^^^^^^^
[INFO] [stdout]    |
[INFO] [stdout]    = note: `#[warn(dead_code)]` (part of `#[warn(unused)]`) on by default
[INFO] [stdout] 
[INFO] [stdout] 
[INFO] [stdout] warning: field `gravity_updater` is never read
[INFO] [stdout]   --> src/web.rs:33:5
[INFO] [stdout]    |
[INFO] [stdout] 29 | pub struct AppState {
[INFO] [stdout]    |            -------- field in this struct
[INFO] [stdout] ...
[INFO] [stdout] 33 |     gravity_updater: Arc<GravityUpdater>,
[INFO] [stdout]    |     ^^^^^^^^^^^^^^^
[INFO] [stdout]    |
[INFO] [stdout]    = note: `AppState` has a derived impl for the trait `Clone`, but this is intentionally ignored during dead code analysis
[INFO] [stdout] 
[INFO] [stdout] 
[INFO] [stderr]     Finished `test` profile [unoptimized + debuginfo] target(s) in 1m 37s
[INFO] running `Command { std: "docker" "inspect" "a41f3e4a0a90fbfca098f82a22b0c3c8267f53de93ff3a493cdcea9892340bbc", kill_on_drop: false }`
[INFO] running `Command { std: "docker" "exec" "-e" "SOURCE_DIR=/opt/rustwide/workdir" "-e" "CARGO_HOME=/opt/rustwide/cargo-home" "-e" "RUSTUP_HOME=/opt/rustwide/rustup-home" "-e" "CARGO_TARGET_DIR=/opt/rustwide/target" "-e" "CARGO_INCREMENTAL=0" "-e" "RUST_BACKTRACE=full" "-e" "RUSTFLAGS=--cap-lints=warn" "-e" "RUSTDOCFLAGS=--cap-lints=warn" "-w" "/opt/rustwide/workdir" "--user" "0:0" "a41f3e4a0a90fbfca098f82a22b0c3c8267f53de93ff3a493cdcea9892340bbc" "/opt/rustwide/cargo-home/bin/cargo" "+1.99.0-beta.8" "test" "--frozen", kill_on_drop: false }`
[INFO] [stderr] warning: fields `blocklist_manager` and `stats_collector` are never read
[INFO] [stderr]   --> src/lib.rs:33:5
[INFO] [stderr]    |
[INFO] [stderr] 29 | pub struct PiHole {
[INFO] [stderr]    |            ------ fields in this struct
[INFO] [stderr] ...
[INFO] [stderr] 33 |     blocklist_manager: Arc<RwLock<BlocklistManager>>,
[INFO] [stderr]    |     ^^^^^^^^^^^^^^^^^
[INFO] [stderr] 34 |     stats_collector: Arc<RwLock<StatsCollector>>,
[INFO] [stderr]    |     ^^^^^^^^^^^^^^^
[INFO] [stderr]    |
[INFO] [stderr]    = note: `#[warn(dead_code)]` (part of `#[warn(unused)]`) on by default
[INFO] [stderr] 
[INFO] [stderr] warning: field `gravity_updater` is never read
[INFO] [stderr]   --> src/web.rs:33:5
[INFO] [stderr]    |
[INFO] [stderr] 29 | pub struct AppState {
[INFO] [stderr]    |            -------- field in this struct
[INFO] [stderr] ...
[INFO] [stderr] 33 |     gravity_updater: Arc<GravityUpdater>,
[INFO] [stderr]    |     ^^^^^^^^^^^^^^^
[INFO] [stderr]    |
[INFO] [stderr]    = note: `AppState` has a derived impl for the trait `Clone`, but this is intentionally ignored during dead code analysis
[INFO] [stderr] 
[INFO] [stderr] warning: `zzpi_holelib` (lib) generated 2 warnings
[INFO] [stderr] warning: `zzpi_holelib` (lib test) generated 2 warnings (2 duplicates)
[INFO] [stderr]     Finished `test` profile [unoptimized + debuginfo] target(s) in 0.67s
[INFO] [stderr]      Running unittests src/lib.rs (/opt/rustwide/target/debug/deps/zzpi_holelib-79b3c9e8f824cac4)
[INFO] [stdout] 
[INFO] [stdout] running 3 tests
[INFO] [stdout] test security::tests::test_domain_validation ... ok
[INFO] [stdout] test security::tests::test_rate_limiter ... ok
[INFO] [stdout] test security::tests::test_suspicious_domain_detection ... ok
[INFO] [stdout] 
[INFO] [stdout] test result: ok. 3 passed; 0 failed; 0 ignored; 0 measured; 0 filtered out; finished in 0.01s
[INFO] [stdout] 
[INFO] [stderr]      Running unittests src/main.rs (/opt/rustwide/target/debug/deps/pihole-fa57dd0fc0f939fb)
[INFO] [stderr]      Running tests/cache_tests.rs (/opt/rustwide/target/debug/deps/cache_tests-db73492c9b262d36)
[INFO] [stdout] 
[INFO] [stdout] running 0 tests
[INFO] [stdout] 
[INFO] [stdout] test result: ok. 0 passed; 0 failed; 0 ignored; 0 measured; 0 filtered out; finished in 0.00s
[INFO] [stdout] 
[INFO] [stdout] 
[INFO] [stdout] running 4 tests
[INFO] [stdout] test test_cache_statistics ... ok
[INFO] [stdout] test test_cache_basic_operations ... ok
[INFO] [stdout] test test_cache_eviction ... ok
[INFO] [stdout] test test_cache_expiration ... ok
[INFO] [stdout] 
[INFO] [stdout] test result: ok. 4 passed; 0 failed; 0 ignored; 0 measured; 0 filtered out; finished in 0.11s
[INFO] [stdout] 
[INFO] [stderr]      Running tests/database_tests.rs (/opt/rustwide/target/debug/deps/database_tests-1a35a44b682e4091)
[INFO] [stdout] 
[INFO] [stdout] running 8 tests
[INFO] [stdout] test test_database_initialization ... ok
[INFO] [stdout] test test_recent_queries ... ok
[INFO] [stdout] test test_query_logging ... ok
[INFO] [stdout] test test_custom_lists ... ok
[INFO] [stdout] test test_cleanup_old_logs ... ok
[INFO] [stdout] test test_statistics_retrieval ... ok
[INFO] [stdout] test test_top_blocked_domains ... ok
[INFO] [stdout] test test_top_clients ... ok
[INFO] [stdout] 
[INFO] [stdout] test result: ok. 8 passed; 0 failed; 0 ignored; 0 measured; 0 filtered out; finished in 1.41s
[INFO] [stdout] 
[INFO] [stderr]      Running tests/dns_tests.rs (/opt/rustwide/target/debug/deps/dns_tests-6b3745b76f8bcb09)
[INFO] [stdout] 
[INFO] [stdout] running 5 tests
[INFO] [stdout] test test_packet_roundtrip ... ok
[INFO] [stdout] test test_dns_response_creation ... ok
[INFO] [stdout] test test_domain_name_encoding ... ok
[INFO] [stdout] test test_dns_blocked_response ... ok
[INFO] [stdout] test test_dns_packet_parsing ... ok
[INFO] [stdout] 
[INFO] [stdout] test result: ok. 5 passed; 0 failed; 0 ignored; 0 measured; 0 filtered out; finished in 0.01s
[INFO] [stdout] 
[INFO] [stderr]      Running tests/integration_final.rs (/opt/rustwide/target/debug/deps/integration_final-e06eb5b07d88f2b4)
[INFO] [stdout] 
[INFO] [stdout] running 6 tests
[INFO] [stdout] test test_configuration_validation ... ok
[INFO] [stdout] [2m2026-10-06T15:43:47.442070Z[0m [32m INFO[0m [2mzzpi_holelib[0m[2m:[0m Initializing Pi-hole server...
[INFO] [stdout] [2m2026-10-06T15:43:47.442188Z[0m [32m INFO[0m [2mzzpi_holelib[0m[2m:[0m Initializing Pi-hole server...
[INFO] [stdout] [2m2026-10-06T15:43:47.442212Z[0m [32m INFO[0m [2mzzpi_holelib[0m[2m:[0m Initializing Pi-hole server...
[INFO] [stdout] [2m2026-10-06T15:43:47.442497Z[0m [32m INFO[0m [2mzzpi_holelib::blocklist[0m[2m:[0m Initializing blocklist manager...
[INFO] [stdout] [2m2026-10-06T15:43:47.442691Z[0m [32m INFO[0m [2mzzpi_holelib::blocklist[0m[2m:[0m Initializing blocklist manager...
[INFO] [stdout] [2m2026-10-06T15:43:47.442807Z[0m [32m INFO[0m [2mzzpi_holelib::blocklist[0m[2m:[0m Initializing blocklist manager...
[INFO] [stdout] [2m2026-10-06T15:43:47.442935Z[0m [32m INFO[0m [2mzzpi_holelib[0m[2m:[0m Initializing Pi-hole server...
[INFO] [stdout] [2m2026-10-06T15:43:47.442948Z[0m [32m INFO[0m [2mzzpi_holelib::blocklist[0m[2m:[0m Initializing blocklist manager...
[INFO] [stdout] [2m2026-10-06T15:43:47.442955Z[0m [32m INFO[0m [2mzzpi_holelib[0m[2m:[0m Initializing Pi-hole server...
[INFO] [stdout] [2m2026-10-06T15:43:47.443015Z[0m [32m INFO[0m [2mzzpi_holelib::blocklist[0m[2m:[0m Initializing blocklist manager...
[INFO] [stdout] [2m2026-10-06T15:43:47.443114Z[0m [32m INFO[0m [2mzzpi_holelib::blocklist[0m[2m:[0m Blocklist manager initialized
[INFO] [stdout] [2m2026-10-06T15:43:47.443131Z[0m [32m INFO[0m [2mzzpi_holelib::stats[0m[2m:[0m Initializing statistics collector...
[INFO] [stdout] [2m2026-10-06T15:43:47.443196Z[0m [32m INFO[0m [2mzzpi_holelib::blocklist[0m[2m:[0m Blocklist manager initialized
[INFO] [stdout] [2m2026-10-06T15:43:47.443207Z[0m [32m INFO[0m [2mzzpi_holelib::stats[0m[2m:[0m Initializing statistics collector...
[INFO] [stdout] [2m2026-10-06T15:43:47.443250Z[0m [32m INFO[0m [2mzzpi_holelib[0m[2m:[0m Initializing Pi-hole server...
[INFO] [stdout] [2m2026-10-06T15:43:47.443260Z[0m [32m INFO[0m [2mzzpi_holelib::blocklist[0m[2m:[0m Initializing blocklist manager...
[INFO] [stdout] [2m2026-10-06T15:43:47.443375Z[0m [32m INFO[0m [2mzzpi_holelib::stats[0m[2m:[0m Statistics collector initialized
[INFO] [stdout] [2m2026-10-06T15:43:47.443390Z[0m [32m INFO[0m [2mzzpi_holelib::gravity[0m[2m:[0m Initializing gravity updater...
[INFO] [stdout] [2m2026-10-06T15:43:47.443853Z[0m [32m INFO[0m [2mzzpi_holelib::stats[0m[2m:[0m Statistics collector initialized
[INFO] [stdout] [2m2026-10-06T15:43:47.443869Z[0m [32m INFO[0m [2mzzpi_holelib::gravity[0m[2m:[0m Initializing gravity updater...
[INFO] [stdout] [2m2026-10-06T15:43:47.444191Z[0m [32m INFO[0m [2mzzpi_holelib::blocklist[0m[2m:[0m Blocklist manager initialized
[INFO] [stdout] [2m2026-10-06T15:43:47.444216Z[0m [32m INFO[0m [2mzzpi_holelib::stats[0m[2m:[0m Initializing statistics collector...
[INFO] [stdout] [2m2026-10-06T15:43:47.444352Z[0m [32m INFO[0m [2mzzpi_holelib::blocklist[0m[2m:[0m Blocklist manager initialized
[INFO] [stdout] [2m2026-10-06T15:43:47.444369Z[0m [32m INFO[0m [2mzzpi_holelib::stats[0m[2m:[0m Initializing statistics collector...
[INFO] [stdout] [2m2026-10-06T15:43:47.444417Z[0m [32m INFO[0m [2mzzpi_holelib::blocklist[0m[2m:[0m Blocklist manager initialized
[INFO] [stdout] [2m2026-10-06T15:43:47.444429Z[0m [32m INFO[0m [2mzzpi_holelib::stats[0m[2m:[0m Initializing statistics collector...
[INFO] [stdout] [2m2026-10-06T15:43:47.444518Z[0m [32m INFO[0m [2mzzpi_holelib::stats[0m[2m:[0m Statistics collector initialized
[INFO] [stdout] [2m2026-10-06T15:43:47.444537Z[0m [32m INFO[0m [2mzzpi_holelib::gravity[0m[2m:[0m Initializing gravity updater...
[INFO] [stdout] [2m2026-10-06T15:43:47.447923Z[0m [32m INFO[0m [2mzzpi_holelib[0m[2m:[0m Initializing Pi-hole server...
[INFO] [stdout] [2m2026-10-06T15:43:47.447966Z[0m [32m INFO[0m [2mzzpi_holelib::blocklist[0m[2m:[0m Initializing blocklist manager...
[INFO] [stdout] [2m2026-10-06T15:43:47.449540Z[0m [32m INFO[0m [2mzzpi_holelib::blocklist[0m[2m:[0m Blocklist manager initialized
[INFO] [stdout] [2m2026-10-06T15:43:47.449583Z[0m [32m INFO[0m [2mzzpi_holelib::stats[0m[2m:[0m Initializing statistics collector...
[INFO] [stdout] [2m2026-10-06T15:43:47.449657Z[0m [32m INFO[0m [2mzzpi_holelib::stats[0m[2m:[0m Statistics collector initialized
[INFO] [stdout] [2m2026-10-06T15:43:47.449674Z[0m [32m INFO[0m [2mzzpi_holelib::gravity[0m[2m:[0m Initializing gravity updater...
[INFO] [stdout] [2m2026-10-06T15:43:47.450979Z[0m [32m INFO[0m [2mzzpi_holelib::blocklist[0m[2m:[0m Blocklist manager initialized
[INFO] [stdout] [2m2026-10-06T15:43:47.451013Z[0m [32m INFO[0m [2mzzpi_holelib::stats[0m[2m:[0m Initializing statistics collector...
[INFO] [stdout] [2m2026-10-06T15:43:47.451106Z[0m [32m INFO[0m [2mzzpi_holelib::stats[0m[2m:[0m Statistics collector initialized
[INFO] [stdout] [2m2026-10-06T15:43:47.451122Z[0m [32m INFO[0m [2mzzpi_holelib::gravity[0m[2m:[0m Initializing gravity updater...
[INFO] [stdout] [2m2026-10-06T15:43:47.627769Z[0m [32m INFO[0m [2mzzpi_holelib::gravity[0m[2m:[0m Gravity updater initialized
[INFO] [stdout] [2m2026-10-06T15:43:47.627848Z[0m [32m INFO[0m [2mzzpi_holelib::dns[0m[2m:[0m Initializing DNS server...
[INFO] [stdout] [2m2026-10-06T15:43:47.627860Z[0m [32m INFO[0m [2mzzpi_holelib::dns[0m[2m:[0m DNS server initialized
[INFO] [stdout] [2m2026-10-06T15:43:47.627877Z[0m [32m INFO[0m [2mzzpi_holelib::web[0m[2m:[0m Initializing web server...
[INFO] [stdout] [2m2026-10-06T15:43:47.628917Z[0m [32m INFO[0m [2mzzpi_holelib::web[0m[2m:[0m Web server initialized
[INFO] [stdout] [2m2026-10-06T15:43:47.628943Z[0m [32m INFO[0m [2mzzpi_holelib[0m[2m:[0m Pi-hole server initialized successfully
[INFO] [stdout] [2m2026-10-06T15:43:47.630343Z[0m [32m INFO[0m [2mzzpi_holelib::gravity[0m[2m:[0m Gravity updater initialized
[INFO] [stdout] [2m2026-10-06T15:43:47.630386Z[0m [32m INFO[0m [2mzzpi_holelib::dns[0m[2m:[0m Initializing DNS server...
[INFO] [stdout] [2m2026-10-06T15:43:47.630396Z[0m [32m INFO[0m [2mzzpi_holelib::dns[0m[2m:[0m DNS server initialized
[INFO] [stdout] [2m2026-10-06T15:43:47.630408Z[0m [32m INFO[0m [2mzzpi_holelib::web[0m[2m:[0m Initializing web server...
[INFO] [stdout] [2m2026-10-06T15:43:47.630416Z[0m [32m INFO[0m [2mzzpi_holelib::web[0m[2m:[0m Web server initialized
[INFO] [stdout] [2m2026-10-06T15:43:47.630425Z[0m [32m INFO[0m [2mzzpi_holelib[0m[2m:[0m Pi-hole server initialized successfully
[INFO] [stdout] [2m2026-10-06T15:43:47.628214Z[0m [32m INFO[0m [2mzzpi_holelib::gravity[0m[2m:[0m Gravity updater initialized
[INFO] [stdout] [2m2026-10-06T15:43:47.630633Z[0m [32m INFO[0m [2mzzpi_holelib::dns[0m[2m:[0m Initializing DNS server...
[INFO] [stdout] [2m2026-10-06T15:43:47.630644Z[0m [32m INFO[0m [2mzzpi_holelib::dns[0m[2m:[0m DNS server initialized
[INFO] [stdout] [2m2026-10-06T15:43:47.630656Z[0m [32m INFO[0m [2mzzpi_holelib::web[0m[2m:[0m Initializing web server...
[INFO] [stdout] [2m2026-10-06T15:43:47.630664Z[0m [32m INFO[0m [2mzzpi_holelib::web[0m[2m:[0m Web server initialized
[INFO] [stdout] [2m2026-10-06T15:43:47.630673Z[0m [32m INFO[0m [2mzzpi_holelib[0m[2m:[0m Pi-hole server initialized successfully
[INFO] [stdout] [2m2026-10-06T15:43:47.635388Z[0m [32m INFO[0m [2mzzpi_holelib[0m[2m:[0m Initializing Pi-hole server...
[INFO] [stdout] [2m2026-10-06T15:43:47.635426Z[0m [32m INFO[0m [2mzzpi_holelib::blocklist[0m[2m:[0m Initializing blocklist manager...
[INFO] [stdout] [2m2026-10-06T15:43:47.628247Z[0m [32m INFO[0m [2mzzpi_holelib::gravity[0m[2m:[0m Gravity updater initialized
[INFO] [stdout] [2m2026-10-06T15:43:47.635527Z[0m [32m INFO[0m [2mzzpi_holelib::dns[0m[2m:[0m Initializing DNS server...
[INFO] [stdout] [2m2026-10-06T15:43:47.635539Z[0m [32m INFO[0m [2mzzpi_holelib::dns[0m[2m:[0m DNS server initialized
[INFO] [stdout] [2m2026-10-06T15:43:47.635551Z[0m [32m INFO[0m [2mzzpi_holelib::web[0m[2m:[0m Initializing web server...
[INFO] [stdout] [2m2026-10-06T15:43:47.635560Z[0m [32m INFO[0m [2mzzpi_holelib::web[0m[2m:[0m Web server initialized
[INFO] [stdout] [2m2026-10-06T15:43:47.635571Z[0m [32m INFO[0m [2mzzpi_holelib[0m[2m:[0m Pi-hole server initialized successfully
[INFO] [stdout] [2m2026-10-06T15:43:47.635617Z[0m [32m INFO[0m [2mzzpi_holelib::stats[0m[2m:[0m Statistics collector initialized
[INFO] [stdout] [2m2026-10-06T15:43:47.635630Z[0m [32m INFO[0m [2mzzpi_holelib::gravity[0m[2m:[0m Initializing gravity updater...
[INFO] [stdout] [2m2026-10-06T15:43:47.628274Z[0m [32m INFO[0m [2mzzpi_holelib::gravity[0m[2m:[0m Gravity updater initialized
[INFO] [stdout] [2m2026-10-06T15:43:47.636938Z[0m [32m INFO[0m [2mzzpi_holelib::dns[0m[2m:[0m Initializing DNS server...
[INFO] [stdout] [2m2026-10-06T15:43:47.636954Z[0m [32m INFO[0m [2mzzpi_holelib::dns[0m[2m:[0m DNS server initialized
[INFO] [stdout] [2m2026-10-06T15:43:47.636966Z[0m [32m INFO[0m [2mzzpi_holelib::web[0m[2m:[0m Initializing web server...
[INFO] [stdout] [2m2026-10-06T15:43:47.636974Z[0m [32m INFO[0m [2mzzpi_holelib::web[0m[2m:[0m Web server initialized
[INFO] [stdout] [2m2026-10-06T15:43:47.636984Z[0m [32m INFO[0m [2mzzpi_holelib[0m[2m:[0m Pi-hole server initialized successfully
[INFO] [stdout] [2m2026-10-06T15:43:47.639460Z[0m [32m INFO[0m [2mzzpi_holelib::blocklist[0m[2m:[0m Blocklist manager initialized
[INFO] [stdout] [2m2026-10-06T15:43:47.639495Z[0m [32m INFO[0m [2mzzpi_holelib::stats[0m[2m:[0m Initializing statistics collector...
[INFO] [stdout] [2m2026-10-06T15:43:47.640980Z[0m [32m INFO[0m [2mzzpi_holelib::stats[0m[2m:[0m Statistics collector initialized
[INFO] [stdout] [2m2026-10-06T15:43:47.641010Z[0m [32m INFO[0m [2mzzpi_holelib::gravity[0m[2m:[0m Initializing gravity updater...
[INFO] [stdout] test test_complete_pihole_integration ... ok
[INFO] [stdout] test test_component_initialization ... ok
[INFO] [stdout] [2m2026-10-06T15:43:47.693548Z[0m [32m INFO[0m [2mzzpi_holelib::gravity[0m[2m:[0m Gravity updater initialized
[INFO] [stdout] [2m2026-10-06T15:43:47.694041Z[0m [32m INFO[0m [2mzzpi_holelib::dns[0m[2m:[0m Initializing DNS server...
[INFO] [stdout] [2m2026-10-06T15:43:47.694058Z[0m [32m INFO[0m [2mzzpi_holelib::dns[0m[2m:[0m DNS server initialized
[INFO] [stdout] [2m2026-10-06T15:43:47.694071Z[0m [32m INFO[0m [2mzzpi_holelib::web[0m[2m:[0m Initializing web server...
[INFO] [stdout] [2m2026-10-06T15:43:47.694081Z[0m [32m INFO[0m [2mzzpi_holelib::web[0m[2m:[0m Web server initialized
[INFO] [stdout] [2m2026-10-06T15:43:47.694092Z[0m [32m INFO[0m [2mzzpi_holelib[0m[2m:[0m Pi-hole server initialized successfully
[INFO] [stdout] [2m2026-10-06T15:43:47.695338Z[0m [32m INFO[0m [2mzzpi_holelib[0m[2m:[0m Initializing Pi-hole server...
[INFO] [stdout] [2m2026-10-06T15:43:47.695371Z[0m [32m INFO[0m [2mzzpi_holelib::blocklist[0m[2m:[0m Initializing blocklist manager...
[INFO] [stdout] [2m2026-10-06T15:43:47.694001Z[0m [32m INFO[0m [2mzzpi_holelib::gravity[0m[2m:[0m Gravity updater initialized
[INFO] [stdout] [2m2026-10-06T15:43:47.695472Z[0m [32m INFO[0m [2mzzpi_holelib::dns[0m[2m:[0m Initializing DNS server...
[INFO] [stdout] [2m2026-10-06T15:43:47.695483Z[0m [32m INFO[0m [2mzzpi_holelib::dns[0m[2m:[0m DNS server initialized
[INFO] [stdout] [2m2026-10-06T15:43:47.695494Z[0m [32m INFO[0m [2mzzpi_holelib::web[0m[2m:[0m Initializing web server...
[INFO] [stdout] [2m2026-10-06T15:43:47.695504Z[0m [32m INFO[0m [2mzzpi_holelib::web[0m[2m:[0m Web server initialized
[INFO] [stdout] [2m2026-10-06T15:43:47.695513Z[0m [32m INFO[0m [2mzzpi_holelib[0m[2m:[0m Pi-hole server initialized successfully
[INFO] [stdout] [2m2026-10-06T15:43:47.695556Z[0m [32m INFO[0m [2mzzpi_holelib::stats[0m[2m:[0m Statistics collector initialized
[INFO] [stdout] [2m2026-10-06T15:43:47.695571Z[0m [32m INFO[0m [2mzzpi_holelib::gravity[0m[2m:[0m Initializing gravity updater...
[INFO] [stdout] [2m2026-10-06T15:43:47.697366Z[0m [32m INFO[0m [2mzzpi_holelib::blocklist[0m[2m:[0m Blocklist manager initialized
[INFO] [stdout] [2m2026-10-06T15:43:47.697387Z[0m [32m INFO[0m [2mzzpi_holelib::stats[0m[2m:[0m Initializing statistics collector...
[INFO] [stdout] [2m2026-10-06T15:43:47.698039Z[0m [32m INFO[0m [2mzzpi_holelib::stats[0m[2m:[0m Statistics collector initialized
[INFO] [stdout] [2m2026-10-06T15:43:47.698059Z[0m [32m INFO[0m [2mzzpi_holelib::gravity[0m[2m:[0m Initializing gravity updater...
[INFO] [stdout] [2m2026-10-06T15:43:47.753441Z[0m [32m INFO[0m [2mzzpi_holelib::gravity[0m[2m:[0m Gravity updater initialized
[INFO] [stdout] [2m2026-10-06T15:43:47.753502Z[0m [32m INFO[0m [2mzzpi_holelib::dns[0m[2m:[0m Initializing DNS server...
[INFO] [stdout] [2m2026-10-06T15:43:47.753514Z[0m [32m INFO[0m [2mzzpi_holelib::dns[0m[2m:[0m DNS server initialized
[INFO] [stdout] [2m2026-10-06T15:43:47.753529Z[0m [32m INFO[0m [2mzzpi_holelib::web[0m[2m:[0m Initializing web server...
[INFO] [stdout] [2m2026-10-06T15:43:47.753538Z[0m [32m INFO[0m [2mzzpi_holelib::web[0m[2m:[0m Web server initialized
[INFO] [stdout] [2m2026-10-06T15:43:47.753549Z[0m [32m INFO[0m [2mzzpi_holelib[0m[2m:[0m Pi-hole server initialized successfully
[INFO] [stdout] [2m2026-10-06T15:43:47.755496Z[0m [32m INFO[0m [2mzzpi_holelib::gravity[0m[2m:[0m Gravity updater initialized
[INFO] [stdout] [2m2026-10-06T15:43:47.755534Z[0m [32m INFO[0m [2mzzpi_holelib::dns[0m[2m:[0m Initializing DNS server...
[INFO] [stdout] [2m2026-10-06T15:43:47.755548Z[0m [32m INFO[0m [2mzzpi_holelib::dns[0m[2m:[0m DNS server initialized
[INFO] [stdout] [2m2026-10-06T15:43:47.755561Z[0m [32m INFO[0m [2mzzpi_holelib::web[0m[2m:[0m Initializing web server...
[INFO] [stdout] [2m2026-10-06T15:43:47.755570Z[0m [32m INFO[0m [2mzzpi_holelib::web[0m[2m:[0m Web server initialized
[INFO] [stdout] [2m2026-10-06T15:43:47.755582Z[0m [32m INFO[0m [2mzzpi_holelib[0m[2m:[0m Pi-hole server initialized successfully
[INFO] [stdout] [2m2026-10-06T15:43:47.757685Z[0m [32m INFO[0m [2mzzpi_holelib[0m[2m:[0m Initializing Pi-hole server...
[INFO] [stdout] [2m2026-10-06T15:43:47.757716Z[0m [32m INFO[0m [2mzzpi_holelib::blocklist[0m[2m:[0m Initializing blocklist manager...
[INFO] [stdout] [2m2026-10-06T15:43:47.760293Z[0m [32m INFO[0m [2mzzpi_holelib::blocklist[0m[2m:[0m Blocklist manager initialized
[INFO] [stdout] [2m2026-10-06T15:43:47.760322Z[0m [32m INFO[0m [2mzzpi_holelib::stats[0m[2m:[0m Initializing statistics collector...
[INFO] [stdout] [2m2026-10-06T15:43:47.760394Z[0m [32m INFO[0m [2mzzpi_holelib::stats[0m[2m:[0m Statistics collector initialized
[INFO] [stdout] [2m2026-10-06T15:43:47.760409Z[0m [32m INFO[0m [2mzzpi_holelib::gravity[0m[2m:[0m Initializing gravity updater...
[INFO] [stdout] test test_concurrent_instance_creation ... ok
[INFO] [stdout] [2m2026-10-06T15:43:47.796522Z[0m [32m INFO[0m [2mzzpi_holelib::gravity[0m[2m:[0m Gravity updater initialized
[INFO] [stdout] [2m2026-10-06T15:43:47.799946Z[0m [32m INFO[0m [2mzzpi_holelib::dns[0m[2m:[0m Initializing DNS server...
[INFO] [stdout] [2m2026-10-06T15:43:47.800126Z[0m [32m INFO[0m [2mzzpi_holelib::dns[0m[2m:[0m DNS server initialized
[INFO] [stdout] [2m2026-10-06T15:43:47.800274Z[0m [32m INFO[0m [2mzzpi_holelib::web[0m[2m:[0m Initializing web server...
[INFO] [stdout] [2m2026-10-06T15:43:47.800321Z[0m [32m INFO[0m [2mzzpi_holelib::web[0m[2m:[0m Web server initialized
[INFO] [stdout] [2m2026-10-06T15:43:47.800352Z[0m [32m INFO[0m [2mzzpi_holelib[0m[2m:[0m Pi-hole server initialized successfully
[INFO] [stdout] [2m2026-10-06T15:43:47.801806Z[0m [32m INFO[0m [2mzzpi_holelib[0m[2m:[0m Initializing Pi-hole server...
[INFO] [stdout] [2m2026-10-06T15:43:47.802073Z[0m [32m INFO[0m [2mzzpi_holelib::blocklist[0m[2m:[0m Initializing blocklist manager...
[INFO] [stdout] [2m2026-10-06T15:43:47.802456Z[0m [32m INFO[0m [2mzzpi_holelib::blocklist[0m[2m:[0m Blocklist manager initialized
[INFO] [stdout] [2m2026-10-06T15:43:47.802518Z[0m [32m INFO[0m [2mzzpi_holelib::stats[0m[2m:[0m Initializing statistics collector...
[INFO] [stdout] [2m2026-10-06T15:43:47.802621Z[0m [32m INFO[0m [2mzzpi_holelib::stats[0m[2m:[0m Statistics collector initialized
[INFO] [stdout] [2m2026-10-06T15:43:47.802641Z[0m [32m INFO[0m [2mzzpi_holelib::gravity[0m[2m:[0m Initializing gravity updater...
[INFO] [stdout] [2m2026-10-06T15:43:47.827796Z[0m [32m INFO[0m [2mzzpi_holelib::gravity[0m[2m:[0m Gravity updater initialized
[INFO] [stdout] [2m2026-10-06T15:43:47.827864Z[0m [32m INFO[0m [2mzzpi_holelib::dns[0m[2m:[0m Initializing DNS server...
[INFO] [stdout] [2m2026-10-06T15:43:47.827877Z[0m [32m INFO[0m [2mzzpi_holelib::dns[0m[2m:[0m DNS server initialized
[INFO] [stdout] [2m2026-10-06T15:43:47.828130Z[0m [32m INFO[0m [2mzzpi_holelib::web[0m[2m:[0m Initializing web server...
[INFO] [stdout] [2m2026-10-06T15:43:47.828145Z[0m [32m INFO[0m [2mzzpi_holelib::web[0m[2m:[0m Web server initialized
[INFO] [stdout] [2m2026-10-06T15:43:47.828156Z[0m [32m INFO[0m [2mzzpi_holelib[0m[2m:[0m Pi-hole server initialized successfully
[INFO] [stdout] test test_memory_cleanup ... ok
[INFO] [stdout] test test_error_handling ... FAILED
[INFO] [stdout] 
[INFO] [stdout] failures:
[INFO] [stdout] 
[INFO] [stdout] ---- test_error_handling stdout ----
[INFO] [stdout] 🧪 Testing Error Handling
[INFO] [stdout] 
[INFO] [stdout] thread 'test_error_handling' (3858) panicked at tests/integration_final.rs:87:5:
[INFO] [stdout] Expected error for invalid data directory
[INFO] [stdout] stack backtrace:
[INFO] [stdout]    0:     0x60eccc9921d1 - std[70759c8f55707aa4]::backtrace_rs::backtrace::libunwind::trace
[INFO] [stdout]                                at /rustc/dfb0accb7f508ae8be965d8629557221c889dd98/library/std/src/../../backtrace/src/backtrace/libunwind.rs:117:9
[INFO] [stdout]    1:     0x60eccc9921d1 - std[70759c8f55707aa4]::backtrace_rs::backtrace::trace_unsynchronized::<std[70759c8f55707aa4]::sys::backtrace::_print_fmt::{closure#1}>
[INFO] [stdout]                                at /rustc/dfb0accb7f508ae8be965d8629557221c889dd98/library/std/src/../../backtrace/src/backtrace/mod.rs:66:14
[INFO] [stdout]    2:     0x60eccc9921d1 - std[70759c8f55707aa4]::sys::backtrace::_print_fmt
[INFO] [stdout]                                at /rustc/dfb0accb7f508ae8be965d8629557221c889dd98/library/std/src/sys/backtrace.rs:74:9
[INFO] [stdout]    3:     0x60eccc9921d1 - <<std[70759c8f55707aa4]::sys::backtrace::BacktraceLock>::print::DisplayBacktrace as core[df12db4294e9bfd3]::fmt::Display>::fmt
[INFO] [stdout]                                at /rustc/dfb0accb7f508ae8be965d8629557221c889dd98/library/std/src/sys/backtrace.rs:44:26
[INFO] [stdout]    4:     0x60eccc9a8b9a - <core[df12db4294e9bfd3]::fmt::rt::Argument>::fmt
[INFO] [stdout]                                at /rustc/dfb0accb7f508ae8be965d8629557221c889dd98/library/core/src/fmt/rt.rs:152:76
[INFO] [stdout]    5:     0x60eccc9a8b9a - core[df12db4294e9bfd3]::fmt::write
[INFO] [stdout]    6:     0x60eccc996f1c - core[df12db4294e9bfd3]::io::write::default_write_fmt::<alloc[2182bb758b4b3781]::vec::Vec<u8>>
[INFO] [stdout]                                at /rustc/dfb0accb7f508ae8be965d8629557221c889dd98/library/core/src/io/write.rs:402:11
[INFO] [stdout]    7:     0x60eccc996f1c - <alloc[2182bb758b4b3781]::vec::Vec<u8> as core[df12db4294e9bfd3]::io::write::Write>::write_fmt
[INFO] [stdout]                                at /rustc/dfb0accb7f508ae8be965d8629557221c889dd98/library/core/src/io/write.rs:335:13
[INFO] [stdout]    8:     0x60eccc96bde6 - <std[70759c8f55707aa4]::sys::backtrace::BacktraceLock>::print
[INFO] [stdout]                                at /rustc/dfb0accb7f508ae8be965d8629557221c889dd98/library/std/src/sys/backtrace.rs:47:9
[INFO] [stdout]    9:     0x60eccc96bde6 - std[70759c8f55707aa4]::panicking::default_hook::{closure#0}
[INFO] [stdout]                                at /rustc/dfb0accb7f508ae8be965d8629557221c889dd98/library/std/src/panicking.rs:292:27
[INFO] [stdout]   10:     0x60eccc9897a9 - std[70759c8f55707aa4]::panicking::default_hook
[INFO] [stdout]                                at /rustc/dfb0accb7f508ae8be965d8629557221c889dd98/library/std/src/panicking.rs:316:9
[INFO] [stdout]   11:     0x60eccc702ea0 - <alloc[2182bb758b4b3781]::boxed::Box<dyn for<'a, 'b> core[df12db4294e9bfd3]::ops::function::Fn<(&'a std[70759c8f55707aa4]::panic::PanicHookInfo<'b>,), Output = ()> + core[df12db4294e9bfd3]::marker::Send + core[df12db4294e9bfd3]::marker::Sync> as core[df12db4294e9bfd3]::ops::function::Fn<(&std[70759c8f55707aa4]::panic::PanicHookInfo,)>>::call
[INFO] [stdout]                                at /rustc/dfb0accb7f508ae8be965d8629557221c889dd98/library/alloc/src/boxed.rs:2334:9
[INFO] [stdout]   12:     0x60eccc702ea0 - test[9d35eded1c95d3be]::test_main_inner::<test[9d35eded1c95d3be]::test_main_static::{closure#0}>::{closure#0}
[INFO] [stdout]                                at /rustc/dfb0accb7f508ae8be965d8629557221c889dd98/library/test/src/lib.rs:155:21
[INFO] [stdout]   13:     0x60eccc989ad2 - <alloc[2182bb758b4b3781]::boxed::Box<dyn for<'a, 'b> core[df12db4294e9bfd3]::ops::function::Fn<(&'a std[70759c8f55707aa4]::panic::PanicHookInfo<'b>,), Output = ()> + core[df12db4294e9bfd3]::marker::Send + core[df12db4294e9bfd3]::marker::Sync> as core[df12db4294e9bfd3]::ops::function::Fn<(&std[70759c8f55707aa4]::panic::PanicHookInfo,)>>::call
[INFO] [stdout]                                at /rustc/dfb0accb7f508ae8be965d8629557221c889dd98/library/alloc/src/boxed.rs:2334:9
[INFO] [stdout]   14:     0x60eccc989ad2 - std[70759c8f55707aa4]::panicking::panic_with_hook
[INFO] [stdout]                                at /rustc/dfb0accb7f508ae8be965d8629557221c889dd98/library/std/src/panicking.rs:823:13
[INFO] [stdout]   15:     0x60eccc96bec4 - std[70759c8f55707aa4]::panicking::panic_handler::{closure#0}
[INFO] [stdout]                                at /rustc/dfb0accb7f508ae8be965d8629557221c889dd98/library/std/src/panicking.rs:681:13
[INFO] [stdout]   16:     0x60eccc964889 - std[70759c8f55707aa4]::sys::backtrace::__rust_end_short_backtrace::<std[70759c8f55707aa4]::panicking::panic_handler::{closure#0}, !>
[INFO] [stdout]                                at /rustc/dfb0accb7f508ae8be965d8629557221c889dd98/library/std/src/sys/backtrace.rs:182:18
[INFO] [stdout]   17:     0x60eccc96cc7d - __rustc[8fa7c3cbc660c2b3]::rust_begin_unwind
[INFO] [stdout]                                at /rustc/dfb0accb7f508ae8be965d8629557221c889dd98/library/std/src/panicking.rs:679:5
[INFO] [stdout]   18:     0x60eccc9a93ec - core[df12db4294e9bfd3]::panicking::panic_fmt
[INFO] [stdout]                                at /rustc/dfb0accb7f508ae8be965d8629557221c889dd98/library/core/src/panicking.rs:80:14
[INFO] [stdout]   19:     0x60eccc68cb27 - integration_final[4b0d46565ca81834]::test_error_handling::{closure#0}
[INFO] [stdout]                                at /opt/rustwide/workdir/tests/integration_final.rs:87:5
[INFO] [stdout]   20:     0x60eccc689692 - <core[df12db4294e9bfd3]::pin::Pin<&mut dyn core[df12db4294e9bfd3]::future::future::Future<Output = ()>> as core[df12db4294e9bfd3]::future::future::Future>::poll
[INFO] [stdout]                                at /rustc/dfb0accb7f508ae8be965d8629557221c889dd98/library/core/src/future/future.rs:133:9
[INFO] [stdout]   21:     0x60eccc68970d - <core[df12db4294e9bfd3]::pin::Pin<&mut core[df12db4294e9bfd3]::pin::Pin<&mut dyn core[df12db4294e9bfd3]::future::future::Future<Output = ()>>> as core[df12db4294e9bfd3]::future::future::Future>::poll
[INFO] [stdout]                                at /rustc/dfb0accb7f508ae8be965d8629557221c889dd98/library/core/src/future/future.rs:133:9
[INFO] [stdout]   22:     0x60eccc67d9cd - <tokio[b9b445813e0b1719]::runtime::scheduler::current_thread::CoreGuard>::block_on::<core[df12db4294e9bfd3]::pin::Pin<&mut core[df12db4294e9bfd3]::pin::Pin<&mut dyn core[df12db4294e9bfd3]::future::future::Future<Output = ()>>>>::{closure#0}::{closure#0}::{closure#0}
[INFO] [stdout]                                at /opt/rustwide/cargo-home/registry/src/index.crates.io-1949cf8c6b5b557f/tokio-1.47.1/src/runtime/scheduler/current_thread/mod.rs:742:70
[INFO] [stdout]   23:     0x60eccc67d8f5 - tokio[b9b445813e0b1719]::task::coop::with_budget::<core[df12db4294e9bfd3]::task::poll::Poll<()>, <tokio[b9b445813e0b1719]::runtime::scheduler::current_thread::CoreGuard>::block_on<core[df12db4294e9bfd3]::pin::Pin<&mut core[df12db4294e9bfd3]::pin::Pin<&mut dyn core[df12db4294e9bfd3]::future::future::Future<Output = ()>>>>::{closure#0}::{closure#0}::{closure#0}>
[INFO] [stdout]                                at /opt/rustwide/cargo-home/registry/src/index.crates.io-1949cf8c6b5b557f/tokio-1.47.1/src/task/coop/mod.rs:167:5
[INFO] [stdout]   24:     0x60eccc67d8f5 - tokio[b9b445813e0b1719]::task::coop::budget::<core[df12db4294e9bfd3]::task::poll::Poll<()>, <tokio[b9b445813e0b1719]::runtime::scheduler::current_thread::CoreGuard>::block_on<core[df12db4294e9bfd3]::pin::Pin<&mut core[df12db4294e9bfd3]::pin::Pin<&mut dyn core[df12db4294e9bfd3]::future::future::Future<Output = ()>>>>::{closure#0}::{closure#0}::{closure#0}>
[INFO] [stdout]                                at /opt/rustwide/cargo-home/registry/src/index.crates.io-1949cf8c6b5b557f/tokio-1.47.1/src/task/coop/mod.rs:133:5
[INFO] [stdout]   25:     0x60eccc67d8f5 - <tokio[b9b445813e0b1719]::runtime::scheduler::current_thread::CoreGuard>::block_on::<core[df12db4294e9bfd3]::pin::Pin<&mut core[df12db4294e9bfd3]::pin::Pin<&mut dyn core[df12db4294e9bfd3]::future::future::Future<Output = ()>>>>::{closure#0}::{closure#0}
[INFO] [stdout]                                at /opt/rustwide/cargo-home/registry/src/index.crates.io-1949cf8c6b5b557f/tokio-1.47.1/src/runtime/scheduler/current_thread/mod.rs:742:25
[INFO] [stdout]   26:     0x60eccc678902 - <tokio[b9b445813e0b1719]::runtime::scheduler::current_thread::Context>::enter::<core[df12db4294e9bfd3]::task::poll::Poll<()>, <tokio[b9b445813e0b1719]::runtime::scheduler::current_thread::CoreGuard>::block_on<core[df12db4294e9bfd3]::pin::Pin<&mut core[df12db4294e9bfd3]::pin::Pin<&mut dyn core[df12db4294e9bfd3]::future::future::Future<Output = ()>>>>::{closure#0}::{closure#0}>
[INFO] [stdout]                                at /opt/rustwide/cargo-home/registry/src/index.crates.io-1949cf8c6b5b557f/tokio-1.47.1/src/runtime/scheduler/current_thread/mod.rs:432:19
[INFO] [stdout]   27:     0x60eccc67cdfd - <tokio[b9b445813e0b1719]::runtime::scheduler::current_thread::CoreGuard>::block_on::<core[df12db4294e9bfd3]::pin::Pin<&mut core[df12db4294e9bfd3]::pin::Pin<&mut dyn core[df12db4294e9bfd3]::future::future::Future<Output = ()>>>>::{closure#0}
[INFO] [stdout]                                at /opt/rustwide/cargo-home/registry/src/index.crates.io-1949cf8c6b5b557f/tokio-1.47.1/src/runtime/scheduler/current_thread/mod.rs:741:44
[INFO] [stdout]   28:     0x60eccc67c0f4 - <tokio[b9b445813e0b1719]::runtime::scheduler::current_thread::CoreGuard>::enter::<<tokio[b9b445813e0b1719]::runtime::scheduler::current_thread::CoreGuard>::block_on<core[df12db4294e9bfd3]::pin::Pin<&mut core[df12db4294e9bfd3]::pin::Pin<&mut dyn core[df12db4294e9bfd3]::future::future::Future<Output = ()>>>>::{closure#0}, core[df12db4294e9bfd3]::option::Option<()>>::{closure#0}
[INFO] [stdout]                                at /opt/rustwide/cargo-home/registry/src/index.crates.io-1949cf8c6b5b557f/tokio-1.47.1/src/runtime/scheduler/current_thread/mod.rs:829:68
[INFO] [stdout]   29:     0x60eccc6a8e2b - <tokio[b9b445813e0b1719]::runtime::context::scoped::Scoped<tokio[b9b445813e0b1719]::runtime::scheduler::Context>>::set::<<tokio[b9b445813e0b1719]::runtime::scheduler::current_thread::CoreGuard>::enter<<tokio[b9b445813e0b1719]::runtime::scheduler::current_thread::CoreGuard>::block_on<core[df12db4294e9bfd3]::pin::Pin<&mut core[df12db4294e9bfd3]::pin::Pin<&mut dyn core[df12db4294e9bfd3]::future::future::Future<Output = ()>>>>::{closure#0}, core[df12db4294e9bfd3]::option::Option<()>>::{closure#0}, (alloc[2182bb758b4b3781]::boxed::Box<tokio[b9b445813e0b1719]::runtime::scheduler::current_thread::Core>, core[df12db4294e9bfd3]::option::Option<()>)>
[INFO] [stdout]                                at /opt/rustwide/cargo-home/registry/src/index.crates.io-1949cf8c6b5b557f/tokio-1.47.1/src/runtime/context/scoped.rs:40:9
[INFO] [stdout]   30:     0x60eccc685569 - tokio[b9b445813e0b1719]::runtime::context::set_scheduler::<(alloc[2182bb758b4b3781]::boxed::Box<tokio[b9b445813e0b1719]::runtime::scheduler::current_thread::Core>, core[df12db4294e9bfd3]::option::Option<()>), <tokio[b9b445813e0b1719]::runtime::scheduler::current_thread::CoreGuard>::enter<<tokio[b9b445813e0b1719]::runtime::scheduler::current_thread::CoreGuard>::block_on<core[df12db4294e9bfd3]::pin::Pin<&mut core[df12db4294e9bfd3]::pin::Pin<&mut dyn core[df12db4294e9bfd3]::future::future::Future<Output = ()>>>>::{closure#0}, core[df12db4294e9bfd3]::option::Option<()>>::{closure#0}>::{closure#0}
[INFO] [stdout]                                at /opt/rustwide/cargo-home/registry/src/index.crates.io-1949cf8c6b5b557f/tokio-1.47.1/src/runtime/context.rs:176:38
[INFO] [stdout]   31:     0x60eccc69b56f - <std[70759c8f55707aa4]::thread::local::LocalKey<tokio[b9b445813e0b1719]::runtime::context::Context>>::try_with::<tokio[b9b445813e0b1719]::runtime::context::set_scheduler<(alloc[2182bb758b4b3781]::boxed::Box<tokio[b9b445813e0b1719]::runtime::scheduler::current_thread::Core>, core[df12db4294e9bfd3]::option::Option<()>), <tokio[b9b445813e0b1719]::runtime::scheduler::current_thread::CoreGuard>::enter<<tokio[b9b445813e0b1719]::runtime::scheduler::current_thread::CoreGuard>::block_on<core[df12db4294e9bfd3]::pin::Pin<&mut core[df12db4294e9bfd3]::pin::Pin<&mut dyn core[df12db4294e9bfd3]::future::future::Future<Output = ()>>>>::{closure#0}, core[df12db4294e9bfd3]::option::Option<()>>::{closure#0}>::{closure#0}, (alloc[2182bb758b4b3781]::boxed::Box<tokio[b9b445813e0b1719]::runtime::scheduler::current_thread::Core>, core[df12db4294e9bfd3]::option::Option<()>)>
[INFO] [stdout]                                at /rustc/dfb0accb7f508ae8be965d8629557221c889dd98/library/std/src/thread/local.rs:463:12
[INFO] [stdout]   32:     0x60eccc69b11e - <std[70759c8f55707aa4]::thread::local::LocalKey<tokio[b9b445813e0b1719]::runtime::context::Context>>::with::<tokio[b9b445813e0b1719]::runtime::context::set_scheduler<(alloc[2182bb758b4b3781]::boxed::Box<tokio[b9b445813e0b1719]::runtime::scheduler::current_thread::Core>, core[df12db4294e9bfd3]::option::Option<()>), <tokio[b9b445813e0b1719]::runtime::scheduler::current_thread::CoreGuard>::enter<<tokio[b9b445813e0b1719]::runtime::scheduler::current_thread::CoreGuard>::block_on<core[df12db4294e9bfd3]::pin::Pin<&mut core[df12db4294e9bfd3]::pin::Pin<&mut dyn core[df12db4294e9bfd3]::future::future::Future<Output = ()>>>>::{closure#0}, core[df12db4294e9bfd3]::option::Option<()>>::{closure#0}>::{closure#0}, (alloc[2182bb758b4b3781]::boxed::Box<tokio[b9b445813e0b1719]::runtime::scheduler::current_thread::Core>, core[df12db4294e9bfd3]::option::Option<()>)>
[INFO] [stdout]                                at /rustc/dfb0accb7f508ae8be965d8629557221c889dd98/library/std/src/thread/local.rs:427:20
[INFO] [stdout]   33:     0x60eccc6823cd - tokio[b9b445813e0b1719]::runtime::context::set_scheduler::<(alloc[2182bb758b4b3781]::boxed::Box<tokio[b9b445813e0b1719]::runtime::scheduler::current_thread::Core>, core[df12db4294e9bfd3]::option::Option<()>), <tokio[b9b445813e0b1719]::runtime::scheduler::current_thread::CoreGuard>::enter<<tokio[b9b445813e0b1719]::runtime::scheduler::current_thread::CoreGuard>::block_on<core[df12db4294e9bfd3]::pin::Pin<&mut core[df12db4294e9bfd3]::pin::Pin<&mut dyn core[df12db4294e9bfd3]::future::future::Future<Output = ()>>>>::{closure#0}, core[df12db4294e9bfd3]::option::Option<()>>::{closure#0}>
[INFO] [stdout]                                at /opt/rustwide/cargo-home/registry/src/index.crates.io-1949cf8c6b5b557f/tokio-1.47.1/src/runtime/context.rs:176:17
[INFO] [stdout]   34:     0x60eccc679e90 - <tokio[b9b445813e0b1719]::runtime::scheduler::current_thread::CoreGuard>::enter::<<tokio[b9b445813e0b1719]::runtime::scheduler::current_thread::CoreGuard>::block_on<core[df12db4294e9bfd3]::pin::Pin<&mut core[df12db4294e9bfd3]::pin::Pin<&mut dyn core[df12db4294e9bfd3]::future::future::Future<Output = ()>>>>::{closure#0}, core[df12db4294e9bfd3]::option::Option<()>>
[INFO] [stdout]                                at /opt/rustwide/cargo-home/registry/src/index.crates.io-1949cf8c6b5b557f/tokio-1.47.1/src/runtime/scheduler/current_thread/mod.rs:829:27
[INFO] [stdout]   35:     0x60eccc67a186 - <tokio[b9b445813e0b1719]::runtime::scheduler::current_thread::CoreGuard>::block_on::<core[df12db4294e9bfd3]::pin::Pin<&mut core[df12db4294e9bfd3]::pin::Pin<&mut dyn core[df12db4294e9bfd3]::future::future::Future<Output = ()>>>>
[INFO] [stdout]                                at /opt/rustwide/cargo-home/registry/src/index.crates.io-1949cf8c6b5b557f/tokio-1.47.1/src/runtime/scheduler/current_thread/mod.rs:729:24
[INFO] [stdout]   36:     0x60eccc67bd00 - <tokio[b9b445813e0b1719]::runtime::scheduler::current_thread::CurrentThread>::block_on::<core[df12db4294e9bfd3]::pin::Pin<&mut dyn core[df12db4294e9bfd3]::future::future::Future<Output = ()>>>::{closure#0}
[INFO] [stdout]                                at /opt/rustwide/cargo-home/registry/src/index.crates.io-1949cf8c6b5b557f/tokio-1.47.1/src/runtime/scheduler/current_thread/mod.rs:200:33
[INFO] [stdout]   37:     0x60eccc69d4d8 - tokio[b9b445813e0b1719]::runtime::context::runtime::enter_runtime::<<tokio[b9b445813e0b1719]::runtime::scheduler::current_thread::CurrentThread>::block_on<core[df12db4294e9bfd3]::pin::Pin<&mut dyn core[df12db4294e9bfd3]::future::future::Future<Output = ()>>>::{closure#0}, ()>
[INFO] [stdout]                                at /opt/rustwide/cargo-home/registry/src/index.crates.io-1949cf8c6b5b557f/tokio-1.47.1/src/runtime/context/runtime.rs:65:16
[INFO] [stdout]   38:     0x60eccc6784c4 - <tokio[b9b445813e0b1719]::runtime::scheduler::current_thread::CurrentThread>::block_on::<core[df12db4294e9bfd3]::pin::Pin<&mut dyn core[df12db4294e9bfd3]::future::future::Future<Output = ()>>>
[INFO] [stdout]                                at /opt/rustwide/cargo-home/registry/src/index.crates.io-1949cf8c6b5b557f/tokio-1.47.1/src/runtime/scheduler/current_thread/mod.rs:188:9
[INFO] [stdout]   39:     0x60eccc6a859f - <tokio[b9b445813e0b1719]::runtime::runtime::Runtime>::block_on_inner::<core[df12db4294e9bfd3]::pin::Pin<&mut dyn core[df12db4294e9bfd3]::future::future::Future<Output = ()>>>
[INFO] [stdout]                                at /opt/rustwide/cargo-home/registry/src/index.crates.io-1949cf8c6b5b557f/tokio-1.47.1/src/runtime/runtime.rs:356:52
[INFO] [stdout]   40:     0x60eccc6a86eb - <tokio[b9b445813e0b1719]::runtime::runtime::Runtime>::block_on::<core[df12db4294e9bfd3]::pin::Pin<&mut dyn core[df12db4294e9bfd3]::future::future::Future<Output = ()>>>
[INFO] [stdout]                                at /opt/rustwide/cargo-home/registry/src/index.crates.io-1949cf8c6b5b557f/tokio-1.47.1/src/runtime/runtime.rs:330:18
[INFO] [stdout]   41:     0x60eccc691fd3 - integration_final[4b0d46565ca81834]::test_error_handling
[INFO] [stdout]                                at /opt/rustwide/workdir/tests/integration_final.rs:102:48
[INFO] [stdout]   42:     0x60eccc68c507 - integration_final[4b0d46565ca81834]::test_error_handling::{closure#0}
[INFO] [stdout]                                at /opt/rustwide/workdir/tests/integration_final.rs:78:31
[INFO] [stdout]   43:     0x60eccc6a7cf6 - <integration_final[4b0d46565ca81834]::test_error_handling::{closure#0} as core[df12db4294e9bfd3]::ops::function::FnOnce<()>>::call_once
[INFO] [stdout]                                at /rustc/dfb0accb7f508ae8be965d8629557221c889dd98/library/core/src/ops/function.rs:250:5
[INFO] [stdout]   44:     0x60eccc6f618b - <fn() -> core[df12db4294e9bfd3]::result::Result<(), alloc[2182bb758b4b3781]::string::String> as core[df12db4294e9bfd3]::ops::function::FnOnce<()>>::call_once
[INFO] [stdout]                                at /rustc/dfb0accb7f508ae8be965d8629557221c889dd98/library/core/src/ops/function.rs:250:5
[INFO] [stdout]   45:     0x60eccc6f618b - test[9d35eded1c95d3be]::__rust_begin_short_backtrace::<core[df12db4294e9bfd3]::result::Result<(), alloc[2182bb758b4b3781]::string::String>, fn() -> core[df12db4294e9bfd3]::result::Result<(), alloc[2182bb758b4b3781]::string::String>>
[INFO] [stdout]                                at /rustc/dfb0accb7f508ae8be965d8629557221c889dd98/library/test/src/lib.rs:733:18
[INFO] [stdout]   46:     0x60eccc7037f5 - test[9d35eded1c95d3be]::run_test_in_process::{closure#0}
[INFO] [stdout]                                at /rustc/dfb0accb7f508ae8be965d8629557221c889dd98/library/test/src/lib.rs:756:74
[INFO] [stdout]   47:     0x60eccc7037f5 - <core[df12db4294e9bfd3]::panic::unwind_safe::AssertUnwindSafe<test[9d35eded1c95d3be]::run_test_in_process::{closure#0}> as core[df12db4294e9bfd3]::ops::function::FnOnce<()>>::call_once
[INFO] [stdout]                                at /rustc/dfb0accb7f508ae8be965d8629557221c889dd98/library/core/src/panic/unwind_safe.rs:275:9
[INFO] [stdout]   48:     0x60eccc7037f5 - std[70759c8f55707aa4]::panicking::catch_unwind::do_call::<core[df12db4294e9bfd3]::panic::unwind_safe::AssertUnwindSafe<test[9d35eded1c95d3be]::run_test_in_process::{closure#0}>, core[df12db4294e9bfd3]::result::Result<(), alloc[2182bb758b4b3781]::string::String>>
[INFO] [stdout]                                at /rustc/dfb0accb7f508ae8be965d8629557221c889dd98/library/std/src/panicking.rs:576:43
[INFO] [stdout]   49:     0x60eccc7037f5 - std[70759c8f55707aa4]::panicking::catch_unwind::<core[df12db4294e9bfd3]::result::Result<(), alloc[2182bb758b4b3781]::string::String>, core[df12db4294e9bfd3]::panic::unwind_safe::AssertUnwindSafe<test[9d35eded1c95d3be]::run_test_in_process::{closure#0}>>
[INFO] [stdout]                                at /rustc/dfb0accb7f508ae8be965d8629557221c889dd98/library/std/src/panicking.rs:544:19
[INFO] [stdout]   50:     0x60eccc7037f5 - std[70759c8f55707aa4]::panic::catch_unwind::<core[df12db4294e9bfd3]::panic::unwind_safe::AssertUnwindSafe<test[9d35eded1c95d3be]::run_test_in_process::{closure#0}>, core[df12db4294e9bfd3]::result::Result<(), alloc[2182bb758b4b3781]::string::String>>
[INFO] [stdout]                                at /rustc/dfb0accb7f508ae8be965d8629557221c889dd98/library/std/src/panic.rs:359:14
[INFO] [stdout]   51:     0x60eccc7037f5 - test[9d35eded1c95d3be]::run_test_in_process
[INFO] [stdout]                                at /rustc/dfb0accb7f508ae8be965d8629557221c889dd98/library/test/src/lib.rs:756:27
[INFO] [stdout]   52:     0x60eccc7037f5 - test[9d35eded1c95d3be]::run_test::{closure#0}
[INFO] [stdout]                                at /rustc/dfb0accb7f508ae8be965d8629557221c889dd98/library/test/src/lib.rs:677:43
[INFO] [stdout]   53:     0x60eccc6fd0b4 - test[9d35eded1c95d3be]::run_test::{closure#1}
[INFO] [stdout]                                at /rustc/dfb0accb7f508ae8be965d8629557221c889dd98/library/test/src/lib.rs:707:41
[INFO] [stdout]   54:     0x60eccc6fd0b4 - std[70759c8f55707aa4]::sys::backtrace::__rust_begin_short_backtrace::<test[9d35eded1c95d3be]::run_test::{closure#1}, ()>
[INFO] [stdout]                                at /rustc/dfb0accb7f508ae8be965d8629557221c889dd98/library/std/src/sys/backtrace.rs:166:18
[INFO] [stdout]   55:     0x60eccc706952 - std[70759c8f55707aa4]::thread::lifecycle::spawn_unchecked::<test[9d35eded1c95d3be]::run_test::{closure#1}, ()>::{closure#1}::{closure#0}
[INFO] [stdout]                                at /rustc/dfb0accb7f508ae8be965d8629557221c889dd98/library/std/src/thread/lifecycle.rs:70:13
[INFO] [stdout]   56:     0x60eccc706952 - <core[df12db4294e9bfd3]::panic::unwind_safe::AssertUnwindSafe<std[70759c8f55707aa4]::thread::lifecycle::spawn_unchecked<test[9d35eded1c95d3be]::run_test::{closure#1}, ()>::{closure#1}::{closure#0}> as core[df12db4294e9bfd3]::ops::function::FnOnce<()>>::call_once
[INFO] [stdout]                                at /rustc/dfb0accb7f508ae8be965d8629557221c889dd98/library/core/src/panic/unwind_safe.rs:275:9
[INFO] [stdout]   57:     0x60eccc706952 - std[70759c8f55707aa4]::panicking::catch_unwind::do_call::<core[df12db4294e9bfd3]::panic::unwind_safe::AssertUnwindSafe<std[70759c8f55707aa4]::thread::lifecycle::spawn_unchecked<test[9d35eded1c95d3be]::run_test::{closure#1}, ()>::{closure#1}::{closure#0}>, ()>
[INFO] [stdout]                                at /rustc/dfb0accb7f508ae8be965d8629557221c889dd98/library/std/src/panicking.rs:576:43
[INFO] [stdout]   58:     0x60eccc706952 - std[70759c8f55707aa4]::panicking::catch_unwind::<(), core[df12db4294e9bfd3]::panic::unwind_safe::AssertUnwindSafe<std[70759c8f55707aa4]::thread::lifecycle::spawn_unchecked<test[9d35eded1c95d3be]::run_test::{closure#1}, ()>::{closure#1}::{closure#0}>>
[INFO] [stdout]                                at /rustc/dfb0accb7f508ae8be965d8629557221c889dd98/library/std/src/panicking.rs:544:19
[INFO] [stdout]   59:     0x60eccc706952 - std[70759c8f55707aa4]::panic::catch_unwind::<core[df12db4294e9bfd3]::panic::unwind_safe::AssertUnwindSafe<std[70759c8f55707aa4]::thread::lifecycle::spawn_unchecked<test[9d35eded1c95d3be]::run_test::{closure#1}, ()>::{closure#1}::{closure#0}>, ()>
[INFO] [stdout]                                at /rustc/dfb0accb7f508ae8be965d8629557221c889dd98/library/std/src/panic.rs:359:14
[INFO] [stdout]   60:     0x60eccc706952 - std[70759c8f55707aa4]::thread::lifecycle::spawn_unchecked::<test[9d35eded1c95d3be]::run_test::{closure#1}, ()>::{closure#1}
[INFO] [stdout]                                at /rustc/dfb0accb7f508ae8be965d8629557221c889dd98/library/std/src/thread/lifecycle.rs:68:26
[INFO] [stdout]   61:     0x60eccc706952 - <std[70759c8f55707aa4]::thread::lifecycle::spawn_unchecked<test[9d35eded1c95d3be]::run_test::{closure#1}, ()>::{closure#1} as core[df12db4294e9bfd3]::ops::function::FnOnce<()>>::call_once::{shim:vtable#0}
[INFO] [stdout]                                at /rustc/dfb0accb7f508ae8be965d8629557221c889dd98/library/core/src/ops/function.rs:250:5
[INFO] [stdout]   62:     0x60eccc991389 - <alloc[2182bb758b4b3781]::boxed::Box<dyn core[df12db4294e9bfd3]::ops::function::FnOnce<(), Output = ()> + core[df12db4294e9bfd3]::marker::Send> as core[df12db4294e9bfd3]::ops::function::FnOnce<()>>::call_once
[INFO] [stdout]                                at /rustc/dfb0accb7f508ae8be965d8629557221c889dd98/library/alloc/src/boxed.rs:2320:9
[INFO] [stdout]   63:     0x60eccc991389 - <std[70759c8f55707aa4]::sys::thread::unix::Thread>::new::thread_start
[INFO] [stdout]                                at /rustc/dfb0accb7f508ae8be965d8629557221c889dd98/library/std/src/sys/thread/unix.rs:123:17
[INFO] [stdout]   64:     0x7fb25e89fdfa - <unknown>
[INFO] [stdout]   65:     0x7fb25e9333d4 - clone
[INFO] [stdout]   66:                0x0 - <unknown>
[INFO] [stdout] 
[INFO] [stdout] 
[INFO] [stdout] failures:
[INFO] [stdout]     test_error_handling
[INFO] [stdout] 
[INFO] [stdout] test result: FAILED. 5 passed; 1 failed; 0 ignored; 0 measured; 0 filtered out; finished in 1.11s
[INFO] [stdout] 
[INFO] [stderr] error: test failed, to rerun pass `--test integration_final`
[INFO] running `Command { std: "docker" "inspect" "a41f3e4a0a90fbfca098f82a22b0c3c8267f53de93ff3a493cdcea9892340bbc", kill_on_drop: false }`
[INFO] running `Command { std: "docker" "rm" "-f" "a41f3e4a0a90fbfca098f82a22b0c3c8267f53de93ff3a493cdcea9892340bbc", kill_on_drop: false }`
[INFO] [stdout] a41f3e4a0a90fbfca098f82a22b0c3c8267f53de93ff3a493cdcea9892340bbc
