[INFO] cloning repository https://github.com/ifeora-emeka/rust_bucket
[INFO] running `Command { std: "git" "-c" "credential.helper=" "-c" "credential.helper=/workspace/cargo-home/bin/git-credential-null" "clone" "--bare" "https://github.com/ifeora-emeka/rust_bucket" "/workspace/cache/git-repos/https%3A%2F%2Fgithub.com%2Fifeora-emeka%2Frust_bucket", kill_on_drop: false }`
[INFO] [stderr] Cloning into bare repository '/workspace/cache/git-repos/https%3A%2F%2Fgithub.com%2Fifeora-emeka%2Frust_bucket'...
[INFO] running `Command { std: "git" "rev-parse" "HEAD", kill_on_drop: false }`
[INFO] [stdout] ef71b1709e8d5213a5c72cf697f711c6d9e4c96d
[INFO] testing ifeora-emeka/rust_bucket against 1.99.0-beta.8 for beta-1.100-2
[INFO] running `Command { std: "git" "clone" "/workspace/cache/git-repos/https%3A%2F%2Fgithub.com%2Fifeora-emeka%2Frust_bucket" "/workspace/builds/worker-0-tc1/source", kill_on_drop: false }`
[INFO] [stderr] Cloning into '/workspace/builds/worker-0-tc1/source'...
[INFO] [stderr] done.
[INFO] started tweaking git repo https://github.com/ifeora-emeka/rust_bucket
[INFO] finished tweaking git repo https://github.com/ifeora-emeka/rust_bucket
[INFO] tweaked toml for git repo https://github.com/ifeora-emeka/rust_bucket written to /workspace/builds/worker-0-tc1/source/Cargo.toml
[INFO] validating manifest of git repo https://github.com/ifeora-emeka/rust_bucket on toolchain 1.99.0-beta.8
[INFO] running `Command { std: CARGO_HOME="/workspace/cargo-home" RUSTUP_HOME="/workspace/rustup-home" "/workspace/cargo-home/bin/cargo" "+1.99.0-beta.8" "metadata" "--manifest-path" "Cargo.toml" "--no-deps", kill_on_drop: false }`
[INFO] crate git repo https://github.com/ifeora-emeka/rust_bucket already has a lockfile, it will not be regenerated
[INFO] running `Command { std: CARGO_HOME="/workspace/cargo-home" RUSTUP_HOME="/workspace/rustup-home" "/workspace/cargo-home/bin/cargo" "+1.99.0-beta.8" "fetch" "--manifest-path" "Cargo.toml", kill_on_drop: false }`
[INFO] [stderr]     Updating crates.io index
[INFO] [stderr]  Downloading crates ...
[INFO] [stderr]   Downloaded validator_derive v0.18.2
[INFO] [stderr]   Downloaded tracing-actix-web v0.7.19
[INFO] [stderr]   Downloaded cc v1.2.45
[INFO] [stderr]   Downloaded cron v0.12.1
[INFO] [stderr]   Downloaded tokio-cron-scheduler v0.10.2
[INFO] [stderr]   Downloaded rustls-pki-types v1.13.0
[INFO] [stderr]   Downloaded rustls-webpki v0.103.8
[INFO] [stderr]   Downloaded actix-web v4.11.0
[INFO] [stderr]   Downloaded num-bigint-dig v0.8.5
[INFO] [stderr]   Downloaded actix-governor v0.5.0
[INFO] [stderr]   Downloaded webpki-roots v1.0.4
[INFO] [stderr]   Downloaded actix-web-httpauth v0.8.2
[INFO] [stderr]   Downloaded syn v2.0.109
[INFO] [stderr]   Downloaded rustls v0.23.35
[INFO] running `Command { std: "docker" "create" "-v" "/var/lib/crater-agent-workspace/builds/worker-0-tc1/source:/opt/rustwide/workdir:ro,Z" "-v" "/var/lib/crater-agent-workspace/builds/worker-0-tc1/target:/opt/rustwide/target:rw,Z" "-v" "/var/lib/crater-agent-workspace/cargo-home:/opt/rustwide/cargo-home:ro,Z" "-v" "/var/lib/crater-agent-workspace/rustup-home:/opt/rustwide/rustup-home:ro,Z" "-m" "1610612736" "--network" "none" "ghcr.io/rust-lang/crates-build-env/linux@sha256:3111399a4047eeb3a02b7a90e478d715f38a8c6669b5c4b49d30a17385265909" "sleep" "infinity", kill_on_drop: false }`
[INFO] [stdout] 874168ae7927ca03abb6c84ff9fee8e15615c80bb509c3840b9981ccf66e55b5
[INFO] running `Command { std: "docker" "start" "874168ae7927ca03abb6c84ff9fee8e15615c80bb509c3840b9981ccf66e55b5", kill_on_drop: false }`
[INFO] running `Command { std: "docker" "inspect" "874168ae7927ca03abb6c84ff9fee8e15615c80bb509c3840b9981ccf66e55b5", kill_on_drop: false }`
[INFO] running `Command { std: "docker" "exec" "-e" "SOURCE_DIR=/opt/rustwide/workdir" "-e" "CARGO_HOME=/opt/rustwide/cargo-home" "-e" "RUSTUP_HOME=/opt/rustwide/rustup-home" "-e" "CARGO_TARGET_DIR=/opt/rustwide/target" "-w" "/opt/rustwide/workdir" "--user" "0:0" "874168ae7927ca03abb6c84ff9fee8e15615c80bb509c3840b9981ccf66e55b5" "/opt/rustwide/cargo-home/bin/cargo" "+1.99.0-beta.8" "metadata" "--no-deps" "--format-version=1", kill_on_drop: false }`
[INFO] running `Command { std: "docker" "inspect" "874168ae7927ca03abb6c84ff9fee8e15615c80bb509c3840b9981ccf66e55b5", kill_on_drop: false }`
[INFO] running `Command { std: "docker" "exec" "-e" "SOURCE_DIR=/opt/rustwide/workdir" "-e" "CARGO_HOME=/opt/rustwide/cargo-home" "-e" "RUSTUP_HOME=/opt/rustwide/rustup-home" "-e" "CARGO_TARGET_DIR=/opt/rustwide/target" "-e" "CARGO_INCREMENTAL=0" "-e" "RUST_BACKTRACE=full" "-e" "RUSTFLAGS=--cap-lints=warn" "-e" "RUSTDOCFLAGS=--cap-lints=warn" "-w" "/opt/rustwide/workdir" "--user" "0:0" "874168ae7927ca03abb6c84ff9fee8e15615c80bb509c3840b9981ccf66e55b5" "/opt/rustwide/cargo-home/bin/cargo" "+1.99.0-beta.8" "build" "--frozen" "--message-format=json", kill_on_drop: false }`
[INFO] [stderr]    Compiling proc-macro2 v1.0.103
[INFO] [stderr]    Compiling quote v1.0.42
[INFO] [stderr]    Compiling libc v0.2.177
[INFO] [stderr]    Compiling find-msvc-tools v0.1.4
[INFO] [stderr]    Compiling generic-array v0.14.9
[INFO] [stderr]    Compiling log v0.4.28
[INFO] [stderr]    Compiling zerocopy v0.8.27
[INFO] [stderr]    Compiling icu_properties_data v2.1.1
[INFO] [stderr]    Compiling tracing-core v0.1.34
[INFO] [stderr]    Compiling serde_json v1.0.145
[INFO] [stderr]    Compiling zeroize v1.8.2
[INFO] [stderr]    Compiling hashbrown v0.16.0
[INFO] [stderr]    Compiling bitflags v2.10.0
[INFO] [stderr]    Compiling rustls-pki-types v1.13.0
[INFO] [stderr]    Compiling crypto-common v0.1.6
[INFO] [stderr]    Compiling block-buffer v0.10.4
[INFO] [stderr]    Compiling syn v2.0.109
[INFO] [stderr]    Compiling indexmap v2.12.0
[INFO] [stderr]    Compiling digest v0.10.7
[INFO] [stderr]    Compiling rustls v0.23.35
[INFO] [stderr]    Compiling thiserror v2.0.17
[INFO] [stderr]    Compiling crossbeam-utils v0.8.21
[INFO] [stderr]    Compiling num-traits v0.2.19
[INFO] [stderr]    Compiling webpki-roots v1.0.4
[INFO] [stderr]    Compiling jobserver v0.1.34
[INFO] [stderr]    Compiling getrandom v0.2.16
[INFO] [stderr]    Compiling socket2 v0.6.1
[INFO] [stderr]    Compiling cc v1.2.45
[INFO] [stderr]    Compiling signal-hook-registry v1.4.6
[INFO] [stderr]    Compiling mio v1.1.0
[INFO] [stderr]    Compiling getrandom v0.3.4
[INFO] [stderr]    Compiling rand_core v0.6.4
[INFO] [stderr]    Compiling bytestring v1.5.0
[INFO] [stderr]    Compiling crc v3.3.0
[INFO] [stderr]    Compiling rand_core v0.9.3
[INFO] [stderr]    Compiling webpki-roots v0.26.11
[INFO] [stderr]    Compiling time v0.3.44
[INFO] [stderr]    Compiling foldhash v0.1.5
[INFO] [stderr]    Compiling syn v1.0.109
[INFO] [stderr]    Compiling simd-adler32 v0.3.7
[INFO] [stderr]    Compiling hashbrown v0.15.5
[INFO] [stderr]    Compiling tokio v1.48.0
[INFO] [stderr]    Compiling miniz_oxide v0.8.9
[INFO] [stderr]    Compiling ppv-lite86 v0.2.21
[INFO] [stderr]    Compiling concurrent-queue v2.5.0
[INFO] [stderr]    Compiling hmac v0.12.1
[INFO] [stderr]    Compiling form_urlencoded v1.2.2
[INFO] [stderr]    Compiling hashlink v0.10.0
[INFO] [stderr]    Compiling rand_chacha v0.3.1
[INFO] [stderr]    Compiling rand_chacha v0.9.0
[INFO] [stderr]    Compiling zstd-sys v2.0.16+zstd.1.5.7
[INFO] [stderr]    Compiling ring v0.17.14
[INFO] [stderr]    Compiling rand v0.9.2
[INFO] [stderr]    Compiling flate2 v1.1.5
[INFO] [stderr]    Compiling hkdf v0.12.4
[INFO] [stderr]    Compiling event-listener v5.4.1
[INFO] [stderr]    Compiling chrono v0.4.42
[INFO] [stderr]    Compiling crossbeam-queue v0.3.12
[INFO] [stderr]    Compiling socket2 v0.5.10
[INFO] [stderr]    Compiling md-5 v0.10.6
[INFO] [stderr]    Compiling sha2 v0.10.9
[INFO] [stderr]    Compiling synstructure v0.13.2
[INFO] [stderr]    Compiling sha1 v0.10.6
[INFO] [stderr]    Compiling proc-macro-error-attr v1.0.4
[INFO] [stderr]    Compiling uuid v1.18.1
[INFO] [stderr]    Compiling base64 v0.22.1
[INFO] [stderr]    Compiling darling_core v0.20.11
[INFO] [stderr]    Compiling cookie v0.16.2
[INFO] [stderr]    Compiling rand v0.8.5
[INFO] [stderr]    Compiling serde_derive v1.0.228
[INFO] [stderr]    Compiling zerofrom-derive v0.1.6
[INFO] [stderr]    Compiling yoke-derive v0.8.1
[INFO] [stderr]    Compiling zerovec-derive v0.11.2
[INFO] [stderr]    Compiling displaydoc v0.2.5
[INFO] [stderr]    Compiling tracing-attributes v0.1.30
[INFO] [stderr]    Compiling tokio-macros v2.6.0
[INFO] [stderr]    Compiling zerofrom v0.1.6
[INFO] [stderr]    Compiling futures-macro v0.3.31
[INFO] [stderr]    Compiling yoke v0.8.1
[INFO] [stderr]    Compiling thiserror-impl v2.0.17
[INFO] [stderr]    Compiling zerovec v0.11.5
[INFO] [stderr]    Compiling zerotrie v0.2.3
[INFO] [stderr]    Compiling futures-util v0.3.31
[INFO] [stderr]    Compiling tracing v0.1.41
[INFO] [stderr]    Compiling tinystr v0.8.2
[INFO] [stderr]    Compiling icu_locale_core v2.1.1
[INFO] [stderr]    Compiling potential_utf v0.1.4
[INFO] [stderr]    Compiling icu_collections v2.1.1
[INFO] [stderr]    Compiling derive_more-impl v2.0.1
[INFO] [stderr]    Compiling tokio-stream v0.1.17
[INFO] [stderr]    Compiling serde v1.0.228
[INFO] [stderr]    Compiling icu_provider v2.1.1
[INFO] [stderr]    Compiling actix-macros v0.2.4
[INFO] [stderr]    Compiling smallvec v1.15.1
[INFO] [stderr]    Compiling icu_properties v2.1.1
[INFO] [stderr]    Compiling either v1.15.0
[INFO] [stderr]    Compiling parking_lot_core v0.9.12
[INFO] [stderr]    Compiling icu_normalizer v2.1.1
[INFO] [stderr]    Compiling parking_lot v0.12.5
[INFO] [stderr]    Compiling rustls-webpki v0.103.8
[INFO] [stderr]    Compiling futures-intrusive v0.5.0
[INFO] [stderr]    Compiling idna_adapter v1.2.1
[INFO] [stderr]    Compiling idna v1.1.0
[INFO] [stderr]    Compiling url v2.5.7
[INFO] [stderr]    Compiling derive_more v2.0.1
[INFO] [stderr]    Compiling actix-router v0.5.3
[INFO] [stderr]    Compiling actix-web-codegen v4.3.0
[INFO] [stderr]    Compiling serde_urlencoded v0.7.1
[INFO] [stderr]    Compiling atoi v2.0.0
[INFO] [stderr]    Compiling proc-macro-error v1.0.4
[INFO] [stderr]    Compiling portable-atomic v1.11.1
[INFO] [stderr]    Compiling futures-executor v0.3.31
[INFO] [stderr]    Compiling darling_macro v0.20.11
[INFO] [stderr]    Compiling num-integer v0.1.46
[INFO] [stderr]    Compiling inout v0.1.4
[INFO] [stderr]    Compiling raw-cpuid v11.6.0
[INFO] [stderr]    Compiling hashbrown v0.14.5
[INFO] [stderr]    Compiling num-bigint v0.4.6
[INFO] [stderr]    Compiling cipher v0.4.4
[INFO] [stderr]    Compiling darling v0.20.11
[INFO] [stderr]    Compiling dashmap v5.5.3
[INFO] [stderr]    Compiling futures v0.3.31
[INFO] [stderr]    Compiling pin-project-internal v1.1.10
[INFO] [stderr]    Compiling futures-timer v3.0.3
[INFO] [stderr]    Compiling sqlx-core v0.8.6
[INFO] [stderr]    Compiling quanta v0.12.6
[INFO] [stderr]    Compiling tokio-util v0.7.17
[INFO] [stderr]    Compiling actix-rt v2.11.0
[INFO] [stderr]    Compiling zstd-safe v7.2.4
[INFO] [stderr]    Compiling zstd v0.13.3
[INFO] [stderr]    Compiling actix-codec v0.5.2
[INFO] [stderr]    Compiling h2 v0.3.27
[INFO] [stderr]    Compiling actix-server v2.6.0
[INFO] [stderr]    Compiling tokio-cron-scheduler v0.10.2
[INFO] [stderr]    Compiling base64ct v1.8.0
[INFO] [stderr]    Compiling password-hash v0.5.0
[INFO] [stderr]    Compiling governor v0.6.3
[INFO] [stderr]    Compiling sqlx-postgres v0.8.6
[INFO] [stderr]    Compiling pin-project v1.1.10
[INFO] [stderr]    Compiling simple_asn1 v0.6.3
[INFO] [stderr]    Compiling validator_derive v0.18.2
[INFO] [stderr]    Compiling blowfish v0.9.1
[INFO] [stderr]    Compiling cron v0.12.1
[INFO] [stderr]    Compiling tracing-serde v0.2.0
[INFO] [stderr]    Compiling thiserror-impl v1.0.69
[INFO] [stderr]    Compiling num-derive v0.3.3
[INFO] [stderr]    Compiling idna v0.5.0
[INFO] [stderr]    Compiling pem v3.0.6
[INFO] [stderr]    Compiling blake2 v0.10.6
[INFO] [stderr]    Compiling tracing-log v0.2.0
[INFO] [stderr]    Compiling actix-http v3.11.2
[INFO] [stderr]    Compiling mutually_exclusive_features v0.1.0
[INFO] [stderr]    Compiling tracing-subscriber v0.3.20
[INFO] [stderr]    Compiling validator v0.18.1
[INFO] [stderr]    Compiling argon2 v0.5.3
[INFO] [stderr]    Compiling jsonwebtoken v9.3.1
[INFO] [stderr]    Compiling thiserror v1.0.69
[INFO] [stderr]    Compiling bcrypt v0.15.1
[INFO] [stderr]    Compiling sqlx-macros-core v0.8.6
[INFO] [stderr]    Compiling actix-web v4.11.0
[INFO] [stderr]    Compiling sqlx-macros v0.8.6
[INFO] [stderr]    Compiling sqlx v0.8.6
[INFO] [stderr]    Compiling actix-web-httpauth v0.8.2
[INFO] [stderr]    Compiling tracing-actix-web v0.7.19
[INFO] [stderr]    Compiling actix-governor v0.5.0
[INFO] [stderr]    Compiling rust_bucket v0.1.0 (/opt/rustwide/workdir)
[INFO] [stderr]     Finished `dev` profile [unoptimized + debuginfo] target(s) in 3m 46s
[INFO] running `Command { std: "docker" "inspect" "874168ae7927ca03abb6c84ff9fee8e15615c80bb509c3840b9981ccf66e55b5", kill_on_drop: false }`
[INFO] running `Command { std: "docker" "exec" "-e" "SOURCE_DIR=/opt/rustwide/workdir" "-e" "CARGO_HOME=/opt/rustwide/cargo-home" "-e" "RUSTUP_HOME=/opt/rustwide/rustup-home" "-e" "CARGO_TARGET_DIR=/opt/rustwide/target" "-e" "CARGO_INCREMENTAL=0" "-e" "RUST_BACKTRACE=full" "-e" "RUSTFLAGS=--cap-lints=warn" "-e" "RUSTDOCFLAGS=--cap-lints=warn" "-w" "/opt/rustwide/workdir" "--user" "0:0" "874168ae7927ca03abb6c84ff9fee8e15615c80bb509c3840b9981ccf66e55b5" "/opt/rustwide/cargo-home/bin/cargo" "+1.99.0-beta.8" "test" "--frozen" "--no-run" "--message-format=json", kill_on_drop: false }`
[INFO] [stderr]    Compiling actix-rt v2.11.0
[INFO] [stderr]    Compiling actix-server v2.6.0
[INFO] [stderr]    Compiling actix-http v3.11.2
[INFO] [stderr]    Compiling actix-web v4.11.0
[INFO] [stderr]    Compiling tracing-actix-web v0.7.19
[INFO] [stderr]    Compiling actix-web-httpauth v0.8.2
[INFO] [stderr]    Compiling actix-governor v0.5.0
[INFO] [stderr]    Compiling rust_bucket v0.1.0 (/opt/rustwide/workdir)
[INFO] [stderr]     Finished `test` profile [unoptimized + debuginfo] target(s) in 40.63s
[INFO] running `Command { std: "docker" "inspect" "874168ae7927ca03abb6c84ff9fee8e15615c80bb509c3840b9981ccf66e55b5", kill_on_drop: false }`
[INFO] running `Command { std: "docker" "exec" "-e" "SOURCE_DIR=/opt/rustwide/workdir" "-e" "CARGO_HOME=/opt/rustwide/cargo-home" "-e" "RUSTUP_HOME=/opt/rustwide/rustup-home" "-e" "CARGO_TARGET_DIR=/opt/rustwide/target" "-e" "CARGO_INCREMENTAL=0" "-e" "RUST_BACKTRACE=full" "-e" "RUSTFLAGS=--cap-lints=warn" "-e" "RUSTDOCFLAGS=--cap-lints=warn" "-w" "/opt/rustwide/workdir" "--user" "0:0" "874168ae7927ca03abb6c84ff9fee8e15615c80bb509c3840b9981ccf66e55b5" "/opt/rustwide/cargo-home/bin/cargo" "+1.99.0-beta.8" "test" "--frozen", kill_on_drop: false }`
[INFO] [stderr]     Finished `test` profile [unoptimized + debuginfo] target(s) in 0.43s
[INFO] [stderr]      Running unittests src/lib.rs (/opt/rustwide/target/debug/deps/rust_bucket-d213d0a89c58a7ad)
[INFO] [stdout] 
[INFO] [stdout] running 1 test
[INFO] [stdout] test handlers::health::tests::test_health_response_structure ... ok
[INFO] [stdout] 
[INFO] [stdout] test result: ok. 1 passed; 0 failed; 0 ignored; 0 measured; 0 filtered out; finished in 0.00s
[INFO] [stdout] 
[INFO] [stderr]      Running unittests src/main.rs (/opt/rustwide/target/debug/deps/rust_bucket-fee0fad78e7fef58)
[INFO] [stderr]      Running tests/auth_tests.rs (/opt/rustwide/target/debug/deps/auth_tests-d493a47bd329db7f)
[INFO] [stdout] 
[INFO] [stdout] running 0 tests
[INFO] [stdout] 
[INFO] [stdout] test result: ok. 0 passed; 0 failed; 0 ignored; 0 measured; 0 filtered out; finished in 0.00s
[INFO] [stdout] 
[INFO] [stdout] 
[INFO] [stdout] running 3 tests
[INFO] [stdout] test test_login_user ... FAILED
[INFO] [stdout] test test_register_user ... FAILED
[INFO] [stdout] test test_unauthorized_access ... FAILED
[INFO] [stdout] 
[INFO] [stdout] failures:
[INFO] [stdout] 
[INFO] [stdout] ---- test_login_user stdout ----
[INFO] [stdout] 
[INFO] [stdout] thread 'test_login_user' (3344) panicked at tests/auth_tests.rs:12:10:
[INFO] [stdout] Failed to create test database pool: PoolTimedOut
[INFO] [stdout] stack backtrace:
[INFO] [stdout]    0:     0x5a8db79fd2f1 - std[70759c8f55707aa4]::backtrace_rs::backtrace::libunwind::trace
[INFO] [stdout]                                at /rustc/dfb0accb7f508ae8be965d8629557221c889dd98/library/std/src/../../backtrace/src/backtrace/libunwind.rs:117:9
[INFO] [stdout]    1:     0x5a8db79fd2f1 - std[70759c8f55707aa4]::backtrace_rs::backtrace::trace_unsynchronized::<std[70759c8f55707aa4]::sys::backtrace::_print_fmt::{closure#1}>
[INFO] [stdout]                                at /rustc/dfb0accb7f508ae8be965d8629557221c889dd98/library/std/src/../../backtrace/src/backtrace/mod.rs:66:14
[INFO] [stdout]    2:     0x5a8db79fd2f1 - std[70759c8f55707aa4]::sys::backtrace::_print_fmt
[INFO] [stdout]                                at /rustc/dfb0accb7f508ae8be965d8629557221c889dd98/library/std/src/sys/backtrace.rs:74:9
[INFO] [stdout]    3:     0x5a8db79fd2f1 - <<std[70759c8f55707aa4]::sys::backtrace::BacktraceLock>::print::DisplayBacktrace as core[df12db4294e9bfd3]::fmt::Display>::fmt
[INFO] [stdout]                                at /rustc/dfb0accb7f508ae8be965d8629557221c889dd98/library/std/src/sys/backtrace.rs:44:26
[INFO] [stdout]    4:     0x5a8db7a1528a - <core[df12db4294e9bfd3]::fmt::rt::Argument>::fmt
[INFO] [stdout]                                at /rustc/dfb0accb7f508ae8be965d8629557221c889dd98/library/core/src/fmt/rt.rs:152:76
[INFO] [stdout]    5:     0x5a8db7a1528a - core[df12db4294e9bfd3]::fmt::write
[INFO] [stdout]    6:     0x5a8db7a01dcc - core[df12db4294e9bfd3]::io::write::default_write_fmt::<alloc[2182bb758b4b3781]::vec::Vec<u8>>
[INFO] [stdout]                                at /rustc/dfb0accb7f508ae8be965d8629557221c889dd98/library/core/src/io/write.rs:402:11
[INFO] [stdout]    7:     0x5a8db7a01dcc - <alloc[2182bb758b4b3781]::vec::Vec<u8> as core[df12db4294e9bfd3]::io::write::Write>::write_fmt
[INFO] [stdout]                                at /rustc/dfb0accb7f508ae8be965d8629557221c889dd98/library/core/src/io/write.rs:335:13
[INFO] [stdout]    8:     0x5a8db79d7fd6 - <std[70759c8f55707aa4]::sys::backtrace::BacktraceLock>::print
[INFO] [stdout]                                at /rustc/dfb0accb7f508ae8be965d8629557221c889dd98/library/std/src/sys/backtrace.rs:47:9
[INFO] [stdout]    9:     0x5a8db79d7fd6 - std[70759c8f55707aa4]::panicking::default_hook::{closure#0}
[INFO] [stdout]                                at /rustc/dfb0accb7f508ae8be965d8629557221c889dd98/library/std/src/panicking.rs:292:27
[INFO] [stdout]   10:     0x5a8db79f4de9 - std[70759c8f55707aa4]::panicking::default_hook
[INFO] [stdout]                                at /rustc/dfb0accb7f508ae8be965d8629557221c889dd98/library/std/src/panicking.rs:316:9
[INFO] [stdout]   11:     0x5a8db6e7aa10 - <alloc[2182bb758b4b3781]::boxed::Box<dyn for<'a, 'b> core[df12db4294e9bfd3]::ops::function::Fn<(&'a std[70759c8f55707aa4]::panic::PanicHookInfo<'b>,), Output = ()> + core[df12db4294e9bfd3]::marker::Send + core[df12db4294e9bfd3]::marker::Sync> as core[df12db4294e9bfd3]::ops::function::Fn<(&std[70759c8f55707aa4]::panic::PanicHookInfo,)>>::call
[INFO] [stdout]                                at /rustc/dfb0accb7f508ae8be965d8629557221c889dd98/library/alloc/src/boxed.rs:2334:9
[INFO] [stdout]   12:     0x5a8db6e7aa10 - test[9d35eded1c95d3be]::test_main_inner::<test[9d35eded1c95d3be]::test_main_static::{closure#0}>::{closure#0}
[INFO] [stdout]                                at /rustc/dfb0accb7f508ae8be965d8629557221c889dd98/library/test/src/lib.rs:155:21
[INFO] [stdout]   13:     0x5a8db79f5112 - <alloc[2182bb758b4b3781]::boxed::Box<dyn for<'a, 'b> core[df12db4294e9bfd3]::ops::function::Fn<(&'a std[70759c8f55707aa4]::panic::PanicHookInfo<'b>,), Output = ()> + core[df12db4294e9bfd3]::marker::Send + core[df12db4294e9bfd3]::marker::Sync> as core[df12db4294e9bfd3]::ops::function::Fn<(&std[70759c8f55707aa4]::panic::PanicHookInfo,)>>::call
[INFO] [stdout]                                at /rustc/dfb0accb7f508ae8be965d8629557221c889dd98/library/alloc/src/boxed.rs:2334:9
[INFO] [stdout]   14:     0x5a8db79f5112 - std[70759c8f55707aa4]::panicking::panic_with_hook
[INFO] [stdout]                                at /rustc/dfb0accb7f508ae8be965d8629557221c889dd98/library/std/src/panicking.rs:823:13
[INFO] [stdout]   15:     0x5a8db79d8082 - std[70759c8f55707aa4]::panicking::panic_handler::{closure#0}
[INFO] [stdout]                                at /rustc/dfb0accb7f508ae8be965d8629557221c889dd98/library/std/src/panicking.rs:688:13
[INFO] [stdout]   16:     0x5a8db79d0959 - std[70759c8f55707aa4]::sys::backtrace::__rust_end_short_backtrace::<std[70759c8f55707aa4]::panicking::panic_handler::{closure#0}, !>
[INFO] [stdout]                                at /rustc/dfb0accb7f508ae8be965d8629557221c889dd98/library/std/src/sys/backtrace.rs:182:18
[INFO] [stdout]   17:     0x5a8db79d8f0d - __rustc[8fa7c3cbc660c2b3]::rust_begin_unwind
[INFO] [stdout]                                at /rustc/dfb0accb7f508ae8be965d8629557221c889dd98/library/std/src/panicking.rs:679:5
[INFO] [stdout]   18:     0x5a8db7a15b5c - core[df12db4294e9bfd3]::panicking::panic_fmt
[INFO] [stdout]                                at /rustc/dfb0accb7f508ae8be965d8629557221c889dd98/library/core/src/panicking.rs:80:14
[INFO] [stdout]   19:     0x5a8db7a15882 - core[df12db4294e9bfd3]::result::unwrap_failed
[INFO] [stdout]                                at /rustc/dfb0accb7f508ae8be965d8629557221c889dd98/library/core/src/result.rs:1871:5
[INFO] [stdout]   20:     0x5a8db6e4898a - <core[df12db4294e9bfd3]::result::Result<sqlx_core[f669e681224d4d64]::pool::Pool<sqlx_postgres[93ad828b40ecf4e1]::database::Postgres>, sqlx_core[f669e681224d4d64]::error::Error>>::expect
[INFO] [stdout]                                at /rustc/dfb0accb7f508ae8be965d8629557221c889dd98/library/core/src/result.rs:1184:23
[INFO] [stdout]   21:     0x5a8db6e4c0c1 - auth_tests[4672e7658afdc4f7]::setup_test_pool::{closure#0}
[INFO] [stdout]                                at /opt/rustwide/workdir/tests/auth_tests.rs:12:10
[INFO] [stdout]   22:     0x5a8db6e4ca72 - auth_tests[4672e7658afdc4f7]::test_login_user::{closure#0}
[INFO] [stdout]                                at /opt/rustwide/workdir/tests/auth_tests.rs:80:34
[INFO] [stdout]   23:     0x5a8db6e21e9f - <tokio[237446351dc9017b]::task::local::RunUntil<auth_tests[4672e7658afdc4f7]::test_login_user::{closure#0}> as core[df12db4294e9bfd3]::future::future::Future>::poll::{closure#0}
[INFO] [stdout]                                at /opt/rustwide/cargo-home/registry/src/index.crates.io-1949cf8c6b5b557f/tokio-1.48.0/src/task/local.rs:1063:44
[INFO] [stdout]   24:     0x5a8db6e1fcf6 - <tokio[237446351dc9017b]::task::local::LocalSet>::with::<core[df12db4294e9bfd3]::task::poll::Poll<()>, <tokio[237446351dc9017b]::task::local::RunUntil<auth_tests[4672e7658afdc4f7]::test_login_user::{closure#0}> as core[df12db4294e9bfd3]::future::future::Future>::poll::{closure#0}>::{closure#0}
[INFO] [stdout]                                at /opt/rustwide/cargo-home/registry/src/index.crates.io-1949cf8c6b5b557f/tokio-1.48.0/src/task/local.rs:809:13
[INFO] [stdout]   25:     0x5a8db6e1b886 - <std[70759c8f55707aa4]::thread::local::LocalKey<tokio[237446351dc9017b]::task::local::LocalData>>::try_with::<<tokio[237446351dc9017b]::task::local::LocalSet>::with<core[df12db4294e9bfd3]::task::poll::Poll<()>, <tokio[237446351dc9017b]::task::local::RunUntil<auth_tests[4672e7658afdc4f7]::test_login_user::{closure#0}> as core[df12db4294e9bfd3]::future::future::Future>::poll::{closure#0}>::{closure#0}, core[df12db4294e9bfd3]::task::poll::Poll<()>>
[INFO] [stdout]                                at /rustc/dfb0accb7f508ae8be965d8629557221c889dd98/library/std/src/thread/local.rs:463:12
[INFO] [stdout]   26:     0x5a8db6e1b6fe - <std[70759c8f55707aa4]::thread::local::LocalKey<tokio[237446351dc9017b]::task::local::LocalData>>::with::<<tokio[237446351dc9017b]::task::local::LocalSet>::with<core[df12db4294e9bfd3]::task::poll::Poll<()>, <tokio[237446351dc9017b]::task::local::RunUntil<auth_tests[4672e7658afdc4f7]::test_login_user::{closure#0}> as core[df12db4294e9bfd3]::future::future::Future>::poll::{closure#0}>::{closure#0}, core[df12db4294e9bfd3]::task::poll::Poll<()>>
[INFO] [stdout]                                at /rustc/dfb0accb7f508ae8be965d8629557221c889dd98/library/std/src/thread/local.rs:427:20
[INFO] [stdout]   27:     0x5a8db6e1b3c6 - <tokio[237446351dc9017b]::task::local::LocalSet>::with::<core[df12db4294e9bfd3]::task::poll::Poll<()>, <tokio[237446351dc9017b]::task::local::RunUntil<auth_tests[4672e7658afdc4f7]::test_login_user::{closure#0}> as core[df12db4294e9bfd3]::future::future::Future>::poll::{closure#0}>
[INFO] [stdout]                                at /opt/rustwide/cargo-home/registry/src/index.crates.io-1949cf8c6b5b557f/tokio-1.48.0/src/task/local.rs:807:17
[INFO] [stdout]   28:     0x5a8db6e247b6 - <tokio[237446351dc9017b]::task::local::RunUntil<auth_tests[4672e7658afdc4f7]::test_login_user::{closure#0}> as core[df12db4294e9bfd3]::future::future::Future>::poll
[INFO] [stdout]                                at /opt/rustwide/cargo-home/registry/src/index.crates.io-1949cf8c6b5b557f/tokio-1.48.0/src/task/local.rs:1053:22
[INFO] [stdout]   29:     0x5a8db6e200ab - <tokio[237446351dc9017b]::task::local::LocalSet>::run_until::<auth_tests[4672e7658afdc4f7]::test_login_user::{closure#0}>::{closure#0}
[INFO] [stdout]                                at /opt/rustwide/cargo-home/registry/src/index.crates.io-1949cf8c6b5b557f/tokio-1.48.0/src/task/local.rs:705:19
[INFO] [stdout]   30:     0x5a8db6e5c0dd - <core[df12db4294e9bfd3]::pin::Pin<alloc[2182bb758b4b3781]::boxed::Box<<tokio[237446351dc9017b]::task::local::LocalSet>::run_until<auth_tests[4672e7658afdc4f7]::test_login_user::{closure#0}>::{closure#0}>> as core[df12db4294e9bfd3]::future::future::Future>::poll
[INFO] [stdout]                                at /rustc/dfb0accb7f508ae8be965d8629557221c889dd98/library/core/src/future/future.rs:133:9
[INFO] [stdout]   31:     0x5a8db6e5c19d - <core[df12db4294e9bfd3]::pin::Pin<&mut core[df12db4294e9bfd3]::pin::Pin<alloc[2182bb758b4b3781]::boxed::Box<<tokio[237446351dc9017b]::task::local::LocalSet>::run_until<auth_tests[4672e7658afdc4f7]::test_login_user::{closure#0}>::{closure#0}>>> as core[df12db4294e9bfd3]::future::future::Future>::poll
[INFO] [stdout]                                at /rustc/dfb0accb7f508ae8be965d8629557221c889dd98/library/core/src/future/future.rs:133:9
[INFO] [stdout]   32:     0x5a8db6e3033d - <tokio[237446351dc9017b]::runtime::scheduler::current_thread::CoreGuard>::block_on::<core[df12db4294e9bfd3]::pin::Pin<&mut core[df12db4294e9bfd3]::pin::Pin<alloc[2182bb758b4b3781]::boxed::Box<<tokio[237446351dc9017b]::task::local::LocalSet>::run_until<auth_tests[4672e7658afdc4f7]::test_login_user::{closure#0}>::{closure#0}>>>>::{closure#0}::{closure#0}::{closure#0}
[INFO] [stdout]                                at /opt/rustwide/cargo-home/registry/src/index.crates.io-1949cf8c6b5b557f/tokio-1.48.0/src/runtime/scheduler/current_thread/mod.rs:742:70
[INFO] [stdout]   33:     0x5a8db6e2fdf5 - tokio[237446351dc9017b]::task::coop::with_budget::<core[df12db4294e9bfd3]::task::poll::Poll<()>, <tokio[237446351dc9017b]::runtime::scheduler::current_thread::CoreGuard>::block_on<core[df12db4294e9bfd3]::pin::Pin<&mut core[df12db4294e9bfd3]::pin::Pin<alloc[2182bb758b4b3781]::boxed::Box<<tokio[237446351dc9017b]::task::local::LocalSet>::run_until<auth_tests[4672e7658afdc4f7]::test_login_user::{closure#0}>::{closure#0}>>>>::{closure#0}::{closure#0}::{closure#0}>
[INFO] [stdout]                                at /opt/rustwide/cargo-home/registry/src/index.crates.io-1949cf8c6b5b557f/tokio-1.48.0/src/task/coop/mod.rs:167:5
[INFO] [stdout]   34:     0x5a8db6e2fdf5 - tokio[237446351dc9017b]::task::coop::budget::<core[df12db4294e9bfd3]::task::poll::Poll<()>, <tokio[237446351dc9017b]::runtime::scheduler::current_thread::CoreGuard>::block_on<core[df12db4294e9bfd3]::pin::Pin<&mut core[df12db4294e9bfd3]::pin::Pin<alloc[2182bb758b4b3781]::boxed::Box<<tokio[237446351dc9017b]::task::local::LocalSet>::run_until<auth_tests[4672e7658afdc4f7]::test_login_user::{closure#0}>::{closure#0}>>>>::{closure#0}::{closure#0}::{closure#0}>
[INFO] [stdout]                                at /opt/rustwide/cargo-home/registry/src/index.crates.io-1949cf8c6b5b557f/tokio-1.48.0/src/task/coop/mod.rs:133:5
[INFO] [stdout]   35:     0x5a8db6e2fdf5 - <tokio[237446351dc9017b]::runtime::scheduler::current_thread::CoreGuard>::block_on::<core[df12db4294e9bfd3]::pin::Pin<&mut core[df12db4294e9bfd3]::pin::Pin<alloc[2182bb758b4b3781]::boxed::Box<<tokio[237446351dc9017b]::task::local::LocalSet>::run_until<auth_tests[4672e7658afdc4f7]::test_login_user::{closure#0}>::{closure#0}>>>>::{closure#0}::{closure#0}
[INFO] [stdout]                                at /opt/rustwide/cargo-home/registry/src/index.crates.io-1949cf8c6b5b557f/tokio-1.48.0/src/runtime/scheduler/current_thread/mod.rs:742:25
[INFO] [stdout]   36:     0x5a8db6e256e2 - <tokio[237446351dc9017b]::runtime::scheduler::current_thread::Context>::enter::<core[df12db4294e9bfd3]::task::poll::Poll<()>, <tokio[237446351dc9017b]::runtime::scheduler::current_thread::CoreGuard>::block_on<core[df12db4294e9bfd3]::pin::Pin<&mut core[df12db4294e9bfd3]::pin::Pin<alloc[2182bb758b4b3781]::boxed::Box<<tokio[237446351dc9017b]::task::local::LocalSet>::run_until<auth_tests[4672e7658afdc4f7]::test_login_user::{closure#0}>::{closure#0}>>>>::{closure#0}::{closure#0}>
[INFO] [stdout]                                at /opt/rustwide/cargo-home/registry/src/index.crates.io-1949cf8c6b5b557f/tokio-1.48.0/src/runtime/scheduler/current_thread/mod.rs:432:19
[INFO] [stdout]   37:     0x5a8db6e2bbfd - <tokio[237446351dc9017b]::runtime::scheduler::current_thread::CoreGuard>::block_on::<core[df12db4294e9bfd3]::pin::Pin<&mut core[df12db4294e9bfd3]::pin::Pin<alloc[2182bb758b4b3781]::boxed::Box<<tokio[237446351dc9017b]::task::local::LocalSet>::run_until<auth_tests[4672e7658afdc4f7]::test_login_user::{closure#0}>::{closure#0}>>>>::{closure#0}
[INFO] [stdout]                                at /opt/rustwide/cargo-home/registry/src/index.crates.io-1949cf8c6b5b557f/tokio-1.48.0/src/runtime/scheduler/current_thread/mod.rs:741:44
[INFO] [stdout]   38:     0x5a8db6e2b8e4 - <tokio[237446351dc9017b]::runtime::scheduler::current_thread::CoreGuard>::enter::<<tokio[237446351dc9017b]::runtime::scheduler::current_thread::CoreGuard>::block_on<core[df12db4294e9bfd3]::pin::Pin<&mut core[df12db4294e9bfd3]::pin::Pin<alloc[2182bb758b4b3781]::boxed::Box<<tokio[237446351dc9017b]::task::local::LocalSet>::run_until<auth_tests[4672e7658afdc4f7]::test_login_user::{closure#0}>::{closure#0}>>>>::{closure#0}, core[df12db4294e9bfd3]::option::Option<()>>::{closure#0}
[INFO] [stdout]                                at /opt/rustwide/cargo-home/registry/src/index.crates.io-1949cf8c6b5b557f/tokio-1.48.0/src/runtime/scheduler/current_thread/mod.rs:829:68
[INFO] [stdout]   39:     0x5a8db6e1ac6b - <tokio[237446351dc9017b]::runtime::context::scoped::Scoped<tokio[237446351dc9017b]::runtime::scheduler::Context>>::set::<<tokio[237446351dc9017b]::runtime::scheduler::current_thread::CoreGuard>::enter<<tokio[237446351dc9017b]::runtime::scheduler::current_thread::CoreGuard>::block_on<core[df12db4294e9bfd3]::pin::Pin<&mut core[df12db4294e9bfd3]::pin::Pin<alloc[2182bb758b4b3781]::boxed::Box<<tokio[237446351dc9017b]::task::local::LocalSet>::run_until<auth_tests[4672e7658afdc4f7]::test_login_user::{closure#0}>::{closure#0}>>>>::{closure#0}, core[df12db4294e9bfd3]::option::Option<()>>::{closure#0}, (alloc[2182bb758b4b3781]::boxed::Box<tokio[237446351dc9017b]::runtime::scheduler::current_thread::Core>, core[df12db4294e9bfd3]::option::Option<()>)>
[INFO] [stdout]                                at /opt/rustwide/cargo-home/registry/src/index.crates.io-1949cf8c6b5b557f/tokio-1.48.0/src/runtime/context/scoped.rs:40:9
[INFO] [stdout]   40:     0x5a8db6e3f9d9 - tokio[237446351dc9017b]::runtime::context::set_scheduler::<(alloc[2182bb758b4b3781]::boxed::Box<tokio[237446351dc9017b]::runtime::scheduler::current_thread::Core>, core[df12db4294e9bfd3]::option::Option<()>), <tokio[237446351dc9017b]::runtime::scheduler::current_thread::CoreGuard>::enter<<tokio[237446351dc9017b]::runtime::scheduler::current_thread::CoreGuard>::block_on<core[df12db4294e9bfd3]::pin::Pin<&mut core[df12db4294e9bfd3]::pin::Pin<alloc[2182bb758b4b3781]::boxed::Box<<tokio[237446351dc9017b]::task::local::LocalSet>::run_until<auth_tests[4672e7658afdc4f7]::test_login_user::{closure#0}>::{closure#0}>>>>::{closure#0}, core[df12db4294e9bfd3]::option::Option<()>>::{closure#0}>::{closure#0}
[INFO] [stdout]                                at /opt/rustwide/cargo-home/registry/src/index.crates.io-1949cf8c6b5b557f/tokio-1.48.0/src/runtime/context.rs:176:38
[INFO] [stdout]   41:     0x5a8db6e1c37f - <std[70759c8f55707aa4]::thread::local::LocalKey<tokio[237446351dc9017b]::runtime::context::Context>>::try_with::<tokio[237446351dc9017b]::runtime::context::set_scheduler<(alloc[2182bb758b4b3781]::boxed::Box<tokio[237446351dc9017b]::runtime::scheduler::current_thread::Core>, core[df12db4294e9bfd3]::option::Option<()>), <tokio[237446351dc9017b]::runtime::scheduler::current_thread::CoreGuard>::enter<<tokio[237446351dc9017b]::runtime::scheduler::current_thread::CoreGuard>::block_on<core[df12db4294e9bfd3]::pin::Pin<&mut core[df12db4294e9bfd3]::pin::Pin<alloc[2182bb758b4b3781]::boxed::Box<<tokio[237446351dc9017b]::task::local::LocalSet>::run_until<auth_tests[4672e7658afdc4f7]::test_login_user::{closure#0}>::{closure#0}>>>>::{closure#0}, core[df12db4294e9bfd3]::option::Option<()>>::{closure#0}>::{closure#0}, (alloc[2182bb758b4b3781]::boxed::Box<tokio[237446351dc9017b]::runtime::scheduler::current_thread::Core>, core[df12db4294e9bfd3]::option::Option<()>)>
[INFO] [stdout]                                at /rustc/dfb0accb7f508ae8be965d8629557221c889dd98/library/std/src/thread/local.rs:463:12
[INFO] [stdout]   42:     0x5a8db6e1ba8e - <std[70759c8f55707aa4]::thread::local::LocalKey<tokio[237446351dc9017b]::runtime::context::Context>>::with::<tokio[237446351dc9017b]::runtime::context::set_scheduler<(alloc[2182bb758b4b3781]::boxed::Box<tokio[237446351dc9017b]::runtime::scheduler::current_thread::Core>, core[df12db4294e9bfd3]::option::Option<()>), <tokio[237446351dc9017b]::runtime::scheduler::current_thread::CoreGuard>::enter<<tokio[237446351dc9017b]::runtime::scheduler::current_thread::CoreGuard>::block_on<core[df12db4294e9bfd3]::pin::Pin<&mut core[df12db4294e9bfd3]::pin::Pin<alloc[2182bb758b4b3781]::boxed::Box<<tokio[237446351dc9017b]::task::local::LocalSet>::run_until<auth_tests[4672e7658afdc4f7]::test_login_user::{closure#0}>::{closure#0}>>>>::{closure#0}, core[df12db4294e9bfd3]::option::Option<()>>::{closure#0}>::{closure#0}, (alloc[2182bb758b4b3781]::boxed::Box<tokio[237446351dc9017b]::runtime::scheduler::current_thread::Core>, core[df12db4294e9bfd3]::option::Option<()>)>
[INFO] [stdout]                                at /rustc/dfb0accb7f508ae8be965d8629557221c889dd98/library/std/src/thread/local.rs:427:20
[INFO] [stdout]   43:     0x5a8db6e3e27d - tokio[237446351dc9017b]::runtime::context::set_scheduler::<(alloc[2182bb758b4b3781]::boxed::Box<tokio[237446351dc9017b]::runtime::scheduler::current_thread::Core>, core[df12db4294e9bfd3]::option::Option<()>), <tokio[237446351dc9017b]::runtime::scheduler::current_thread::CoreGuard>::enter<<tokio[237446351dc9017b]::runtime::scheduler::current_thread::CoreGuard>::block_on<core[df12db4294e9bfd3]::pin::Pin<&mut core[df12db4294e9bfd3]::pin::Pin<alloc[2182bb758b4b3781]::boxed::Box<<tokio[237446351dc9017b]::task::local::LocalSet>::run_until<auth_tests[4672e7658afdc4f7]::test_login_user::{closure#0}>::{closure#0}>>>>::{closure#0}, core[df12db4294e9bfd3]::option::Option<()>>::{closure#0}>
[INFO] [stdout]                                at /opt/rustwide/cargo-home/registry/src/index.crates.io-1949cf8c6b5b557f/tokio-1.48.0/src/runtime/context.rs:176:17
[INFO] [stdout]   44:     0x5a8db6e28330 - <tokio[237446351dc9017b]::runtime::scheduler::current_thread::CoreGuard>::enter::<<tokio[237446351dc9017b]::runtime::scheduler::current_thread::CoreGuard>::block_on<core[df12db4294e9bfd3]::pin::Pin<&mut core[df12db4294e9bfd3]::pin::Pin<alloc[2182bb758b4b3781]::boxed::Box<<tokio[237446351dc9017b]::task::local::LocalSet>::run_until<auth_tests[4672e7658afdc4f7]::test_login_user::{closure#0}>::{closure#0}>>>>::{closure#0}, core[df12db4294e9bfd3]::option::Option<()>>
[INFO] [stdout]                                at /opt/rustwide/cargo-home/registry/src/index.crates.io-1949cf8c6b5b557f/tokio-1.48.0/src/runtime/scheduler/current_thread/mod.rs:829:27
[INFO] [stdout]   45:     0x5a8db6e29a46 - <tokio[237446351dc9017b]::runtime::scheduler::current_thread::CoreGuard>::block_on::<core[df12db4294e9bfd3]::pin::Pin<&mut core[df12db4294e9bfd3]::pin::Pin<alloc[2182bb758b4b3781]::boxed::Box<<tokio[237446351dc9017b]::task::local::LocalSet>::run_until<auth_tests[4672e7658afdc4f7]::test_login_user::{closure#0}>::{closure#0}>>>>
[INFO] [stdout]                                at /opt/rustwide/cargo-home/registry/src/index.crates.io-1949cf8c6b5b557f/tokio-1.48.0/src/runtime/scheduler/current_thread/mod.rs:729:24
[INFO] [stdout]   46:     0x5a8db6e29f40 - <tokio[237446351dc9017b]::runtime::scheduler::current_thread::CurrentThread>::block_on::<core[df12db4294e9bfd3]::pin::Pin<alloc[2182bb758b4b3781]::boxed::Box<<tokio[237446351dc9017b]::task::local::LocalSet>::run_until<auth_tests[4672e7658afdc4f7]::test_login_user::{closure#0}>::{closure#0}>>>::{closure#0}
[INFO] [stdout]                                at /opt/rustwide/cargo-home/registry/src/index.crates.io-1949cf8c6b5b557f/tokio-1.48.0/src/runtime/scheduler/current_thread/mod.rs:200:33
[INFO] [stdout]   47:     0x5a8db6e1f2f8 - tokio[237446351dc9017b]::runtime::context::runtime::enter_runtime::<<tokio[237446351dc9017b]::runtime::scheduler::current_thread::CurrentThread>::block_on<core[df12db4294e9bfd3]::pin::Pin<alloc[2182bb758b4b3781]::boxed::Box<<tokio[237446351dc9017b]::task::local::LocalSet>::run_until<auth_tests[4672e7658afdc4f7]::test_login_user::{closure#0}>::{closure#0}>>>::{closure#0}, ()>
[INFO] [stdout]                                at /opt/rustwide/cargo-home/registry/src/index.crates.io-1949cf8c6b5b557f/tokio-1.48.0/src/runtime/context/runtime.rs:65:16
[INFO] [stdout]   48:     0x5a8db6e25143 - <tokio[237446351dc9017b]::runtime::scheduler::current_thread::CurrentThread>::block_on::<core[df12db4294e9bfd3]::pin::Pin<alloc[2182bb758b4b3781]::boxed::Box<<tokio[237446351dc9017b]::task::local::LocalSet>::run_until<auth_tests[4672e7658afdc4f7]::test_login_user::{closure#0}>::{closure#0}>>>
[INFO] [stdout]                                at /opt/rustwide/cargo-home/registry/src/index.crates.io-1949cf8c6b5b557f/tokio-1.48.0/src/runtime/scheduler/current_thread/mod.rs:188:9
[INFO] [stdout]   49:     0x5a8db6e54901 - <tokio[237446351dc9017b]::runtime::runtime::Runtime>::block_on_inner::<core[df12db4294e9bfd3]::pin::Pin<alloc[2182bb758b4b3781]::boxed::Box<<tokio[237446351dc9017b]::task::local::LocalSet>::run_until<auth_tests[4672e7658afdc4f7]::test_login_user::{closure#0}>::{closure#0}>>>
[INFO] [stdout]                                at /opt/rustwide/cargo-home/registry/src/index.crates.io-1949cf8c6b5b557f/tokio-1.48.0/src/runtime/runtime.rs:368:52
[INFO] [stdout]   50:     0x5a8db6e5531c - <tokio[237446351dc9017b]::runtime::runtime::Runtime>::block_on::<<tokio[237446351dc9017b]::task::local::LocalSet>::run_until<auth_tests[4672e7658afdc4f7]::test_login_user::{closure#0}>::{closure#0}>
[INFO] [stdout]                                at /opt/rustwide/cargo-home/registry/src/index.crates.io-1949cf8c6b5b557f/tokio-1.48.0/src/runtime/runtime.rs:340:18
[INFO] [stdout]   51:     0x5a8db6e1b4cf - <tokio[237446351dc9017b]::task::local::LocalSet>::block_on::<auth_tests[4672e7658afdc4f7]::test_login_user::{closure#0}>
[INFO] [stdout]                                at /opt/rustwide/cargo-home/registry/src/index.crates.io-1949cf8c6b5b557f/tokio-1.48.0/src/task/local.rs:662:12
[INFO] [stdout]   52:     0x5a8db6e435f5 - <actix_rt[328f6236fb554963]::runtime::Runtime>::block_on::<auth_tests[4672e7658afdc4f7]::test_login_user::{closure#0}>
[INFO] [stdout]                                at /opt/rustwide/cargo-home/registry/src/index.crates.io-1949cf8c6b5b557f/actix-rt-2.11.0/src/runtime.rs:138:20
[INFO] [stdout]   53:     0x5a8db6e3dd29 - <actix_rt[328f6236fb554963]::system::SystemRunner>::block_on::<auth_tests[4672e7658afdc4f7]::test_login_user::{closure#0}>
[INFO] [stdout]                                at /opt/rustwide/cargo-home/registry/src/index.crates.io-1949cf8c6b5b557f/actix-rt-2.11.0/src/system.rs:240:17
[INFO] [stdout]   54:     0x5a8db6e51bb6 - auth_tests[4672e7658afdc4f7]::test_login_user
[INFO] [stdout]                                at /opt/rustwide/workdir/tests/auth_tests.rs:76:1
[INFO] [stdout]   55:     0x5a8db6e4c327 - auth_tests[4672e7658afdc4f7]::test_login_user::{closure#0}
[INFO] [stdout]                                at /opt/rustwide/workdir/tests/auth_tests.rs:77:27
[INFO] [stdout]   56:     0x5a8db6e36266 - <auth_tests[4672e7658afdc4f7]::test_login_user::{closure#0} as core[df12db4294e9bfd3]::ops::function::FnOnce<()>>::call_once
[INFO] [stdout]                                at /rustc/dfb0accb7f508ae8be965d8629557221c889dd98/library/core/src/ops/function.rs:250:5
[INFO] [stdout]   57:     0x5a8db6e6dcfb - <fn() -> core[df12db4294e9bfd3]::result::Result<(), alloc[2182bb758b4b3781]::string::String> as core[df12db4294e9bfd3]::ops::function::FnOnce<()>>::call_once
[INFO] [stdout]                                at /rustc/dfb0accb7f508ae8be965d8629557221c889dd98/library/core/src/ops/function.rs:250:5
[INFO] [stdout]   58:     0x5a8db6e6dcfb - test[9d35eded1c95d3be]::__rust_begin_short_backtrace::<core[df12db4294e9bfd3]::result::Result<(), alloc[2182bb758b4b3781]::string::String>, fn() -> core[df12db4294e9bfd3]::result::Result<(), alloc[2182bb758b4b3781]::string::String>>
[INFO] [stdout]                                at /rustc/dfb0accb7f508ae8be965d8629557221c889dd98/library/test/src/lib.rs:733:18
[INFO] [stdout]   59:     0x5a8db6e7b365 - test[9d35eded1c95d3be]::run_test_in_process::{closure#0}
[INFO] [stdout]                                at /rustc/dfb0accb7f508ae8be965d8629557221c889dd98/library/test/src/lib.rs:756:74
[INFO] [stdout]   60:     0x5a8db6e7b365 - <core[df12db4294e9bfd3]::panic::unwind_safe::AssertUnwindSafe<test[9d35eded1c95d3be]::run_test_in_process::{closure#0}> as core[df12db4294e9bfd3]::ops::function::FnOnce<()>>::call_once
[INFO] [stdout]                                at /rustc/dfb0accb7f508ae8be965d8629557221c889dd98/library/core/src/panic/unwind_safe.rs:275:9
[INFO] [stdout]   61:     0x5a8db6e7b365 - std[70759c8f55707aa4]::panicking::catch_unwind::do_call::<core[df12db4294e9bfd3]::panic::unwind_safe::AssertUnwindSafe<test[9d35eded1c95d3be]::run_test_in_process::{closure#0}>, core[df12db4294e9bfd3]::result::Result<(), alloc[2182bb758b4b3781]::string::String>>
[INFO] [stdout]                                at /rustc/dfb0accb7f508ae8be965d8629557221c889dd98/library/std/src/panicking.rs:576:43
[INFO] [stdout]   62:     0x5a8db6e7b365 - std[70759c8f55707aa4]::panicking::catch_unwind::<core[df12db4294e9bfd3]::result::Result<(), alloc[2182bb758b4b3781]::string::String>, core[df12db4294e9bfd3]::panic::unwind_safe::AssertUnwindSafe<test[9d35eded1c95d3be]::run_test_in_process::{closure#0}>>
[INFO] [stdout]                                at /rustc/dfb0accb7f508ae8be965d8629557221c889dd98/library/std/src/panicking.rs:544:19
[INFO] [stdout]   63:     0x5a8db6e7b365 - std[70759c8f55707aa4]::panic::catch_unwind::<core[df12db4294e9bfd3]::panic::unwind_safe::AssertUnwindSafe<test[9d35eded1c95d3be]::run_test_in_process::{closure#0}>, core[df12db4294e9bfd3]::result::Result<(), alloc[2182bb758b4b3781]::string::String>>
[INFO] [stdout]                                at /rustc/dfb0accb7f508ae8be965d8629557221c889dd98/library/std/src/panic.rs:359:14
[INFO] [stdout]   64:     0x5a8db6e7b365 - test[9d35eded1c95d3be]::run_test_in_process
[INFO] [stdout]                                at /rustc/dfb0accb7f508ae8be965d8629557221c889dd98/library/test/src/lib.rs:756:27
[INFO] [stdout]   65:     0x5a8db6e7b365 - test[9d35eded1c95d3be]::run_test::{closure#0}
[INFO] [stdout]                                at /rustc/dfb0accb7f508ae8be965d8629557221c889dd98/library/test/src/lib.rs:677:43
[INFO] [stdout]   66:     0x5a8db6e74c24 - test[9d35eded1c95d3be]::run_test::{closure#1}
[INFO] [stdout]                                at /rustc/dfb0accb7f508ae8be965d8629557221c889dd98/library/test/src/lib.rs:707:41
[INFO] [stdout]   67:     0x5a8db6e74c24 - std[70759c8f55707aa4]::sys::backtrace::__rust_begin_short_backtrace::<test[9d35eded1c95d3be]::run_test::{closure#1}, ()>
[INFO] [stdout]                                at /rustc/dfb0accb7f508ae8be965d8629557221c889dd98/library/std/src/sys/backtrace.rs:166:18
[INFO] [stdout]   68:     0x5a8db6e7e4c2 - std[70759c8f55707aa4]::thread::lifecycle::spawn_unchecked::<test[9d35eded1c95d3be]::run_test::{closure#1}, ()>::{closure#1}::{closure#0}
[INFO] [stdout]                                at /rustc/dfb0accb7f508ae8be965d8629557221c889dd98/library/std/src/thread/lifecycle.rs:70:13
[INFO] [stdout]   69:     0x5a8db6e7e4c2 - <core[df12db4294e9bfd3]::panic::unwind_safe::AssertUnwindSafe<std[70759c8f55707aa4]::thread::lifecycle::spawn_unchecked<test[9d35eded1c95d3be]::run_test::{closure#1}, ()>::{closure#1}::{closure#0}> as core[df12db4294e9bfd3]::ops::function::FnOnce<()>>::call_once
[INFO] [stdout]                                at /rustc/dfb0accb7f508ae8be965d8629557221c889dd98/library/core/src/panic/unwind_safe.rs:275:9
[INFO] [stdout]   70:     0x5a8db6e7e4c2 - std[70759c8f55707aa4]::panicking::catch_unwind::do_call::<core[df12db4294e9bfd3]::panic::unwind_safe::AssertUnwindSafe<std[70759c8f55707aa4]::thread::lifecycle::spawn_unchecked<test[9d35eded1c95d3be]::run_test::{closure#1}, ()>::{closure#1}::{closure#0}>, ()>
[INFO] [stdout]                                at /rustc/dfb0accb7f508ae8be965d8629557221c889dd98/library/std/src/panicking.rs:576:43
[INFO] [stdout]   71:     0x5a8db6e7e4c2 - std[70759c8f55707aa4]::panicking::catch_unwind::<(), core[df12db4294e9bfd3]::panic::unwind_safe::AssertUnwindSafe<std[70759c8f55707aa4]::thread::lifecycle::spawn_unchecked<test[9d35eded1c95d3be]::run_test::{closure#1}, ()>::{closure#1}::{closure#0}>>
[INFO] [stdout]                                at /rustc/dfb0accb7f508ae8be965d8629557221c889dd98/library/std/src/panicking.rs:544:19
[INFO] [stdout]   72:     0x5a8db6e7e4c2 - std[70759c8f55707aa4]::panic::catch_unwind::<core[df12db4294e9bfd3]::panic::unwind_safe::AssertUnwindSafe<std[70759c8f55707aa4]::thread::lifecycle::spawn_unchecked<test[9d35eded1c95d3be]::run_test::{closure#1}, ()>::{closure#1}::{closure#0}>, ()>
[INFO] [stdout]                                at /rustc/dfb0accb7f508ae8be965d8629557221c889dd98/library/std/src/panic.rs:359:14
[INFO] [stdout]   73:     0x5a8db6e7e4c2 - std[70759c8f55707aa4]::thread::lifecycle::spawn_unchecked::<test[9d35eded1c95d3be]::run_test::{closure#1}, ()>::{closure#1}
[INFO] [stdout]                                at /rustc/dfb0accb7f508ae8be965d8629557221c889dd98/library/std/src/thread/lifecycle.rs:68:26
[INFO] [stdout]   74:     0x5a8db6e7e4c2 - <std[70759c8f55707aa4]::thread::lifecycle::spawn_unchecked<test[9d35eded1c95d3be]::run_test::{closure#1}, ()>::{closure#1} as core[df12db4294e9bfd3]::ops::function::FnOnce<()>>::call_once::{shim:vtable#0}
[INFO] [stdout]                                at /rustc/dfb0accb7f508ae8be965d8629557221c889dd98/library/core/src/ops/function.rs:250:5
[INFO] [stdout]   75:     0x5a8db79fc4f9 - <alloc[2182bb758b4b3781]::boxed::Box<dyn core[df12db4294e9bfd3]::ops::function::FnOnce<(), Output = ()> + core[df12db4294e9bfd3]::marker::Send> as core[df12db4294e9bfd3]::ops::function::FnOnce<()>>::call_once
[INFO] [stdout]                                at /rustc/dfb0accb7f508ae8be965d8629557221c889dd98/library/alloc/src/boxed.rs:2320:9
[INFO] [stdout]   76:     0x5a8db79fc4f9 - <std[70759c8f55707aa4]::sys::thread::unix::Thread>::new::thread_start
[INFO] [stdout]                                at /rustc/dfb0accb7f508ae8be965d8629557221c889dd98/library/std/src/sys/thread/unix.rs:123:17
[INFO] [stdout]   77:     0x70becd6c0dfa - <unknown>
[INFO] [stdout]   78:     0x70becd7543d4 - clone
[INFO] [stdout]   79:                0x0 - <unknown>
[INFO] [stdout] 
[INFO] [stdout] ---- test_register_user stdout ----
[INFO] [stdout] 
[INFO] [stdout] thread 'test_register_user' (3345) panicked at tests/auth_tests.rs:12:10:
[INFO] [stdout] Failed to create test database pool: PoolTimedOut
[INFO] [stdout] stack backtrace:
[INFO] [stdout]    0:     0x5a8db79fd2f1 - std[70759c8f55707aa4]::backtrace_rs::backtrace::libunwind::trace
[INFO] [stdout]                                at /rustc/dfb0accb7f508ae8be965d8629557221c889dd98/library/std/src/../../backtrace/src/backtrace/libunwind.rs:117:9
[INFO] [stdout]    1:     0x5a8db79fd2f1 - std[70759c8f55707aa4]::backtrace_rs::backtrace::trace_unsynchronized::<std[70759c8f55707aa4]::sys::backtrace::_print_fmt::{closure#1}>
[INFO] [stdout]                                at /rustc/dfb0accb7f508ae8be965d8629557221c889dd98/library/std/src/../../backtrace/src/backtrace/mod.rs:66:14
[INFO] [stdout]    2:     0x5a8db79fd2f1 - std[70759c8f55707aa4]::sys::backtrace::_print_fmt
[INFO] [stdout]                                at /rustc/dfb0accb7f508ae8be965d8629557221c889dd98/library/std/src/sys/backtrace.rs:74:9
[INFO] [stdout]    3:     0x5a8db79fd2f1 - <<std[70759c8f55707aa4]::sys::backtrace::BacktraceLock>::print::DisplayBacktrace as core[df12db4294e9bfd3]::fmt::Display>::fmt
[INFO] [stdout]                                at /rustc/dfb0accb7f508ae8be965d8629557221c889dd98/library/std/src/sys/backtrace.rs:44:26
[INFO] [stdout]    4:     0x5a8db7a1528a - <core[df12db4294e9bfd3]::fmt::rt::Argument>::fmt
[INFO] [stdout]                                at /rustc/dfb0accb7f508ae8be965d8629557221c889dd98/library/core/src/fmt/rt.rs:152:76
[INFO] [stdout]    5:     0x5a8db7a1528a - core[df12db4294e9bfd3]::fmt::write
[INFO] [stdout]    6:     0x5a8db7a01dcc - core[df12db4294e9bfd3]::io::write::default_write_fmt::<alloc[2182bb758b4b3781]::vec::Vec<u8>>
[INFO] [stdout]                                at /rustc/dfb0accb7f508ae8be965d8629557221c889dd98/library/core/src/io/write.rs:402:11
[INFO] [stdout]    7:     0x5a8db7a01dcc - <alloc[2182bb758b4b3781]::vec::Vec<u8> as core[df12db4294e9bfd3]::io::write::Write>::write_fmt
[INFO] [stdout]                                at /rustc/dfb0accb7f508ae8be965d8629557221c889dd98/library/core/src/io/write.rs:335:13
[INFO] [stdout]    8:     0x5a8db79d7fd6 - <std[70759c8f55707aa4]::sys::backtrace::BacktraceLock>::print
[INFO] [stdout]                                at /rustc/dfb0accb7f508ae8be965d8629557221c889dd98/library/std/src/sys/backtrace.rs:47:9
[INFO] [stdout]    9:     0x5a8db79d7fd6 - std[70759c8f55707aa4]::panicking::default_hook::{closure#0}
[INFO] [stdout]                                at /rustc/dfb0accb7f508ae8be965d8629557221c889dd98/library/std/src/panicking.rs:292:27
[INFO] [stdout]   10:     0x5a8db79f4de9 - std[70759c8f55707aa4]::panicking::default_hook
[INFO] [stdout]                                at /rustc/dfb0accb7f508ae8be965d8629557221c889dd98/library/std/src/panicking.rs:316:9
[INFO] [stdout]   11:     0x5a8db6e7aa10 - <alloc[2182bb758b4b3781]::boxed::Box<dyn for<'a, 'b> core[df12db4294e9bfd3]::ops::function::Fn<(&'a std[70759c8f55707aa4]::panic::PanicHookInfo<'b>,), Output = ()> + core[df12db4294e9bfd3]::marker::Send + core[df12db4294e9bfd3]::marker::Sync> as core[df12db4294e9bfd3]::ops::function::Fn<(&std[70759c8f55707aa4]::panic::PanicHookInfo,)>>::call
[INFO] [stdout]                                at /rustc/dfb0accb7f508ae8be965d8629557221c889dd98/library/alloc/src/boxed.rs:2334:9
[INFO] [stdout]   12:     0x5a8db6e7aa10 - test[9d35eded1c95d3be]::test_main_inner::<test[9d35eded1c95d3be]::test_main_static::{closure#0}>::{closure#0}
[INFO] [stdout]                                at /rustc/dfb0accb7f508ae8be965d8629557221c889dd98/library/test/src/lib.rs:155:21
[INFO] [stdout]   13:     0x5a8db79f5112 - <alloc[2182bb758b4b3781]::boxed::Box<dyn for<'a, 'b> core[df12db4294e9bfd3]::ops::function::Fn<(&'a std[70759c8f55707aa4]::panic::PanicHookInfo<'b>,), Output = ()> + core[df12db4294e9bfd3]::marker::Send + core[df12db4294e9bfd3]::marker::Sync> as core[df12db4294e9bfd3]::ops::function::Fn<(&std[70759c8f55707aa4]::panic::PanicHookInfo,)>>::call
[INFO] [stdout]                                at /rustc/dfb0accb7f508ae8be965d8629557221c889dd98/library/alloc/src/boxed.rs:2334:9
[INFO] [stdout]   14:     0x5a8db79f5112 - std[70759c8f55707aa4]::panicking::panic_with_hook
[INFO] [stdout]                                at /rustc/dfb0accb7f508ae8be965d8629557221c889dd98/library/std/src/panicking.rs:823:13
[INFO] [stdout]   15:     0x5a8db79d8082 - std[70759c8f55707aa4]::panicking::panic_handler::{closure#0}
[INFO] [stdout]                                at /rustc/dfb0accb7f508ae8be965d8629557221c889dd98/library/std/src/panicking.rs:688:13
[INFO] [stdout]   16:     0x5a8db79d0959 - std[70759c8f55707aa4]::sys::backtrace::__rust_end_short_backtrace::<std[70759c8f55707aa4]::panicking::panic_handler::{closure#0}, !>
[INFO] [stdout]                                at /rustc/dfb0accb7f508ae8be965d8629557221c889dd98/library/std/src/sys/backtrace.rs:182:18
[INFO] [stdout]   17:     0x5a8db79d8f0d - __rustc[8fa7c3cbc660c2b3]::rust_begin_unwind
[INFO] [stdout]                                at /rustc/dfb0accb7f508ae8be965d8629557221c889dd98/library/std/src/panicking.rs:679:5
[INFO] [stdout]   18:     0x5a8db7a15b5c - core[df12db4294e9bfd3]::panicking::panic_fmt
[INFO] [stdout]                                at /rustc/dfb0accb7f508ae8be965d8629557221c889dd98/library/core/src/panicking.rs:80:14
[INFO] [stdout]   19:     0x5a8db7a15882 - core[df12db4294e9bfd3]::result::unwrap_failed
[INFO] [stdout]                                at /rustc/dfb0accb7f508ae8be965d8629557221c889dd98/library/core/src/result.rs:1871:5
[INFO] [stdout]   20:     0x5a8db6e4898a - <core[df12db4294e9bfd3]::result::Result<sqlx_core[f669e681224d4d64]::pool::Pool<sqlx_postgres[93ad828b40ecf4e1]::database::Postgres>, sqlx_core[f669e681224d4d64]::error::Error>>::expect
[INFO] [stdout]                                at /rustc/dfb0accb7f508ae8be965d8629557221c889dd98/library/core/src/result.rs:1184:23
[INFO] [stdout]   21:     0x5a8db6e4c0c1 - auth_tests[4672e7658afdc4f7]::setup_test_pool::{closure#0}
[INFO] [stdout]                                at /opt/rustwide/workdir/tests/auth_tests.rs:12:10
[INFO] [stdout]   22:     0x5a8db6e4e873 - auth_tests[4672e7658afdc4f7]::test_register_user::{closure#0}
[INFO] [stdout]                                at /opt/rustwide/workdir/tests/auth_tests.rs:37:34
[INFO] [stdout]   23:     0x5a8db6e21fdf - <tokio[237446351dc9017b]::task::local::RunUntil<auth_tests[4672e7658afdc4f7]::test_register_user::{closure#0}> as core[df12db4294e9bfd3]::future::future::Future>::poll::{closure#0}
[INFO] [stdout]                                at /opt/rustwide/cargo-home/registry/src/index.crates.io-1949cf8c6b5b557f/tokio-1.48.0/src/task/local.rs:1063:44
[INFO] [stdout]   24:     0x5a8db6e1fdb6 - <tokio[237446351dc9017b]::task::local::LocalSet>::with::<core[df12db4294e9bfd3]::task::poll::Poll<()>, <tokio[237446351dc9017b]::task::local::RunUntil<auth_tests[4672e7658afdc4f7]::test_register_user::{closure#0}> as core[df12db4294e9bfd3]::future::future::Future>::poll::{closure#0}>::{closure#0}
[INFO] [stdout]                                at /opt/rustwide/cargo-home/registry/src/index.crates.io-1949cf8c6b5b557f/tokio-1.48.0/src/task/local.rs:809:13
[INFO] [stdout]   25:     0x5a8db6e1b966 - <std[70759c8f55707aa4]::thread::local::LocalKey<tokio[237446351dc9017b]::task::local::LocalData>>::try_with::<<tokio[237446351dc9017b]::task::local::LocalSet>::with<core[df12db4294e9bfd3]::task::poll::Poll<()>, <tokio[237446351dc9017b]::task::local::RunUntil<auth_tests[4672e7658afdc4f7]::test_register_user::{closure#0}> as core[df12db4294e9bfd3]::future::future::Future>::poll::{closure#0}>::{closure#0}, core[df12db4294e9bfd3]::task::poll::Poll<()>>
[INFO] [stdout]                                at /rustc/dfb0accb7f508ae8be965d8629557221c889dd98/library/std/src/thread/local.rs:463:12
[INFO] [stdout]   26:     0x5a8db6e1b74e - <std[70759c8f55707aa4]::thread::local::LocalKey<tokio[237446351dc9017b]::task::local::LocalData>>::with::<<tokio[237446351dc9017b]::task::local::LocalSet>::with<core[df12db4294e9bfd3]::task::poll::Poll<()>, <tokio[237446351dc9017b]::task::local::RunUntil<auth_tests[4672e7658afdc4f7]::test_register_user::{closure#0}> as core[df12db4294e9bfd3]::future::future::Future>::poll::{closure#0}>::{closure#0}, core[df12db4294e9bfd3]::task::poll::Poll<()>>
[INFO] [stdout]                                at /rustc/dfb0accb7f508ae8be965d8629557221c889dd98/library/std/src/thread/local.rs:427:20
[INFO] [stdout]   27:     0x5a8db6e1b406 - <tokio[237446351dc9017b]::task::local::LocalSet>::with::<core[df12db4294e9bfd3]::task::poll::Poll<()>, <tokio[237446351dc9017b]::task::local::RunUntil<auth_tests[4672e7658afdc4f7]::test_register_user::{closure#0}> as core[df12db4294e9bfd3]::future::future::Future>::poll::{closure#0}>
[INFO] [stdout]                                at /opt/rustwide/cargo-home/registry/src/index.crates.io-1949cf8c6b5b557f/tokio-1.48.0/src/task/local.rs:807:17
[INFO] [stdout]   28:     0x5a8db6e24806 - <tokio[237446351dc9017b]::task::local::RunUntil<auth_tests[4672e7658afdc4f7]::test_register_user::{closure#0}> as core[df12db4294e9bfd3]::future::future::Future>::poll
[INFO] [stdout]                                at /opt/rustwide/cargo-home/registry/src/index.crates.io-1949cf8c6b5b557f/tokio-1.48.0/src/task/local.rs:1053:22
[INFO] [stdout]   29:     0x5a8db6e2030b - <tokio[237446351dc9017b]::task::local::LocalSet>::run_until::<auth_tests[4672e7658afdc4f7]::test_register_user::{closure#0}>::{closure#0}
[INFO] [stdout]                                at /opt/rustwide/cargo-home/registry/src/index.crates.io-1949cf8c6b5b557f/tokio-1.48.0/src/task/local.rs:705:19
[INFO] [stdout]   30:     0x5a8db6e5c11d - <core[df12db4294e9bfd3]::pin::Pin<alloc[2182bb758b4b3781]::boxed::Box<<tokio[237446351dc9017b]::task::local::LocalSet>::run_until<auth_tests[4672e7658afdc4f7]::test_register_user::{closure#0}>::{closure#0}>> as core[df12db4294e9bfd3]::future::future::Future>::poll
[INFO] [stdout]                                at /rustc/dfb0accb7f508ae8be965d8629557221c889dd98/library/core/src/future/future.rs:133:9
[INFO] [stdout]   31:     0x5a8db6e5c1dd - <core[df12db4294e9bfd3]::pin::Pin<&mut core[df12db4294e9bfd3]::pin::Pin<alloc[2182bb758b4b3781]::boxed::Box<<tokio[237446351dc9017b]::task::local::LocalSet>::run_until<auth_tests[4672e7658afdc4f7]::test_register_user::{closure#0}>::{closure#0}>>> as core[df12db4294e9bfd3]::future::future::Future>::poll
[INFO] [stdout]                                at /rustc/dfb0accb7f508ae8be965d8629557221c889dd98/library/core/src/future/future.rs:133:9
[INFO] [stdout]   32:     0x5a8db6e3037d - <tokio[237446351dc9017b]::runtime::scheduler::current_thread::CoreGuard>::block_on::<core[df12db4294e9bfd3]::pin::Pin<&mut core[df12db4294e9bfd3]::pin::Pin<alloc[2182bb758b4b3781]::boxed::Box<<tokio[237446351dc9017b]::task::local::LocalSet>::run_until<auth_tests[4672e7658afdc4f7]::test_register_user::{closure#0}>::{closure#0}>>>>::{closure#0}::{closure#0}::{closure#0}
[INFO] [stdout]                                at /opt/rustwide/cargo-home/registry/src/index.crates.io-1949cf8c6b5b557f/tokio-1.48.0/src/runtime/scheduler/current_thread/mod.rs:742:70
[INFO] [stdout]   33:     0x5a8db6e2fee5 - tokio[237446351dc9017b]::task::coop::with_budget::<core[df12db4294e9bfd3]::task::poll::Poll<()>, <tokio[237446351dc9017b]::runtime::scheduler::current_thread::CoreGuard>::block_on<core[df12db4294e9bfd3]::pin::Pin<&mut core[df12db4294e9bfd3]::pin::Pin<alloc[2182bb758b4b3781]::boxed::Box<<tokio[237446351dc9017b]::task::local::LocalSet>::run_until<auth_tests[4672e7658afdc4f7]::test_register_user::{closure#0}>::{closure#0}>>>>::{closure#0}::{closure#0}::{closure#0}>
[INFO] [stdout]                                at /opt/rustwide/cargo-home/registry/src/index.crates.io-1949cf8c6b5b557f/tokio-1.48.0/src/task/coop/mod.rs:167:5
[INFO] [stdout]   34:     0x5a8db6e2fee5 - tokio[237446351dc9017b]::task::coop::budget::<core[df12db4294e9bfd3]::task::poll::Poll<()>, <tokio[237446351dc9017b]::runtime::scheduler::current_thread::CoreGuard>::block_on<core[df12db4294e9bfd3]::pin::Pin<&mut core[df12db4294e9bfd3]::pin::Pin<alloc[2182bb758b4b3781]::boxed::Box<<tokio[237446351dc9017b]::task::local::LocalSet>::run_until<auth_tests[4672e7658afdc4f7]::test_register_user::{closure#0}>::{closure#0}>>>>::{closure#0}::{closure#0}::{closure#0}>
[INFO] [stdout]                                at /opt/rustwide/cargo-home/registry/src/index.crates.io-1949cf8c6b5b557f/tokio-1.48.0/src/task/coop/mod.rs:133:5
[INFO] [stdout]   35:     0x5a8db6e2fee5 - <tokio[237446351dc9017b]::runtime::scheduler::current_thread::CoreGuard>::block_on::<core[df12db4294e9bfd3]::pin::Pin<&mut core[df12db4294e9bfd3]::pin::Pin<alloc[2182bb758b4b3781]::boxed::Box<<tokio[237446351dc9017b]::task::local::LocalSet>::run_until<auth_tests[4672e7658afdc4f7]::test_register_user::{closure#0}>::{closure#0}>>>>::{closure#0}::{closure#0}
[INFO] [stdout]                                at /opt/rustwide/cargo-home/registry/src/index.crates.io-1949cf8c6b5b557f/tokio-1.48.0/src/runtime/scheduler/current_thread/mod.rs:742:25
[INFO] [stdout]   36:     0x5a8db6e259a2 - <tokio[237446351dc9017b]::runtime::scheduler::current_thread::Context>::enter::<core[df12db4294e9bfd3]::task::poll::Poll<()>, <tokio[237446351dc9017b]::runtime::scheduler::current_thread::CoreGuard>::block_on<core[df12db4294e9bfd3]::pin::Pin<&mut core[df12db4294e9bfd3]::pin::Pin<alloc[2182bb758b4b3781]::boxed::Box<<tokio[237446351dc9017b]::task::local::LocalSet>::run_until<auth_tests[4672e7658afdc4f7]::test_register_user::{closure#0}>::{closure#0}>>>>::{closure#0}::{closure#0}>
[INFO] [stdout]                                at /opt/rustwide/cargo-home/registry/src/index.crates.io-1949cf8c6b5b557f/tokio-1.48.0/src/runtime/scheduler/current_thread/mod.rs:432:19
[INFO] [stdout]   37:     0x5a8db6e2c69d - <tokio[237446351dc9017b]::runtime::scheduler::current_thread::CoreGuard>::block_on::<core[df12db4294e9bfd3]::pin::Pin<&mut core[df12db4294e9bfd3]::pin::Pin<alloc[2182bb758b4b3781]::boxed::Box<<tokio[237446351dc9017b]::task::local::LocalSet>::run_until<auth_tests[4672e7658afdc4f7]::test_register_user::{closure#0}>::{closure#0}>>>>::{closure#0}
[INFO] [stdout]                                at /opt/rustwide/cargo-home/registry/src/index.crates.io-1949cf8c6b5b557f/tokio-1.48.0/src/runtime/scheduler/current_thread/mod.rs:741:44
[INFO] [stdout]   38:     0x5a8db6e2b904 - <tokio[237446351dc9017b]::runtime::scheduler::current_thread::CoreGuard>::enter::<<tokio[237446351dc9017b]::runtime::scheduler::current_thread::CoreGuard>::block_on<core[df12db4294e9bfd3]::pin::Pin<&mut core[df12db4294e9bfd3]::pin::Pin<alloc[2182bb758b4b3781]::boxed::Box<<tokio[237446351dc9017b]::task::local::LocalSet>::run_until<auth_tests[4672e7658afdc4f7]::test_register_user::{closure#0}>::{closure#0}>>>>::{closure#0}, core[df12db4294e9bfd3]::option::Option<()>>::{closure#0}
[INFO] [stdout]                                at /opt/rustwide/cargo-home/registry/src/index.crates.io-1949cf8c6b5b557f/tokio-1.48.0/src/runtime/scheduler/current_thread/mod.rs:829:68
[INFO] [stdout]   39:     0x5a8db6e1adbb - <tokio[237446351dc9017b]::runtime::context::scoped::Scoped<tokio[237446351dc9017b]::runtime::scheduler::Context>>::set::<<tokio[237446351dc9017b]::runtime::scheduler::current_thread::CoreGuard>::enter<<tokio[237446351dc9017b]::runtime::scheduler::current_thread::CoreGuard>::block_on<core[df12db4294e9bfd3]::pin::Pin<&mut core[df12db4294e9bfd3]::pin::Pin<alloc[2182bb758b4b3781]::boxed::Box<<tokio[237446351dc9017b]::task::local::LocalSet>::run_until<auth_tests[4672e7658afdc4f7]::test_register_user::{closure#0}>::{closure#0}>>>>::{closure#0}, core[df12db4294e9bfd3]::option::Option<()>>::{closure#0}, (alloc[2182bb758b4b3781]::boxed::Box<tokio[237446351dc9017b]::runtime::scheduler::current_thread::Core>, core[df12db4294e9bfd3]::option::Option<()>)>
[INFO] [stdout]                                at /opt/rustwide/cargo-home/registry/src/index.crates.io-1949cf8c6b5b557f/tokio-1.48.0/src/runtime/context/scoped.rs:40:9
[INFO] [stdout]   40:     0x5a8db6e3fa19 - tokio[237446351dc9017b]::runtime::context::set_scheduler::<(alloc[2182bb758b4b3781]::boxed::Box<tokio[237446351dc9017b]::runtime::scheduler::current_thread::Core>, core[df12db4294e9bfd3]::option::Option<()>), <tokio[237446351dc9017b]::runtime::scheduler::current_thread::CoreGuard>::enter<<tokio[237446351dc9017b]::runtime::scheduler::current_thread::CoreGuard>::block_on<core[df12db4294e9bfd3]::pin::Pin<&mut core[df12db4294e9bfd3]::pin::Pin<alloc[2182bb758b4b3781]::boxed::Box<<tokio[237446351dc9017b]::task::local::LocalSet>::run_until<auth_tests[4672e7658afdc4f7]::test_register_user::{closure#0}>::{closure#0}>>>>::{closure#0}, core[df12db4294e9bfd3]::option::Option<()>>::{closure#0}>::{closure#0}
[INFO] [stdout]                                at /opt/rustwide/cargo-home/registry/src/index.crates.io-1949cf8c6b5b557f/tokio-1.48.0/src/runtime/context.rs:176:38
[INFO] [stdout]   41:     0x5a8db6e1c4bf - <std[70759c8f55707aa4]::thread::local::LocalKey<tokio[237446351dc9017b]::runtime::context::Context>>::try_with::<tokio[237446351dc9017b]::runtime::context::set_scheduler<(alloc[2182bb758b4b3781]::boxed::Box<tokio[237446351dc9017b]::runtime::scheduler::current_thread::Core>, core[df12db4294e9bfd3]::option::Option<()>), <tokio[237446351dc9017b]::runtime::scheduler::current_thread::CoreGuard>::enter<<tokio[237446351dc9017b]::runtime::scheduler::current_thread::CoreGuard>::block_on<core[df12db4294e9bfd3]::pin::Pin<&mut core[df12db4294e9bfd3]::pin::Pin<alloc[2182bb758b4b3781]::boxed::Box<<tokio[237446351dc9017b]::task::local::LocalSet>::run_until<auth_tests[4672e7658afdc4f7]::test_register_user::{closure#0}>::{closure#0}>>>>::{closure#0}, core[df12db4294e9bfd3]::option::Option<()>>::{closure#0}>::{closure#0}, (alloc[2182bb758b4b3781]::boxed::Box<tokio[237446351dc9017b]::runtime::scheduler::current_thread::Core>, core[df12db4294e9bfd3]::option::Option<()>)>
[INFO] [stdout]                                at /rustc/dfb0accb7f508ae8be965d8629557221c889dd98/library/std/src/thread/local.rs:463:12
[INFO] [stdout]   42:     0x5a8db6e1baee - <std[70759c8f55707aa4]::thread::local::LocalKey<tokio[237446351dc9017b]::runtime::context::Context>>::with::<tokio[237446351dc9017b]::runtime::context::set_scheduler<(alloc[2182bb758b4b3781]::boxed::Box<tokio[237446351dc9017b]::runtime::scheduler::current_thread::Core>, core[df12db4294e9bfd3]::option::Option<()>), <tokio[237446351dc9017b]::runtime::scheduler::current_thread::CoreGuard>::enter<<tokio[237446351dc9017b]::runtime::scheduler::current_thread::CoreGuard>::block_on<core[df12db4294e9bfd3]::pin::Pin<&mut core[df12db4294e9bfd3]::pin::Pin<alloc[2182bb758b4b3781]::boxed::Box<<tokio[237446351dc9017b]::task::local::LocalSet>::run_until<auth_tests[4672e7658afdc4f7]::test_register_user::{closure#0}>::{closure#0}>>>>::{closure#0}, core[df12db4294e9bfd3]::option::Option<()>>::{closure#0}>::{closure#0}, (alloc[2182bb758b4b3781]::boxed::Box<tokio[237446351dc9017b]::runtime::scheduler::current_thread::Core>, core[df12db4294e9bfd3]::option::Option<()>)>
[INFO] [stdout]                                at /rustc/dfb0accb7f508ae8be965d8629557221c889dd98/library/std/src/thread/local.rs:427:20
[INFO] [stdout]   43:     0x5a8db6e3e2bd - tokio[237446351dc9017b]::runtime::context::set_scheduler::<(alloc[2182bb758b4b3781]::boxed::Box<tokio[237446351dc9017b]::runtime::scheduler::current_thread::Core>, core[df12db4294e9bfd3]::option::Option<()>), <tokio[237446351dc9017b]::runtime::scheduler::current_thread::CoreGuard>::enter<<tokio[237446351dc9017b]::runtime::scheduler::current_thread::CoreGuard>::block_on<core[df12db4294e9bfd3]::pin::Pin<&mut core[df12db4294e9bfd3]::pin::Pin<alloc[2182bb758b4b3781]::boxed::Box<<tokio[237446351dc9017b]::task::local::LocalSet>::run_until<auth_tests[4672e7658afdc4f7]::test_register_user::{closure#0}>::{closure#0}>>>>::{closure#0}, core[df12db4294e9bfd3]::option::Option<()>>::{closure#0}>
[INFO] [stdout]                                at /opt/rustwide/cargo-home/registry/src/index.crates.io-1949cf8c6b5b557f/tokio-1.48.0/src/runtime/context.rs:176:17
[INFO] [stdout]   44:     0x5a8db6e28750 - <tokio[237446351dc9017b]::runtime::scheduler::current_thread::CoreGuard>::enter::<<tokio[237446351dc9017b]::runtime::scheduler::current_thread::CoreGuard>::block_on<core[df12db4294e9bfd3]::pin::Pin<&mut core[df12db4294e9bfd3]::pin::Pin<alloc[2182bb758b4b3781]::boxed::Box<<tokio[237446351dc9017b]::task::local::LocalSet>::run_until<auth_tests[4672e7658afdc4f7]::test_register_user::{closure#0}>::{closure#0}>>>>::{closure#0}, core[df12db4294e9bfd3]::option::Option<()>>
[INFO] [stdout]                                at /opt/rustwide/cargo-home/registry/src/index.crates.io-1949cf8c6b5b557f/tokio-1.48.0/src/runtime/scheduler/current_thread/mod.rs:829:27
[INFO] [stdout]   45:     0x5a8db6e29ac6 - <tokio[237446351dc9017b]::runtime::scheduler::current_thread::CoreGuard>::block_on::<core[df12db4294e9bfd3]::pin::Pin<&mut core[df12db4294e9bfd3]::pin::Pin<alloc[2182bb758b4b3781]::boxed::Box<<tokio[237446351dc9017b]::task::local::LocalSet>::run_until<auth_tests[4672e7658afdc4f7]::test_register_user::{closure#0}>::{closure#0}>>>>
[INFO] [stdout]                                at /opt/rustwide/cargo-home/registry/src/index.crates.io-1949cf8c6b5b557f/tokio-1.48.0/src/runtime/scheduler/current_thread/mod.rs:729:24
[INFO] [stdout]   46:     0x5a8db6e2a290 - <tokio[237446351dc9017b]::runtime::scheduler::current_thread::CurrentThread>::block_on::<core[df12db4294e9bfd3]::pin::Pin<alloc[2182bb758b4b3781]::boxed::Box<<tokio[237446351dc9017b]::task::local::LocalSet>::run_until<auth_tests[4672e7658afdc4f7]::test_register_user::{closure#0}>::{closure#0}>>>::{closure#0}
[INFO] [stdout]                                at /opt/rustwide/cargo-home/registry/src/index.crates.io-1949cf8c6b5b557f/tokio-1.48.0/src/runtime/scheduler/current_thread/mod.rs:200:33
[INFO] [stdout]   47:     0x5a8db6e1f438 - tokio[237446351dc9017b]::runtime::context::runtime::enter_runtime::<<tokio[237446351dc9017b]::runtime::scheduler::current_thread::CurrentThread>::block_on<core[df12db4294e9bfd3]::pin::Pin<alloc[2182bb758b4b3781]::boxed::Box<<tokio[237446351dc9017b]::task::local::LocalSet>::run_until<auth_tests[4672e7658afdc4f7]::test_register_user::{closure#0}>::{closure#0}>>>::{closure#0}, ()>
[INFO] [stdout]                                at /opt/rustwide/cargo-home/registry/src/index.crates.io-1949cf8c6b5b557f/tokio-1.48.0/src/runtime/context/runtime.rs:65:16
[INFO] [stdout]   48:     0x5a8db6e251f3 - <tokio[237446351dc9017b]::runtime::scheduler::current_thread::CurrentThread>::block_on::<core[df12db4294e9bfd3]::pin::Pin<alloc[2182bb758b4b3781]::boxed::Box<<tokio[237446351dc9017b]::task::local::LocalSet>::run_until<auth_tests[4672e7658afdc4f7]::test_register_user::{closure#0}>::{closure#0}>>>
[INFO] [stdout]                                at /opt/rustwide/cargo-home/registry/src/index.crates.io-1949cf8c6b5b557f/tokio-1.48.0/src/runtime/scheduler/current_thread/mod.rs:188:9
[INFO] [stdout]   49:     0x5a8db6e54a11 - <tokio[237446351dc9017b]::runtime::runtime::Runtime>::block_on_inner::<core[df12db4294e9bfd3]::pin::Pin<alloc[2182bb758b4b3781]::boxed::Box<<tokio[237446351dc9017b]::task::local::LocalSet>::run_until<auth_tests[4672e7658afdc4f7]::test_register_user::{closure#0}>::{closure#0}>>>
[INFO] [stdout]                                at /opt/rustwide/cargo-home/registry/src/index.crates.io-1949cf8c6b5b557f/tokio-1.48.0/src/runtime/runtime.rs:368:52
[INFO] [stdout]   50:     0x5a8db6e555bc - <tokio[237446351dc9017b]::runtime::runtime::Runtime>::block_on::<<tokio[237446351dc9017b]::task::local::LocalSet>::run_until<auth_tests[4672e7658afdc4f7]::test_register_user::{closure#0}>::{closure#0}>
[INFO] [stdout]                                at /opt/rustwide/cargo-home/registry/src/index.crates.io-1949cf8c6b5b557f/tokio-1.48.0/src/runtime/runtime.rs:340:18
[INFO] [stdout]   51:     0x5a8db6e1b55f - <tokio[237446351dc9017b]::task::local::LocalSet>::block_on::<auth_tests[4672e7658afdc4f7]::test_register_user::{closure#0}>
[INFO] [stdout]                                at /opt/rustwide/cargo-home/registry/src/index.crates.io-1949cf8c6b5b557f/tokio-1.48.0/src/task/local.rs:662:12
[INFO] [stdout]   52:     0x5a8db6e43645 - <actix_rt[328f6236fb554963]::runtime::Runtime>::block_on::<auth_tests[4672e7658afdc4f7]::test_register_user::{closure#0}>
[INFO] [stdout]                                at /opt/rustwide/cargo-home/registry/src/index.crates.io-1949cf8c6b5b557f/actix-rt-2.11.0/src/runtime.rs:138:20
[INFO] [stdout]   53:     0x5a8db6e3dd79 - <actix_rt[328f6236fb554963]::system::SystemRunner>::block_on::<auth_tests[4672e7658afdc4f7]::test_register_user::{closure#0}>
[INFO] [stdout]                                at /opt/rustwide/cargo-home/registry/src/index.crates.io-1949cf8c6b5b557f/actix-rt-2.11.0/src/system.rs:240:17
[INFO] [stdout]   54:     0x5a8db6e51c36 - auth_tests[4672e7658afdc4f7]::test_register_user
[INFO] [stdout]                                at /opt/rustwide/workdir/tests/auth_tests.rs:33:1
[INFO] [stdout]   55:     0x5a8db6e4c787 - auth_tests[4672e7658afdc4f7]::test_register_user::{closure#0}
[INFO] [stdout]                                at /opt/rustwide/workdir/tests/auth_tests.rs:34:30
[INFO] [stdout]   56:     0x5a8db6e36286 - <auth_tests[4672e7658afdc4f7]::test_register_user::{closure#0} as core[df12db4294e9bfd3]::ops::function::FnOnce<()>>::call_once
[INFO] [stdout]                                at /rustc/dfb0accb7f508ae8be965d8629557221c889dd98/library/core/src/ops/function.rs:250:5
[INFO] [stdout]   57:     0x5a8db6e6dcfb - <fn() -> core[df12db4294e9bfd3]::result::Result<(), alloc[2182bb758b4b3781]::string::String> as core[df12db4294e9bfd3]::ops::function::FnOnce<()>>::call_once
[INFO] [stdout]                                at /rustc/dfb0accb7f508ae8be965d8629557221c889dd98/library/core/src/ops/function.rs:250:5
[INFO] [stdout]   58:     0x5a8db6e6dcfb - test[9d35eded1c95d3be]::__rust_begin_short_backtrace::<core[df12db4294e9bfd3]::result::Result<(), alloc[2182bb758b4b3781]::string::String>, fn() -> core[df12db4294e9bfd3]::result::Result<(), alloc[2182bb758b4b3781]::string::String>>
[INFO] [stdout]                                at /rustc/dfb0accb7f508ae8be965d8629557221c889dd98/library/test/src/lib.rs:733:18
[INFO] [stdout]   59:     0x5a8db6e7b365 - test[9d35eded1c95d3be]::run_test_in_process::{closure#0}
[INFO] [stdout]                                at /rustc/dfb0accb7f508ae8be965d8629557221c889dd98/library/test/src/lib.rs:756:74
[INFO] [stdout]   60:     0x5a8db6e7b365 - <core[df12db4294e9bfd3]::panic::unwind_safe::AssertUnwindSafe<test[9d35eded1c95d3be]::run_test_in_process::{closure#0}> as core[df12db4294e9bfd3]::ops::function::FnOnce<()>>::call_once
[INFO] [stdout]                                at /rustc/dfb0accb7f508ae8be965d8629557221c889dd98/library/core/src/panic/unwind_safe.rs:275:9
[INFO] [stdout]   61:     0x5a8db6e7b365 - std[70759c8f55707aa4]::panicking::catch_unwind::do_call::<core[df12db4294e9bfd3]::panic::unwind_safe::AssertUnwindSafe<test[9d35eded1c95d3be]::run_test_in_process::{closure#0}>, core[df12db4294e9bfd3]::result::Result<(), alloc[2182bb758b4b3781]::string::String>>
[INFO] [stdout]                                at /rustc/dfb0accb7f508ae8be965d8629557221c889dd98/library/std/src/panicking.rs:576:43
[INFO] [stdout]   62:     0x5a8db6e7b365 - std[70759c8f55707aa4]::panicking::catch_unwind::<core[df12db4294e9bfd3]::result::Result<(), alloc[2182bb758b4b3781]::string::String>, core[df12db4294e9bfd3]::panic::unwind_safe::AssertUnwindSafe<test[9d35eded1c95d3be]::run_test_in_process::{closure#0}>>
[INFO] [stdout]                                at /rustc/dfb0accb7f508ae8be965d8629557221c889dd98/library/std/src/panicking.rs:544:19
[INFO] [stdout]   63:     0x5a8db6e7b365 - std[70759c8f55707aa4]::panic::catch_unwind::<core[df12db4294e9bfd3]::panic::unwind_safe::AssertUnwindSafe<test[9d35eded1c95d3be]::run_test_in_process::{closure#0}>, core[df12db4294e9bfd3]::result::Result<(), alloc[2182bb758b4b3781]::string::String>>
[INFO] [stdout]                                at /rustc/dfb0accb7f508ae8be965d8629557221c889dd98/library/std/src/panic.rs:359:14
[INFO] [stdout]   64:     0x5a8db6e7b365 - test[9d35eded1c95d3be]::run_test_in_process
[INFO] [stdout]                                at /rustc/dfb0accb7f508ae8be965d8629557221c889dd98/library/test/src/lib.rs:756:27
[INFO] [stdout]   65:     0x5a8db6e7b365 - test[9d35eded1c95d3be]::run_test::{closure#0}
[INFO] [stdout]                                at /rustc/dfb0accb7f508ae8be965d8629557221c889dd98/library/test/src/lib.rs:677:43
[INFO] [stdout]   66:     0x5a8db6e74c24 - test[9d35eded1c95d3be]::run_test::{closure#1}
[INFO] [stdout]                                at /rustc/dfb0accb7f508ae8be965d8629557221c889dd98/library/test/src/lib.rs:707:41
[INFO] [stdout]   67:     0x5a8db6e74c24 - std[70759c8f55707aa4]::sys::backtrace::__rust_begin_short_backtrace::<test[9d35eded1c95d3be]::run_test::{closure#1}, ()>
[INFO] [stdout]                                at /rustc/dfb0accb7f508ae8be965d8629557221c889dd98/library/std/src/sys/backtrace.rs:166:18
[INFO] [stdout]   68:     0x5a8db6e7e4c2 - std[70759c8f55707aa4]::thread::lifecycle::spawn_unchecked::<test[9d35eded1c95d3be]::run_test::{closure#1}, ()>::{closure#1}::{closure#0}
[INFO] [stdout]                                at /rustc/dfb0accb7f508ae8be965d8629557221c889dd98/library/std/src/thread/lifecycle.rs:70:13
[INFO] [stdout]   69:     0x5a8db6e7e4c2 - <core[df12db4294e9bfd3]::panic::unwind_safe::AssertUnwindSafe<std[70759c8f55707aa4]::thread::lifecycle::spawn_unchecked<test[9d35eded1c95d3be]::run_test::{closure#1}, ()>::{closure#1}::{closure#0}> as core[df12db4294e9bfd3]::ops::function::FnOnce<()>>::call_once
[INFO] [stdout]                                at /rustc/dfb0accb7f508ae8be965d8629557221c889dd98/library/core/src/panic/unwind_safe.rs:275:9
[INFO] [stdout]   70:     0x5a8db6e7e4c2 - std[70759c8f55707aa4]::panicking::catch_unwind::do_call::<core[df12db4294e9bfd3]::panic::unwind_safe::AssertUnwindSafe<std[70759c8f55707aa4]::thread::lifecycle::spawn_unchecked<test[9d35eded1c95d3be]::run_test::{closure#1}, ()>::{closure#1}::{closure#0}>, ()>
[INFO] [stdout]                                at /rustc/dfb0accb7f508ae8be965d8629557221c889dd98/library/std/src/panicking.rs:576:43
[INFO] [stdout]   71:     0x5a8db6e7e4c2 - std[70759c8f55707aa4]::panicking::catch_unwind::<(), core[df12db4294e9bfd3]::panic::unwind_safe::AssertUnwindSafe<std[70759c8f55707aa4]::thread::lifecycle::spawn_unchecked<test[9d35eded1c95d3be]::run_test::{closure#1}, ()>::{closure#1}::{closure#0}>>
[INFO] [stdout]                                at /rustc/dfb0accb7f508ae8be965d8629557221c889dd98/library/std/src/panicking.rs:544:19
[INFO] [stdout]   72:     0x5a8db6e7e4c2 - std[70759c8f55707aa4]::panic::catch_unwind::<core[df12db4294e9bfd3]::panic::unwind_safe::AssertUnwindSafe<std[70759c8f55707aa4]::thread::lifecycle::spawn_unchecked<test[9d35eded1c95d3be]::run_test::{closure#1}, ()>::{closure#1}::{closure#0}>, ()>
[INFO] [stdout]                                at /rustc/dfb0accb7f508ae8be965d8629557221c889dd98/library/std/src/panic.rs:359:14
[INFO] [stdout]   73:     0x5a8db6e7e4c2 - std[70759c8f55707aa4]::thread::lifecycle::spawn_unchecked::<test[9d35eded1c95d3be]::run_test::{closure#1}, ()>::{closure#1}
[INFO] [stdout]                                at /rustc/dfb0accb7f508ae8be965d8629557221c889dd98/library/std/src/thread/lifecycle.rs:68:26
[INFO] [stdout]   74:     0x5a8db6e7e4c2 - <std[70759c8f55707aa4]::thread::lifecycle::spawn_unchecked<test[9d35eded1c95d3be]::run_test::{closure#1}, ()>::{closure#1} as core[df12db4294e9bfd3]::ops::function::FnOnce<()>>::call_once::{shim:vtable#0}
[INFO] [stdout]                                at /rustc/dfb0accb7f508ae8be965d8629557221c889dd98/library/core/src/ops/function.rs:250:5
[INFO] [stdout]   75:     0x5a8db79fc4f9 - <alloc[2182bb758b4b3781]::boxed::Box<dyn core[df12db4294e9bfd3]::ops::function::FnOnce<(), Output = ()> + core[df12db4294e9bfd3]::marker::Send> as core[df12db4294e9bfd3]::ops::function::FnOnce<()>>::call_once
[INFO] [stdout]                                at /rustc/dfb0accb7f508ae8be965d8629557221c889dd98/library/alloc/src/boxed.rs:2320:9
[INFO] [stdout]   76:     0x5a8db79fc4f9 - <std[70759c8f55707aa4]::sys::thread::unix::Thread>::new::thread_start
[INFO] [stdout]                                at /rustc/dfb0accb7f508ae8be965d8629557221c889dd98/library/std/src/sys/thread/unix.rs:123:17
[INFO] [stdout]   77:     0x70becd6c0dfa - <unknown>
[INFO] [stdout]   78:     0x70becd7543d4 - clone
[INFO] [stdout]   79:                0x0 - <unknown>
[INFO] [stdout] 
[INFO] [stdout] ---- test_unauthorized_access stdout ----
[INFO] [stdout] 
[INFO] [stdout] thread 'test_unauthorized_access' (3346) panicked at tests/auth_tests.rs:12:10:
[INFO] [stdout] Failed to create test database pool: PoolTimedOut
[INFO] [stdout] stack backtrace:
[INFO] [stdout]    0:     0x5a8db79fd2f1 - std[70759c8f55707aa4]::backtrace_rs::backtrace::libunwind::trace
[INFO] [stdout]                                at /rustc/dfb0accb7f508ae8be965d8629557221c889dd98/library/std/src/../../backtrace/src/backtrace/libunwind.rs:117:9
[INFO] [stdout]    1:     0x5a8db79fd2f1 - std[70759c8f55707aa4]::backtrace_rs::backtrace::trace_unsynchronized::<std[70759c8f55707aa4]::sys::backtrace::_print_fmt::{closure#1}>
[INFO] [stdout]                                at /rustc/dfb0accb7f508ae8be965d8629557221c889dd98/library/std/src/../../backtrace/src/backtrace/mod.rs:66:14
[INFO] [stdout]    2:     0x5a8db79fd2f1 - std[70759c8f55707aa4]::sys::backtrace::_print_fmt
[INFO] [stdout]                                at /rustc/dfb0accb7f508ae8be965d8629557221c889dd98/library/std/src/sys/backtrace.rs:74:9
[INFO] [stdout]    3:     0x5a8db79fd2f1 - <<std[70759c8f55707aa4]::sys::backtrace::BacktraceLock>::print::DisplayBacktrace as core[df12db4294e9bfd3]::fmt::Display>::fmt
[INFO] [stdout]                                at /rustc/dfb0accb7f508ae8be965d8629557221c889dd98/library/std/src/sys/backtrace.rs:44:26
[INFO] [stdout]    4:     0x5a8db7a1528a - <core[df12db4294e9bfd3]::fmt::rt::Argument>::fmt
[INFO] [stdout]                                at /rustc/dfb0accb7f508ae8be965d8629557221c889dd98/library/core/src/fmt/rt.rs:152:76
[INFO] [stdout]    5:     0x5a8db7a1528a - core[df12db4294e9bfd3]::fmt::write
[INFO] [stdout]    6:     0x5a8db7a01dcc - core[df12db4294e9bfd3]::io::write::default_write_fmt::<alloc[2182bb758b4b3781]::vec::Vec<u8>>
[INFO] [stdout]                                at /rustc/dfb0accb7f508ae8be965d8629557221c889dd98/library/core/src/io/write.rs:402:11
[INFO] [stdout]    7:     0x5a8db7a01dcc - <alloc[2182bb758b4b3781]::vec::Vec<u8> as core[df12db4294e9bfd3]::io::write::Write>::write_fmt
[INFO] [stdout]                                at /rustc/dfb0accb7f508ae8be965d8629557221c889dd98/library/core/src/io/write.rs:335:13
[INFO] [stdout]    8:     0x5a8db79d7fd6 - <std[70759c8f55707aa4]::sys::backtrace::BacktraceLock>::print
[INFO] [stdout]                                at /rustc/dfb0accb7f508ae8be965d8629557221c889dd98/library/std/src/sys/backtrace.rs:47:9
[INFO] [stdout]    9:     0x5a8db79d7fd6 - std[70759c8f55707aa4]::panicking::default_hook::{closure#0}
[INFO] [stdout]                                at /rustc/dfb0accb7f508ae8be965d8629557221c889dd98/library/std/src/panicking.rs:292:27
[INFO] [stdout]   10:     0x5a8db79f4de9 - std[70759c8f55707aa4]::panicking::default_hook
[INFO] [stdout]                                at /rustc/dfb0accb7f508ae8be965d8629557221c889dd98/library/std/src/panicking.rs:316:9
[INFO] [stdout]   11:     0x5a8db6e7aa10 - <alloc[2182bb758b4b3781]::boxed::Box<dyn for<'a, 'b> core[df12db4294e9bfd3]::ops::function::Fn<(&'a std[70759c8f55707aa4]::panic::PanicHookInfo<'b>,), Output = ()> + core[df12db4294e9bfd3]::marker::Send + core[df12db4294e9bfd3]::marker::Sync> as core[df12db4294e9bfd3]::ops::function::Fn<(&std[70759c8f55707aa4]::panic::PanicHookInfo,)>>::call
[INFO] [stdout]                                at /rustc/dfb0accb7f508ae8be965d8629557221c889dd98/library/alloc/src/boxed.rs:2334:9
[INFO] [stdout]   12:     0x5a8db6e7aa10 - test[9d35eded1c95d3be]::test_main_inner::<test[9d35eded1c95d3be]::test_main_static::{closure#0}>::{closure#0}
[INFO] [stdout]                                at /rustc/dfb0accb7f508ae8be965d8629557221c889dd98/library/test/src/lib.rs:155:21
[INFO] [stdout]   13:     0x5a8db79f5112 - <alloc[2182bb758b4b3781]::boxed::Box<dyn for<'a, 'b> core[df12db4294e9bfd3]::ops::function::Fn<(&'a std[70759c8f55707aa4]::panic::PanicHookInfo<'b>,), Output = ()> + core[df12db4294e9bfd3]::marker::Send + core[df12db4294e9bfd3]::marker::Sync> as core[df12db4294e9bfd3]::ops::function::Fn<(&std[70759c8f55707aa4]::panic::PanicHookInfo,)>>::call
[INFO] [stdout]                                at /rustc/dfb0accb7f508ae8be965d8629557221c889dd98/library/alloc/src/boxed.rs:2334:9
[INFO] [stdout]   14:     0x5a8db79f5112 - std[70759c8f55707aa4]::panicking::panic_with_hook
[INFO] [stdout]                                at /rustc/dfb0accb7f508ae8be965d8629557221c889dd98/library/std/src/panicking.rs:823:13
[INFO] [stdout]   15:     0x5a8db79d8082 - std[70759c8f55707aa4]::panicking::panic_handler::{closure#0}
[INFO] [stdout]                                at /rustc/dfb0accb7f508ae8be965d8629557221c889dd98/library/std/src/panicking.rs:688:13
[INFO] [stdout]   16:     0x5a8db79d0959 - std[70759c8f55707aa4]::sys::backtrace::__rust_end_short_backtrace::<std[70759c8f55707aa4]::panicking::panic_handler::{closure#0}, !>
[INFO] [stdout]                                at /rustc/dfb0accb7f508ae8be965d8629557221c889dd98/library/std/src/sys/backtrace.rs:182:18
[INFO] [stdout]   17:     0x5a8db79d8f0d - __rustc[8fa7c3cbc660c2b3]::rust_begin_unwind
[INFO] [stdout]                                at /rustc/dfb0accb7f508ae8be965d8629557221c889dd98/library/std/src/panicking.rs:679:5
[INFO] [stdout]   18:     0x5a8db7a15b5c - core[df12db4294e9bfd3]::panicking::panic_fmt
[INFO] [stdout]                                at /rustc/dfb0accb7f508ae8be965d8629557221c889dd98/library/core/src/panicking.rs:80:14
[INFO] [stdout]   19:     0x5a8db7a15882 - core[df12db4294e9bfd3]::result::unwrap_failed
[INFO] [stdout]                                at /rustc/dfb0accb7f508ae8be965d8629557221c889dd98/library/core/src/result.rs:1871:5
[INFO] [stdout]   20:     0x5a8db6e4898a - <core[df12db4294e9bfd3]::result::Result<sqlx_core[f669e681224d4d64]::pool::Pool<sqlx_postgres[93ad828b40ecf4e1]::database::Postgres>, sqlx_core[f669e681224d4d64]::error::Error>>::expect
[INFO] [stdout]                                at /rustc/dfb0accb7f508ae8be965d8629557221c889dd98/library/core/src/result.rs:1184:23
[INFO] [stdout]   21:     0x5a8db6e4c0c1 - auth_tests[4672e7658afdc4f7]::setup_test_pool::{closure#0}
[INFO] [stdout]                                at /opt/rustwide/workdir/tests/auth_tests.rs:12:10
[INFO] [stdout]   22:     0x5a8db6e50246 - auth_tests[4672e7658afdc4f7]::test_unauthorized_access::{closure#0}
[INFO] [stdout]                                at /opt/rustwide/workdir/tests/auth_tests.rs:131:34
[INFO] [stdout]   23:     0x5a8db6e2211f - <tokio[237446351dc9017b]::task::local::RunUntil<auth_tests[4672e7658afdc4f7]::test_unauthorized_access::{closure#0}> as core[df12db4294e9bfd3]::future::future::Future>::poll::{closure#0}
[INFO] [stdout]                                at /opt/rustwide/cargo-home/registry/src/index.crates.io-1949cf8c6b5b557f/tokio-1.48.0/src/task/local.rs:1063:44
[INFO] [stdout]   24:     0x5a8db6e1fe76 - <tokio[237446351dc9017b]::task::local::LocalSet>::with::<core[df12db4294e9bfd3]::task::poll::Poll<()>, <tokio[237446351dc9017b]::task::local::RunUntil<auth_tests[4672e7658afdc4f7]::test_unauthorized_access::{closure#0}> as core[df12db4294e9bfd3]::future::future::Future>::poll::{closure#0}>::{closure#0}
[INFO] [stdout]                                at /opt/rustwide/cargo-home/registry/src/index.crates.io-1949cf8c6b5b557f/tokio-1.48.0/src/task/local.rs:809:13
[INFO] [stdout]   25:     0x5a8db6e1ba46 - <std[70759c8f55707aa4]::thread::local::LocalKey<tokio[237446351dc9017b]::task::local::LocalData>>::try_with::<<tokio[237446351dc9017b]::task::local::LocalSet>::with<core[df12db4294e9bfd3]::task::poll::Poll<()>, <tokio[237446351dc9017b]::task::local::RunUntil<auth_tests[4672e7658afdc4f7]::test_unauthorized_access::{closure#0}> as core[df12db4294e9bfd3]::future::future::Future>::poll::{closure#0}>::{closure#0}, core[df12db4294e9bfd3]::task::poll::Poll<()>>
[INFO] [stdout]                                at /rustc/dfb0accb7f508ae8be965d8629557221c889dd98/library/std/src/thread/local.rs:463:12
[INFO] [stdout]   26:     0x5a8db6e1b79e - <std[70759c8f55707aa4]::thread::local::LocalKey<tokio[237446351dc9017b]::task::local::LocalData>>::with::<<tokio[237446351dc9017b]::task::local::LocalSet>::with<core[df12db4294e9bfd3]::task::poll::Poll<()>, <tokio[237446351dc9017b]::task::local::RunUntil<auth_tests[4672e7658afdc4f7]::test_unauthorized_access::{closure#0}> as core[df12db4294e9bfd3]::future::future::Future>::poll::{closure#0}>::{closure#0}, core[df12db4294e9bfd3]::task::poll::Poll<()>>
[INFO] [stdout]                                at /rustc/dfb0accb7f508ae8be965d8629557221c889dd98/library/std/src/thread/local.rs:427:20
[INFO] [stdout]   27:     0x5a8db6e1b446 - <tokio[237446351dc9017b]::task::local::LocalSet>::with::<core[df12db4294e9bfd3]::task::poll::Poll<()>, <tokio[237446351dc9017b]::task::local::RunUntil<auth_tests[4672e7658afdc4f7]::test_unauthorized_access::{closure#0}> as core[df12db4294e9bfd3]::future::future::Future>::poll::{closure#0}>
[INFO] [stdout]                                at /opt/rustwide/cargo-home/registry/src/index.crates.io-1949cf8c6b5b557f/tokio-1.48.0/src/task/local.rs:807:17
[INFO] [stdout]   28:     0x5a8db6e24856 - <tokio[237446351dc9017b]::task::local::RunUntil<auth_tests[4672e7658afdc4f7]::test_unauthorized_access::{closure#0}> as core[df12db4294e9bfd3]::future::future::Future>::poll
[INFO] [stdout]                                at /opt/rustwide/cargo-home/registry/src/index.crates.io-1949cf8c6b5b557f/tokio-1.48.0/src/task/local.rs:1053:22
[INFO] [stdout]   29:     0x5a8db6e2056b - <tokio[237446351dc9017b]::task::local::LocalSet>::run_until::<auth_tests[4672e7658afdc4f7]::test_unauthorized_access::{closure#0}>::{closure#0}
[INFO] [stdout]                                at /opt/rustwide/cargo-home/registry/src/index.crates.io-1949cf8c6b5b557f/tokio-1.48.0/src/task/local.rs:705:19
[INFO] [stdout]   30:     0x5a8db6e5c15d - <core[df12db4294e9bfd3]::pin::Pin<alloc[2182bb758b4b3781]::boxed::Box<<tokio[237446351dc9017b]::task::local::LocalSet>::run_until<auth_tests[4672e7658afdc4f7]::test_unauthorized_access::{closure#0}>::{closure#0}>> as core[df12db4294e9bfd3]::future::future::Future>::poll
[INFO] [stdout]                                at /rustc/dfb0accb7f508ae8be965d8629557221c889dd98/library/core/src/future/future.rs:133:9
[INFO] [stdout]   31:     0x5a8db6e5c21d - <core[df12db4294e9bfd3]::pin::Pin<&mut core[df12db4294e9bfd3]::pin::Pin<alloc[2182bb758b4b3781]::boxed::Box<<tokio[237446351dc9017b]::task::local::LocalSet>::run_until<auth_tests[4672e7658afdc4f7]::test_unauthorized_access::{closure#0}>::{closure#0}>>> as core[df12db4294e9bfd3]::future::future::Future>::poll
[INFO] [stdout]                                at /rustc/dfb0accb7f508ae8be965d8629557221c889dd98/library/core/src/future/future.rs:133:9
[INFO] [stdout]   32:     0x5a8db6e303bd - <tokio[237446351dc9017b]::runtime::scheduler::current_thread::CoreGuard>::block_on::<core[df12db4294e9bfd3]::pin::Pin<&mut core[df12db4294e9bfd3]::pin::Pin<alloc[2182bb758b4b3781]::boxed::Box<<tokio[237446351dc9017b]::task::local::LocalSet>::run_until<auth_tests[4672e7658afdc4f7]::test_unauthorized_access::{closure#0}>::{closure#0}>>>>::{closure#0}::{closure#0}::{closure#0}
[INFO] [stdout]                                at /opt/rustwide/cargo-home/registry/src/index.crates.io-1949cf8c6b5b557f/tokio-1.48.0/src/runtime/scheduler/current_thread/mod.rs:742:70
[INFO] [stdout]   33:     0x5a8db6e2ffd5 - tokio[237446351dc9017b]::task::coop::with_budget::<core[df12db4294e9bfd3]::task::poll::Poll<()>, <tokio[237446351dc9017b]::runtime::scheduler::current_thread::CoreGuard>::block_on<core[df12db4294e9bfd3]::pin::Pin<&mut core[df12db4294e9bfd3]::pin::Pin<alloc[2182bb758b4b3781]::boxed::Box<<tokio[237446351dc9017b]::task::local::LocalSet>::run_until<auth_tests[4672e7658afdc4f7]::test_unauthorized_access::{closure#0}>::{closure#0}>>>>::{closure#0}::{closure#0}::{closure#0}>
[INFO] [stdout]                                at /opt/rustwide/cargo-home/registry/src/index.crates.io-1949cf8c6b5b557f/tokio-1.48.0/src/task/coop/mod.rs:167:5
[INFO] [stdout]   34:     0x5a8db6e2ffd5 - tokio[237446351dc9017b]::task::coop::budget::<core[df12db4294e9bfd3]::task::poll::Poll<()>, <tokio[237446351dc9017b]::runtime::scheduler::current_thread::CoreGuard>::block_on<core[df12db4294e9bfd3]::pin::Pin<&mut core[df12db4294e9bfd3]::pin::Pin<alloc[2182bb758b4b3781]::boxed::Box<<tokio[237446351dc9017b]::task::local::LocalSet>::run_until<auth_tests[4672e7658afdc4f7]::test_unauthorized_access::{closure#0}>::{closure#0}>>>>::{closure#0}::{closure#0}::{closure#0}>
[INFO] [stdout]                                at /opt/rustwide/cargo-home/registry/src/index.crates.io-1949cf8c6b5b557f/tokio-1.48.0/src/task/coop/mod.rs:133:5
[INFO] [stdout]   35:     0x5a8db6e2ffd5 - <tokio[237446351dc9017b]::runtime::scheduler::current_thread::CoreGuard>::block_on::<core[df12db4294e9bfd3]::pin::Pin<&mut core[df12db4294e9bfd3]::pin::Pin<alloc[2182bb758b4b3781]::boxed::Box<<tokio[237446351dc9017b]::task::local::LocalSet>::run_until<auth_tests[4672e7658afdc4f7]::test_unauthorized_access::{closure#0}>::{closure#0}>>>>::{closure#0}::{closure#0}
[INFO] [stdout]                                at /opt/rustwide/cargo-home/registry/src/index.crates.io-1949cf8c6b5b557f/tokio-1.48.0/src/runtime/scheduler/current_thread/mod.rs:742:25
[INFO] [stdout]   36:     0x5a8db6e25c62 - <tokio[237446351dc9017b]::runtime::scheduler::current_thread::Context>::enter::<core[df12db4294e9bfd3]::task::poll::Poll<()>, <tokio[237446351dc9017b]::runtime::scheduler::current_thread::CoreGuard>::block_on<core[df12db4294e9bfd3]::pin::Pin<&mut core[df12db4294e9bfd3]::pin::Pin<alloc[2182bb758b4b3781]::boxed::Box<<tokio[237446351dc9017b]::task::local::LocalSet>::run_until<auth_tests[4672e7658afdc4f7]::test_unauthorized_access::{closure#0}>::{closure#0}>>>>::{closure#0}::{closure#0}>
[INFO] [stdout]                                at /opt/rustwide/cargo-home/registry/src/index.crates.io-1949cf8c6b5b557f/tokio-1.48.0/src/runtime/scheduler/current_thread/mod.rs:432:19
[INFO] [stdout]   37:     0x5a8db6e2d13d - <tokio[237446351dc9017b]::runtime::scheduler::current_thread::CoreGuard>::block_on::<core[df12db4294e9bfd3]::pin::Pin<&mut core[df12db4294e9bfd3]::pin::Pin<alloc[2182bb758b4b3781]::boxed::Box<<tokio[237446351dc9017b]::task::local::LocalSet>::run_until<auth_tests[4672e7658afdc4f7]::test_unauthorized_access::{closure#0}>::{closure#0}>>>>::{closure#0}
[INFO] [stdout]                                at /opt/rustwide/cargo-home/registry/src/index.crates.io-1949cf8c6b5b557f/tokio-1.48.0/src/runtime/scheduler/current_thread/mod.rs:741:44
[INFO] [stdout]   38:     0x5a8db6e2b924 - <tokio[237446351dc9017b]::runtime::scheduler::current_thread::CoreGuard>::enter::<<tokio[237446351dc9017b]::runtime::scheduler::current_thread::CoreGuard>::block_on<core[df12db4294e9bfd3]::pin::Pin<&mut core[df12db4294e9bfd3]::pin::Pin<alloc[2182bb758b4b3781]::boxed::Box<<tokio[237446351dc9017b]::task::local::LocalSet>::run_until<auth_tests[4672e7658afdc4f7]::test_unauthorized_access::{closure#0}>::{closure#0}>>>>::{closure#0}, core[df12db4294e9bfd3]::option::Option<()>>::{closure#0}
[INFO] [stdout]                                at /opt/rustwide/cargo-home/registry/src/index.crates.io-1949cf8c6b5b557f/tokio-1.48.0/src/runtime/scheduler/current_thread/mod.rs:829:68
[INFO] [stdout]   39:     0x5a8db6e1af0b - <tokio[237446351dc9017b]::runtime::context::scoped::Scoped<tokio[237446351dc9017b]::runtime::scheduler::Context>>::set::<<tokio[237446351dc9017b]::runtime::scheduler::current_thread::CoreGuard>::enter<<tokio[237446351dc9017b]::runtime::scheduler::current_thread::CoreGuard>::block_on<core[df12db4294e9bfd3]::pin::Pin<&mut core[df12db4294e9bfd3]::pin::Pin<alloc[2182bb758b4b3781]::boxed::Box<<tokio[237446351dc9017b]::task::local::LocalSet>::run_until<auth_tests[4672e7658afdc4f7]::test_unauthorized_access::{closure#0}>::{closure#0}>>>>::{closure#0}, core[df12db4294e9bfd3]::option::Option<()>>::{closure#0}, (alloc[2182bb758b4b3781]::boxed::Box<tokio[237446351dc9017b]::runtime::scheduler::current_thread::Core>, core[df12db4294e9bfd3]::option::Option<()>)>
[INFO] [stdout]                                at /opt/rustwide/cargo-home/registry/src/index.crates.io-1949cf8c6b5b557f/tokio-1.48.0/src/runtime/context/scoped.rs:40:9
[INFO] [stdout]   40:     0x5a8db6e3fa59 - tokio[237446351dc9017b]::runtime::context::set_scheduler::<(alloc[2182bb758b4b3781]::boxed::Box<tokio[237446351dc9017b]::runtime::scheduler::current_thread::Core>, core[df12db4294e9bfd3]::option::Option<()>), <tokio[237446351dc9017b]::runtime::scheduler::current_thread::CoreGuard>::enter<<tokio[237446351dc9017b]::runtime::scheduler::current_thread::CoreGuard>::block_on<core[df12db4294e9bfd3]::pin::Pin<&mut core[df12db4294e9bfd3]::pin::Pin<alloc[2182bb758b4b3781]::boxed::Box<<tokio[237446351dc9017b]::task::local::LocalSet>::run_until<auth_tests[4672e7658afdc4f7]::test_unauthorized_access::{closure#0}>::{closure#0}>>>>::{closure#0}, core[df12db4294e9bfd3]::option::Option<()>>::{closure#0}>::{closure#0}
[INFO] [stdout]                                at /opt/rustwide/cargo-home/registry/src/index.crates.io-1949cf8c6b5b557f/tokio-1.48.0/src/runtime/context.rs:176:38
[INFO] [stdout]   41:     0x5a8db6e1c5ff - <std[70759c8f55707aa4]::thread::local::LocalKey<tokio[237446351dc9017b]::runtime::context::Context>>::try_with::<tokio[237446351dc9017b]::runtime::context::set_scheduler<(alloc[2182bb758b4b3781]::boxed::Box<tokio[237446351dc9017b]::runtime::scheduler::current_thread::Core>, core[df12db4294e9bfd3]::option::Option<()>), <tokio[237446351dc9017b]::runtime::scheduler::current_thread::CoreGuard>::enter<<tokio[237446351dc9017b]::runtime::scheduler::current_thread::CoreGuard>::block_on<core[df12db4294e9bfd3]::pin::Pin<&mut core[df12db4294e9bfd3]::pin::Pin<alloc[2182bb758b4b3781]::boxed::Box<<tokio[237446351dc9017b]::task::local::LocalSet>::run_until<auth_tests[4672e7658afdc4f7]::test_unauthorized_access::{closure#0}>::{closure#0}>>>>::{closure#0}, core[df12db4294e9bfd3]::option::Option<()>>::{closure#0}>::{closure#0}, (alloc[2182bb758b4b3781]::boxed::Box<tokio[237446351dc9017b]::runtime::scheduler::current_thread::Core>, core[df12db4294e9bfd3]::option::Option<()>)>
[INFO] [stdout]                                at /rustc/dfb0accb7f508ae8be965d8629557221c889dd98/library/std/src/thread/local.rs:463:12
[INFO] [stdout]   42:     0x5a8db6e1bb4e - <std[70759c8f55707aa4]::thread::local::LocalKey<tokio[237446351dc9017b]::runtime::context::Context>>::with::<tokio[237446351dc9017b]::runtime::context::set_scheduler<(alloc[2182bb758b4b3781]::boxed::Box<tokio[237446351dc9017b]::runtime::scheduler::current_thread::Core>, core[df12db4294e9bfd3]::option::Option<()>), <tokio[237446351dc9017b]::runtime::scheduler::current_thread::CoreGuard>::enter<<tokio[237446351dc9017b]::runtime::scheduler::current_thread::CoreGuard>::block_on<core[df12db4294e9bfd3]::pin::Pin<&mut core[df12db4294e9bfd3]::pin::Pin<alloc[2182bb758b4b3781]::boxed::Box<<tokio[237446351dc9017b]::task::local::LocalSet>::run_until<auth_tests[4672e7658afdc4f7]::test_unauthorized_access::{closure#0}>::{closure#0}>>>>::{closure#0}, core[df12db4294e9bfd3]::option::Option<()>>::{closure#0}>::{closure#0}, (alloc[2182bb758b4b3781]::boxed::Box<tokio[237446351dc9017b]::runtime::scheduler::current_thread::Core>, core[df12db4294e9bfd3]::option::Option<()>)>
[INFO] [stdout]                                at /rustc/dfb0accb7f508ae8be965d8629557221c889dd98/library/std/src/thread/local.rs:427:20
[INFO] [stdout]   43:     0x5a8db6e3e2fd - tokio[237446351dc9017b]::runtime::context::set_scheduler::<(alloc[2182bb758b4b3781]::boxed::Box<tokio[237446351dc9017b]::runtime::scheduler::current_thread::Core>, core[df12db4294e9bfd3]::option::Option<()>), <tokio[237446351dc9017b]::runtime::scheduler::current_thread::CoreGuard>::enter<<tokio[237446351dc9017b]::runtime::scheduler::current_thread::CoreGuard>::block_on<core[df12db4294e9bfd3]::pin::Pin<&mut core[df12db4294e9bfd3]::pin::Pin<alloc[2182bb758b4b3781]::boxed::Box<<tokio[237446351dc9017b]::task::local::LocalSet>::run_until<auth_tests[4672e7658afdc4f7]::test_unauthorized_access::{closure#0}>::{closure#0}>>>>::{closure#0}, core[df12db4294e9bfd3]::option::Option<()>>::{closure#0}>
[INFO] [stdout]                                at /opt/rustwide/cargo-home/registry/src/index.crates.io-1949cf8c6b5b557f/tokio-1.48.0/src/runtime/context.rs:176:17
[INFO] [stdout]   44:     0x5a8db6e28b70 - <tokio[237446351dc9017b]::runtime::scheduler::current_thread::CoreGuard>::enter::<<tokio[237446351dc9017b]::runtime::scheduler::current_thread::CoreGuard>::block_on<core[df12db4294e9bfd3]::pin::Pin<&mut core[df12db4294e9bfd3]::pin::Pin<alloc[2182bb758b4b3781]::boxed::Box<<tokio[237446351dc9017b]::task::local::LocalSet>::run_until<auth_tests[4672e7658afdc4f7]::test_unauthorized_access::{closure#0}>::{closure#0}>>>>::{closure#0}, core[df12db4294e9bfd3]::option::Option<()>>
[INFO] [stdout]                                at /opt/rustwide/cargo-home/registry/src/index.crates.io-1949cf8c6b5b557f/tokio-1.48.0/src/runtime/scheduler/current_thread/mod.rs:829:27
[INFO] [stdout]   45:     0x5a8db6e29b46 - <tokio[237446351dc9017b]::runtime::scheduler::current_thread::CoreGuard>::block_on::<core[df12db4294e9bfd3]::pin::Pin<&mut core[df12db4294e9bfd3]::pin::Pin<alloc[2182bb758b4b3781]::boxed::Box<<tokio[237446351dc9017b]::task::local::LocalSet>::run_until<auth_tests[4672e7658afdc4f7]::test_unauthorized_access::{closure#0}>::{closure#0}>>>>
[INFO] [stdout]                                at /opt/rustwide/cargo-home/registry/src/index.crates.io-1949cf8c6b5b557f/tokio-1.48.0/src/runtime/scheduler/current_thread/mod.rs:729:24
[INFO] [stdout]   46:     0x5a8db6e2a5e0 - <tokio[237446351dc9017b]::runtime::scheduler::current_thread::CurrentThread>::block_on::<core[df12db4294e9bfd3]::pin::Pin<alloc[2182bb758b4b3781]::boxed::Box<<tokio[237446351dc9017b]::task::local::LocalSet>::run_until<auth_tests[4672e7658afdc4f7]::test_unauthorized_access::{closure#0}>::{closure#0}>>>::{closure#0}
[INFO] [stdout]                                at /opt/rustwide/cargo-home/registry/src/index.crates.io-1949cf8c6b5b557f/tokio-1.48.0/src/runtime/scheduler/current_thread/mod.rs:200:33
[INFO] [stdout]   47:     0x5a8db6e1f578 - tokio[237446351dc9017b]::runtime::context::runtime::enter_runtime::<<tokio[237446351dc9017b]::runtime::scheduler::current_thread::CurrentThread>::block_on<core[df12db4294e9bfd3]::pin::Pin<alloc[2182bb758b4b3781]::boxed::Box<<tokio[237446351dc9017b]::task::local::LocalSet>::run_until<auth_tests[4672e7658afdc4f7]::test_unauthorized_access::{closure#0}>::{closure#0}>>>::{closure#0}, ()>
[INFO] [stdout]                                at /opt/rustwide/cargo-home/registry/src/index.crates.io-1949cf8c6b5b557f/tokio-1.48.0/src/runtime/context/runtime.rs:65:16
[INFO] [stdout]   48:     0x5a8db6e252a3 - <tokio[237446351dc9017b]::runtime::scheduler::current_thread::CurrentThread>::block_on::<core[df12db4294e9bfd3]::pin::Pin<alloc[2182bb758b4b3781]::boxed::Box<<tokio[237446351dc9017b]::task::local::LocalSet>::run_until<auth_tests[4672e7658afdc4f7]::test_unauthorized_access::{closure#0}>::{closure#0}>>>
[INFO] [stdout]                                at /opt/rustwide/cargo-home/registry/src/index.crates.io-1949cf8c6b5b557f/tokio-1.48.0/src/runtime/scheduler/current_thread/mod.rs:188:9
[INFO] [stdout]   49:     0x5a8db6e54b21 - <tokio[237446351dc9017b]::runtime::runtime::Runtime>::block_on_inner::<core[df12db4294e9bfd3]::pin::Pin<alloc[2182bb758b4b3781]::boxed::Box<<tokio[237446351dc9017b]::task::local::LocalSet>::run_until<auth_tests[4672e7658afdc4f7]::test_unauthorized_access::{closure#0}>::{closure#0}>>>
[INFO] [stdout]                                at /opt/rustwide/cargo-home/registry/src/index.crates.io-1949cf8c6b5b557f/tokio-1.48.0/src/runtime/runtime.rs:368:52
[INFO] [stdout]   50:     0x5a8db6e5585c - <tokio[237446351dc9017b]::runtime::runtime::Runtime>::block_on::<<tokio[237446351dc9017b]::task::local::LocalSet>::run_until<auth_tests[4672e7658afdc4f7]::test_unauthorized_access::{closure#0}>::{closure#0}>
[INFO] [stdout]                                at /opt/rustwide/cargo-home/registry/src/index.crates.io-1949cf8c6b5b557f/tokio-1.48.0/src/runtime/runtime.rs:340:18
[INFO] [stdout]   51:     0x5a8db6e1b5ef - <tokio[237446351dc9017b]::task::local::LocalSet>::block_on::<auth_tests[4672e7658afdc4f7]::test_unauthorized_access::{closure#0}>
[INFO] [stdout]                                at /opt/rustwide/cargo-home/registry/src/index.crates.io-1949cf8c6b5b557f/tokio-1.48.0/src/task/local.rs:662:12
[INFO] [stdout]   52:     0x5a8db6e43695 - <actix_rt[328f6236fb554963]::runtime::Runtime>::block_on::<auth_tests[4672e7658afdc4f7]::test_unauthorized_access::{closure#0}>
[INFO] [stdout]                                at /opt/rustwide/cargo-home/registry/src/index.crates.io-1949cf8c6b5b557f/actix-rt-2.11.0/src/runtime.rs:138:20
[INFO] [stdout]   53:     0x5a8db6e3ddc9 - <actix_rt[328f6236fb554963]::system::SystemRunner>::block_on::<auth_tests[4672e7658afdc4f7]::test_unauthorized_access::{closure#0}>
[INFO] [stdout]                                at /opt/rustwide/cargo-home/registry/src/index.crates.io-1949cf8c6b5b557f/actix-rt-2.11.0/src/system.rs:240:17
[INFO] [stdout]   54:     0x5a8db6e51cb6 - auth_tests[4672e7658afdc4f7]::test_unauthorized_access
[INFO] [stdout]                                at /opt/rustwide/workdir/tests/auth_tests.rs:127:1
[INFO] [stdout]   55:     0x5a8db6e4c7b7 - auth_tests[4672e7658afdc4f7]::test_unauthorized_access::{closure#0}
[INFO] [stdout]                                at /opt/rustwide/workdir/tests/auth_tests.rs:128:36
[INFO] [stdout]   56:     0x5a8db6e362a6 - <auth_tests[4672e7658afdc4f7]::test_unauthorized_access::{closure#0} as core[df12db4294e9bfd3]::ops::function::FnOnce<()>>::call_once
[INFO] [stdout]                                at /rustc/dfb0accb7f508ae8be965d8629557221c889dd98/library/core/src/ops/function.rs:250:5
[INFO] [stdout]   57:     0x5a8db6e6dcfb - <fn() -> core[df12db4294e9bfd3]::result::Result<(), alloc[2182bb758b4b3781]::string::String> as core[df12db4294e9bfd3]::ops::function::FnOnce<()>>::call_once
[INFO] [stdout]                                at /rustc/dfb0accb7f508ae8be965d8629557221c889dd98/library/core/src/ops/function.rs:250:5
[INFO] [stdout]   58:     0x5a8db6e6dcfb - test[9d35eded1c95d3be]::__rust_begin_short_backtrace::<core[df12db4294e9bfd3]::result::Result<(), alloc[2182bb758b4b3781]::string::String>, fn() -> core[df12db4294e9bfd3]::result::Result<(), alloc[2182bb758b4b3781]::string::String>>
[INFO] [stdout]                                at /rustc/dfb0accb7f508ae8be965d8629557221c889dd98/library/test/src/lib.rs:733:18
[INFO] [stdout]   59:     0x5a8db6e7b365 - test[9d35eded1c95d3be]::run_test_in_process::{closure#0}
[INFO] [stdout]                                at /rustc/dfb0accb7f508ae8be965d8629557221c889dd98/library/test/src/lib.rs:756:74
[INFO] [stdout]   60:     0x5a8db6e7b365 - <core[df12db4294e9bfd3]::panic::unwind_safe::AssertUnwindSafe<test[9d35eded1c95d3be]::run_test_in_process::{closure#0}> as core[df12db4294e9bfd3]::ops::function::FnOnce<()>>::call_once
[INFO] [stdout]                                at /rustc/dfb0accb7f508ae8be965d8629557221c889dd98/library/core/src/panic/unwind_safe.rs:275:9
[INFO] [stdout]   61:     0x5a8db6e7b365 - std[70759c8f55707aa4]::panicking::catch_unwind::do_call::<core[df12db4294e9bfd3]::panic::unwind_safe::AssertUnwindSafe<test[9d35eded1c95d3be]::run_test_in_process::{closure#0}>, core[df12db4294e9bfd3]::result::Result<(), alloc[2182bb758b4b3781]::string::String>>
[INFO] [stdout]                                at /rustc/dfb0accb7f508ae8be965d8629557221c889dd98/library/std/src/panicking.rs:576:43
[INFO] [stdout]   62:     0x5a8db6e7b365 - std[70759c8f55707aa4]::panicking::catch_unwind::<core[df12db4294e9bfd3]::result::Result<(), alloc[2182bb758b4b3781]::string::String>, core[df12db4294e9bfd3]::panic::unwind_safe::AssertUnwindSafe<test[9d35eded1c95d3be]::run_test_in_process::{closure#0}>>
[INFO] [stdout]                                at /rustc/dfb0accb7f508ae8be965d8629557221c889dd98/library/std/src/panicking.rs:544:19
[INFO] [stdout]   63:     0x5a8db6e7b365 - std[70759c8f55707aa4]::panic::catch_unwind::<core[df12db4294e9bfd3]::panic::unwind_safe::AssertUnwindSafe<test[9d35eded1c95d3be]::run_test_in_process::{closure#0}>, core[df12db4294e9bfd3]::result::Result<(), alloc[2182bb758b4b3781]::string::String>>
[INFO] [stdout]                                at /rustc/dfb0accb7f508ae8be965d8629557221c889dd98/library/std/src/panic.rs:359:14
[INFO] [stdout]   64:     0x5a8db6e7b365 - test[9d35eded1c95d3be]::run_test_in_process
[INFO] [stdout]                                at /rustc/dfb0accb7f508ae8be965d8629557221c889dd98/library/test/src/lib.rs:756:27
[INFO] [stdout]   65:     0x5a8db6e7b365 - test[9d35eded1c95d3be]::run_test::{closure#0}
[INFO] [stdout]                                at /rustc/dfb0accb7f508ae8be965d8629557221c889dd98/library/test/src/lib.rs:677:43
[INFO] [stdout]   66:     0x5a8db6e74c24 - test[9d35eded1c95d3be]::run_test::{closure#1}
[INFO] [stdout]                                at /rustc/dfb0accb7f508ae8be965d8629557221c889dd98/library/test/src/lib.rs:707:41
[INFO] [stdout]   67:     0x5a8db6e74c24 - std[70759c8f55707aa4]::sys::backtrace::__rust_begin_short_backtrace::<test[9d35eded1c95d3be]::run_test::{closure#1}, ()>
[INFO] [stdout]                                at /rustc/dfb0accb7f508ae8be965d8629557221c889dd98/library/std/src/sys/backtrace.rs:166:18
[INFO] [stdout]   68:     0x5a8db6e7e4c2 - std[70759c8f55707aa4]::thread::lifecycle::spawn_unchecked::<test[9d35eded1c95d3be]::run_test::{closure#1}, ()>::{closure#1}::{closure#0}
[INFO] [stdout]                                at /rustc/dfb0accb7f508ae8be965d8629557221c889dd98/library/std/src/thread/lifecycle.rs:70:13
[INFO] [stdout]   69:     0x5a8db6e7e4c2 - <core[df12db4294e9bfd3]::panic::unwind_safe::AssertUnwindSafe<std[70759c8f55707aa4]::thread::lifecycle::spawn_unchecked<test[9d35eded1c95d3be]::run_test::{closure#1}, ()>::{closure#1}::{closure#0}> as core[df12db4294e9bfd3]::ops::function::FnOnce<()>>::call_once
[INFO] [stdout]                                at /rustc/dfb0accb7f508ae8be965d8629557221c889dd98/library/core/src/panic/unwind_safe.rs:275:9
[INFO] [stdout]   70:     0x5a8db6e7e4c2 - std[70759c8f55707aa4]::panicking::catch_unwind::do_call::<core[df12db4294e9bfd3]::panic::unwind_safe::AssertUnwindSafe<std[70759c8f55707aa4]::thread::lifecycle::spawn_unchecked<test[9d35eded1c95d3be]::run_test::{closure#1}, ()>::{closure#1}::{closure#0}>, ()>
[INFO] [stdout]                                at /rustc/dfb0accb7f508ae8be965d8629557221c889dd98/library/std/src/panicking.rs:576:43
[INFO] [stdout]   71:     0x5a8db6e7e4c2 - std[70759c8f55707aa4]::panicking::catch_unwind::<(), core[df12db4294e9bfd3]::panic::unwind_safe::AssertUnwindSafe<std[70759c8f55707aa4]::thread::lifecycle::spawn_unchecked<test[9d35eded1c95d3be]::run_test::{closure#1}, ()>::{closure#1}::{closure#0}>>
[INFO] [stdout]                                at /rustc/dfb0accb7f508ae8be965d8629557221c889dd98/library/std/src/panicking.rs:544:19
[INFO] [stdout]   72:     0x5a8db6e7e4c2 - std[70759c8f55707aa4]::panic::catch_unwind::<core[df12db4294e9bfd3]::panic::unwind_safe::AssertUnwindSafe<std[70759c8f55707aa4]::thread::lifecycle::spawn_unchecked<test[9d35eded1c95d3be]::run_test::{closure#1}, ()>::{closure#1}::{closure#0}>, ()>
[INFO] [stdout]                                at /rustc/dfb0accb7f508ae8be965d8629557221c889dd98/library/std/src/panic.rs:359:14
[INFO] [stdout]   73:     0x5a8db6e7e4c2 - std[70759c8f55707aa4]::thread::lifecycle::spawn_unchecked::<test[9d35eded1c95d3be]::run_test::{closure#1}, ()>::{closure#1}
[INFO] [stdout]                                at /rustc/dfb0accb7f508ae8be965d8629557221c889dd98/library/std/src/thread/lifecycle.rs:68:26
[INFO] [stdout]   74:     0x5a8db6e7e4c2 - <std[70759c8f55707aa4]::thread::lifecycle::spawn_unchecked<test[9d35eded1c95d3be]::run_test::{closure#1}, ()>::{closure#1} as core[df12db4294e9bfd3]::ops::function::FnOnce<()>>::call_once::{shim:vtable#0}
[INFO] [stdout]                                at /rustc/dfb0accb7f508ae8be965d8629557221c889dd98/library/core/src/ops/function.rs:250:5
[INFO] [stdout]   75:     0x5a8db79fc4f9 - <alloc[2182bb758b4b3781]::boxed::Box<dyn core[df12db4294e9bfd3]::ops::function::FnOnce<(), Output = ()> + core[df12db4294e9bfd3]::marker::Send> as core[df12db4294e9bfd3]::ops::function::FnOnce<()>>::call_once
[INFO] [stdout]                                at /rustc/dfb0accb7f508ae8be965d8629557221c889dd98/library/alloc/src/boxed.rs:2320:9
[INFO] [stdout]   76:     0x5a8db79fc4f9 - <std[70759c8f55707aa4]::sys::thread::unix::Thread>::new::thread_start
[INFO] [stdout]                                at /rustc/dfb0accb7f508ae8be965d8629557221c889dd98/library/std/src/sys/thread/unix.rs:123:17
[INFO] [stdout]   77:     0x70becd6c0dfa - <unknown>
[INFO] [stdout]   78:     0x70becd7543d4 - clone
[INFO] [stdout]   79:                0x0 - <unknown>
[INFO] [stdout] 
[INFO] [stdout] 
[INFO] [stdout] failures:
[INFO] [stdout]     test_login_user
[INFO] [stdout]     test_register_user
[INFO] [stdout]     test_unauthorized_access
[INFO] [stdout] 
[INFO] [stdout] test result: FAILED. 0 passed; 3 failed; 0 ignored; 0 measured; 0 filtered out; finished in 3.35s
[INFO] [stdout] 
[INFO] [stderr] error: test failed, to rerun pass `--test auth_tests`
[INFO] running `Command { std: "docker" "inspect" "874168ae7927ca03abb6c84ff9fee8e15615c80bb509c3840b9981ccf66e55b5", kill_on_drop: false }`
[INFO] running `Command { std: "docker" "rm" "-f" "874168ae7927ca03abb6c84ff9fee8e15615c80bb509c3840b9981ccf66e55b5", kill_on_drop: false }`
[INFO] [stdout] 874168ae7927ca03abb6c84ff9fee8e15615c80bb509c3840b9981ccf66e55b5
