[INFO] cloning repository https://github.com/funbinet/tsec
[INFO] running `Command { std: "git" "-c" "credential.helper=" "-c" "credential.helper=/workspace/cargo-home/bin/git-credential-null" "clone" "--bare" "https://github.com/funbinet/tsec" "/workspace/cache/git-repos/https%3A%2F%2Fgithub.com%2Ffunbinet%2Ftsec", kill_on_drop: false }`
[INFO] [stderr] Cloning into bare repository '/workspace/cache/git-repos/https%3A%2F%2Fgithub.com%2Ffunbinet%2Ftsec'...
[INFO] running `Command { std: "git" "rev-parse" "HEAD", kill_on_drop: false }`
[INFO] [stdout] 66a03dcee10d26abf4e72d457a62f7fa2b9fae24
[INFO] testing funbinet/tsec against 1.100.0-beta.1 for beta-1.100-2
[INFO] running `Command { std: "git" "clone" "/workspace/cache/git-repos/https%3A%2F%2Fgithub.com%2Ffunbinet%2Ftsec" "/workspace/builds/worker-0-tc2/source", kill_on_drop: false }`
[INFO] [stderr] Cloning into '/workspace/builds/worker-0-tc2/source'...
[INFO] [stderr] done.
[INFO] started tweaking git repo https://github.com/funbinet/tsec
[INFO] finished tweaking git repo https://github.com/funbinet/tsec
[INFO] tweaked toml for git repo https://github.com/funbinet/tsec written to /workspace/builds/worker-0-tc2/source/Cargo.toml
[INFO] validating manifest of git repo https://github.com/funbinet/tsec on toolchain 1.100.0-beta.1
[INFO] running `Command { std: CARGO_HOME="/workspace/cargo-home" RUSTUP_HOME="/workspace/rustup-home" "/workspace/cargo-home/bin/cargo" "+1.100.0-beta.1" "metadata" "--manifest-path" "Cargo.toml" "--no-deps", kill_on_drop: false }`
[INFO] crate git repo https://github.com/funbinet/tsec already has a lockfile, it will not be regenerated
[INFO] running `Command { std: CARGO_HOME="/workspace/cargo-home" RUSTUP_HOME="/workspace/rustup-home" "/workspace/cargo-home/bin/cargo" "+1.100.0-beta.1" "fetch" "--manifest-path" "Cargo.toml", kill_on_drop: false }`
[INFO] running `Command { std: "docker" "create" "-v" "/var/lib/crater-agent-workspace/builds/worker-0-tc2/source:/opt/rustwide/workdir:ro,Z" "-v" "/var/lib/crater-agent-workspace/builds/worker-0-tc2/target:/opt/rustwide/target:rw,Z" "-v" "/var/lib/crater-agent-workspace/cargo-home:/opt/rustwide/cargo-home:ro,Z" "-v" "/var/lib/crater-agent-workspace/rustup-home:/opt/rustwide/rustup-home:ro,Z" "-m" "1610612736" "--network" "none" "ghcr.io/rust-lang/crates-build-env/linux@sha256:3111399a4047eeb3a02b7a90e478d715f38a8c6669b5c4b49d30a17385265909" "sleep" "infinity", kill_on_drop: false }`
[INFO] [stdout] 1db684e8dffbfcfc98c4c17099750615d2f3554dbe83e62d3c97a4bafe6c7981
[INFO] running `Command { std: "docker" "start" "1db684e8dffbfcfc98c4c17099750615d2f3554dbe83e62d3c97a4bafe6c7981", kill_on_drop: false }`
[INFO] running `Command { std: "docker" "inspect" "1db684e8dffbfcfc98c4c17099750615d2f3554dbe83e62d3c97a4bafe6c7981", kill_on_drop: false }`
[INFO] running `Command { std: "docker" "exec" "-e" "SOURCE_DIR=/opt/rustwide/workdir" "-e" "CARGO_HOME=/opt/rustwide/cargo-home" "-e" "RUSTUP_HOME=/opt/rustwide/rustup-home" "-e" "CARGO_TARGET_DIR=/opt/rustwide/target" "-w" "/opt/rustwide/workdir" "--user" "0:0" "1db684e8dffbfcfc98c4c17099750615d2f3554dbe83e62d3c97a4bafe6c7981" "/opt/rustwide/cargo-home/bin/cargo" "+1.100.0-beta.1" "metadata" "--no-deps" "--format-version=1", kill_on_drop: false }`
[INFO] running `Command { std: "docker" "inspect" "1db684e8dffbfcfc98c4c17099750615d2f3554dbe83e62d3c97a4bafe6c7981", kill_on_drop: false }`
[INFO] running `Command { std: "docker" "exec" "-e" "SOURCE_DIR=/opt/rustwide/workdir" "-e" "CARGO_HOME=/opt/rustwide/cargo-home" "-e" "RUSTUP_HOME=/opt/rustwide/rustup-home" "-e" "CARGO_TARGET_DIR=/opt/rustwide/target" "-e" "CARGO_INCREMENTAL=0" "-e" "RUST_BACKTRACE=full" "-e" "RUSTFLAGS=--cap-lints=warn" "-e" "RUSTDOCFLAGS=--cap-lints=warn" "-w" "/opt/rustwide/workdir" "--user" "0:0" "1db684e8dffbfcfc98c4c17099750615d2f3554dbe83e62d3c97a4bafe6c7981" "/opt/rustwide/cargo-home/bin/cargo" "+1.100.0-beta.1" "build" "--frozen" "--message-format=json", kill_on_drop: false }`
[INFO] [stderr]    Compiling serde_core v1.0.228
[INFO] [stderr]    Compiling serde v1.0.228
[INFO] [stderr]    Compiling signal-hook v0.3.18
[INFO] [stderr]    Compiling parking_lot_core v0.9.12
[INFO] [stderr]    Compiling memchr v2.8.2
[INFO] [stderr]    Compiling syn v2.0.118
[INFO] [stderr]    Compiling errno v0.3.14
[INFO] [stderr]    Compiling num-traits v0.2.19
[INFO] [stderr]    Compiling smallvec v1.15.2
[INFO] [stderr]    Compiling zmij v1.0.21
[INFO] [stderr]    Compiling lock_api v0.4.14
[INFO] [stderr]    Compiling signal-hook-registry v1.4.8
[INFO] [stderr]    Compiling mio v0.8.11
[INFO] [stderr]    Compiling anyhow v1.0.102
[INFO] [stderr]    Compiling serde_json v1.0.150
[INFO] [stderr]    Compiling parking_lot v0.12.5
[INFO] [stderr]    Compiling aho-corasick v1.1.4
[INFO] [stderr]    Compiling signal-hook-mio v0.2.5
[INFO] [stderr]    Compiling mio v1.2.1
[INFO] [stderr]    Compiling pin-project-lite v0.2.17
[INFO] [stderr]    Compiling bytes v1.12.0
[INFO] [stderr]    Compiling bitflags v2.13.0
[INFO] [stderr]    Compiling crossterm v0.27.0
[INFO] [stderr]    Compiling tokio v1.52.3
[INFO] [stderr]    Compiling regex-automata v0.4.14
[INFO] [stderr]    Compiling serde_derive v1.0.228
[INFO] [stderr]    Compiling clap_derive v4.6.1
[INFO] [stderr]    Compiling thiserror-impl v1.0.69
[INFO] [stderr]    Compiling thiserror v1.0.69
[INFO] [stderr]    Compiling clap v4.6.1
[INFO] [stderr]    Compiling regex v1.12.4
[INFO] [stderr]    Compiling serde_spanned v0.6.9
[INFO] [stderr]    Compiling toml_datetime v0.6.11
[INFO] [stderr]    Compiling chrono v0.4.45
[INFO] [stderr]    Compiling toml_edit v0.22.27
[INFO] [stderr]    Compiling toml v0.8.23
[INFO] [stderr]    Compiling tsec v3.0.0 (/opt/rustwide/workdir)
[INFO] [stderr] warning: unused dependency `anyhow`
[INFO] [stderr]  --> Cargo.toml:6:1
[INFO] [stderr]   |
[INFO] [stderr] 6 | anyhow = "1"
[INFO] [stderr]   | ^^^^^^^^^^^^
[INFO] [stderr]   |
[INFO] [stderr]   = note: `cargo::unused_dependencies` is set to `warn` by default
[INFO] [stderr] help: consider removing the dependency on `anyhow`
[INFO] [stderr] warning: unused dependency `clap`
[INFO] [stderr]   --> Cargo.toml:19:15
[INFO] [stderr]    |
[INFO] [stderr] 19 | [dependencies.clap]
[INFO] [stderr]    |               ^^^^^
[INFO] [stderr]    |
[INFO] [stderr] help: consider removing the dependency on `clap`
[INFO] [stderr] warning: unused dependency `thiserror`
[INFO] [stderr]   --> Cargo.toml:11:1
[INFO] [stderr]    |
[INFO] [stderr] 11 | thiserror = "1"
[INFO] [stderr]    | ^^^^^^^^^^^^^^^
[INFO] [stderr]    |
[INFO] [stderr] help: consider removing the dependency on `thiserror`
[INFO] [stderr] warning: `tsec` (manifest) generated 3 warnings
[INFO] [stderr]     Finished `dev` profile [unoptimized + debuginfo] target(s) in 55.05s
[INFO] running `Command { std: "docker" "inspect" "1db684e8dffbfcfc98c4c17099750615d2f3554dbe83e62d3c97a4bafe6c7981", kill_on_drop: false }`
[INFO] running `Command { std: "docker" "exec" "-e" "SOURCE_DIR=/opt/rustwide/workdir" "-e" "CARGO_HOME=/opt/rustwide/cargo-home" "-e" "RUSTUP_HOME=/opt/rustwide/rustup-home" "-e" "CARGO_TARGET_DIR=/opt/rustwide/target" "-e" "CARGO_INCREMENTAL=0" "-e" "RUST_BACKTRACE=full" "-e" "RUSTFLAGS=--cap-lints=warn" "-e" "RUSTDOCFLAGS=--cap-lints=warn" "-w" "/opt/rustwide/workdir" "--user" "0:0" "1db684e8dffbfcfc98c4c17099750615d2f3554dbe83e62d3c97a4bafe6c7981" "/opt/rustwide/cargo-home/bin/cargo" "+1.100.0-beta.1" "test" "--frozen" "--no-run" "--message-format=json", kill_on_drop: false }`
[INFO] [stderr]    Compiling utf8parse v0.2.2
[INFO] [stderr]    Compiling memchr v2.8.2
[INFO] [stderr]    Compiling libc v0.2.186
[INFO] [stderr]    Compiling serde_core v1.0.228
[INFO] [stderr]    Compiling serde v1.0.228
[INFO] [stderr]    Compiling signal-hook v0.3.18
[INFO] [stderr]    Compiling parking_lot_core v0.9.12
[INFO] [stderr]    Compiling scopeguard v1.2.0
[INFO] [stderr]    Compiling cfg-if v1.0.4
[INFO] [stderr]    Compiling equivalent v1.0.2
[INFO] [stderr]    Compiling anstyle-query v1.1.5
[INFO] [stderr]    Compiling anstyle-parse v1.0.0
[INFO] [stderr]    Compiling log v0.4.32
[INFO] [stderr]    Compiling hashbrown v0.17.1
[INFO] [stderr]    Compiling anstyle v1.0.14
[INFO] [stderr]    Compiling colorchoice v1.0.5
[INFO] [stderr]    Compiling smallvec v1.15.2
[INFO] [stderr]    Compiling is_terminal_polyfill v1.70.2
[INFO] [stderr]    Compiling lock_api v0.4.14
[INFO] [stderr]    Compiling zmij v1.0.21
[INFO] [stderr]    Compiling num-traits v0.2.19
[INFO] [stderr]    Compiling anstream v1.0.0
[INFO] [stderr]    Compiling strsim v0.11.1
[INFO] [stderr]    Compiling winnow v0.7.15
[INFO] [stderr]    Compiling clap_lex v1.1.0
[INFO] [stderr]    Compiling aho-corasick v1.1.4
[INFO] [stderr]    Compiling regex-syntax v0.8.11
[INFO] [stderr]    Compiling indexmap v2.14.0
[INFO] [stderr]    Compiling errno v0.3.14
[INFO] [stderr]    Compiling signal-hook-registry v1.4.8
[INFO] [stderr]    Compiling mio v0.8.11
[INFO] [stderr]    Compiling toml_write v0.1.2
[INFO] [stderr]    Compiling anyhow v1.0.102
[INFO] [stderr]    Compiling thiserror v1.0.69
[INFO] [stderr]    Compiling parking_lot v0.12.5
[INFO] [stderr]    Compiling signal-hook-mio v0.2.5
[INFO] [stderr]    Compiling mio v1.2.1
[INFO] [stderr]    Compiling clap_builder v4.6.0
[INFO] [stderr]    Compiling regex-automata v0.4.14
[INFO] [stderr]    Compiling serde_json v1.0.150
[INFO] [stderr]    Compiling bitflags v2.13.0
[INFO] [stderr]    Compiling toml_datetime v0.6.11
[INFO] [stderr]    Compiling serde_spanned v0.6.9
[INFO] [stderr]    Compiling pin-project-lite v0.2.17
[INFO] [stderr]    Compiling iana-time-zone v0.1.65
[INFO] [stderr]    Compiling itoa v1.0.18
[INFO] [stderr]    Compiling toml_edit v0.22.27
[INFO] [stderr]    Compiling bytes v1.12.0
[INFO] [stderr]    Compiling clap v4.6.1
[INFO] [stderr]    Compiling chrono v0.4.45
[INFO] [stderr]    Compiling tokio v1.52.3
[INFO] [stderr]    Compiling toml v0.8.23
[INFO] [stderr]    Compiling regex v1.12.4
[INFO] [stderr]    Compiling crossterm v0.27.0
[INFO] [stderr]    Compiling unicode-width v0.1.14
[INFO] [stderr]    Compiling tsec v3.0.0 (/opt/rustwide/workdir)
[INFO] [stderr] warning: unused dependency `anyhow`
[INFO] [stderr]  --> Cargo.toml:6:1
[INFO] [stderr]   |
[INFO] [stderr] 6 | anyhow = "1"
[INFO] [stderr]   | ^^^^^^^^^^^^
[INFO] [stderr]   |
[INFO] [stderr]   = note: `cargo::unused_dependencies` is set to `warn` by default
[INFO] [stderr] help: consider removing the dependency on `anyhow`
[INFO] [stderr] warning: unused dependency `clap`
[INFO] [stderr]   --> Cargo.toml:19:15
[INFO] [stderr]    |
[INFO] [stderr] 19 | [dependencies.clap]
[INFO] [stderr]    |               ^^^^^
[INFO] [stderr]    |
[INFO] [stderr] help: consider removing the dependency on `clap`
[INFO] [stderr] warning: unused dependency `thiserror`
[INFO] [stderr]   --> Cargo.toml:11:1
[INFO] [stderr]    |
[INFO] [stderr] 11 | thiserror = "1"
[INFO] [stderr]    | ^^^^^^^^^^^^^^^
[INFO] [stderr]    |
[INFO] [stderr] help: consider removing the dependency on `thiserror`
[INFO] [stderr] warning: `tsec` (manifest) generated 3 warnings
[INFO] [stderr]     Finished `test` profile [optimized + debuginfo] target(s) in 3m 39s
[INFO] running `Command { std: "docker" "inspect" "1db684e8dffbfcfc98c4c17099750615d2f3554dbe83e62d3c97a4bafe6c7981", kill_on_drop: false }`
[INFO] running `Command { std: "docker" "exec" "-e" "SOURCE_DIR=/opt/rustwide/workdir" "-e" "CARGO_HOME=/opt/rustwide/cargo-home" "-e" "RUSTUP_HOME=/opt/rustwide/rustup-home" "-e" "CARGO_TARGET_DIR=/opt/rustwide/target" "-e" "CARGO_INCREMENTAL=0" "-e" "RUST_BACKTRACE=full" "-e" "RUSTFLAGS=--cap-lints=warn" "-e" "RUSTDOCFLAGS=--cap-lints=warn" "-w" "/opt/rustwide/workdir" "--user" "0:0" "1db684e8dffbfcfc98c4c17099750615d2f3554dbe83e62d3c97a4bafe6c7981" "/opt/rustwide/cargo-home/bin/cargo" "+1.100.0-beta.1" "test" "--frozen", kill_on_drop: false }`
[INFO] [stderr] warning: unused dependency `anyhow`
[INFO] [stderr]  --> Cargo.toml:6:1
[INFO] [stderr]   |
[INFO] [stderr] 6 | anyhow = "1"
[INFO] [stderr]   | ^^^^^^^^^^^^
[INFO] [stderr]   |
[INFO] [stderr]   = note: `cargo::unused_dependencies` is set to `warn` by default
[INFO] [stderr] help: consider removing the dependency on `anyhow`
[INFO] [stderr] warning: unused dependency `clap`
[INFO] [stderr]   --> Cargo.toml:19:15
[INFO] [stderr]    |
[INFO] [stderr] 19 | [dependencies.clap]
[INFO] [stderr]    |               ^^^^^
[INFO] [stderr]    |
[INFO] [stderr] help: consider removing the dependency on `clap`
[INFO] [stderr] warning: unused dependency `thiserror`
[INFO] [stderr]   --> Cargo.toml:11:1
[INFO] [stderr]    |
[INFO] [stderr] 11 | thiserror = "1"
[INFO] [stderr]    | ^^^^^^^^^^^^^^^
[INFO] [stderr]    |
[INFO] [stderr] help: consider removing the dependency on `thiserror`
[INFO] [stderr] warning: `tsec` (manifest) generated 3 warnings
[INFO] [stderr]     Finished `test` profile [optimized + debuginfo] target(s) in 0.21s
[INFO] [stderr]      Running unittests src/lib.rs (/opt/rustwide/target/debug/build/tsec/0fea717bb959192d/out/tsec-0fea717bb959192d)
[INFO] [stdout] 
[INFO] [stdout] running 245 tests
[INFO] [stdout] test catalog::tests::a_capability_needing_an_absent_wordlist_reports_it_as_unavailable ... ok
[INFO] [stdout] test catalog::tests::a_capability_outside_the_ten_phases_is_rejected ... ok
[INFO] [stdout] test catalog::tests::a_missing_wordlist_names_itself ... ok
[INFO] [stdout] test catalog::tests::a_doubled_brace_is_a_literal_brace ... ok
[INFO] [stdout] test catalog::tests::a_capability_with_its_binary_present_is_available ... ok
[INFO] [stdout] test catalog::tests::a_placeholder_that_is_a_whole_argument_stays_one_argument ... ok
[INFO] [stdout] test catalog::tests::a_label_must_be_two_or_three_uppercase_words ... ok
[INFO] [stdout] test catalog::tests::a_sensitive_input_is_redacted_in_the_rendered_command ... ok
[INFO] [stdout] test catalog::tests::a_printf_style_brace_is_a_literal_not_a_placeholder ... ok
[INFO] [stdout] test catalog::tests::a_well_formed_catalog_loads ... ok
[INFO] [stdout] test catalog::tests::a_wordlist_reference_outside_the_tree_is_refused ... ok
[INFO] [stdout] test catalog::tests::an_operation_may_take_no_arguments ... ok
[INFO] [stdout] test catalog::tests::a_wordlist_reference_resolves_against_the_bundled_tree ... ok
[INFO] [stdout] test catalog::tests::an_embedded_placeholder_is_interpolated ... ok
[INFO] [stdout] test catalog::tests::an_undeclared_placeholder_is_rejected ... ok
[INFO] [stdout] test catalog::tests::availability_reports_missing_binaries_by_name ... ok
[INFO] [stdout] test catalog::tests::an_empty_phase_is_rejected ... ok
[INFO] [stdout] test catalog::tests::full_catalog_helper_covers_ten_phases ... ok
[INFO] [stdout] test catalog::tests::network_defaults_to_true_in_the_catalog ... ok
[INFO] [stdout] test catalog::tests::every_tools_sh_mapping_is_well_formed ... ok
[INFO] [stdout] test catalog::tests::a_wordlist_reference_is_not_also_an_input_placeholder ... ok
[INFO] [stdout] test catalog::tests::an_embedded_wordlist_reference_is_interpolated ... ok
[INFO] [stdout] test catalog::tests::shell_syntax_inside_a_payload_is_left_alone ... ok
[INFO] [stdout] test catalog::tests::shell_syntax_in_an_argument_is_reported_but_not_fatal ... ok
[INFO] [stdout] test catalog::tests::payload_braces_are_not_mistaken_for_input_placeholders ... ok
[INFO] [stdout] test catalog::tests::the_wordlist_root_is_derived_from_the_catalog_file ... ok
[INFO] [stdout] test config::model::tests::a_nonsense_colour_mode_is_reported_not_defaulted ... ok
[INFO] [stdout] test config::model::tests::a_legacy_config_still_loads_but_carries_no_proxy_state ... ok
[INFO] [stdout] test config::model::tests::colour_mode_accepts_the_legacy_boolean_form ... ok
[INFO] [stdout] test config::model::tests::atomic_write_replaces_content_without_leaving_temp_files ... ok
[INFO] [stdout] test config::model::tests::default_preview_is_five_hundred_lines ... ok
[INFO] [stdout] test config::model::tests::colour_mode_serialises_back_as_a_word ... ok
[INFO] [stdout] test config::model::tests::empty_oniux_binary_is_rejected ... ok
[INFO] [stdout] test config::model::tests::malformed_toml_reports_a_config_error ... ok
[INFO] [stdout] test config::model::tests::the_default_boundary_is_oniux ... ok
[INFO] [stdout] test config::model::tests::unknown_nested_tables_tolerate_partial_configs ... ok
[INFO] [stdout] test config::model::tests::zero_concurrency_is_rejected_with_actionable_message ... ok
[INFO] [stdout] test config::model::tests::zero_preview_lines_is_rejected ... ok
[INFO] [stdout] test domain::command::tests::a_command_tracks_its_own_secrets_without_being_told_where_they_are ... ok
[INFO] [stdout] test domain::command::tests::a_new_command_is_network_capable_until_told_otherwise ... ok
[INFO] [stdout] test domain::command::tests::a_secret_flag_pair_is_recorded_after_the_flag_not_before_it ... ok
[INFO] [stdout] test domain::command::tests::an_empty_secret_value_leaves_no_dangling_flag ... ok
[INFO] [stdout] test domain::command::tests::arguments_with_spaces_are_quoted_for_copy_paste ... ok
[INFO] [stdout] test domain::command::tests::command_preserves_original_case_of_execution_data ... ok
[INFO] [stdout] test domain::command::tests::embedded_single_quotes_are_escaped ... ok
[INFO] [stdout] test domain::command::tests::flag_is_only_emitted_when_enabled ... ok
[INFO] [stdout] test domain::command::tests::flag_value_skips_empty_values_so_no_dangling_flag_remains ... ok
[INFO] [stdout] test config::model::tests::defaults_are_valid ... ok
[INFO] [stdout] test domain::command::tests::marking_an_argument_sensitive_twice_masks_it_once ... ok
[INFO] [stdout] test domain::command::tests::redaction_masks_only_the_named_argument_index ... ok
[INFO] [stdout] test domain::command::tests::shell_commands_record_their_shell_requirement ... ok
[INFO] [stdout] test domain::execution::tests::a_failure_states_the_tools_own_reason ... ok
[INFO] [stdout] test domain::execution::tests::a_failure_without_a_message_still_says_something ... ok
[INFO] [stdout] test domain::execution::tests::a_multiline_tool_message_is_reduced_to_one_readable_line ... ok
[INFO] [stdout] test domain::execution::tests::a_very_long_message_is_truncated_rather_than_wrapping ... ok
[INFO] [stdout] test domain::execution::tests::boundary_serialises_as_a_stable_uppercase_token ... ok
[INFO] [stdout] test domain::command::tests::simple_arguments_are_left_unquoted ... ok
[INFO] [stdout] test domain::execution::tests::record_round_trips_through_json_preserving_command_case ... ok
[INFO] [stdout] test domain::execution::tests::status_labels_are_capital_letters ... ok
[INFO] [stdout] test domain::finding::tests::dedup_key_is_case_insensitive_but_keeps_value ... ok
[INFO] [stdout] test domain::execution::tests::only_complete_counts_as_success ... ok
[INFO] [stdout] test domain::finding::tests::findings_sort_high_signal_first ... ok
[INFO] [stdout] test domain::ids::tests::capability_slug_is_path_safe ... ok
[INFO] [stdout] test domain::ids::tests::phase_index_is_one_based_for_display ... ok
[INFO] [stdout] test domain::ids::tests::run_id_splits_stamp_and_short ... ok
[INFO] [stdout] test domain::ids::tests::run_identifiers_name_the_phase_and_capability ... ok
[INFO] [stdout] test domain::ids::tests::task_id_displays_one_based ... ok
[INFO] [stdout] test domain::input::tests::control_characters_are_rejected ... ok
[INFO] [stdout] test domain::input::tests::domain_validation_is_case_insensitive_and_normalised ... ok
[INFO] [stdout] test domain::input::tests::integer_rule_bounds_are_enforced ... ok
[INFO] [stdout] test domain::input::tests::ipv4_accepts_cidr_and_rejects_out_of_range_octets ... ok
[INFO] [stdout] test domain::input::tests::list_normalises_whitespace ... ok
[INFO] [stdout] test domain::input::tests::optional_input_may_be_empty ... ok
[INFO] [stdout] test domain::finding::tests::headings_are_uppercase_plural_labels ... ok
[INFO] [stdout] test domain::input::tests::secret_inputs_are_redacted_in_renderings ... ok
[INFO] [stdout] test domain::input::tests::port_range_is_enforced ... ok
[INFO] [stdout] test domain::input::tests::url_requires_http_scheme_and_host ... ok
[INFO] [stdout] test domain::input::tests::values_render_in_declaration_order ... ok
[INFO] [stdout] test domain::plan::tests::a_capability_can_declare_ten_parallel_tasks ... ok
[INFO] [stdout] test domain::plan::tests::a_task_can_depend_on_several_upstream_tasks ... ok
[INFO] [stdout] test domain::plan::tests::artifacts_are_written_into_the_raw_directory ... ok
[INFO] [stdout] test domain::plan::tests::duplicate_dependency_is_recorded_once ... ok
[INFO] [stdout] test domain::plan::tests::independent_tasks_land_in_one_wave ... ok
[INFO] [stdout] test domain::plan::tests::network_flag_is_preserved_on_the_task ... ok
[INFO] [stdout] test domain::plan::tests::ordered_returns_declaration_order ... ok
[INFO] [stdout] test domain::plan::tests::plan_rejects_duplicate_ids ... ok
[INFO] [stdout] test domain::plan::tests::plan_rejects_self_dependency ... ok
[INFO] [stdout] test domain::plan::tests::plan_rejects_unknown_dependency ... ok
[INFO] [stdout] test domain::plan::tests::plan_reports_dependency_cycles ... ok
[INFO] [stdout] test domain::plan::tests::dependent_tasks_land_in_later_waves ... ok
[INFO] [stdout] test domain::plan::tests::timeouts_and_stems_can_be_overridden ... ok
[INFO] [stdout] test domain::report::tests::summary_counts_every_outcome ... ok
[INFO] [stdout] test domain::report::tests::timed_out_is_counted_as_failed_not_success ... ok
[INFO] [stdout] test error::tests::display_includes_stage_and_hint ... ok
[INFO] [stdout] test error::tests::exit_status_reports_first_stderr_line ... ok
[INFO] [stdout] test error::tests::reason_distinguishes_missing_binary_from_timeout ... ok
[INFO] [stdout] test error::tests::signal_termination_is_not_reported_as_exit_zero ... ok
[INFO] [stdout] test exec::launch::tests::a_local_command_is_planned_directly ... ok
[INFO] [stdout] test exec::launch::tests::a_local_command_still_works_when_oniux_is_missing ... ok
[INFO] [stdout] test exec::launch::tests::a_network_command_fails_rather_than_running_directly_when_oniux_is_missing ... ok
[INFO] [stdout] test exec::launch::tests::a_network_command_is_planned_behind_the_oniux_boundary ... ok
[INFO] [stdout] test exec::launch::tests::the_executed_rendering_masks_the_tool_secrets ... ok
[INFO] [stdout] test exec::launch::tests::boundary_renders_uppercase_for_reports ... ok
[INFO] [stdout] test exec::oniux::tests::a_missing_oniux_is_reported_not_swallowed ... ok
[INFO] [stdout] test exec::oniux::tests::a_non_existent_path_is_reported_not_treated_as_a_directory ... ok
[INFO] [stdout] test exec::oniux::tests::the_display_of_a_launch_starts_with_oniux_and_names_the_tool ... ok
[INFO] [stdout] test exec::oniux::tests::the_probe_command_is_a_trivial_local_program ... ok
[INFO] [stdout] test exec::oniux::tests::wrapping_is_a_bare_prefix_with_no_injected_options ... ok
[INFO] [stdout] test exec::oniux::tests::wrapping_an_empty_tool_produces_only_the_tool ... ok
[INFO] [stdout] test install::tests::an_installed_binary_is_never_reinstalled ... ok
[INFO] [stdout] test install::tests::apk_info_output_parses ... ok
[INFO] [stdout] test install::tests::apt_cache_show_output_parses ... ok
[INFO] [stdout] test install::tests::apt_install_is_non_interactive_and_minimal ... ok
[INFO] [stdout] test install::tests::detection_agrees_with_the_host_it_runs_on ... ok
[INFO] [stdout] test install::tests::dnf_info_output_parses ... ok
[INFO] [stdout] test install::tests::empty_or_failed_output_is_never_a_package ... ok
[INFO] [stdout] test install::tests::every_manager_produces_a_direct_install_vector ... ok
[INFO] [stdout] test catalog::tests::a_generated_artefact_is_written_inside_the_run_not_the_shell ... ok
[INFO] [stdout] test install::tests::guidance_for_a_missing_binary_never_invents_a_package ... ok
[INFO] [stdout] test install::tests::a_job_for_a_binary_with_no_package_does_nothing ... ok
[INFO] [stdout] test install::tests::pacman_info_output_parses_the_fields_that_matter ... ok
[INFO] [stdout] test install::tests::invalidating_guidance_drops_the_cached_answer ... ok
[INFO] [stdout] test install::tests::guidance_is_cached_between_calls ... ok
[INFO] [stdout] test install::tests::zypper_info_output_parses ... ok
[INFO] [stdout] test intel::tests::a_bare_host_enumeration_only_proposes_the_baseline ... ok
[INFO] [stdout] test install::tests::run_capture_reports_failure_for_a_missing_program ... ok
[INFO] [stdout] test catalog::tests::every_catalog_binary_has_a_package_mapping_in_tools_sh ... ok
[INFO] [stdout] test catalog::tests::the_shipped_catalog_loads_and_covers_all_ten_phases ... ok
[INFO] [stdout] test catalog::tests::a_real_capability_renders_a_real_bundled_path_into_its_command ... ok
[INFO] [stdout] test intel::tests::a_cloud_key_is_recovered_from_an_access_log_line ... ok
[INFO] [stdout] test intel::tests::a_database_connection_string_with_inline_credentials_is_recovered ... ok
[INFO] [stdout] test intel::tests::a_cve_identifier_is_recovered ... ok
[INFO] [stdout] test intel::tests::a_line_that_looks_like_chatter_but_carries_an_artefact_keeps_the_artefact ... ok
[INFO] [stdout] test intel::tests::a_network_access_log_line_yields_several_artefacts_at_once ... ok
[INFO] [stdout] test intel::tests::a_password_hash_is_distinguished_from_a_plain_password ... ok
[INFO] [stdout] test intel::tests::a_comment_marker_does_not_swallow_the_comment_terminator ... ok
[INFO] [stdout] test intel::tests::a_set_cookie_yields_one_finding_not_two ... ok
[INFO] [stdout] test intel::tests::an_ascii_art_banner_is_noise_not_a_finding ... ok
[INFO] [stdout] test intel::tests::a_set_cookie_header_is_recovered_as_session_material ... ok
[INFO] [stdout] test intel::tests::a_url_is_never_mistaken_for_a_credential_pair ... ok
[INFO] [stdout] test intel::tests::an_empty_harvest_proposes_nothing ... ok
[INFO] [stdout] test intel::tests::an_artefact_carries_its_source_line_as_context ... ok
[INFO] [stdout] test intel::tests::an_unrecognised_line_becomes_evidence_not_noise ... ok
[INFO] [stdout] test intel::tests::exposed_configuration_files_are_recovered ... ok
[INFO] [stdout] test intel::tests::progress_chatter_is_noise_not_a_finding ... ok
[INFO] [stdout] test intel::tests::source_comments_are_recovered_rather_than_shown_as_one_blob ... ok
[INFO] [stdout] test intel::tests::assessment_of_a_large_line_stays_bounded ... ok
[INFO] [stdout] test intel::tests::terminal_colour_never_reaches_a_finding ... ok
[INFO] [stdout] test intel::tests::the_output_that_made_a_harvest_unreadable_is_no_longer_harvested ... ok
[INFO] [stdout] test intel::tests::an_aws_access_key_id_is_recovered_without_being_written_out ... ok
[INFO] [stdout] test parser::tests::a_merged_finding_line_names_its_tools ... ok
[INFO] [stdout] test parser::tests::a_url_is_not_mistaken_for_a_host_port_pair ... ok
[INFO] [stdout] test parser::tests::a_malformed_json_line_is_kept_and_noted_rather_than_fatal ... ok
[INFO] [stdout] test intel::tests::tokens_of_every_common_vendor_are_recovered ... ok
[INFO] [stdout] test parser::tests::dedup_order_is_deterministic_and_high_signal_first ... ok
[INFO] [stdout] test parser::tests::duplicate_findings_collapse_and_keep_every_source ... ok
[INFO] [stdout] test parser::tests::an_unrecognised_line_is_kept_as_evidence_not_dropped ... ok
[INFO] [stdout] test parser::tests::email_and_credential_lines_are_classified ... ok
[INFO] [stdout] test parser::tests::naabu_style_lines_become_a_port_and_an_ip ... ok
[INFO] [stdout] test parser::tests::nmap_xml_that_is_not_xml_falls_back_to_evidence ... ok
[INFO] [stdout] test parser::tests::host_extraction_strips_scheme_port_path_and_credentials ... ok
[INFO] [stdout] test parser::tests::nmap_xml_yields_ports_services_versions_and_addresses ... ok
[INFO] [stdout] test parser::tests::raw_output_is_preserved_line_for_line ... ok
[INFO] [stdout] test parser::tests::nuclei_jsonl_yields_a_finding_with_its_severity ... ok
[INFO] [stdout] test parser::tests::subfinder_style_lines_become_hosts ... ok
[INFO] [stdout] test provider::tests::path_lookup_finds_a_known_executable_and_rejects_an_unknown_one ... ok
[INFO] [stdout] test parser::tests::every_finding_carries_the_provenance_of_its_task ... ok
[INFO] [stdout] test provider::tests::search_paths_are_honoured_before_path ... ok
[INFO] [stdout] test provider_identity::tests::a_mismatch_names_the_binary_the_flags_and_how_to_fix_it ... ok
[INFO] [stdout] test provider_identity::tests::a_hyphenated_word_is_not_mistaken_for_a_flag ... ok
[INFO] [stdout] test provider_identity::tests::long_and_short_flags_are_extracted_from_a_help_menu ... ok
[INFO] [stdout] test provider_identity::tests::only_flag_shaped_arguments_are_collected ... ok
[INFO] [stdout] test provider_identity::tests::single_dash_long_flags_are_understood ... ok
[INFO] [stdout] test intel::tests::recommendations_are_ranked_by_signal_strength ... ok
[INFO] [stdout] test store::tests::a_committed_task_survives_as_a_manifest ... ok
[INFO] [stdout] test parser::tests::httpx_bracket_lines_are_broken_into_their_parts ... ok
[INFO] [stdout] test store::tests::a_run_directory_has_the_documented_layout ... ok
[INFO] [stdout] test store::tests::a_partial_run_keeps_the_tasks_that_finished ... ok
[INFO] [stdout] test store::tests::an_overwrite_is_all_or_nothing ... ok
[INFO] [stdout] test store::tests::atomic_write_leaves_no_temporary_file_behind ... ok
[INFO] [stdout] test store::tests::the_harvest_is_written_as_both_text_and_json ... ok
[INFO] [stdout] test store::tests::a_realistic_multi_tool_run_yields_the_artefacts_it_actually_contains ... ok
[INFO] [stdout] test store::tests::the_format_is_chosen_per_operation_not_per_provider ... ok
[INFO] [stdout] test ui::execution::tests::elapsed_formats_as_minutes_and_seconds ... ok
[INFO] [stdout] test ui::execution::tests::terminal_states_get_terminal_colours ... ok
[INFO] [stdout] test ui::execution::tests::status_labels_match_the_operator_contract ... ok
[INFO] [stdout] test ui::input::tests::fit_and_centre_agree_on_painted_text ... ok
[INFO] [stdout] test ui::input::tests::layout_form_is_fully_centred ... ok
[INFO] [stdout] test store::tests::the_harvest_records_the_boundary_each_finding_came_behind ... ok
[INFO] [stdout] test ui::input::tests::the_box_has_exactly_three_parts_in_one_closed_frame ... ok
[INFO] [stdout] test ui::input::tests::visible_value_windows_around_the_cursor ... ok
[INFO] [stdout] test ui::input::tests::the_typing_row_stays_one_line_for_long_values ... ok
[INFO] [stdout] test ui::menu::tests::outputs_exit_flows_through_the_error_channel ... ok
[INFO] [stdout] test ui::menu::tests::phase_names_are_single_uppercase_words ... ok
[INFO] [stdout] test ui::output::tests::preview_limit_is_five_hundred_lines ... ok
[INFO] [stdout] test ui::output::tests::read_lines_reads_a_file_and_reports_missing_files ... ok
[INFO] [stdout] test ui::panel::tests::a_frozen_box_reappears_above_the_active_box ... ok
[INFO] [stdout] test ui::panel::tests::a_tiny_terminal_still_produces_a_valid_box ... ok
[INFO] [stdout] test ui::menu::tests::exit_screen_rows_carry_the_three_metadata_lines ... ok
[INFO] [stdout] test ui::panel::tests::box_frames_span_the_terminal_at_every_width ... ok
[INFO] [stdout] test ui::panel::tests::close_action_variants_are_distinct ... ok
[INFO] [stdout] test ui::panel::tests::fit_measures_display_width_not_byte_length ... ok
[INFO] [stdout] test ui::panel::tests::fit_strips_ansi_before_measuring ... ok
[INFO] [stdout] [?1049l[?25h[0mtest ui::panel::tests::freeze_and_collapse_keep_the_stack_well_formed ... ok
[INFO] [stdout] test ui::panel::tests::layouts_pick_the_right_alignment ... ok
[INFO] [stdout] test ui::panel::tests::centre_places_text_midway ... ok
[INFO] [stdout] test ui::panel::tests::menu_boxes_pad_their_rows_while_form_boxes_do_not ... ok
[INFO] [stdout] [?1049l[?25h[0mtest ui::panel::tests::scroll_up_and_down_adjusts_offset ... ok
[INFO] [stdout] test ui::panel::tests::the_window_is_bottom_anchored_and_scrollable ... ok
[INFO] [stdout] test ui::panel::tests::wrap_never_exceeds_the_column_budget ... ok
[INFO] [stdout] test ui::panel::tests::wrap_preserves_blank_lines ... ok
[INFO] [stdout] test ui::spinner::tests::frames_cycle_without_panicking ... ok
[INFO] [stdout] test ui::spinner::tests::tick_is_a_sane_refresh_rate ... ok
[INFO] [stdout] test ui::theme::tests::a_highlight_role_paints_text_on_a_filled_background ... ok
[INFO] [stdout] test ui::theme::tests::a_reversed_style_swaps_foreground_and_background ... ok
[INFO] [stdout] test ui::theme::tests::ansi16_theme_emits_only_basic_sequences ... ok
[INFO] [stdout] test ui::theme::tests::ansi256_theme_downgrades_rgb_to_cube_index ... ok
[INFO] [stdout] test ui::theme::tests::attributes_are_emitted_before_colour ... ok
[INFO] [stdout] test ui::theme::tests::describe_is_capitalised_for_presentation ... ok
[INFO] [stdout] test ui::theme::tests::every_palette_defines_every_semantic_role_distinctly_enough ... ok
[INFO] [stdout] test ui::theme::tests::grey_maps_to_the_greyscale_ramp ... ok
[INFO] [stdout] test ui::theme::tests::no_color_environment_disables_all_colour ... ok
[INFO] [stdout] test ui::theme::tests::ordinary_text_is_never_painted_on_a_filled_background ... ok
[INFO] [stdout] test ui::theme::tests::palette_names_round_trip ... ok
[INFO] [stdout] test ui::panel::tests::menu_rows_share_a_left_edge_and_the_block_is_centred ... ok
[INFO] [stdout] test ui::theme::tests::plain_theme_emits_no_escape_sequences ... ok
[INFO] [stdout] test ui::theme::tests::pure_red_maps_to_a_cube_index ... ok
[INFO] [stdout] test ui::theme::tests::strip_ansi_handles_osc_sequences ... ok
[INFO] [stdout] test ui::theme::tests::strip_ansi_removes_colour_but_keeps_content ... ok
[INFO] [stdout] test ui::theme::tests::text_case_is_never_modified_by_styling ... ok
[INFO] [stdout] test ui::theme::tests::truecolor_theme_emits_rgb_sequences ... ok
[INFO] [stdout] test ui::theme_source::tests::an_unrecognised_palette_shape_is_rejected ... ok
[INFO] [stdout] test ui::theme_source::tests::builtin_source_labels_are_uppercase_for_display ... ok
[INFO] [stdout] test ui::theme_source::tests::catppuccin_shape_recognises_section_hex_entries ... ok
[INFO] [stdout] test ui::input::tests::sensitive_values_are_masked_with_a_visible_caret ... ok
[INFO] [stdout] test ui::theme_source::tests::base16_shape_uses_the_numbered_stages ... ok
[INFO] [stdout] test ui::theme_source::tests::hex_parsing_accepts_both_shorthands ... ok
[INFO] [stdout] test ui::theme_source::tests::light_backgrounds_are_detected_by_luminance ... ok
[INFO] [stdout] test ui::theme_source::tests::omarchy_colors_toml_maps_to_semantic_roles ... ok
[INFO] [stdout] test ui::theme_source::tests::pywal_json_shape_maps_sixteen_colours ... ok
[INFO] [stdout] test catalog::tests::every_shipped_wordlist_resolves_and_is_non_empty ... FAILED
[INFO] [stdout] test catalog::tests::the_shipped_catalog_names_no_missing_wordlist ... FAILED
[INFO] [stdout] test provider_identity::tests::a_binary_that_cannot_describe_itself_is_not_a_mismatch ... ok
[INFO] [stdout] test provider_identity::tests::a_probe_gives_up_on_a_binary_that_never_exits ... ok
[INFO] [stdout] test install::tests::run_capture_kills_a_hung_program ... ok
[INFO] [stdout] 
[INFO] [stdout] failures:
[INFO] [stdout] 
[INFO] [stdout] ---- catalog::tests::every_shipped_wordlist_resolves_and_is_non_empty stdout ----
[INFO] [stdout] 
[INFO] [stdout] thread 'catalog::tests::every_shipped_wordlist_resolves_and_is_non_empty' (1710) panicked at src/catalog.rs:1209:49:
[INFO] [stdout] passwords/rockyou.txt: wordlist `passwords/rockyou.txt` is not present under /opt/rustwide/workdir/wordlists; run wordlists/fetch-wordlists.sh or set TSEC_WORDLIST_ROOT to a directory that has it
[INFO] [stdout] stack backtrace:
[INFO] [stdout]    0:     0x5eb4fb716861 - std[617be2ca0a6fd877]::backtrace_rs::backtrace::libunwind::trace
[INFO] [stdout]                                at /rustc/e3feeb59cd1bdd011a2bfcc0747b55125d9b8527/library/std/src/../../backtrace/src/backtrace/libunwind.rs:117:9
[INFO] [stdout]    1:     0x5eb4fb716861 - std[617be2ca0a6fd877]::backtrace_rs::backtrace::trace_unsynchronized::<std[617be2ca0a6fd877]::sys::backtrace::_print_fmt::{closure#1}>
[INFO] [stdout]                                at /rustc/e3feeb59cd1bdd011a2bfcc0747b55125d9b8527/library/std/src/../../backtrace/src/backtrace/mod.rs:66:14
[INFO] [stdout]    2:     0x5eb4fb716861 - std[617be2ca0a6fd877]::sys::backtrace::_print_fmt
[INFO] [stdout]                                at /rustc/e3feeb59cd1bdd011a2bfcc0747b55125d9b8527/library/std/src/sys/backtrace.rs:74:9
[INFO] [stdout]    3:     0x5eb4fb716861 - <<std[617be2ca0a6fd877]::sys::backtrace::BacktraceLock>::print::DisplayBacktrace as core[a373ad73a504971]::fmt::Display>::fmt
[INFO] [stdout]                                at /rustc/e3feeb59cd1bdd011a2bfcc0747b55125d9b8527/library/std/src/sys/backtrace.rs:44:26
[INFO] [stdout]    4:     0x5eb4fb72ea4a - <core[a373ad73a504971]::fmt::rt::Argument>::fmt
[INFO] [stdout]                                at /rustc/e3feeb59cd1bdd011a2bfcc0747b55125d9b8527/library/core/src/fmt/rt.rs:152:76
[INFO] [stdout]    5:     0x5eb4fb72ea4a - core[a373ad73a504971]::fmt::write
[INFO] [stdout]    6:     0x5eb4fb71ae2c - core[a373ad73a504971]::io::write::default_write_fmt::<alloc[2e1b2a31b91974c5]::vec::Vec<u8>>
[INFO] [stdout]                                at /rustc/e3feeb59cd1bdd011a2bfcc0747b55125d9b8527/library/core/src/io/write.rs:402:11
[INFO] [stdout]    7:     0x5eb4fb71ae2c - <alloc[2e1b2a31b91974c5]::vec::Vec<u8> as core[a373ad73a504971]::io::write::Write>::write_fmt
[INFO] [stdout]                                at /rustc/e3feeb59cd1bdd011a2bfcc0747b55125d9b8527/library/core/src/io/write.rs:335:13
[INFO] [stdout]    8:     0x5eb4fb6ef626 - <std[617be2ca0a6fd877]::sys::backtrace::BacktraceLock>::print
[INFO] [stdout]                                at /rustc/e3feeb59cd1bdd011a2bfcc0747b55125d9b8527/library/std/src/sys/backtrace.rs:47:9
[INFO] [stdout]    9:     0x5eb4fb6ef626 - std[617be2ca0a6fd877]::panicking::default_hook::{closure#0}
[INFO] [stdout]                                at /rustc/e3feeb59cd1bdd011a2bfcc0747b55125d9b8527/library/std/src/panicking.rs:289:27
[INFO] [stdout]   10:     0x5eb4fb70d759 - std[617be2ca0a6fd877]::panicking::default_hook
[INFO] [stdout]                                at /rustc/e3feeb59cd1bdd011a2bfcc0747b55125d9b8527/library/std/src/panicking.rs:313:9
[INFO] [stdout]   11:     0x5eb4fb59b650 - <alloc[2e1b2a31b91974c5]::boxed::Box<dyn for<'a, 'b> core[a373ad73a504971]::ops::function::Fn<(&'a std[617be2ca0a6fd877]::panic::PanicHookInfo<'b>,), Output = ()> + core[a373ad73a504971]::marker::Sync + core[a373ad73a504971]::marker::Send> as core[a373ad73a504971]::ops::function::Fn<(&std[617be2ca0a6fd877]::panic::PanicHookInfo,)>>::call
[INFO] [stdout]                                at /rustc/e3feeb59cd1bdd011a2bfcc0747b55125d9b8527/library/alloc/src/boxed.rs:2328:9
[INFO] [stdout]   12:     0x5eb4fb59b650 - test[aada8e7e76ba119b]::test_main_inner::{closure#0}
[INFO] [stdout]                                at /rustc/e3feeb59cd1bdd011a2bfcc0747b55125d9b8527/library/test/src/lib.rs:137:21
[INFO] [stdout]   13:     0x5eb4fb70d912 - <alloc[2e1b2a31b91974c5]::boxed::Box<dyn for<'a, 'b> core[a373ad73a504971]::ops::function::Fn<(&'a std[617be2ca0a6fd877]::panic::PanicHookInfo<'b>,), Output = ()> + core[a373ad73a504971]::marker::Sync + core[a373ad73a504971]::marker::Send> as core[a373ad73a504971]::ops::function::Fn<(&std[617be2ca0a6fd877]::panic::PanicHookInfo,)>>::call
[INFO] [stdout]                                at /rustc/e3feeb59cd1bdd011a2bfcc0747b55125d9b8527/library/alloc/src/boxed.rs:2328:9
[INFO] [stdout]   14:     0x5eb4fb70d912 - std[617be2ca0a6fd877]::panicking::panic_with_hook
[INFO] [stdout]                                at /rustc/e3feeb59cd1bdd011a2bfcc0747b55125d9b8527/library/std/src/panicking.rs:819:13
[INFO] [stdout]   15:     0x5eb4fb6ef6d2 - std[617be2ca0a6fd877]::panicking::panic_handler::{closure#0}
[INFO] [stdout]                                at /rustc/e3feeb59cd1bdd011a2bfcc0747b55125d9b8527/library/std/src/panicking.rs:685:13
[INFO] [stdout]   16:     0x5eb4fb6e8039 - std[617be2ca0a6fd877]::sys::backtrace::__rust_end_short_backtrace::<std[617be2ca0a6fd877]::panicking::panic_handler::{closure#0}, !>
[INFO] [stdout]                                at /rustc/e3feeb59cd1bdd011a2bfcc0747b55125d9b8527/library/std/src/sys/backtrace.rs:182:18
[INFO] [stdout]   17:     0x5eb4fb6f048d - __rustc[ea4f61d10b84890b]::rust_begin_unwind
[INFO] [stdout]                                at /rustc/e3feeb59cd1bdd011a2bfcc0747b55125d9b8527/library/std/src/panicking.rs:676:5
[INFO] [stdout]   18:     0x5eb4fb72f2ac - core[a373ad73a504971]::panicking::panic_fmt
[INFO] [stdout]                                at /rustc/e3feeb59cd1bdd011a2bfcc0747b55125d9b8527/library/core/src/panicking.rs:80:14
[INFO] [stdout]   19:     0x5eb4fb454bf7 - tsec[53b2b77e8405dec8]::catalog::tests::every_shipped_wordlist_resolves_and_is_non_empty::{closure#0}
[INFO] [stdout]                                at /opt/rustwide/workdir/src/catalog.rs:1209:49
[INFO] [stdout]   20:     0x5eb4fb45bd39 - <core[a373ad73a504971]::result::Result<std[617be2ca0a6fd877]::path::PathBuf, tsec[53b2b77e8405dec8]::error::TsecError>>::unwrap_or_else::<tsec[53b2b77e8405dec8]::catalog::tests::every_shipped_wordlist_resolves_and_is_non_empty::{closure#0}>
[INFO] [stdout]                                at /rustc/e3feeb59cd1bdd011a2bfcc0747b55125d9b8527/library/core/src/result.rs:1619:23
[INFO] [stdout]   21:     0x5eb4fb45bd39 - tsec[53b2b77e8405dec8]::catalog::tests::every_shipped_wordlist_resolves_and_is_non_empty
[INFO] [stdout]                                at /opt/rustwide/workdir/src/catalog.rs:1209:30
[INFO] [stdout]   22:     0x5eb4fb45bd39 - tsec[53b2b77e8405dec8]::catalog::tests::every_shipped_wordlist_resolves_and_is_non_empty::{closure#0}
[INFO] [stdout]                                at /opt/rustwide/workdir/src/catalog.rs:1196:58
[INFO] [stdout]   23:     0x5eb4fb45bd39 - <tsec[53b2b77e8405dec8]::catalog::tests::every_shipped_wordlist_resolves_and_is_non_empty::{closure#0} as core[a373ad73a504971]::ops::function::FnOnce<()>>::call_once
[INFO] [stdout]                                at /rustc/e3feeb59cd1bdd011a2bfcc0747b55125d9b8527/library/core/src/ops/function.rs:250:5
[INFO] [stdout]   24:     0x5eb4fb58ea9b - <fn() -> core[a373ad73a504971]::result::Result<(), alloc[2e1b2a31b91974c5]::string::String> as core[a373ad73a504971]::ops::function::FnOnce<()>>::call_once
[INFO] [stdout]                                at /rustc/e3feeb59cd1bdd011a2bfcc0747b55125d9b8527/library/core/src/ops/function.rs:250:5
[INFO] [stdout]   25:     0x5eb4fb58ea9b - test[aada8e7e76ba119b]::__rust_begin_short_backtrace::<core[a373ad73a504971]::result::Result<(), alloc[2e1b2a31b91974c5]::string::String>, fn() -> core[a373ad73a504971]::result::Result<(), alloc[2e1b2a31b91974c5]::string::String>>
[INFO] [stdout]                                at /rustc/e3feeb59cd1bdd011a2bfcc0747b55125d9b8527/library/test/src/lib.rs:701:18
[INFO] [stdout]   26:     0x5eb4fb59bc75 - test[aada8e7e76ba119b]::run_test_in_process::{closure#0}
[INFO] [stdout]                                at /rustc/e3feeb59cd1bdd011a2bfcc0747b55125d9b8527/library/test/src/lib.rs:724:74
[INFO] [stdout]   27:     0x5eb4fb59bc75 - <core[a373ad73a504971]::panic::unwind_safe::AssertUnwindSafe<test[aada8e7e76ba119b]::run_test_in_process::{closure#0}> as core[a373ad73a504971]::ops::function::FnOnce<()>>::call_once
[INFO] [stdout]                                at /rustc/e3feeb59cd1bdd011a2bfcc0747b55125d9b8527/library/core/src/panic/unwind_safe.rs:275:9
[INFO] [stdout]   28:     0x5eb4fb59bc75 - std[617be2ca0a6fd877]::panicking::catch_unwind::do_call::<core[a373ad73a504971]::panic::unwind_safe::AssertUnwindSafe<test[aada8e7e76ba119b]::run_test_in_process::{closure#0}>, core[a373ad73a504971]::result::Result<(), alloc[2e1b2a31b91974c5]::string::String>>
[INFO] [stdout]                                at /rustc/e3feeb59cd1bdd011a2bfcc0747b55125d9b8527/library/std/src/panicking.rs:573:43
[INFO] [stdout]   29:     0x5eb4fb59bc75 - std[617be2ca0a6fd877]::panicking::catch_unwind::<core[a373ad73a504971]::result::Result<(), alloc[2e1b2a31b91974c5]::string::String>, core[a373ad73a504971]::panic::unwind_safe::AssertUnwindSafe<test[aada8e7e76ba119b]::run_test_in_process::{closure#0}>>
[INFO] [stdout]                                at /rustc/e3feeb59cd1bdd011a2bfcc0747b55125d9b8527/library/std/src/panicking.rs:541:19
[INFO] [stdout]   30:     0x5eb4fb59bc75 - std[617be2ca0a6fd877]::panic::catch_unwind::<core[a373ad73a504971]::panic::unwind_safe::AssertUnwindSafe<test[aada8e7e76ba119b]::run_test_in_process::{closure#0}>, core[a373ad73a504971]::result::Result<(), alloc[2e1b2a31b91974c5]::string::String>>
[INFO] [stdout]                                at /rustc/e3feeb59cd1bdd011a2bfcc0747b55125d9b8527/library/std/src/panic.rs:359:14
[INFO] [stdout]   31:     0x5eb4fb59bc75 - test[aada8e7e76ba119b]::run_test_in_process
[INFO] [stdout]                                at /rustc/e3feeb59cd1bdd011a2bfcc0747b55125d9b8527/library/test/src/lib.rs:724:27
[INFO] [stdout]   32:     0x5eb4fb59bc75 - test[aada8e7e76ba119b]::run_test::{closure#0}
[INFO] [stdout]                                at /rustc/e3feeb59cd1bdd011a2bfcc0747b55125d9b8527/library/test/src/lib.rs:645:43
[INFO] [stdout]   33:     0x5eb4fb595564 - test[aada8e7e76ba119b]::run_test::{closure#1}
[INFO] [stdout]                                at /rustc/e3feeb59cd1bdd011a2bfcc0747b55125d9b8527/library/test/src/lib.rs:675:41
[INFO] [stdout]   34:     0x5eb4fb595564 - std[617be2ca0a6fd877]::sys::backtrace::__rust_begin_short_backtrace::<test[aada8e7e76ba119b]::run_test::{closure#1}, ()>
[INFO] [stdout]                                at /rustc/e3feeb59cd1bdd011a2bfcc0747b55125d9b8527/library/std/src/sys/backtrace.rs:166:18
[INFO] [stdout]   35:     0x5eb4fb59ed02 - std[617be2ca0a6fd877]::thread::lifecycle::spawn_unchecked::<test[aada8e7e76ba119b]::run_test::{closure#1}, ()>::{closure#1}::{closure#0}
[INFO] [stdout]                                at /rustc/e3feeb59cd1bdd011a2bfcc0747b55125d9b8527/library/std/src/thread/lifecycle.rs:70:13
[INFO] [stdout]   36:     0x5eb4fb59ed02 - <core[a373ad73a504971]::panic::unwind_safe::AssertUnwindSafe<std[617be2ca0a6fd877]::thread::lifecycle::spawn_unchecked<test[aada8e7e76ba119b]::run_test::{closure#1}, ()>::{closure#1}::{closure#0}> as core[a373ad73a504971]::ops::function::FnOnce<()>>::call_once
[INFO] [stdout]                                at /rustc/e3feeb59cd1bdd011a2bfcc0747b55125d9b8527/library/core/src/panic/unwind_safe.rs:275:9
[INFO] [stdout]   37:     0x5eb4fb59ed02 - std[617be2ca0a6fd877]::panicking::catch_unwind::do_call::<core[a373ad73a504971]::panic::unwind_safe::AssertUnwindSafe<std[617be2ca0a6fd877]::thread::lifecycle::spawn_unchecked<test[aada8e7e76ba119b]::run_test::{closure#1}, ()>::{closure#1}::{closure#0}>, ()>
[INFO] [stdout]                                at /rustc/e3feeb59cd1bdd011a2bfcc0747b55125d9b8527/library/std/src/panicking.rs:573:43
[INFO] [stdout]   38:     0x5eb4fb59ed02 - std[617be2ca0a6fd877]::panicking::catch_unwind::<(), core[a373ad73a504971]::panic::unwind_safe::AssertUnwindSafe<std[617be2ca0a6fd877]::thread::lifecycle::spawn_unchecked<test[aada8e7e76ba119b]::run_test::{closure#1}, ()>::{closure#1}::{closure#0}>>
[INFO] [stdout]                                at /rustc/e3feeb59cd1bdd011a2bfcc0747b55125d9b8527/library/std/src/panicking.rs:541:19
[INFO] [stdout]   39:     0x5eb4fb59ed02 - std[617be2ca0a6fd877]::panic::catch_unwind::<core[a373ad73a504971]::panic::unwind_safe::AssertUnwindSafe<std[617be2ca0a6fd877]::thread::lifecycle::spawn_unchecked<test[aada8e7e76ba119b]::run_test::{closure#1}, ()>::{closure#1}::{closure#0}>, ()>
[INFO] [stdout]                                at /rustc/e3feeb59cd1bdd011a2bfcc0747b55125d9b8527/library/std/src/panic.rs:359:14
[INFO] [stdout]   40:     0x5eb4fb59ed02 - std[617be2ca0a6fd877]::thread::lifecycle::spawn_unchecked::<test[aada8e7e76ba119b]::run_test::{closure#1}, ()>::{closure#1}
[INFO] [stdout]                                at /rustc/e3feeb59cd1bdd011a2bfcc0747b55125d9b8527/library/std/src/thread/lifecycle.rs:68:26
[INFO] [stdout]   41:     0x5eb4fb59ed02 - <std[617be2ca0a6fd877]::thread::lifecycle::spawn_unchecked<test[aada8e7e76ba119b]::run_test::{closure#1}, ()>::{closure#1} as core[a373ad73a504971]::ops::function::FnOnce<()>>::call_once::{shim:vtable#0}
[INFO] [stdout]                                at /rustc/e3feeb59cd1bdd011a2bfcc0747b55125d9b8527/library/core/src/ops/function.rs:250:5
[INFO] [stdout]   42:     0x5eb4fb71586f - <alloc[2e1b2a31b91974c5]::boxed::Box<dyn core[a373ad73a504971]::ops::function::FnOnce<(), Output = ()> + core[a373ad73a504971]::marker::Send> as core[a373ad73a504971]::ops::function::FnOnce<()>>::call_once
[INFO] [stdout]                                at /rustc/e3feeb59cd1bdd011a2bfcc0747b55125d9b8527/library/alloc/src/boxed.rs:2314:9
[INFO] [stdout]   43:     0x5eb4fb71586f - <std[617be2ca0a6fd877]::sys::thread::unix::Thread>::new::thread_start
[INFO] [stdout]                                at /rustc/e3feeb59cd1bdd011a2bfcc0747b55125d9b8527/library/std/src/sys/thread/unix.rs:127:17
[INFO] [stdout]   44:     0x768e8015cdfa - <unknown>
[INFO] [stdout]   45:     0x768e801f03d4 - clone
[INFO] [stdout]   46:                0x0 - <unknown>
[INFO] [stdout] 
[INFO] [stdout] ---- catalog::tests::the_shipped_catalog_names_no_missing_wordlist stdout ----
[INFO] [stdout] 
[INFO] [stdout] thread 'catalog::tests::the_shipped_catalog_names_no_missing_wordlist' (1718) panicked at src/catalog.rs:1189:9:
[INFO] [stdout] these wordlists are referenced but not on disk: ["passwords/rockyou.txt"]
[INFO] [stdout] stack backtrace:
[INFO] [stdout]    0:     0x5eb4fb716861 - std[617be2ca0a6fd877]::backtrace_rs::backtrace::libunwind::trace
[INFO] [stdout]                                at /rustc/e3feeb59cd1bdd011a2bfcc0747b55125d9b8527/library/std/src/../../backtrace/src/backtrace/libunwind.rs:117:9
[INFO] [stdout]    1:     0x5eb4fb716861 - std[617be2ca0a6fd877]::backtrace_rs::backtrace::trace_unsynchronized::<std[617be2ca0a6fd877]::sys::backtrace::_print_fmt::{closure#1}>
[INFO] [stdout]                                at /rustc/e3feeb59cd1bdd011a2bfcc0747b55125d9b8527/library/std/src/../../backtrace/src/backtrace/mod.rs:66:14
[INFO] [stdout]    2:     0x5eb4fb716861 - std[617be2ca0a6fd877]::sys::backtrace::_print_fmt
[INFO] [stdout]                                at /rustc/e3feeb59cd1bdd011a2bfcc0747b55125d9b8527/library/std/src/sys/backtrace.rs:74:9
[INFO] [stdout]    3:     0x5eb4fb716861 - <<std[617be2ca0a6fd877]::sys::backtrace::BacktraceLock>::print::DisplayBacktrace as core[a373ad73a504971]::fmt::Display>::fmt
[INFO] [stdout]                                at /rustc/e3feeb59cd1bdd011a2bfcc0747b55125d9b8527/library/std/src/sys/backtrace.rs:44:26
[INFO] [stdout]    4:     0x5eb4fb72ea4a - <core[a373ad73a504971]::fmt::rt::Argument>::fmt
[INFO] [stdout]                                at /rustc/e3feeb59cd1bdd011a2bfcc0747b55125d9b8527/library/core/src/fmt/rt.rs:152:76
[INFO] [stdout]    5:     0x5eb4fb72ea4a - core[a373ad73a504971]::fmt::write
[INFO] [stdout]    6:     0x5eb4fb71ae2c - core[a373ad73a504971]::io::write::default_write_fmt::<alloc[2e1b2a31b91974c5]::vec::Vec<u8>>
[INFO] [stdout]                                at /rustc/e3feeb59cd1bdd011a2bfcc0747b55125d9b8527/library/core/src/io/write.rs:402:11
[INFO] [stdout]    7:     0x5eb4fb71ae2c - <alloc[2e1b2a31b91974c5]::vec::Vec<u8> as core[a373ad73a504971]::io::write::Write>::write_fmt
[INFO] [stdout]                                at /rustc/e3feeb59cd1bdd011a2bfcc0747b55125d9b8527/library/core/src/io/write.rs:335:13
[INFO] [stdout]    8:     0x5eb4fb6ef626 - <std[617be2ca0a6fd877]::sys::backtrace::BacktraceLock>::print
[INFO] [stdout]                                at /rustc/e3feeb59cd1bdd011a2bfcc0747b55125d9b8527/library/std/src/sys/backtrace.rs:47:9
[INFO] [stdout]    9:     0x5eb4fb6ef626 - std[617be2ca0a6fd877]::panicking::default_hook::{closure#0}
[INFO] [stdout]                                at /rustc/e3feeb59cd1bdd011a2bfcc0747b55125d9b8527/library/std/src/panicking.rs:289:27
[INFO] [stdout]   10:     0x5eb4fb70d759 - std[617be2ca0a6fd877]::panicking::default_hook
[INFO] [stdout]                                at /rustc/e3feeb59cd1bdd011a2bfcc0747b55125d9b8527/library/std/src/panicking.rs:313:9
[INFO] [stdout]   11:     0x5eb4fb59b650 - <alloc[2e1b2a31b91974c5]::boxed::Box<dyn for<'a, 'b> core[a373ad73a504971]::ops::function::Fn<(&'a std[617be2ca0a6fd877]::panic::PanicHookInfo<'b>,), Output = ()> + core[a373ad73a504971]::marker::Sync + core[a373ad73a504971]::marker::Send> as core[a373ad73a504971]::ops::function::Fn<(&std[617be2ca0a6fd877]::panic::PanicHookInfo,)>>::call
[INFO] [stdout]                                at /rustc/e3feeb59cd1bdd011a2bfcc0747b55125d9b8527/library/alloc/src/boxed.rs:2328:9
[INFO] [stdout]   12:     0x5eb4fb59b650 - test[aada8e7e76ba119b]::test_main_inner::{closure#0}
[INFO] [stdout]                                at /rustc/e3feeb59cd1bdd011a2bfcc0747b55125d9b8527/library/test/src/lib.rs:137:21
[INFO] [stdout]   13:     0x5eb4fb70d912 - <alloc[2e1b2a31b91974c5]::boxed::Box<dyn for<'a, 'b> core[a373ad73a504971]::ops::function::Fn<(&'a std[617be2ca0a6fd877]::panic::PanicHookInfo<'b>,), Output = ()> + core[a373ad73a504971]::marker::Sync + core[a373ad73a504971]::marker::Send> as core[a373ad73a504971]::ops::function::Fn<(&std[617be2ca0a6fd877]::panic::PanicHookInfo,)>>::call
[INFO] [stdout]                                at /rustc/e3feeb59cd1bdd011a2bfcc0747b55125d9b8527/library/alloc/src/boxed.rs:2328:9
[INFO] [stdout]   14:     0x5eb4fb70d912 - std[617be2ca0a6fd877]::panicking::panic_with_hook
[INFO] [stdout]                                at /rustc/e3feeb59cd1bdd011a2bfcc0747b55125d9b8527/library/std/src/panicking.rs:819:13
[INFO] [stdout]   15:     0x5eb4fb6ef6d2 - std[617be2ca0a6fd877]::panicking::panic_handler::{closure#0}
[INFO] [stdout]                                at /rustc/e3feeb59cd1bdd011a2bfcc0747b55125d9b8527/library/std/src/panicking.rs:685:13
[INFO] [stdout]   16:     0x5eb4fb6e8039 - std[617be2ca0a6fd877]::sys::backtrace::__rust_end_short_backtrace::<std[617be2ca0a6fd877]::panicking::panic_handler::{closure#0}, !>
[INFO] [stdout]                                at /rustc/e3feeb59cd1bdd011a2bfcc0747b55125d9b8527/library/std/src/sys/backtrace.rs:182:18
[INFO] [stdout]   17:     0x5eb4fb6f048d - __rustc[ea4f61d10b84890b]::rust_begin_unwind
[INFO] [stdout]                                at /rustc/e3feeb59cd1bdd011a2bfcc0747b55125d9b8527/library/std/src/panicking.rs:676:5
[INFO] [stdout]   18:     0x5eb4fb72f2ac - core[a373ad73a504971]::panicking::panic_fmt
[INFO] [stdout]                                at /rustc/e3feeb59cd1bdd011a2bfcc0747b55125d9b8527/library/core/src/panicking.rs:80:14
[INFO] [stdout]   19:     0x5eb4fb45aaa0 - tsec[53b2b77e8405dec8]::catalog::tests::the_shipped_catalog_names_no_missing_wordlist
[INFO] [stdout]                                at /opt/rustwide/workdir/src/catalog.rs:1189:9
[INFO] [stdout]   20:     0x5eb4fb45aaa0 - tsec[53b2b77e8405dec8]::catalog::tests::the_shipped_catalog_names_no_missing_wordlist::{closure#0}
[INFO] [stdout]                                at /opt/rustwide/workdir/src/catalog.rs:1182:55
[INFO] [stdout]   21:     0x5eb4fb45aaa0 - <tsec[53b2b77e8405dec8]::catalog::tests::the_shipped_catalog_names_no_missing_wordlist::{closure#0} as core[a373ad73a504971]::ops::function::FnOnce<()>>::call_once
[INFO] [stdout]                                at /rustc/e3feeb59cd1bdd011a2bfcc0747b55125d9b8527/library/core/src/ops/function.rs:250:5
[INFO] [stdout]   22:     0x5eb4fb58ea9b - <fn() -> core[a373ad73a504971]::result::Result<(), alloc[2e1b2a31b91974c5]::string::String> as core[a373ad73a504971]::ops::function::FnOnce<()>>::call_once
[INFO] [stdout]                                at /rustc/e3feeb59cd1bdd011a2bfcc0747b55125d9b8527/library/core/src/ops/function.rs:250:5
[INFO] [stdout]   23:     0x5eb4fb58ea9b - test[aada8e7e76ba119b]::__rust_begin_short_backtrace::<core[a373ad73a504971]::result::Result<(), alloc[2e1b2a31b91974c5]::string::String>, fn() -> core[a373ad73a504971]::result::Result<(), alloc[2e1b2a31b91974c5]::string::String>>
[INFO] [stdout]                                at /rustc/e3feeb59cd1bdd011a2bfcc0747b55125d9b8527/library/test/src/lib.rs:701:18
[INFO] [stdout]   24:     0x5eb4fb59bc75 - test[aada8e7e76ba119b]::run_test_in_process::{closure#0}
[INFO] [stdout]                                at /rustc/e3feeb59cd1bdd011a2bfcc0747b55125d9b8527/library/test/src/lib.rs:724:74
[INFO] [stdout]   25:     0x5eb4fb59bc75 - <core[a373ad73a504971]::panic::unwind_safe::AssertUnwindSafe<test[aada8e7e76ba119b]::run_test_in_process::{closure#0}> as core[a373ad73a504971]::ops::function::FnOnce<()>>::call_once
[INFO] [stdout]                                at /rustc/e3feeb59cd1bdd011a2bfcc0747b55125d9b8527/library/core/src/panic/unwind_safe.rs:275:9
[INFO] [stdout]   26:     0x5eb4fb59bc75 - std[617be2ca0a6fd877]::panicking::catch_unwind::do_call::<core[a373ad73a504971]::panic::unwind_safe::AssertUnwindSafe<test[aada8e7e76ba119b]::run_test_in_process::{closure#0}>, core[a373ad73a504971]::result::Result<(), alloc[2e1b2a31b91974c5]::string::String>>
[INFO] [stdout]                                at /rustc/e3feeb59cd1bdd011a2bfcc0747b55125d9b8527/library/std/src/panicking.rs:573:43
[INFO] [stdout]   27:     0x5eb4fb59bc75 - std[617be2ca0a6fd877]::panicking::catch_unwind::<core[a373ad73a504971]::result::Result<(), alloc[2e1b2a31b91974c5]::string::String>, core[a373ad73a504971]::panic::unwind_safe::AssertUnwindSafe<test[aada8e7e76ba119b]::run_test_in_process::{closure#0}>>
[INFO] [stdout]                                at /rustc/e3feeb59cd1bdd011a2bfcc0747b55125d9b8527/library/std/src/panicking.rs:541:19
[INFO] [stdout]   28:     0x5eb4fb59bc75 - std[617be2ca0a6fd877]::panic::catch_unwind::<core[a373ad73a504971]::panic::unwind_safe::AssertUnwindSafe<test[aada8e7e76ba119b]::run_test_in_process::{closure#0}>, core[a373ad73a504971]::result::Result<(), alloc[2e1b2a31b91974c5]::string::String>>
[INFO] [stdout]                                at /rustc/e3feeb59cd1bdd011a2bfcc0747b55125d9b8527/library/std/src/panic.rs:359:14
[INFO] [stdout]   29:     0x5eb4fb59bc75 - test[aada8e7e76ba119b]::run_test_in_process
[INFO] [stdout]                                at /rustc/e3feeb59cd1bdd011a2bfcc0747b55125d9b8527/library/test/src/lib.rs:724:27
[INFO] [stdout]   30:     0x5eb4fb59bc75 - test[aada8e7e76ba119b]::run_test::{closure#0}
[INFO] [stdout]                                at /rustc/e3feeb59cd1bdd011a2bfcc0747b55125d9b8527/library/test/src/lib.rs:645:43
[INFO] [stdout]   31:     0x5eb4fb595564 - test[aada8e7e76ba119b]::run_test::{closure#1}
[INFO] [stdout]                                at /rustc/e3feeb59cd1bdd011a2bfcc0747b55125d9b8527/library/test/src/lib.rs:675:41
[INFO] [stdout]   32:     0x5eb4fb595564 - std[617be2ca0a6fd877]::sys::backtrace::__rust_begin_short_backtrace::<test[aada8e7e76ba119b]::run_test::{closure#1}, ()>
[INFO] [stdout]                                at /rustc/e3feeb59cd1bdd011a2bfcc0747b55125d9b8527/library/std/src/sys/backtrace.rs:166:18
[INFO] [stdout]   33:     0x5eb4fb59ed02 - std[617be2ca0a6fd877]::thread::lifecycle::spawn_unchecked::<test[aada8e7e76ba119b]::run_test::{closure#1}, ()>::{closure#1}::{closure#0}
[INFO] [stdout]                                at /rustc/e3feeb59cd1bdd011a2bfcc0747b55125d9b8527/library/std/src/thread/lifecycle.rs:70:13
[INFO] [stdout]   34:     0x5eb4fb59ed02 - <core[a373ad73a504971]::panic::unwind_safe::AssertUnwindSafe<std[617be2ca0a6fd877]::thread::lifecycle::spawn_unchecked<test[aada8e7e76ba119b]::run_test::{closure#1}, ()>::{closure#1}::{closure#0}> as core[a373ad73a504971]::ops::function::FnOnce<()>>::call_once
[INFO] [stdout]                                at /rustc/e3feeb59cd1bdd011a2bfcc0747b55125d9b8527/library/core/src/panic/unwind_safe.rs:275:9
[INFO] [stdout]   35:     0x5eb4fb59ed02 - std[617be2ca0a6fd877]::panicking::catch_unwind::do_call::<core[a373ad73a504971]::panic::unwind_safe::AssertUnwindSafe<std[617be2ca0a6fd877]::thread::lifecycle::spawn_unchecked<test[aada8e7e76ba119b]::run_test::{closure#1}, ()>::{closure#1}::{closure#0}>, ()>
[INFO] [stdout]                                at /rustc/e3feeb59cd1bdd011a2bfcc0747b55125d9b8527/library/std/src/panicking.rs:573:43
[INFO] [stdout]   36:     0x5eb4fb59ed02 - std[617be2ca0a6fd877]::panicking::catch_unwind::<(), core[a373ad73a504971]::panic::unwind_safe::AssertUnwindSafe<std[617be2ca0a6fd877]::thread::lifecycle::spawn_unchecked<test[aada8e7e76ba119b]::run_test::{closure#1}, ()>::{closure#1}::{closure#0}>>
[INFO] [stdout]                                at /rustc/e3feeb59cd1bdd011a2bfcc0747b55125d9b8527/library/std/src/panicking.rs:541:19
[INFO] [stdout]   37:     0x5eb4fb59ed02 - std[617be2ca0a6fd877]::panic::catch_unwind::<core[a373ad73a504971]::panic::unwind_safe::AssertUnwindSafe<std[617be2ca0a6fd877]::thread::lifecycle::spawn_unchecked<test[aada8e7e76ba119b]::run_test::{closure#1}, ()>::{closure#1}::{closure#0}>, ()>
[INFO] [stdout]                                at /rustc/e3feeb59cd1bdd011a2bfcc0747b55125d9b8527/library/std/src/panic.rs:359:14
[INFO] [stdout]   38:     0x5eb4fb59ed02 - std[617be2ca0a6fd877]::thread::lifecycle::spawn_unchecked::<test[aada8e7e76ba119b]::run_test::{closure#1}, ()>::{closure#1}
[INFO] [stdout]                                at /rustc/e3feeb59cd1bdd011a2bfcc0747b55125d9b8527/library/std/src/thread/lifecycle.rs:68:26
[INFO] [stdout]   39:     0x5eb4fb59ed02 - <std[617be2ca0a6fd877]::thread::lifecycle::spawn_unchecked<test[aada8e7e76ba119b]::run_test::{closure#1}, ()>::{closure#1} as core[a373ad73a504971]::ops::function::FnOnce<()>>::call_once::{shim:vtable#0}
[INFO] [stdout]                                at /rustc/e3feeb59cd1bdd011a2bfcc0747b55125d9b8527/library/core/src/ops/function.rs:250:5
[INFO] [stdout]   40:     0x5eb4fb71586f - <alloc[2e1b2a31b91974c5]::boxed::Box<dyn core[a373ad73a504971]::ops::function::FnOnce<(), Output = ()> + core[a373ad73a504971]::marker::Send> as core[a373ad73a504971]::ops::function::FnOnce<()>>::call_once
[INFO] [stdout]                                at /rustc/e3feeb59cd1bdd011a2bfcc0747b55125d9b8527/library/alloc/src/boxed.rs:2314:9
[INFO] [stdout]   41:     0x5eb4fb71586f - <std[617be2ca0a6fd877]::sys::thread::unix::Thread>::new::thread_start
[INFO] [stdout]                                at /rustc/e3feeb59cd1bdd011a2bfcc0747b55125d9b8527/library/std/src/sys/thread/unix.rs:127:17
[INFO] [stdout]   42:     0x768e8015cdfa - <unknown>
[INFO] [stdout]   43:     0x768e801f03d4 - clone
[INFO] [stdout]   44:                0x0 - <unknown>
[INFO] [stdout] 
[INFO] [stdout] 
[INFO] [stdout] failures:
[INFO] [stdout]     catalog::tests::every_shipped_wordlist_resolves_and_is_non_empty
[INFO] [stdout]     catalog::tests::the_shipped_catalog_names_no_missing_wordlist
[INFO] [stdout] 
[INFO] [stdout] test result: FAILED. 243 passed; 2 failed; 0 ignored; 0 measured; 0 filtered out; finished in 1.65s
[INFO] [stdout] 
[INFO] [stderr] error: test failed, to rerun pass `--lib`
[INFO] running `Command { std: "docker" "inspect" "1db684e8dffbfcfc98c4c17099750615d2f3554dbe83e62d3c97a4bafe6c7981", kill_on_drop: false }`
[INFO] running `Command { std: "docker" "rm" "-f" "1db684e8dffbfcfc98c4c17099750615d2f3554dbe83e62d3c97a4bafe6c7981", kill_on_drop: false }`
[INFO] [stdout] 1db684e8dffbfcfc98c4c17099750615d2f3554dbe83e62d3c97a4bafe6c7981
