[INFO] cloning repository https://github.com/fs0414/r_csv
[INFO] running `Command { std: "git" "-c" "credential.helper=" "-c" "credential.helper=/workspace/cargo-home/bin/git-credential-null" "clone" "--bare" "https://github.com/fs0414/r_csv" "/workspace/cache/git-repos/https%3A%2F%2Fgithub.com%2Ffs0414%2Fr_csv", kill_on_drop: false }`
[INFO] [stderr] Cloning into bare repository '/workspace/cache/git-repos/https%3A%2F%2Fgithub.com%2Ffs0414%2Fr_csv'...
[INFO] running `Command { std: "git" "rev-parse" "HEAD", kill_on_drop: false }`
[INFO] [stdout] 20c4955860d1494a75ee7509a3248e8a2fc40af9
[INFO] testing fs0414/r_csv against 1.99.0-beta.8 for beta-1.100-2
[INFO] running `Command { std: "git" "clone" "/workspace/cache/git-repos/https%3A%2F%2Fgithub.com%2Ffs0414%2Fr_csv" "/workspace/builds/worker-5-tc1/source", kill_on_drop: false }`
[INFO] [stderr] Cloning into '/workspace/builds/worker-5-tc1/source'...
[INFO] [stderr] done.
[INFO] started tweaking git repo https://github.com/fs0414/r_csv
[INFO] finished tweaking git repo https://github.com/fs0414/r_csv
[INFO] tweaked toml for git repo https://github.com/fs0414/r_csv written to /workspace/builds/worker-5-tc1/source/Cargo.toml
[INFO] validating manifest of git repo https://github.com/fs0414/r_csv on toolchain 1.99.0-beta.8
[INFO] running `Command { std: CARGO_HOME="/workspace/cargo-home" RUSTUP_HOME="/workspace/rustup-home" "/workspace/cargo-home/bin/cargo" "+1.99.0-beta.8" "metadata" "--manifest-path" "Cargo.toml" "--no-deps", kill_on_drop: false }`
[INFO] crate git repo https://github.com/fs0414/r_csv already has a lockfile, it will not be regenerated
[INFO] running `Command { std: CARGO_HOME="/workspace/cargo-home" RUSTUP_HOME="/workspace/rustup-home" "/workspace/cargo-home/bin/cargo" "+1.99.0-beta.8" "fetch" "--manifest-path" "Cargo.toml", kill_on_drop: false }`
[INFO] [stderr]     Updating crates.io index
[INFO] [stderr]  Downloading crates ...
[INFO] [stderr]   Downloaded rb-sys-build v0.9.117
[INFO] [stderr]   Downloaded rb-sys-env v0.2.2
[INFO] [stderr]   Downloaded rb-sys v0.9.117
[INFO] [stderr]   Downloaded seq-macro v0.3.6
[INFO] [stderr]   Downloaded windows-link v0.2.0
[INFO] [stderr]   Downloaded magnus-macros v0.8.0
[INFO] [stderr]   Downloaded shell-words v1.1.0
[INFO] [stderr]   Downloaded magnus v0.8.1
[INFO] [stderr]   Downloaded csv-core v0.1.12
[INFO] [stderr]   Downloaded serde v1.0.227
[INFO] [stderr]   Downloaded serde_core v1.0.227
[INFO] [stderr]   Downloaded serde_derive v1.0.227
[INFO] [stderr]   Downloaded regex v1.11.3
[INFO] [stderr]   Downloaded regex-syntax v0.8.6
[INFO] [stderr]   Downloaded regex-automata v0.4.11
[INFO] [stderr]   Downloaded libc v0.2.176
[INFO] [stderr]   Downloaded csv v1.3.1
[INFO] [stderr]   Downloaded windows-sys v0.61.1
[INFO] running `Command { std: "docker" "create" "-v" "/var/lib/crater-agent-workspace/builds/worker-5-tc1/source:/opt/rustwide/workdir:ro,Z" "-v" "/var/lib/crater-agent-workspace/builds/worker-5-tc1/target:/opt/rustwide/target:rw,Z" "-v" "/var/lib/crater-agent-workspace/cargo-home:/opt/rustwide/cargo-home:ro,Z" "-v" "/var/lib/crater-agent-workspace/rustup-home:/opt/rustwide/rustup-home:ro,Z" "-m" "1610612736" "--network" "none" "ghcr.io/rust-lang/crates-build-env/linux@sha256:3111399a4047eeb3a02b7a90e478d715f38a8c6669b5c4b49d30a17385265909" "sleep" "infinity", kill_on_drop: false }`
[INFO] [stdout] 1f7bec2c076fae9fffbc1c1e344b77bc67233019d604fe56f3a8e67529c032dc
[INFO] running `Command { std: "docker" "start" "1f7bec2c076fae9fffbc1c1e344b77bc67233019d604fe56f3a8e67529c032dc", kill_on_drop: false }`
[INFO] running `Command { std: "docker" "inspect" "1f7bec2c076fae9fffbc1c1e344b77bc67233019d604fe56f3a8e67529c032dc", kill_on_drop: false }`
[INFO] running `Command { std: "docker" "exec" "-e" "SOURCE_DIR=/opt/rustwide/workdir" "-e" "CARGO_HOME=/opt/rustwide/cargo-home" "-e" "RUSTUP_HOME=/opt/rustwide/rustup-home" "-e" "CARGO_TARGET_DIR=/opt/rustwide/target" "-w" "/opt/rustwide/workdir" "--user" "0:0" "1f7bec2c076fae9fffbc1c1e344b77bc67233019d604fe56f3a8e67529c032dc" "/opt/rustwide/cargo-home/bin/cargo" "+1.99.0-beta.8" "metadata" "--no-deps" "--format-version=1", kill_on_drop: false }`
[INFO] running `Command { std: "docker" "inspect" "1f7bec2c076fae9fffbc1c1e344b77bc67233019d604fe56f3a8e67529c032dc", kill_on_drop: false }`
[INFO] running `Command { std: "docker" "exec" "-e" "SOURCE_DIR=/opt/rustwide/workdir" "-e" "CARGO_HOME=/opt/rustwide/cargo-home" "-e" "RUSTUP_HOME=/opt/rustwide/rustup-home" "-e" "CARGO_TARGET_DIR=/opt/rustwide/target" "-e" "CARGO_INCREMENTAL=0" "-e" "RUST_BACKTRACE=full" "-e" "RUSTFLAGS=--cap-lints=warn" "-e" "RUSTDOCFLAGS=--cap-lints=warn" "-w" "/opt/rustwide/workdir" "--user" "0:0" "1f7bec2c076fae9fffbc1c1e344b77bc67233019d604fe56f3a8e67529c032dc" "/opt/rustwide/cargo-home/bin/cargo" "+1.99.0-beta.8" "build" "--frozen" "--message-format=json", kill_on_drop: false }`
[INFO] [stderr]    Compiling memchr v2.7.6
[INFO] [stderr]    Compiling proc-macro2 v1.0.101
[INFO] [stderr]    Compiling unicode-ident v1.0.19
[INFO] [stderr]    Compiling libc v0.2.176
[INFO] [stderr]    Compiling minimal-lexical v0.2.1
[INFO] [stderr]    Compiling cfg-if v1.0.3
[INFO] [stderr]    Compiling regex-syntax v0.8.6
[INFO] [stderr]    Compiling either v1.15.0
[INFO] [stderr]    Compiling bindgen v0.69.5
[INFO] [stderr]    Compiling lazycell v1.3.0
[INFO] [stderr]    Compiling lazy_static v1.5.0
[INFO] [stderr]    Compiling rustc-hash v1.1.0
[INFO] [stderr]    Compiling bitflags v2.9.4
[INFO] [stderr]    Compiling shell-words v1.1.0
[INFO] [stderr]    Compiling clang-sys v1.8.1
[INFO] [stderr]    Compiling rb-sys-env v0.2.2
[INFO] [stderr]    Compiling libloading v0.8.9
[INFO] [stderr]    Compiling serde_core v1.0.227
[INFO] [stderr]    Compiling serde v1.0.227
[INFO] [stderr]    Compiling seq-macro v0.3.6
[INFO] [stderr]    Compiling log v0.4.28
[INFO] [stderr]    Compiling itertools v0.12.1
[INFO] [stderr]    Compiling magnus v0.8.1
[INFO] [stderr]    Compiling csv-core v0.1.12
[INFO] [stderr]    Compiling aho-corasick v1.1.3
[INFO] [stderr]    Compiling nom v7.1.3
[INFO] [stderr]    Compiling quote v1.0.40
[INFO] [stderr]    Compiling syn v2.0.106
[INFO] [stderr]    Compiling regex-automata v0.4.11
[INFO] [stderr]    Compiling cexpr v0.6.0
[INFO] [stderr]    Compiling csv v1.3.1
[INFO] [stderr]    Compiling regex v1.11.3
[INFO] [stderr]    Compiling magnus-macros v0.8.0
[INFO] [stderr]    Compiling rb-sys-build v0.9.117
[INFO] [stderr]    Compiling rb-sys v0.9.117
[INFO] [stderr]    Compiling rbcsv v0.2.0 (/opt/rustwide/workdir/ext/rbcsv)
[INFO] [stderr]     Finished `dev` profile [unoptimized + debuginfo] target(s) in 34.40s
[INFO] running `Command { std: "docker" "inspect" "1f7bec2c076fae9fffbc1c1e344b77bc67233019d604fe56f3a8e67529c032dc", kill_on_drop: false }`
[INFO] running `Command { std: "docker" "exec" "-e" "SOURCE_DIR=/opt/rustwide/workdir" "-e" "CARGO_HOME=/opt/rustwide/cargo-home" "-e" "RUSTUP_HOME=/opt/rustwide/rustup-home" "-e" "CARGO_TARGET_DIR=/opt/rustwide/target" "-e" "CARGO_INCREMENTAL=0" "-e" "RUST_BACKTRACE=full" "-e" "RUSTFLAGS=--cap-lints=warn" "-e" "RUSTDOCFLAGS=--cap-lints=warn" "-w" "/opt/rustwide/workdir" "--user" "0:0" "1f7bec2c076fae9fffbc1c1e344b77bc67233019d604fe56f3a8e67529c032dc" "/opt/rustwide/cargo-home/bin/cargo" "+1.99.0-beta.8" "test" "--frozen" "--no-run" "--message-format=json", kill_on_drop: false }`
[INFO] [stderr]    Compiling memchr v2.7.6
[INFO] [stderr]    Compiling libc v0.2.176
[INFO] [stderr]    Compiling regex-syntax v0.8.6
[INFO] [stderr]    Compiling humantime v2.3.0
[INFO] [stderr]    Compiling log v0.4.28
[INFO] [stderr]    Compiling termcolor v1.4.1
[INFO] [stderr]    Compiling aho-corasick v1.1.3
[INFO] [stderr]    Compiling nom v7.1.3
[INFO] [stderr]    Compiling csv-core v0.1.12
[INFO] [stderr]    Compiling csv v1.3.1
[INFO] [stderr]    Compiling is-terminal v0.4.16
[INFO] [stderr]    Compiling regex-automata v0.4.11
[INFO] [stderr]    Compiling cexpr v0.6.0
[INFO] [stderr]    Compiling regex v1.11.3
[INFO] [stderr]    Compiling bindgen v0.69.5
[INFO] [stderr]    Compiling env_logger v0.10.2
[INFO] [stderr]    Compiling rb-sys-build v0.9.117
[INFO] [stderr]    Compiling rb-sys v0.9.117
[INFO] [stderr]    Compiling magnus v0.8.1
[INFO] [stderr]    Compiling rbcsv v0.2.0 (/opt/rustwide/workdir/ext/rbcsv)
[INFO] [stderr]     Finished `test` profile [unoptimized + debuginfo] target(s) in 26.96s
[INFO] running `Command { std: "docker" "inspect" "1f7bec2c076fae9fffbc1c1e344b77bc67233019d604fe56f3a8e67529c032dc", kill_on_drop: false }`
[INFO] running `Command { std: "docker" "exec" "-e" "SOURCE_DIR=/opt/rustwide/workdir" "-e" "CARGO_HOME=/opt/rustwide/cargo-home" "-e" "RUSTUP_HOME=/opt/rustwide/rustup-home" "-e" "CARGO_TARGET_DIR=/opt/rustwide/target" "-e" "CARGO_INCREMENTAL=0" "-e" "RUST_BACKTRACE=full" "-e" "RUSTFLAGS=--cap-lints=warn" "-e" "RUSTDOCFLAGS=--cap-lints=warn" "-w" "/opt/rustwide/workdir" "--user" "0:0" "1f7bec2c076fae9fffbc1c1e344b77bc67233019d604fe56f3a8e67529c032dc" "/opt/rustwide/cargo-home/bin/cargo" "+1.99.0-beta.8" "test" "--frozen", kill_on_drop: false }`
[INFO] [stderr]     Finished `test` profile [unoptimized + debuginfo] target(s) in 0.10s
[INFO] [stderr]      Running unittests src/lib.rs (/opt/rustwide/target/debug/deps/rbcsv-0c1ec1159942c6b9)
[INFO] [stdout] 
[INFO] [stdout] running 16 tests
[INFO] [stdout] test parser::tests::test_parse_csv_file_not_found ... ok
[INFO] [stdout] test parser::tests::test_parse_csv_file_directory ... ok
[INFO] [stdout] test parser::tests::test_write_csv_file_empty_data ... ok
[INFO] [stdout] test parser::tests::test_parse_csv_core_basic ... ok
[INFO] [stdout] test parser::tests::test_parse_csv_file_with_temp_file ... ok
[INFO] [stdout] test parser::tests::test_write_csv_file_basic ... ok
[INFO] [stdout] test value::tests::test_from_str_integer ... ok
[INFO] [stdout] test value::tests::test_from_str_edge_cases ... ok
[INFO] [stdout] test ruby_api::tests::test_parse_basic ... ok
[INFO] [stdout] test parser::tests::test_write_csv_file_field_count_mismatch ... ok
[INFO] [stdout] test value::tests::test_from_str_string ... ok
[INFO] [stdout] test value::tests::test_from_str_trimmed ... ok
[INFO] [stdout] test ruby_api::tests::test_parse_with_trim_enabled ... ok
[INFO] [stdout] test value::tests::test_from_str_float ... ok
[INFO] [stdout] test ruby_api::tests::test_parse_with_trim_disabled ... ok
[INFO] [stderr] error: test failed, to rerun pass `--lib`
[INFO] [stdout] test parser::tests::test_write_csv_file_permission_denied ... FAILED
[INFO] [stdout] 
[INFO] [stdout] failures:
[INFO] [stdout] 
[INFO] [stdout] ---- parser::tests::test_write_csv_file_permission_denied stdout ----
[INFO] [stdout] 
[INFO] [stdout] thread 'parser::tests::test_write_csv_file_permission_denied' (1831) panicked at ext/rbcsv/src/parser.rs:296:9:
[INFO] [stdout] assertion failed: result.is_err()
[INFO] [stdout] stack backtrace:
[INFO] [stdout]    0:     0x5c27c24330a1 - std[70759c8f55707aa4]::backtrace_rs::backtrace::libunwind::trace
[INFO] [stdout]                                at /rustc/dfb0accb7f508ae8be965d8629557221c889dd98/library/std/src/../../backtrace/src/backtrace/libunwind.rs:117:9
[INFO] [stdout]    1:     0x5c27c24330a1 - std[70759c8f55707aa4]::backtrace_rs::backtrace::trace_unsynchronized::<std[70759c8f55707aa4]::sys::backtrace::_print_fmt::{closure#1}>
[INFO] [stdout]                                at /rustc/dfb0accb7f508ae8be965d8629557221c889dd98/library/std/src/../../backtrace/src/backtrace/mod.rs:66:14
[INFO] [stdout]    2:     0x5c27c24330a1 - std[70759c8f55707aa4]::sys::backtrace::_print_fmt
[INFO] [stdout]                                at /rustc/dfb0accb7f508ae8be965d8629557221c889dd98/library/std/src/sys/backtrace.rs:74:9
[INFO] [stdout]    3:     0x5c27c24330a1 - <<std[70759c8f55707aa4]::sys::backtrace::BacktraceLock>::print::DisplayBacktrace as core[df12db4294e9bfd3]::fmt::Display>::fmt
[INFO] [stdout]                                at /rustc/dfb0accb7f508ae8be965d8629557221c889dd98/library/std/src/sys/backtrace.rs:44:26
[INFO] [stdout]    4:     0x5c27c24486aa - <core[df12db4294e9bfd3]::fmt::rt::Argument>::fmt
[INFO] [stdout]                                at /rustc/dfb0accb7f508ae8be965d8629557221c889dd98/library/core/src/fmt/rt.rs:152:76
[INFO] [stdout]    5:     0x5c27c24486aa - core[df12db4294e9bfd3]::fmt::write
[INFO] [stdout]    6:     0x5c27c243755c - core[df12db4294e9bfd3]::io::write::default_write_fmt::<alloc[2182bb758b4b3781]::vec::Vec<u8>>
[INFO] [stdout]                                at /rustc/dfb0accb7f508ae8be965d8629557221c889dd98/library/core/src/io/write.rs:402:11
[INFO] [stdout]    7:     0x5c27c243755c - <alloc[2182bb758b4b3781]::vec::Vec<u8> as core[df12db4294e9bfd3]::io::write::Write>::write_fmt
[INFO] [stdout]                                at /rustc/dfb0accb7f508ae8be965d8629557221c889dd98/library/core/src/io/write.rs:335:13
[INFO] [stdout]    8:     0x5c27c240f136 - <std[70759c8f55707aa4]::sys::backtrace::BacktraceLock>::print
[INFO] [stdout]                                at /rustc/dfb0accb7f508ae8be965d8629557221c889dd98/library/std/src/sys/backtrace.rs:47:9
[INFO] [stdout]    9:     0x5c27c240f136 - std[70759c8f55707aa4]::panicking::default_hook::{closure#0}
[INFO] [stdout]                                at /rustc/dfb0accb7f508ae8be965d8629557221c889dd98/library/std/src/panicking.rs:292:27
[INFO] [stdout]   10:     0x5c27c242b3b9 - std[70759c8f55707aa4]::panicking::default_hook
[INFO] [stdout]                                at /rustc/dfb0accb7f508ae8be965d8629557221c889dd98/library/std/src/panicking.rs:316:9
[INFO] [stdout]   11:     0x5c27c23c5c10 - <alloc[2182bb758b4b3781]::boxed::Box<dyn for<'a, 'b> core[df12db4294e9bfd3]::ops::function::Fn<(&'a std[70759c8f55707aa4]::panic::PanicHookInfo<'b>,), Output = ()> + core[df12db4294e9bfd3]::marker::Send + core[df12db4294e9bfd3]::marker::Sync> as core[df12db4294e9bfd3]::ops::function::Fn<(&std[70759c8f55707aa4]::panic::PanicHookInfo,)>>::call
[INFO] [stdout]                                at /rustc/dfb0accb7f508ae8be965d8629557221c889dd98/library/alloc/src/boxed.rs:2334:9
[INFO] [stdout]   12:     0x5c27c23c5c10 - test[9d35eded1c95d3be]::test_main_inner::<test[9d35eded1c95d3be]::test_main_static::{closure#0}>::{closure#0}
[INFO] [stdout]                                at /rustc/dfb0accb7f508ae8be965d8629557221c889dd98/library/test/src/lib.rs:155:21
[INFO] [stdout]   13:     0x5c27c242b572 - <alloc[2182bb758b4b3781]::boxed::Box<dyn for<'a, 'b> core[df12db4294e9bfd3]::ops::function::Fn<(&'a std[70759c8f55707aa4]::panic::PanicHookInfo<'b>,), Output = ()> + core[df12db4294e9bfd3]::marker::Send + core[df12db4294e9bfd3]::marker::Sync> as core[df12db4294e9bfd3]::ops::function::Fn<(&std[70759c8f55707aa4]::panic::PanicHookInfo,)>>::call
[INFO] [stdout]                                at /rustc/dfb0accb7f508ae8be965d8629557221c889dd98/library/alloc/src/boxed.rs:2334:9
[INFO] [stdout]   14:     0x5c27c242b572 - std[70759c8f55707aa4]::panicking::panic_with_hook
[INFO] [stdout]                                at /rustc/dfb0accb7f508ae8be965d8629557221c889dd98/library/std/src/panicking.rs:823:13
[INFO] [stdout]   15:     0x5c27c240f214 - std[70759c8f55707aa4]::panicking::panic_handler::{closure#0}
[INFO] [stdout]                                at /rustc/dfb0accb7f508ae8be965d8629557221c889dd98/library/std/src/panicking.rs:681:13
[INFO] [stdout]   16:     0x5c27c2407d29 - std[70759c8f55707aa4]::sys::backtrace::__rust_end_short_backtrace::<std[70759c8f55707aa4]::panicking::panic_handler::{closure#0}, !>
[INFO] [stdout]                                at /rustc/dfb0accb7f508ae8be965d8629557221c889dd98/library/std/src/sys/backtrace.rs:182:18
[INFO] [stdout]   17:     0x5c27c240fddd - __rustc[8fa7c3cbc660c2b3]::rust_begin_unwind
[INFO] [stdout]                                at /rustc/dfb0accb7f508ae8be965d8629557221c889dd98/library/std/src/panicking.rs:679:5
[INFO] [stdout]   18:     0x5c27c2448e9c - core[df12db4294e9bfd3]::panicking::panic_fmt
[INFO] [stdout]                                at /rustc/dfb0accb7f508ae8be965d8629557221c889dd98/library/core/src/panicking.rs:80:14
[INFO] [stdout]   19:     0x5c27c2448e62 - core[df12db4294e9bfd3]::panicking::panic
[INFO] [stdout]                                at /rustc/dfb0accb7f508ae8be965d8629557221c889dd98/library/core/src/panicking.rs:150:5
[INFO] [stdout]   20:     0x5c27c2390a7e - rbcsv[6aa97d484ce0ca36]::parser::tests::test_write_csv_file_permission_denied
[INFO] [stdout]                                at /opt/rustwide/workdir/ext/rbcsv/src/parser.rs:296:9
[INFO] [stdout]   21:     0x5c27c238d717 - rbcsv[6aa97d484ce0ca36]::parser::tests::test_write_csv_file_permission_denied::{closure#0}
[INFO] [stdout]                                at /opt/rustwide/workdir/ext/rbcsv/src/parser.rs:293:47
[INFO] [stdout]   22:     0x5c27c23a2376 - <rbcsv[6aa97d484ce0ca36]::parser::tests::test_write_csv_file_permission_denied::{closure#0} as core[df12db4294e9bfd3]::ops::function::FnOnce<()>>::call_once
[INFO] [stdout]                                at /rustc/dfb0accb7f508ae8be965d8629557221c889dd98/library/core/src/ops/function.rs:250:5
[INFO] [stdout]   23:     0x5c27c23b8efb - <fn() -> core[df12db4294e9bfd3]::result::Result<(), alloc[2182bb758b4b3781]::string::String> as core[df12db4294e9bfd3]::ops::function::FnOnce<()>>::call_once
[INFO] [stdout]                                at /rustc/dfb0accb7f508ae8be965d8629557221c889dd98/library/core/src/ops/function.rs:250:5
[INFO] [stdout]   24:     0x5c27c23b8efb - test[9d35eded1c95d3be]::__rust_begin_short_backtrace::<core[df12db4294e9bfd3]::result::Result<(), alloc[2182bb758b4b3781]::string::String>, fn() -> core[df12db4294e9bfd3]::result::Result<(), alloc[2182bb758b4b3781]::string::String>>
[INFO] [stdout]                                at /rustc/dfb0accb7f508ae8be965d8629557221c889dd98/library/test/src/lib.rs:733:18
[INFO] [stdout]   25:     0x5c27c23c6565 - test[9d35eded1c95d3be]::run_test_in_process::{closure#0}
[INFO] [stdout]                                at /rustc/dfb0accb7f508ae8be965d8629557221c889dd98/library/test/src/lib.rs:756:74
[INFO] [stdout]   26:     0x5c27c23c6565 - <core[df12db4294e9bfd3]::panic::unwind_safe::AssertUnwindSafe<test[9d35eded1c95d3be]::run_test_in_process::{closure#0}> as core[df12db4294e9bfd3]::ops::function::FnOnce<()>>::call_once
[INFO] [stdout]                                at /rustc/dfb0accb7f508ae8be965d8629557221c889dd98/library/core/src/panic/unwind_safe.rs:275:9
[INFO] [stdout]   27:     0x5c27c23c6565 - std[70759c8f55707aa4]::panicking::catch_unwind::do_call::<core[df12db4294e9bfd3]::panic::unwind_safe::AssertUnwindSafe<test[9d35eded1c95d3be]::run_test_in_process::{closure#0}>, core[df12db4294e9bfd3]::result::Result<(), alloc[2182bb758b4b3781]::string::String>>
[INFO] [stdout]                                at /rustc/dfb0accb7f508ae8be965d8629557221c889dd98/library/std/src/panicking.rs:576:43
[INFO] [stdout]   28:     0x5c27c23c6565 - std[70759c8f55707aa4]::panicking::catch_unwind::<core[df12db4294e9bfd3]::result::Result<(), alloc[2182bb758b4b3781]::string::String>, core[df12db4294e9bfd3]::panic::unwind_safe::AssertUnwindSafe<test[9d35eded1c95d3be]::run_test_in_process::{closure#0}>>
[INFO] [stdout]                                at /rustc/dfb0accb7f508ae8be965d8629557221c889dd98/library/std/src/panicking.rs:544:19
[INFO] [stdout]   29:     0x5c27c23c6565 - std[70759c8f55707aa4]::panic::catch_unwind::<core[df12db4294e9bfd3]::panic::unwind_safe::AssertUnwindSafe<test[9d35eded1c95d3be]::run_test_in_process::{closure#0}>, core[df12db4294e9bfd3]::result::Result<(), alloc[2182bb758b4b3781]::string::String>>
[INFO] [stdout]                                at /rustc/dfb0accb7f508ae8be965d8629557221c889dd98/library/std/src/panic.rs:359:14
[INFO] [stdout]   30:     0x5c27c23c6565 - test[9d35eded1c95d3be]::run_test_in_process
[INFO] [stdout]                                at /rustc/dfb0accb7f508ae8be965d8629557221c889dd98/library/test/src/lib.rs:756:27
[INFO] [stdout]   31:     0x5c27c23c6565 - test[9d35eded1c95d3be]::run_test::{closure#0}
[INFO] [stdout]                                at /rustc/dfb0accb7f508ae8be965d8629557221c889dd98/library/test/src/lib.rs:677:43
[INFO] [stdout]   32:     0x5c27c23bfe24 - test[9d35eded1c95d3be]::run_test::{closure#1}
[INFO] [stdout]                                at /rustc/dfb0accb7f508ae8be965d8629557221c889dd98/library/test/src/lib.rs:707:41
[INFO] [stdout]   33:     0x5c27c23bfe24 - std[70759c8f55707aa4]::sys::backtrace::__rust_begin_short_backtrace::<test[9d35eded1c95d3be]::run_test::{closure#1}, ()>
[INFO] [stdout]                                at /rustc/dfb0accb7f508ae8be965d8629557221c889dd98/library/std/src/sys/backtrace.rs:166:18
[INFO] [stdout]   34:     0x5c27c23c96c2 - std[70759c8f55707aa4]::thread::lifecycle::spawn_unchecked::<test[9d35eded1c95d3be]::run_test::{closure#1}, ()>::{closure#1}::{closure#0}
[INFO] [stdout]                                at /rustc/dfb0accb7f508ae8be965d8629557221c889dd98/library/std/src/thread/lifecycle.rs:70:13
[INFO] [stdout]   35:     0x5c27c23c96c2 - <core[df12db4294e9bfd3]::panic::unwind_safe::AssertUnwindSafe<std[70759c8f55707aa4]::thread::lifecycle::spawn_unchecked<test[9d35eded1c95d3be]::run_test::{closure#1}, ()>::{closure#1}::{closure#0}> as core[df12db4294e9bfd3]::ops::function::FnOnce<()>>::call_once
[INFO] [stdout]                                at /rustc/dfb0accb7f508ae8be965d8629557221c889dd98/library/core/src/panic/unwind_safe.rs:275:9
[INFO] [stdout]   36:     0x5c27c23c96c2 - std[70759c8f55707aa4]::panicking::catch_unwind::do_call::<core[df12db4294e9bfd3]::panic::unwind_safe::AssertUnwindSafe<std[70759c8f55707aa4]::thread::lifecycle::spawn_unchecked<test[9d35eded1c95d3be]::run_test::{closure#1}, ()>::{closure#1}::{closure#0}>, ()>
[INFO] [stdout]                                at /rustc/dfb0accb7f508ae8be965d8629557221c889dd98/library/std/src/panicking.rs:576:43
[INFO] [stdout]   37:     0x5c27c23c96c2 - std[70759c8f55707aa4]::panicking::catch_unwind::<(), core[df12db4294e9bfd3]::panic::unwind_safe::AssertUnwindSafe<std[70759c8f55707aa4]::thread::lifecycle::spawn_unchecked<test[9d35eded1c95d3be]::run_test::{closure#1}, ()>::{closure#1}::{closure#0}>>
[INFO] [stdout]                                at /rustc/dfb0accb7f508ae8be965d8629557221c889dd98/library/std/src/panicking.rs:544:19
[INFO] [stdout]   38:     0x5c27c23c96c2 - std[70759c8f55707aa4]::panic::catch_unwind::<core[df12db4294e9bfd3]::panic::unwind_safe::AssertUnwindSafe<std[70759c8f55707aa4]::thread::lifecycle::spawn_unchecked<test[9d35eded1c95d3be]::run_test::{closure#1}, ()>::{closure#1}::{closure#0}>, ()>
[INFO] [stdout]                                at /rustc/dfb0accb7f508ae8be965d8629557221c889dd98/library/std/src/panic.rs:359:14
[INFO] [stdout]   39:     0x5c27c23c96c2 - std[70759c8f55707aa4]::thread::lifecycle::spawn_unchecked::<test[9d35eded1c95d3be]::run_test::{closure#1}, ()>::{closure#1}
[INFO] [stdout]                                at /rustc/dfb0accb7f508ae8be965d8629557221c889dd98/library/std/src/thread/lifecycle.rs:68:26
[INFO] [stdout]   40:     0x5c27c23c96c2 - <std[70759c8f55707aa4]::thread::lifecycle::spawn_unchecked<test[9d35eded1c95d3be]::run_test::{closure#1}, ()>::{closure#1} as core[df12db4294e9bfd3]::ops::function::FnOnce<()>>::call_once::{shim:vtable#0}
[INFO] [stdout]                                at /rustc/dfb0accb7f508ae8be965d8629557221c889dd98/library/core/src/ops/function.rs:250:5
[INFO] [stdout]   41:     0x5c27c2432609 - <alloc[2182bb758b4b3781]::boxed::Box<dyn core[df12db4294e9bfd3]::ops::function::FnOnce<(), Output = ()> + core[df12db4294e9bfd3]::marker::Send> as core[df12db4294e9bfd3]::ops::function::FnOnce<()>>::call_once
[INFO] [stdout]                                at /rustc/dfb0accb7f508ae8be965d8629557221c889dd98/library/alloc/src/boxed.rs:2320:9
[INFO] [stdout]   42:     0x5c27c2432609 - <std[70759c8f55707aa4]::sys::thread::unix::Thread>::new::thread_start
[INFO] [stdout]                                at /rustc/dfb0accb7f508ae8be965d8629557221c889dd98/library/std/src/sys/thread/unix.rs:123:17
[INFO] [stdout]   43:     0x76124deaedfa - <unknown>
[INFO] [stdout]   44:     0x76124df423d4 - clone
[INFO] [stdout]   45:                0x0 - <unknown>
[INFO] [stdout] 
[INFO] [stdout] 
[INFO] [stdout] failures:
[INFO] [stdout]     parser::tests::test_write_csv_file_permission_denied
[INFO] [stdout] 
[INFO] [stdout] test result: FAILED. 15 passed; 1 failed; 0 ignored; 0 measured; 0 filtered out; finished in 0.06s
[INFO] [stdout] 
[INFO] running `Command { std: "docker" "inspect" "1f7bec2c076fae9fffbc1c1e344b77bc67233019d604fe56f3a8e67529c032dc", kill_on_drop: false }`
[INFO] running `Command { std: "docker" "rm" "-f" "1f7bec2c076fae9fffbc1c1e344b77bc67233019d604fe56f3a8e67529c032dc", kill_on_drop: false }`
[INFO] [stdout] 1f7bec2c076fae9fffbc1c1e344b77bc67233019d604fe56f3a8e67529c032dc
