[INFO] cloning repository https://github.com/flylib/code-lite-x
[INFO] running `Command { std: "git" "-c" "credential.helper=" "-c" "credential.helper=/workspace/cargo-home/bin/git-credential-null" "clone" "--bare" "https://github.com/flylib/code-lite-x" "/workspace/cache/git-repos/https%3A%2F%2Fgithub.com%2Fflylib%2Fcode-lite-x", kill_on_drop: false }`
[INFO] [stderr] Cloning into bare repository '/workspace/cache/git-repos/https%3A%2F%2Fgithub.com%2Fflylib%2Fcode-lite-x'...
[INFO] running `Command { std: "git" "rev-parse" "HEAD", kill_on_drop: false }`
[INFO] [stdout] 7ca3e225defb33868349221a46f5dd80f4fb3d98
[INFO] testing flylib/code-lite-x against 1.99.0-beta.8 for beta-1.100-2
[INFO] running `Command { std: "git" "clone" "/workspace/cache/git-repos/https%3A%2F%2Fgithub.com%2Fflylib%2Fcode-lite-x" "/workspace/builds/worker-4-tc1/source", kill_on_drop: false }`
[INFO] [stderr] Cloning into '/workspace/builds/worker-4-tc1/source'...
[INFO] [stderr] done.
[INFO] started tweaking git repo https://github.com/flylib/code-lite-x
[INFO] finished tweaking git repo https://github.com/flylib/code-lite-x
[INFO] tweaked toml for git repo https://github.com/flylib/code-lite-x written to /workspace/builds/worker-4-tc1/source/Cargo.toml
[INFO] validating manifest of git repo https://github.com/flylib/code-lite-x on toolchain 1.99.0-beta.8
[INFO] running `Command { std: CARGO_HOME="/workspace/cargo-home" RUSTUP_HOME="/workspace/rustup-home" "/workspace/cargo-home/bin/cargo" "+1.99.0-beta.8" "metadata" "--manifest-path" "Cargo.toml" "--no-deps", kill_on_drop: false }`
[INFO] crate git repo https://github.com/flylib/code-lite-x already has a lockfile, it will not be regenerated
[INFO] running `Command { std: CARGO_HOME="/workspace/cargo-home" RUSTUP_HOME="/workspace/rustup-home" "/workspace/cargo-home/bin/cargo" "+1.99.0-beta.8" "fetch" "--manifest-path" "Cargo.toml", kill_on_drop: false }`
[INFO] [stderr]     Updating crates.io index
[INFO] [stderr]  Downloading crates ...
[INFO] [stderr]   Downloaded thiserror v2.0.20
[INFO] [stderr]   Downloaded uuid v1.26.0
[INFO] [stderr]   Downloaded anyhow v1.0.103
[INFO] [stderr]   Downloaded thiserror-impl v2.0.20
[INFO] [stderr]   Downloaded yoke-derive v0.8.2
[INFO] [stderr]   Downloaded wasm-bindgen-shared v0.2.128
[INFO] [stderr]   Downloaded simd-adler32 v0.3.8
[INFO] [stderr]   Downloaded crc32fast v1.5.0
[INFO] [stderr]   Downloaded android_system_properties v0.1.6
[INFO] [stderr]   Downloaded time-core v0.1.8
[INFO] [stderr]   Downloaded num-conv v0.2.0
[INFO] [stderr]   Downloaded chunked_transfer v1.5.0
[INFO] [stderr]   Downloaded wasm-bindgen-macro v0.2.128
[INFO] [stderr]   Downloaded zerovec-derive v0.11.3
[INFO] [stderr]   Downloaded rustls-pki-types v1.14.0
[INFO] [stderr]   Downloaded cookie_store v0.22.1
[INFO] [stderr]   Downloaded tinystr v0.8.3
[INFO] [stderr]   Downloaded time-macros v0.2.27
[INFO] [stderr]   Downloaded deranged v0.5.5
[INFO] [stderr]   Downloaded ascii v1.1.0
[INFO] [stderr]   Downloaded find-msvc-tools v0.1.12
[INFO] [stderr]   Downloaded str_indices v0.4.4
[INFO] [stderr]   Downloaded yoke v0.8.2
[INFO] [stderr]   Downloaded iana-time-zone v0.1.65
[INFO] [stderr]   Downloaded ureq-proto v0.5.3
[INFO] [stderr]   Downloaded rustls-webpki v0.103.13
[INFO] [stderr]   Downloaded icu_provider v2.2.0
[INFO] [stderr]   Downloaded icu_normalizer_data v2.2.0
[INFO] [stderr]   Downloaded cookie v0.18.1
[INFO] [stderr]   Downloaded tiny_http v0.12.0
[INFO] [stderr]   Downloaded wasm-bindgen v0.2.128
[INFO] [stderr]   Downloaded flate2 v1.1.8
[INFO] [stderr]   Downloaded icu_properties v2.2.0
[INFO] [stderr]   Downloaded icu_collections v2.2.0
[INFO] [stderr]   Downloaded icu_normalizer v2.2.0
[INFO] [stderr]   Downloaded zerotrie v0.2.4
[INFO] [stderr]   Downloaded icu_locale_core v2.2.0
[INFO] [stderr]   Downloaded indexmap v2.14.0
[INFO] [stderr]   Downloaded js-sys v0.3.105
[INFO] [stderr]   Downloaded cc v1.4.5
[INFO] [stderr]   Downloaded zerocopy-derive v0.8.56
[INFO] [stderr]   Downloaded ropey v1.6.1
[INFO] [stderr]   Downloaded zerovec v0.11.6
[INFO] [stderr]   Downloaded wasm-bindgen-macro-support v0.2.128
[INFO] [stderr]   Downloaded ureq v3.1.4
[INFO] [stderr]   Downloaded rusqlite v0.32.1
[INFO] [stderr]   Downloaded icu_properties_data v2.2.0
[INFO] [stderr]   Downloaded syn v3.0.5
[INFO] [stderr]   Downloaded time v0.3.47
[INFO] [stderr]   Downloaded chrono v0.4.45
[INFO] [stderr]   Downloaded webpki-roots v1.0.5
[INFO] [stderr]   Downloaded zerocopy v0.8.56
[INFO] [stderr]   Downloaded rustls v0.23.36
[INFO] [stderr]   Downloaded libsqlite3-sys v0.30.1
[INFO] running `Command { std: "docker" "create" "-v" "/var/lib/crater-agent-workspace/builds/worker-4-tc1/source:/opt/rustwide/workdir:ro,Z" "-v" "/var/lib/crater-agent-workspace/builds/worker-4-tc1/target:/opt/rustwide/target:rw,Z" "-v" "/var/lib/crater-agent-workspace/cargo-home:/opt/rustwide/cargo-home:ro,Z" "-v" "/var/lib/crater-agent-workspace/rustup-home:/opt/rustwide/rustup-home:ro,Z" "-m" "1610612736" "--network" "none" "ghcr.io/rust-lang/crates-build-env/linux@sha256:3111399a4047eeb3a02b7a90e478d715f38a8c6669b5c4b49d30a17385265909" "sleep" "infinity", kill_on_drop: false }`
[INFO] [stdout] 3994d75888d7deae303f59ed283b6a5aa1c0379fc9cd793bf9528493eee9f791
[INFO] running `Command { std: "docker" "start" "3994d75888d7deae303f59ed283b6a5aa1c0379fc9cd793bf9528493eee9f791", kill_on_drop: false }`
[INFO] running `Command { std: "docker" "inspect" "3994d75888d7deae303f59ed283b6a5aa1c0379fc9cd793bf9528493eee9f791", kill_on_drop: false }`
[INFO] running `Command { std: "docker" "exec" "-e" "SOURCE_DIR=/opt/rustwide/workdir" "-e" "CARGO_HOME=/opt/rustwide/cargo-home" "-e" "RUSTUP_HOME=/opt/rustwide/rustup-home" "-e" "CARGO_TARGET_DIR=/opt/rustwide/target" "-w" "/opt/rustwide/workdir" "--user" "0:0" "3994d75888d7deae303f59ed283b6a5aa1c0379fc9cd793bf9528493eee9f791" "/opt/rustwide/cargo-home/bin/cargo" "+1.99.0-beta.8" "metadata" "--no-deps" "--format-version=1", kill_on_drop: false }`
[INFO] running `Command { std: "docker" "inspect" "3994d75888d7deae303f59ed283b6a5aa1c0379fc9cd793bf9528493eee9f791", kill_on_drop: false }`
[INFO] running `Command { std: "docker" "exec" "-e" "SOURCE_DIR=/opt/rustwide/workdir" "-e" "CARGO_HOME=/opt/rustwide/cargo-home" "-e" "RUSTUP_HOME=/opt/rustwide/rustup-home" "-e" "CARGO_TARGET_DIR=/opt/rustwide/target" "-e" "CARGO_INCREMENTAL=0" "-e" "RUST_BACKTRACE=full" "-e" "RUSTFLAGS=--cap-lints=warn" "-e" "RUSTDOCFLAGS=--cap-lints=warn" "-w" "/opt/rustwide/workdir" "--user" "0:0" "3994d75888d7deae303f59ed283b6a5aa1c0379fc9cd793bf9528493eee9f791" "/opt/rustwide/cargo-home/bin/cargo" "+1.99.0-beta.8" "build" "--frozen" "--message-format=json", kill_on_drop: false }`
[INFO] [stderr]    Compiling unicode-ident v1.0.24
[INFO] [stderr]    Compiling quote v1.0.47
[INFO] [stderr]    Compiling find-msvc-tools v0.1.12
[INFO] [stderr]    Compiling serde_core v1.0.229
[INFO] [stderr]    Compiling memchr v2.8.3
[INFO] [stderr]    Compiling smallvec v1.16.0
[INFO] [stderr]    Compiling once_cell v1.21.4
[INFO] [stderr]    Compiling zerocopy v0.8.56
[INFO] [stderr]    Compiling thiserror v2.0.20
[INFO] [stderr]    Compiling ahash v0.8.12
[INFO] [stderr]    Compiling parking_lot_core v0.9.12
[INFO] [stderr]    Compiling scopeguard v1.2.0
[INFO] [stderr]    Compiling vcpkg v0.2.15
[INFO] [stderr]    Compiling autocfg v1.5.1
[INFO] [stderr]    Compiling regex-syntax v0.8.8
[INFO] [stderr]    Compiling proc-macro2 v1.0.107
[INFO] [stderr]    Compiling anyhow v1.0.103
[INFO] [stderr]    Compiling lock_api v0.4.14
[INFO] [stderr]    Compiling bitflags v2.13.1
[INFO] [stderr]    Compiling fallible-streaming-iterator v0.1.9
[INFO] [stderr]    Compiling iana-time-zone v0.1.65
[INFO] [stderr]    Compiling cc v1.4.5
[INFO] [stderr]    Compiling fallible-iterator v0.3.0
[INFO] [stderr]    Compiling similar v2.7.0
[INFO] [stderr]    Compiling str_indices v0.4.4
[INFO] [stderr]    Compiling log v0.4.34
[INFO] [stderr]    Compiling num-traits v0.2.19
[INFO] [stderr]    Compiling zeroize v1.8.2
[INFO] [stderr]    Compiling parking_lot v0.12.5
[INFO] [stderr]    Compiling ropey v1.6.1
[INFO] [stderr]    Compiling getrandom v0.2.17
[INFO] [stderr]    Compiling aho-corasick v1.1.4
[INFO] [stderr]    Compiling rustls-pki-types v1.14.0
[INFO] [stderr]    Compiling crc32fast v1.5.0
[INFO] [stderr]    Compiling syn v3.0.5
[INFO] [stderr]    Compiling httparse v1.10.1
[INFO] [stderr]    Compiling untrusted v0.9.0
[INFO] [stderr]    Compiling simd-adler32 v0.3.8
[INFO] [stderr]    Compiling rustls v0.23.36
[INFO] [stderr]    Compiling bytes v1.11.1
[INFO] [stderr]    Compiling subtle v2.6.1
[INFO] [stderr]    Compiling miniz_oxide v0.8.9
[INFO] [stderr]    Compiling base64 v0.22.1
[INFO] [stderr]    Compiling webpki-roots v1.0.5
[INFO] [stderr]    Compiling utf-8 v0.7.6
[INFO] [stderr]    Compiling percent-encoding v2.3.2
[INFO] [stderr]    Compiling syn v2.0.119
[INFO] [stderr]    Compiling httpdate v1.0.3
[INFO] [stderr]    Compiling chunked_transfer v1.5.0
[INFO] [stderr]    Compiling ascii v1.1.0
[INFO] [stderr]    Compiling flate2 v1.1.8
[INFO] [stderr]    Compiling libsqlite3-sys v0.30.1
[INFO] [stderr]    Compiling ring v0.17.14
[INFO] [stderr]    Compiling http v1.4.0
[INFO] [stderr]    Compiling tiny_http v0.12.0
[INFO] [stderr]    Compiling regex-automata v0.4.13
[INFO] [stderr]    Compiling ureq-proto v0.5.3
[INFO] [stderr]    Compiling serde_derive v1.0.229
[INFO] [stderr]    Compiling thiserror-impl v2.0.20
[INFO] [stderr]    Compiling serde_json v1.0.151
[INFO] [stderr]    Compiling uuid v1.26.0
[INFO] [stderr]    Compiling hashbrown v0.14.5
[INFO] [stderr]    Compiling regex v1.12.3
[INFO] [stderr]    Compiling hashlink v0.9.1
[INFO] [stderr]    Compiling rustls-webpki v0.103.13
[INFO] [stderr]    Compiling serde v1.0.229
[INFO] [stderr]    Compiling chrono v0.4.45
[INFO] [stderr]    Compiling code-lite-core v0.1.0 (/opt/rustwide/workdir/crates/code-lite-core)
[INFO] [stderr]    Compiling code-lite-rpc v0.1.0 (/opt/rustwide/workdir/crates/code-lite-rpc)
[INFO] [stderr]    Compiling code-lite-fs v0.1.0 (/opt/rustwide/workdir/crates/code-lite-fs)
[INFO] [stderr]    Compiling toml v0.5.11
[INFO] [stderr]    Compiling xtask v0.1.0 (/opt/rustwide/workdir/crates/xtask)
[INFO] [stderr]    Compiling ureq v3.1.4
[INFO] [stderr]    Compiling rusqlite v0.32.1
[INFO] [stderr]    Compiling code-lite-storage v0.1.0 (/opt/rustwide/workdir/crates/code-lite-storage)
[INFO] [stderr]    Compiling code-lite-graph v0.1.0 (/opt/rustwide/workdir/crates/code-lite-graph)
[INFO] [stderr]    Compiling code-lite-plugin v0.1.0 (/opt/rustwide/workdir/crates/code-lite-plugin)
[INFO] [stderr]    Compiling code-lite-app v0.1.0 (/opt/rustwide/workdir/crates/code-lite-app)
[INFO] [stderr]    Compiling code-lite-lsp v0.1.0 (/opt/rustwide/workdir/crates/code-lite-lsp)
[INFO] [stderr]    Compiling code-lite-agent v0.1.0 (/opt/rustwide/workdir/crates/code-lite-agent)
[INFO] [stderr]    Compiling code-lite-ffi v0.1.0 (/opt/rustwide/workdir/crates/code-lite-ffi)
[INFO] [stderr]     Finished `dev` profile [unoptimized + debuginfo] target(s) in 57.71s
[INFO] running `Command { std: "docker" "inspect" "3994d75888d7deae303f59ed283b6a5aa1c0379fc9cd793bf9528493eee9f791", kill_on_drop: false }`
[INFO] running `Command { std: "docker" "exec" "-e" "SOURCE_DIR=/opt/rustwide/workdir" "-e" "CARGO_HOME=/opt/rustwide/cargo-home" "-e" "RUSTUP_HOME=/opt/rustwide/rustup-home" "-e" "CARGO_TARGET_DIR=/opt/rustwide/target" "-e" "CARGO_INCREMENTAL=0" "-e" "RUST_BACKTRACE=full" "-e" "RUSTFLAGS=--cap-lints=warn" "-e" "RUSTDOCFLAGS=--cap-lints=warn" "-w" "/opt/rustwide/workdir" "--user" "0:0" "3994d75888d7deae303f59ed283b6a5aa1c0379fc9cd793bf9528493eee9f791" "/opt/rustwide/cargo-home/bin/cargo" "+1.99.0-beta.8" "test" "--frozen" "--no-run" "--message-format=json", kill_on_drop: false }`
[INFO] [stderr]    Compiling code-lite-rpc v0.1.0 (/opt/rustwide/workdir/crates/code-lite-rpc)
[INFO] [stderr]    Compiling code-lite-fs v0.1.0 (/opt/rustwide/workdir/crates/code-lite-fs)
[INFO] [stderr]    Compiling code-lite-core v0.1.0 (/opt/rustwide/workdir/crates/code-lite-core)
[INFO] [stderr]    Compiling xtask v0.1.0 (/opt/rustwide/workdir/crates/xtask)
[INFO] [stderr]    Compiling code-lite-storage v0.1.0 (/opt/rustwide/workdir/crates/code-lite-storage)
[INFO] [stderr]    Compiling code-lite-graph v0.1.0 (/opt/rustwide/workdir/crates/code-lite-graph)
[INFO] [stderr]    Compiling code-lite-app v0.1.0 (/opt/rustwide/workdir/crates/code-lite-app)
[INFO] [stderr]    Compiling code-lite-plugin v0.1.0 (/opt/rustwide/workdir/crates/code-lite-plugin)
[INFO] [stderr]    Compiling code-lite-lsp v0.1.0 (/opt/rustwide/workdir/crates/code-lite-lsp)
[INFO] [stderr]    Compiling code-lite-agent v0.1.0 (/opt/rustwide/workdir/crates/code-lite-agent)
[INFO] [stderr]    Compiling code-lite-ffi v0.1.0 (/opt/rustwide/workdir/crates/code-lite-ffi)
[INFO] [stderr]     Finished `test` profile [unoptimized + debuginfo] target(s) in 10.01s
[INFO] running `Command { std: "docker" "inspect" "3994d75888d7deae303f59ed283b6a5aa1c0379fc9cd793bf9528493eee9f791", kill_on_drop: false }`
[INFO] running `Command { std: "docker" "exec" "-e" "SOURCE_DIR=/opt/rustwide/workdir" "-e" "CARGO_HOME=/opt/rustwide/cargo-home" "-e" "RUSTUP_HOME=/opt/rustwide/rustup-home" "-e" "CARGO_TARGET_DIR=/opt/rustwide/target" "-e" "CARGO_INCREMENTAL=0" "-e" "RUST_BACKTRACE=full" "-e" "RUSTFLAGS=--cap-lints=warn" "-e" "RUSTDOCFLAGS=--cap-lints=warn" "-w" "/opt/rustwide/workdir" "--user" "0:0" "3994d75888d7deae303f59ed283b6a5aa1c0379fc9cd793bf9528493eee9f791" "/opt/rustwide/cargo-home/bin/cargo" "+1.99.0-beta.8" "test" "--frozen", kill_on_drop: false }`
[INFO] [stderr]     Finished `test` profile [unoptimized + debuginfo] target(s) in 0.15s
[INFO] [stderr]      Running unittests src/lib.rs (/opt/rustwide/target/debug/deps/code_lite_agent-9ed92c69153ba45e)
[INFO] [stdout] 
[INFO] [stdout] running 25 tests
[INFO] [stdout] test llm::tests::test_builtin_rule_provider_complete_non_stream ... ok
[INFO] [stdout] test llm::tests::test_builtin_rule_provider_complete_structured ... ok
[INFO] [stdout] test instructions::tests::test_instruction_scanner_finds_files_and_truncates ... ok
[INFO] [stdout] test llm::tests::test_builtin_rule_provider_stream ... ok
[INFO] [stdout] test observation::tests::test_observation_format_reflection ... ok
[INFO] [stdout] test fim::tests::test_fim_engine_complete_workflow ... ok
[INFO] [stdout] test permission::tests::test_risk_level_evaluation ... ok
[INFO] [stdout] test fim::tests::test_fim_heuristic_completions ... ok
[INFO] [stdout] test fim::tests::test_clean_completion_markdown_fences ... ok
[INFO] [stdout] test llm::tests::test_thinking_stream_parser_split_tags ... ok
[INFO] [stdout] test skill::tests::test_skill_matching_and_formatting ... ok
[INFO] [stdout] test planner::tests::test_plan_task_with_model_fallback_and_structured ... ok
[INFO] [stdout] test skill::tests::test_parse_skill_frontmatter_and_validation ... ok
[INFO] [stdout] test mcp::tests::test_mcp_registry_risk_inference_and_formatting ... ok
[INFO] [stdout] test multi_file::tests::test_topological_dependency_sorting ... ok
[INFO] [stdout] test llm::tests::test_openai_compatible_provider_fallback_when_offline ... ok
[INFO] [stdout] test permission::tests::test_approval_manager_suspends_critical_and_approves ... ok
[INFO] [stdout] test tool_runtime::tests::test_path_guard_rejects_escape_and_traversal ... ok
[INFO] [stdout] test tests::test_agent_low_and_medium_risk_flow_with_lsp_verify ... ok
[INFO] [stdout] test tests::test_agent_critical_permission_suspension_and_user_approval ... ok
[INFO] [stdout] test permission::tests::test_approval_manager_suspends_medium_and_rejects ... ok
[INFO] [stdout] test tool_runtime::tests::test_tool_runtime_session_lifecycle_and_rollback ... ok
[INFO] [stdout] test context_builder::tests::test_unified_context_synthesis ... ok
[INFO] [stdout] test tests::test_agent_self_healing_retry_and_rollback_on_invalid_syntax ... ok
[INFO] [stdout] test tool_runtime::tests::test_command_whitelist_security ... ok
[INFO] [stdout] 
[INFO] [stdout] test result: ok. 25 passed; 0 failed; 0 ignored; 0 measured; 0 filtered out; finished in 0.06s
[INFO] [stderr]      Running tests/integration_agent_flow.rs (/opt/rustwide/target/debug/deps/integration_agent_flow-370056e2b746b0bf)
[INFO] [stdout] 
[INFO] [stdout] 
[INFO] [stdout] running 7 tests
[INFO] [stdout] test test_path_guard_integration_security ... ok
[INFO] [stdout] test test_observation_feedback_and_replan ... ok
[INFO] [stdout] test test_agent_self_healing_retry_and_lsp_verification ... ok
[INFO] [stdout] test test_three_tier_permissions_and_approval_resolution ... ok
[INFO] [stdout] test test_multi_step_atomic_session_rollback ... ok
[INFO] [stderr]      Running unittests src/main.rs (/opt/rustwide/target/debug/deps/code_lite_app-d28b2f8f32cedc19)
[INFO] [stdout] test test_step_level_fine_grained_rollback ... ok
[INFO] [stdout] test test_phase10_memory_recording_and_context_engine_flow ... ok
[INFO] [stdout] 
[INFO] [stdout] test result: ok. 7 passed; 0 failed; 0 ignored; 0 measured; 0 filtered out; finished in 0.04s
[INFO] [stdout] 
[INFO] [stdout] 
[INFO] [stdout] running 0 tests
[INFO] [stdout] 
[INFO] [stdout] test result: ok. 0 passed; 0 failed; 0 ignored; 0 measured; 0 filtered out; finished in 0.00s
[INFO] [stdout] 
[INFO] [stderr]      Running unittests src/lib.rs (/opt/rustwide/target/debug/deps/code_lite_core-6beb2171547a56d9)
[INFO] [stdout] 
[INFO] [stdout] running 15 tests
[INFO] [stdout] test cursor::tests::test_cursor_navigation ... ok
[INFO] [stdout] test buffer::tests::test_buffer_slice_and_replace ... ok
[INFO] [stdout] test editor::tests::test_editor_dirty_and_cursor_selection ... ok
[INFO] [stdout] test cursor::tests::test_select_word ... ok
[INFO] [stdout] test editor::tests::test_editor_typing_and_backspace ... ok
[INFO] [stdout] test buffer::tests::test_buffer_basic_operations ... ok
[INFO] [stdout] test cursor::tests::test_multi_cursor_normalize ... ok
[INFO] [stdout] test buffer::tests::test_buffer_coordinates_mapping ... ok
[INFO] [stdout] test history::tests::test_undo_redo_cycle ... ok
[INFO] [stdout] test position::tests::test_point_ordering ... ok
[INFO] [stdout] test position::tests::test_range_contains_and_overlaps ... ok
[INFO] [stdout] test position::tests::test_range_normalized ... ok
[INFO] [stdout] test syntax::tests::test_line_tokenizer_classification ... ok
[INFO] [stdout] test syntax::tests::test_viewport_tokens_streaming ... ok
[INFO] [stdout] test history::tests::test_dirty_state_tracking ... ok
[INFO] [stderr]      Running unittests src/lib.rs (/opt/rustwide/target/debug/deps/codelite-c42a25fab7d5355b)
[INFO] [stdout] 
[INFO] [stdout] test result: ok. 15 passed; 0 failed; 0 ignored; 0 measured; 0 filtered out; finished in 0.01s
[INFO] [stdout] 
[INFO] [stdout] 
[INFO] [stdout] running 6 tests
[INFO] [stdout] test tests::test_phase11_ffi_updater_flow ... ok
[INFO] [stdout] test tests::test_phase12_ffi_plugin_flow ... ok
[INFO] [stdout] test tests::test_phase10_ffi_context_engine_and_memory ... ok
[INFO] [stdout] test tests::test_jsonrpc_call_all_methods ... ok
[INFO] [stdout] test tests::test_ffi_lifecycle_and_editor_undo_redo ... FAILED
[INFO] [stdout] test tests::test_phase5_llm_streaming_messages_and_git ... ok
[INFO] [stdout] 
[INFO] [stdout] failures:
[INFO] [stderr] error: test failed, to rerun pass `-p code-lite-ffi --lib`
[INFO] [stdout] 
[INFO] [stdout] ---- tests::test_ffi_lifecycle_and_editor_undo_redo stdout ----
[INFO] [stdout] 
[INFO] [stdout] thread 'tests::test_ffi_lifecycle_and_editor_undo_redo' (2121) panicked at crates/code-lite-ffi/src/lib.rs:2928:65:
[INFO] [stdout] called `Result::unwrap()` on an `Err` value: Os { code: 30, kind: ReadOnlyFilesystem, message: "Read-only file system" }
[INFO] [stdout] stack backtrace:
[INFO] [stdout]    0:     0x62a6e9d51aa1 - std[70759c8f55707aa4]::backtrace_rs::backtrace::libunwind::trace
[INFO] [stdout]                                at /rustc/dfb0accb7f508ae8be965d8629557221c889dd98/library/std/src/../../backtrace/src/backtrace/libunwind.rs:117:9
[INFO] [stdout]    1:     0x62a6e9d51aa1 - std[70759c8f55707aa4]::backtrace_rs::backtrace::trace_unsynchronized::<std[70759c8f55707aa4]::sys::backtrace::_print_fmt::{closure#1}>
[INFO] [stdout]                                at /rustc/dfb0accb7f508ae8be965d8629557221c889dd98/library/std/src/../../backtrace/src/backtrace/mod.rs:66:14
[INFO] [stdout]    2:     0x62a6e9d51aa1 - std[70759c8f55707aa4]::sys::backtrace::_print_fmt
[INFO] [stdout]                                at /rustc/dfb0accb7f508ae8be965d8629557221c889dd98/library/std/src/sys/backtrace.rs:74:9
[INFO] [stdout]    3:     0x62a6e9d51aa1 - <<std[70759c8f55707aa4]::sys::backtrace::BacktraceLock>::print::DisplayBacktrace as core[df12db4294e9bfd3]::fmt::Display>::fmt
[INFO] [stdout]                                at /rustc/dfb0accb7f508ae8be965d8629557221c889dd98/library/std/src/sys/backtrace.rs:44:26
[INFO] [stdout]    4:     0x62a6e9d69bea - <core[df12db4294e9bfd3]::fmt::rt::Argument>::fmt
[INFO] [stdout]                                at /rustc/dfb0accb7f508ae8be965d8629557221c889dd98/library/core/src/fmt/rt.rs:152:76
[INFO] [stdout]    5:     0x62a6e9d69bea - core[df12db4294e9bfd3]::fmt::write
[INFO] [stdout]    6:     0x62a6e9d569dc - core[df12db4294e9bfd3]::io::write::default_write_fmt::<alloc[2182bb758b4b3781]::vec::Vec<u8>>
[INFO] [stdout]                                at /rustc/dfb0accb7f508ae8be965d8629557221c889dd98/library/core/src/io/write.rs:402:11
[INFO] [stdout]    7:     0x62a6e9d569dc - <alloc[2182bb758b4b3781]::vec::Vec<u8> as core[df12db4294e9bfd3]::io::write::Write>::write_fmt
[INFO] [stdout]                                at /rustc/dfb0accb7f508ae8be965d8629557221c889dd98/library/core/src/io/write.rs:335:13
[INFO] [stdout]    8:     0x62a6e9d2a3b6 - <std[70759c8f55707aa4]::sys::backtrace::BacktraceLock>::print
[INFO] [stdout]                                at /rustc/dfb0accb7f508ae8be965d8629557221c889dd98/library/std/src/sys/backtrace.rs:47:9
[INFO] [stdout]    9:     0x62a6e9d2a3b6 - std[70759c8f55707aa4]::panicking::default_hook::{closure#0}
[INFO] [stdout]                                at /rustc/dfb0accb7f508ae8be965d8629557221c889dd98/library/std/src/panicking.rs:292:27
[INFO] [stdout]   10:     0x62a6e9d482b9 - std[70759c8f55707aa4]::panicking::default_hook
[INFO] [stdout]                                at /rustc/dfb0accb7f508ae8be965d8629557221c889dd98/library/std/src/panicking.rs:316:9
[INFO] [stdout]   11:     0x62a6e9554c70 - <alloc[2182bb758b4b3781]::boxed::Box<dyn for<'a, 'b> core[df12db4294e9bfd3]::ops::function::Fn<(&'a std[70759c8f55707aa4]::panic::PanicHookInfo<'b>,), Output = ()> + core[df12db4294e9bfd3]::marker::Send + core[df12db4294e9bfd3]::marker::Sync> as core[df12db4294e9bfd3]::ops::function::Fn<(&std[70759c8f55707aa4]::panic::PanicHookInfo,)>>::call
[INFO] [stdout]                                at /rustc/dfb0accb7f508ae8be965d8629557221c889dd98/library/alloc/src/boxed.rs:2334:9
[INFO] [stdout]   12:     0x62a6e9554c70 - test[9d35eded1c95d3be]::test_main_inner::<test[9d35eded1c95d3be]::test_main_static::{closure#0}>::{closure#0}
[INFO] [stdout]                                at /rustc/dfb0accb7f508ae8be965d8629557221c889dd98/library/test/src/lib.rs:155:21
[INFO] [stdout]   13:     0x62a6e9d485e2 - <alloc[2182bb758b4b3781]::boxed::Box<dyn for<'a, 'b> core[df12db4294e9bfd3]::ops::function::Fn<(&'a std[70759c8f55707aa4]::panic::PanicHookInfo<'b>,), Output = ()> + core[df12db4294e9bfd3]::marker::Send + core[df12db4294e9bfd3]::marker::Sync> as core[df12db4294e9bfd3]::ops::function::Fn<(&std[70759c8f55707aa4]::panic::PanicHookInfo,)>>::call
[INFO] [stdout]                                at /rustc/dfb0accb7f508ae8be965d8629557221c889dd98/library/alloc/src/boxed.rs:2334:9
[INFO] [stdout]   14:     0x62a6e9d485e2 - std[70759c8f55707aa4]::panicking::panic_with_hook
[INFO] [stdout]                                at /rustc/dfb0accb7f508ae8be965d8629557221c889dd98/library/std/src/panicking.rs:823:13
[INFO] [stdout]   15:     0x62a6e9d2a462 - std[70759c8f55707aa4]::panicking::panic_handler::{closure#0}
[INFO] [stdout]                                at /rustc/dfb0accb7f508ae8be965d8629557221c889dd98/library/std/src/panicking.rs:688:13
[INFO] [stdout]   16:     0x62a6e9d228d9 - std[70759c8f55707aa4]::sys::backtrace::__rust_end_short_backtrace::<std[70759c8f55707aa4]::panicking::panic_handler::{closure#0}, !>
[INFO] [stdout]                                at /rustc/dfb0accb7f508ae8be965d8629557221c889dd98/library/std/src/sys/backtrace.rs:182:18
[INFO] [stdout]   17:     0x62a6e9d2b16d - __rustc[8fa7c3cbc660c2b3]::rust_begin_unwind
[INFO] [stdout]                                at /rustc/dfb0accb7f508ae8be965d8629557221c889dd98/library/std/src/panicking.rs:679:5
[INFO] [stdout]   18:     0x62a6e9d6a48c - core[df12db4294e9bfd3]::panicking::panic_fmt
[INFO] [stdout]                                at /rustc/dfb0accb7f508ae8be965d8629557221c889dd98/library/core/src/panicking.rs:80:14
[INFO] [stdout]   19:     0x62a6e9d6a1e2 - core[df12db4294e9bfd3]::result::unwrap_failed
[INFO] [stdout]                                at /rustc/dfb0accb7f508ae8be965d8629557221c889dd98/library/core/src/result.rs:1871:5
[INFO] [stdout]   20:     0x62a6e94c08da - <core[df12db4294e9bfd3]::result::Result<(), core[df12db4294e9bfd3]::io::error::Error>>::unwrap
[INFO] [stdout]                                at /rustc/dfb0accb7f508ae8be965d8629557221c889dd98/library/core/src/result.rs:1232:23
[INFO] [stdout]   21:     0x62a6e94c08da - codelite[6aebb1c0f6fb073e]::tests::test_ffi_lifecycle_and_editor_undo_redo
[INFO] [stdout]                                at /opt/rustwide/workdir/crates/code-lite-ffi/src/lib.rs:2928:65
[INFO] [stdout]   22:     0x62a6e94b7d37 - codelite[6aebb1c0f6fb073e]::tests::test_ffi_lifecycle_and_editor_undo_redo::{closure#0}
[INFO] [stdout]                                at /opt/rustwide/workdir/crates/code-lite-ffi/src/lib.rs:2907:49
[INFO] [stdout]   23:     0x62a6e94fde06 - <codelite[6aebb1c0f6fb073e]::tests::test_ffi_lifecycle_and_editor_undo_redo::{closure#0} as core[df12db4294e9bfd3]::ops::function::FnOnce<()>>::call_once
[INFO] [stdout]                                at /rustc/dfb0accb7f508ae8be965d8629557221c889dd98/library/core/src/ops/function.rs:250:5
[INFO] [stdout]   24:     0x62a6e9547f5b - <fn() -> core[df12db4294e9bfd3]::result::Result<(), alloc[2182bb758b4b3781]::string::String> as core[df12db4294e9bfd3]::ops::function::FnOnce<()>>::call_once
[INFO] [stdout]                                at /rustc/dfb0accb7f508ae8be965d8629557221c889dd98/library/core/src/ops/function.rs:250:5
[INFO] [stdout]   25:     0x62a6e9547f5b - test[9d35eded1c95d3be]::__rust_begin_short_backtrace::<core[df12db4294e9bfd3]::result::Result<(), alloc[2182bb758b4b3781]::string::String>, fn() -> core[df12db4294e9bfd3]::result::Result<(), alloc[2182bb758b4b3781]::string::String>>
[INFO] [stdout]                                at /rustc/dfb0accb7f508ae8be965d8629557221c889dd98/library/test/src/lib.rs:733:18
[INFO] [stdout]   26:     0x62a6e95555c5 - test[9d35eded1c95d3be]::run_test_in_process::{closure#0}
[INFO] [stdout]                                at /rustc/dfb0accb7f508ae8be965d8629557221c889dd98/library/test/src/lib.rs:756:74
[INFO] [stdout]   27:     0x62a6e95555c5 - <core[df12db4294e9bfd3]::panic::unwind_safe::AssertUnwindSafe<test[9d35eded1c95d3be]::run_test_in_process::{closure#0}> as core[df12db4294e9bfd3]::ops::function::FnOnce<()>>::call_once
[INFO] [stdout]                                at /rustc/dfb0accb7f508ae8be965d8629557221c889dd98/library/core/src/panic/unwind_safe.rs:275:9
[INFO] [stdout]   28:     0x62a6e95555c5 - std[70759c8f55707aa4]::panicking::catch_unwind::do_call::<core[df12db4294e9bfd3]::panic::unwind_safe::AssertUnwindSafe<test[9d35eded1c95d3be]::run_test_in_process::{closure#0}>, core[df12db4294e9bfd3]::result::Result<(), alloc[2182bb758b4b3781]::string::String>>
[INFO] [stdout]                                at /rustc/dfb0accb7f508ae8be965d8629557221c889dd98/library/std/src/panicking.rs:576:43
[INFO] [stdout]   29:     0x62a6e95555c5 - std[70759c8f55707aa4]::panicking::catch_unwind::<core[df12db4294e9bfd3]::result::Result<(), alloc[2182bb758b4b3781]::string::String>, core[df12db4294e9bfd3]::panic::unwind_safe::AssertUnwindSafe<test[9d35eded1c95d3be]::run_test_in_process::{closure#0}>>
[INFO] [stdout]                                at /rustc/dfb0accb7f508ae8be965d8629557221c889dd98/library/std/src/panicking.rs:544:19
[INFO] [stdout]   30:     0x62a6e95555c5 - std[70759c8f55707aa4]::panic::catch_unwind::<core[df12db4294e9bfd3]::panic::unwind_safe::AssertUnwindSafe<test[9d35eded1c95d3be]::run_test_in_process::{closure#0}>, core[df12db4294e9bfd3]::result::Result<(), alloc[2182bb758b4b3781]::string::String>>
[INFO] [stdout]                                at /rustc/dfb0accb7f508ae8be965d8629557221c889dd98/library/std/src/panic.rs:359:14
[INFO] [stdout]   31:     0x62a6e95555c5 - test[9d35eded1c95d3be]::run_test_in_process
[INFO] [stdout]                                at /rustc/dfb0accb7f508ae8be965d8629557221c889dd98/library/test/src/lib.rs:756:27
[INFO] [stdout]   32:     0x62a6e95555c5 - test[9d35eded1c95d3be]::run_test::{closure#0}
[INFO] [stdout]                                at /rustc/dfb0accb7f508ae8be965d8629557221c889dd98/library/test/src/lib.rs:677:43
[INFO] [stdout]   33:     0x62a6e954ee84 - test[9d35eded1c95d3be]::run_test::{closure#1}
[INFO] [stdout]                                at /rustc/dfb0accb7f508ae8be965d8629557221c889dd98/library/test/src/lib.rs:707:41
[INFO] [stdout]   34:     0x62a6e954ee84 - std[70759c8f55707aa4]::sys::backtrace::__rust_begin_short_backtrace::<test[9d35eded1c95d3be]::run_test::{closure#1}, ()>
[INFO] [stdout]                                at /rustc/dfb0accb7f508ae8be965d8629557221c889dd98/library/std/src/sys/backtrace.rs:166:18
[INFO] [stdout]   35:     0x62a6e9558722 - std[70759c8f55707aa4]::thread::lifecycle::spawn_unchecked::<test[9d35eded1c95d3be]::run_test::{closure#1}, ()>::{closure#1}::{closure#0}
[INFO] [stdout]                                at /rustc/dfb0accb7f508ae8be965d8629557221c889dd98/library/std/src/thread/lifecycle.rs:70:13
[INFO] [stdout]   36:     0x62a6e9558722 - <core[df12db4294e9bfd3]::panic::unwind_safe::AssertUnwindSafe<std[70759c8f55707aa4]::thread::lifecycle::spawn_unchecked<test[9d35eded1c95d3be]::run_test::{closure#1}, ()>::{closure#1}::{closure#0}> as core[df12db4294e9bfd3]::ops::function::FnOnce<()>>::call_once
[INFO] [stdout]                                at /rustc/dfb0accb7f508ae8be965d8629557221c889dd98/library/core/src/panic/unwind_safe.rs:275:9
[INFO] [stdout]   37:     0x62a6e9558722 - std[70759c8f55707aa4]::panicking::catch_unwind::do_call::<core[df12db4294e9bfd3]::panic::unwind_safe::AssertUnwindSafe<std[70759c8f55707aa4]::thread::lifecycle::spawn_unchecked<test[9d35eded1c95d3be]::run_test::{closure#1}, ()>::{closure#1}::{closure#0}>, ()>
[INFO] [stdout]                                at /rustc/dfb0accb7f508ae8be965d8629557221c889dd98/library/std/src/panicking.rs:576:43
[INFO] [stdout]   38:     0x62a6e9558722 - std[70759c8f55707aa4]::panicking::catch_unwind::<(), core[df12db4294e9bfd3]::panic::unwind_safe::AssertUnwindSafe<std[70759c8f55707aa4]::thread::lifecycle::spawn_unchecked<test[9d35eded1c95d3be]::run_test::{closure#1}, ()>::{closure#1}::{closure#0}>>
[INFO] [stdout]                                at /rustc/dfb0accb7f508ae8be965d8629557221c889dd98/library/std/src/panicking.rs:544:19
[INFO] [stdout]   39:     0x62a6e9558722 - std[70759c8f55707aa4]::panic::catch_unwind::<core[df12db4294e9bfd3]::panic::unwind_safe::AssertUnwindSafe<std[70759c8f55707aa4]::thread::lifecycle::spawn_unchecked<test[9d35eded1c95d3be]::run_test::{closure#1}, ()>::{closure#1}::{closure#0}>, ()>
[INFO] [stdout]                                at /rustc/dfb0accb7f508ae8be965d8629557221c889dd98/library/std/src/panic.rs:359:14
[INFO] [stdout]   40:     0x62a6e9558722 - std[70759c8f55707aa4]::thread::lifecycle::spawn_unchecked::<test[9d35eded1c95d3be]::run_test::{closure#1}, ()>::{closure#1}
[INFO] [stdout]                                at /rustc/dfb0accb7f508ae8be965d8629557221c889dd98/library/std/src/thread/lifecycle.rs:68:26
[INFO] [stdout]   41:     0x62a6e9558722 - <std[70759c8f55707aa4]::thread::lifecycle::spawn_unchecked<test[9d35eded1c95d3be]::run_test::{closure#1}, ()>::{closure#1} as core[df12db4294e9bfd3]::ops::function::FnOnce<()>>::call_once::{shim:vtable#0}
[INFO] [stdout]                                at /rustc/dfb0accb7f508ae8be965d8629557221c889dd98/library/core/src/ops/function.rs:250:5
[INFO] [stdout]   42:     0x62a6e9d50d49 - <alloc[2182bb758b4b3781]::boxed::Box<dyn core[df12db4294e9bfd3]::ops::function::FnOnce<(), Output = ()> + core[df12db4294e9bfd3]::marker::Send> as core[df12db4294e9bfd3]::ops::function::FnOnce<()>>::call_once
[INFO] [stdout]                                at /rustc/dfb0accb7f508ae8be965d8629557221c889dd98/library/alloc/src/boxed.rs:2320:9
[INFO] [stdout]   43:     0x62a6e9d50d49 - <std[70759c8f55707aa4]::sys::thread::unix::Thread>::new::thread_start
[INFO] [stdout]                                at /rustc/dfb0accb7f508ae8be965d8629557221c889dd98/library/std/src/sys/thread/unix.rs:123:17
[INFO] [stdout]   44:     0x7524fac85dfa - <unknown>
[INFO] [stdout]   45:     0x7524fad193d4 - clone
[INFO] [stdout]   46:                0x0 - <unknown>
[INFO] [stdout] 
[INFO] [stdout] 
[INFO] [stdout] failures:
[INFO] [stdout]     tests::test_ffi_lifecycle_and_editor_undo_redo
[INFO] [stdout] 
[INFO] [stdout] test result: FAILED. 5 passed; 1 failed; 0 ignored; 0 measured; 0 filtered out; finished in 0.20s
[INFO] [stdout] 
[INFO] running `Command { std: "docker" "inspect" "3994d75888d7deae303f59ed283b6a5aa1c0379fc9cd793bf9528493eee9f791", kill_on_drop: false }`
[INFO] running `Command { std: "docker" "rm" "-f" "3994d75888d7deae303f59ed283b6a5aa1c0379fc9cd793bf9528493eee9f791", kill_on_drop: false }`
[INFO] [stdout] 3994d75888d7deae303f59ed283b6a5aa1c0379fc9cd793bf9528493eee9f791
