[INFO] cloning repository https://github.com/fantoine/agix
[INFO] running `Command { std: "git" "-c" "credential.helper=" "-c" "credential.helper=/workspace/cargo-home/bin/git-credential-null" "clone" "--bare" "https://github.com/fantoine/agix" "/workspace/cache/git-repos/https%3A%2F%2Fgithub.com%2Ffantoine%2Fagix", kill_on_drop: false }`
[INFO] [stderr] Cloning into bare repository '/workspace/cache/git-repos/https%3A%2F%2Fgithub.com%2Ffantoine%2Fagix'...
[INFO] running `Command { std: "git" "rev-parse" "HEAD", kill_on_drop: false }`
[INFO] [stdout] 86b1f8e9e2b23a46b7bb2cb2e07b167a16ba3ebd
[INFO] testing fantoine/agix against 1.100.0-beta.1 for beta-1.100-2
[INFO] running `Command { std: "git" "clone" "/workspace/cache/git-repos/https%3A%2F%2Fgithub.com%2Ffantoine%2Fagix" "/workspace/builds/worker-3-tc2/source", kill_on_drop: false }`
[INFO] [stderr] Cloning into '/workspace/builds/worker-3-tc2/source'...
[INFO] [stderr] done.
[INFO] started tweaking git repo https://github.com/fantoine/agix
[INFO] finished tweaking git repo https://github.com/fantoine/agix
[INFO] tweaked toml for git repo https://github.com/fantoine/agix written to /workspace/builds/worker-3-tc2/source/Cargo.toml
[INFO] validating manifest of git repo https://github.com/fantoine/agix on toolchain 1.100.0-beta.1
[INFO] running `Command { std: CARGO_HOME="/workspace/cargo-home" RUSTUP_HOME="/workspace/rustup-home" "/workspace/cargo-home/bin/cargo" "+1.100.0-beta.1" "metadata" "--manifest-path" "Cargo.toml" "--no-deps", kill_on_drop: false }`
[INFO] crate git repo https://github.com/fantoine/agix already has a lockfile, it will not be regenerated
[INFO] running `Command { std: CARGO_HOME="/workspace/cargo-home" RUSTUP_HOME="/workspace/rustup-home" "/workspace/cargo-home/bin/cargo" "+1.100.0-beta.1" "fetch" "--manifest-path" "Cargo.toml", kill_on_drop: false }`
[INFO] [stderr] warning: `package.homepage` is redundant with `package.repository`
[INFO] [stderr]   --> Cargo.toml:53:12
[INFO] [stderr]    |
[INFO] [stderr] 53 | homepage = "https://github.com/fantoine/agix"
[INFO] [stderr]    |            ^^^^^^^^^^^^^^^^^^^^^^^^^^^^^^^^^^
[INFO] [stderr] ...
[INFO] [stderr] 56 | repository = "https://github.com/fantoine/agix"
[INFO] [stderr]    |              ----------------------------------
[INFO] [stderr]    |
[INFO] [stderr]    = note: `cargo::redundant_homepage` is set to `warn` by default
[INFO] [stderr] help: consider removing `package.homepage`
[INFO] [stderr] warning: `agix` (manifest) generated 1 warning
[INFO] running `Command { std: "docker" "create" "-v" "/var/lib/crater-agent-workspace/builds/worker-3-tc2/source:/opt/rustwide/workdir:ro,Z" "-v" "/var/lib/crater-agent-workspace/builds/worker-3-tc2/target:/opt/rustwide/target:rw,Z" "-v" "/var/lib/crater-agent-workspace/cargo-home:/opt/rustwide/cargo-home:ro,Z" "-v" "/var/lib/crater-agent-workspace/rustup-home:/opt/rustwide/rustup-home:ro,Z" "-m" "1610612736" "--network" "none" "ghcr.io/rust-lang/crates-build-env/linux@sha256:3111399a4047eeb3a02b7a90e478d715f38a8c6669b5c4b49d30a17385265909" "sleep" "infinity", kill_on_drop: false }`
[INFO] [stdout] d8400a3c8a7c6fc6b66573ef88003836909e5e36bf0031279ad2d30a1743ad5e
[INFO] running `Command { std: "docker" "start" "d8400a3c8a7c6fc6b66573ef88003836909e5e36bf0031279ad2d30a1743ad5e", kill_on_drop: false }`
[INFO] running `Command { std: "docker" "inspect" "d8400a3c8a7c6fc6b66573ef88003836909e5e36bf0031279ad2d30a1743ad5e", kill_on_drop: false }`
[INFO] running `Command { std: "docker" "exec" "-e" "SOURCE_DIR=/opt/rustwide/workdir" "-e" "CARGO_HOME=/opt/rustwide/cargo-home" "-e" "RUSTUP_HOME=/opt/rustwide/rustup-home" "-e" "CARGO_TARGET_DIR=/opt/rustwide/target" "-w" "/opt/rustwide/workdir" "--user" "0:0" "d8400a3c8a7c6fc6b66573ef88003836909e5e36bf0031279ad2d30a1743ad5e" "/opt/rustwide/cargo-home/bin/cargo" "+1.100.0-beta.1" "metadata" "--no-deps" "--format-version=1", kill_on_drop: false }`
[INFO] running `Command { std: "docker" "inspect" "d8400a3c8a7c6fc6b66573ef88003836909e5e36bf0031279ad2d30a1743ad5e", kill_on_drop: false }`
[INFO] running `Command { std: "docker" "exec" "-e" "SOURCE_DIR=/opt/rustwide/workdir" "-e" "CARGO_HOME=/opt/rustwide/cargo-home" "-e" "RUSTUP_HOME=/opt/rustwide/rustup-home" "-e" "CARGO_TARGET_DIR=/opt/rustwide/target" "-e" "CARGO_INCREMENTAL=0" "-e" "RUST_BACKTRACE=full" "-e" "RUSTFLAGS=--cap-lints=warn" "-e" "RUSTDOCFLAGS=--cap-lints=warn" "-w" "/opt/rustwide/workdir" "--user" "0:0" "d8400a3c8a7c6fc6b66573ef88003836909e5e36bf0031279ad2d30a1743ad5e" "/opt/rustwide/cargo-home/bin/cargo" "+1.100.0-beta.1" "build" "--frozen" "--message-format=json", kill_on_drop: false }`
[INFO] [stderr] warning: `package.homepage` is redundant with `package.repository`
[INFO] [stderr]   --> Cargo.toml:53:12
[INFO] [stderr]    |
[INFO] [stderr] 53 | homepage = "https://github.com/fantoine/agix"
[INFO] [stderr]    |            ^^^^^^^^^^^^^^^^^^^^^^^^^^^^^^^^^^
[INFO] [stderr] ...
[INFO] [stderr] 56 | repository = "https://github.com/fantoine/agix"
[INFO] [stderr]    |              ----------------------------------
[INFO] [stderr]    |
[INFO] [stderr]    = note: `cargo::redundant_homepage` is set to `warn` by default
[INFO] [stderr] help: consider removing `package.homepage`
[INFO] [stderr] warning: `agix` (manifest) generated 1 warning
[INFO] [stderr]    Compiling libc v0.2.185
[INFO] [stderr]    Compiling proc-macro2 v1.0.106
[INFO] [stderr]    Compiling quote v1.0.45
[INFO] [stderr]    Compiling pkg-config v0.3.33
[INFO] [stderr]    Compiling vcpkg v0.2.15
[INFO] [stderr]    Compiling smallvec v1.15.1
[INFO] [stderr]    Compiling typenum v1.19.0
[INFO] [stderr]    Compiling bytes v1.11.1
[INFO] [stderr]    Compiling futures-core v0.3.32
[INFO] [stderr]    Compiling bitflags v2.11.1
[INFO] [stderr]    Compiling serde_core v1.0.228
[INFO] [stderr]    Compiling litemap v0.8.2
[INFO] [stderr]    Compiling writeable v0.6.3
[INFO] [stderr]    Compiling hashbrown v0.17.0
[INFO] [stderr]    Compiling icu_normalizer_data v2.2.0
[INFO] [stderr]    Compiling icu_properties_data v2.2.0
[INFO] [stderr]    Compiling http v1.4.0
[INFO] [stderr]    Compiling serde v1.0.228
[INFO] [stderr]    Compiling log v0.4.29
[INFO] [stderr]    Compiling syn v2.0.117
[INFO] [stderr]    Compiling generic-array v0.14.7
[INFO] [stderr]    Compiling openssl v0.10.77
[INFO] [stderr]    Compiling foreign-types-shared v0.1.1
[INFO] [stderr]    Compiling indexmap v2.14.0
[INFO] [stderr]    Compiling futures-sink v0.3.32
[INFO] [stderr]    Compiling futures-task v0.3.32
[INFO] [stderr]    Compiling foreign-types v0.3.2
[INFO] [stderr]    Compiling native-tls v0.2.18
[INFO] [stderr]    Compiling futures-util v0.3.32
[INFO] [stderr]    Compiling crc32fast v1.5.0
[INFO] [stderr]    Compiling futures-channel v0.3.32
[INFO] [stderr]    Compiling jobserver v0.1.34
[INFO] [stderr]    Compiling errno v0.3.14
[INFO] [stderr]    Compiling parking_lot_core v0.9.12
[INFO] [stderr]    Compiling signal-hook-registry v1.4.8
[INFO] [stderr]    Compiling cc v1.2.60
[INFO] [stderr]    Compiling parking_lot v0.12.5
[INFO] [stderr]    Compiling socket2 v0.6.3
[INFO] [stderr]    Compiling mio v1.2.0
[INFO] [stderr]    Compiling crypto-common v0.1.7
[INFO] [stderr]    Compiling http-body v1.0.1
[INFO] [stderr]    Compiling block-buffer v0.10.4
[INFO] [stderr]    Compiling digest v0.10.7
[INFO] [stderr]    Compiling simd-adler32 v0.3.9
[INFO] [stderr]    Compiling zstd-safe v7.2.4
[INFO] [stderr]    Compiling inout v0.1.4
[INFO] [stderr]    Compiling sync_wrapper v1.0.2
[INFO] [stderr]    Compiling getrandom v0.4.2
[INFO] [stderr]    Compiling ipnet v2.12.0
[INFO] [stderr]    Compiling getrandom v0.3.4
[INFO] [stderr]    Compiling memchr v2.8.0
[INFO] [stderr]    Compiling adler2 v2.0.1
[INFO] [stderr]    Compiling portable-atomic v1.13.1
[INFO] [stderr]    Compiling rustix v1.1.4
[INFO] [stderr]    Compiling serde_json v1.0.149
[INFO] [stderr]    Compiling powerfmt v0.2.0
[INFO] [stderr]    Compiling unicode-width v0.2.2
[INFO] [stderr]    Compiling crc-catalog v2.4.0
[INFO] [stderr]    Compiling rustix v0.38.44
[INFO] [stderr]    Compiling deranged v0.5.8
[INFO] [stderr]    Compiling console v0.15.11
[INFO] [stderr]    Compiling crc v3.4.0
[INFO] [stderr]    Compiling miniz_oxide v0.8.9
[INFO] [stderr]    Compiling cipher v0.4.4
[INFO] [stderr]    Compiling hmac v0.12.1
[INFO] [stderr]    Compiling http-body-util v0.1.3
[INFO] [stderr]    Compiling toml_write v0.1.2
[INFO] [stderr]    Compiling openssl-sys v0.9.113
[INFO] [stderr]    Compiling libz-sys v1.1.28
[INFO] [stderr]    Compiling zstd-sys v2.0.16+zstd.1.5.7
[INFO] [stderr]    Compiling libssh2-sys v0.3.1
[INFO] [stderr]    Compiling lzma-sys v0.1.20
[INFO] [stderr]    Compiling bzip2-sys v0.1.13+1.0.8
[INFO] [stderr]    Compiling libgit2-sys v0.17.0+1.8.1
[INFO] [stderr]    Compiling blake3 v1.8.4
[INFO] [stderr]    Compiling time-core v0.1.8
[INFO] [stderr]    Compiling num-conv v0.2.1
[INFO] [stderr]    Compiling zip v2.4.2
[INFO] [stderr]    Compiling linux-raw-sys v0.12.1
[INFO] [stderr]    Compiling winnow v0.7.15
[INFO] [stderr]    Compiling linux-raw-sys v0.4.15
[INFO] [stderr]    Compiling bumpalo v3.20.2
[INFO] [stderr]    Compiling iri-string v0.7.12
[INFO] [stderr]    Compiling zopfli v0.8.3
[INFO] [stderr]    Compiling clap_builder v4.6.0
[INFO] [stderr]    Compiling synstructure v0.13.2
[INFO] [stderr]    Compiling time v0.3.47
[INFO] [stderr]    Compiling lzma-rs v0.3.0
[INFO] [stderr]    Compiling anyhow v1.0.102
[INFO] [stderr]    Compiling dirs-sys v0.4.1
[INFO] [stderr]    Compiling xz2 v0.1.7
[INFO] [stderr]    Compiling zerofrom-derive v0.1.7
[INFO] [stderr]    Compiling yoke-derive v0.8.2
[INFO] [stderr]    Compiling zerovec-derive v0.11.3
[INFO] [stderr]    Compiling displaydoc v0.2.5
[INFO] [stderr]    Compiling tokio-macros v2.7.0
[INFO] [stderr]    Compiling serde_derive v1.0.228
[INFO] [stderr]    Compiling openssl-macros v0.1.1
[INFO] [stderr]    Compiling zerofrom v0.1.7
[INFO] [stderr]    Compiling tokio v1.52.0
[INFO] [stderr]    Compiling yoke v0.8.2
[INFO] [stderr]    Compiling zerovec v0.11.6
[INFO] [stderr]    Compiling zerotrie v0.2.4
[INFO] [stderr]    Compiling zeroize_derive v1.4.3
[INFO] [stderr]    Compiling tinystr v0.8.3
[INFO] [stderr]    Compiling potential_utf v0.1.5
[INFO] [stderr]    Compiling icu_locale_core v2.2.0
[INFO] [stderr]    Compiling icu_collections v2.2.0
[INFO] [stderr]    Compiling zeroize v1.8.2
[INFO] [stderr]    Compiling thiserror-impl v1.0.69
[INFO] [stderr]    Compiling thiserror-impl v2.0.18
[INFO] [stderr]    Compiling icu_provider v2.2.0
[INFO] [stderr]    Compiling icu_properties v2.2.0
[INFO] [stderr]    Compiling icu_normalizer v2.2.0
[INFO] [stderr]    Compiling thiserror v2.0.18
[INFO] [stderr]    Compiling thiserror v1.0.69
[INFO] [stderr]    Compiling rustls-pki-types v1.14.0
[INFO] [stderr]    Compiling clap_derive v4.6.1
[INFO] [stderr]    Compiling idna_adapter v1.2.1
[INFO] [stderr]    Compiling idna v1.1.0
[INFO] [stderr]    Compiling toml_datetime v0.6.11
[INFO] [stderr]    Compiling url v2.5.8
[INFO] [stderr]    Compiling serde_spanned v0.6.9
[INFO] [stderr]    Compiling toml_edit v0.22.27
[INFO] [stderr]    Compiling serde_urlencoded v0.7.1
[INFO] [stderr]    Compiling bzip2 v0.5.2
[INFO] [stderr]    Compiling flate2 v1.1.9
[INFO] [stderr]    Compiling aes v0.8.4
[INFO] [stderr]    Compiling pbkdf2 v0.12.2
[INFO] [stderr]    Compiling sha1 v0.10.6
[INFO] [stderr]    Compiling tokio-util v0.7.18
[INFO] [stderr]    Compiling tokio-native-tls v0.3.1
[INFO] [stderr]    Compiling tower v0.5.3
[INFO] [stderr]    Compiling h2 v0.4.13
[INFO] [stderr]    Compiling tower-http v0.6.8
[INFO] [stderr]    Compiling constant_time_eq v0.3.1
[INFO] [stderr]    Compiling either v1.15.0
[INFO] [stderr]    Compiling zstd v0.13.3
[INFO] [stderr]    Compiling deflate64 v0.1.12
[INFO] [stderr]    Compiling home v0.5.12
[INFO] [stderr]    Compiling shell-words v1.1.1
[INFO] [stderr]    Compiling fastrand v2.4.1
[INFO] [stderr]    Compiling same-file v1.0.6
[INFO] [stderr]    Compiling arrayvec v0.7.6
[INFO] [stderr]    Compiling number_prefix v0.4.0
[INFO] [stderr]    Compiling indicatif v0.17.11
[INFO] [stderr]    Compiling tempfile v3.27.0
[INFO] [stderr]    Compiling walkdir v2.5.0
[INFO] [stderr]    Compiling dialoguer v0.11.0
[INFO] [stderr]    Compiling toml v0.8.23
[INFO] [stderr]    Compiling which v6.0.3
[INFO] [stderr]    Compiling clap v4.6.1
[INFO] [stderr]    Compiling async-trait v0.1.89
[INFO] [stderr]    Compiling dirs v5.0.1
[INFO] [stderr]    Compiling hyper v1.9.0
[INFO] [stderr]    Compiling hyper-util v0.1.20
[INFO] [stderr]    Compiling hyper-tls v0.6.0
[INFO] [stderr]    Compiling reqwest v0.12.28
[INFO] [stderr]    Compiling git2 v0.19.0
[INFO] [stderr]    Compiling agix v0.2.0 (/opt/rustwide/workdir)
[INFO] [stderr] warning: unused dependency `indicatif`
[INFO] [stderr]   --> Cargo.toml:11:1
[INFO] [stderr]    |
[INFO] [stderr] 11 | indicatif = "0.17"
[INFO] [stderr]    | ^^^^^^^^^^^^^^^^^^
[INFO] [stderr]    |
[INFO] [stderr]    = note: `cargo::unused_dependencies` is set to `warn` by default
[INFO] [stderr] help: consider removing the dependency on `indicatif`
[INFO] [stderr] warning: `agix` (manifest) generated 1 warning
[INFO] [stderr]     Finished `dev` profile [unoptimized + debuginfo] target(s) in 2m 59s
[INFO] running `Command { std: "docker" "inspect" "d8400a3c8a7c6fc6b66573ef88003836909e5e36bf0031279ad2d30a1743ad5e", kill_on_drop: false }`
[INFO] running `Command { std: "docker" "exec" "-e" "SOURCE_DIR=/opt/rustwide/workdir" "-e" "CARGO_HOME=/opt/rustwide/cargo-home" "-e" "RUSTUP_HOME=/opt/rustwide/rustup-home" "-e" "CARGO_TARGET_DIR=/opt/rustwide/target" "-e" "CARGO_INCREMENTAL=0" "-e" "RUST_BACKTRACE=full" "-e" "RUSTFLAGS=--cap-lints=warn" "-e" "RUSTDOCFLAGS=--cap-lints=warn" "-w" "/opt/rustwide/workdir" "--user" "0:0" "d8400a3c8a7c6fc6b66573ef88003836909e5e36bf0031279ad2d30a1743ad5e" "/opt/rustwide/cargo-home/bin/cargo" "+1.100.0-beta.1" "test" "--frozen" "--no-run" "--message-format=json", kill_on_drop: false }`
[INFO] [stderr] warning: `package.homepage` is redundant with `package.repository`
[INFO] [stderr]   --> Cargo.toml:53:12
[INFO] [stderr]    |
[INFO] [stderr] 53 | homepage = "https://github.com/fantoine/agix"
[INFO] [stderr]    |            ^^^^^^^^^^^^^^^^^^^^^^^^^^^^^^^^^^
[INFO] [stderr] ...
[INFO] [stderr] 56 | repository = "https://github.com/fantoine/agix"
[INFO] [stderr]    |              ----------------------------------
[INFO] [stderr]    |
[INFO] [stderr]    = note: `cargo::redundant_homepage` is set to `warn` by default
[INFO] [stderr] help: consider removing `package.homepage`
[INFO] [stderr] warning: `agix` (manifest) generated 1 warning
[INFO] [stderr]    Compiling hyper v1.9.0
[INFO] [stderr]    Compiling aho-corasick v1.1.4
[INFO] [stderr]    Compiling autocfg v1.5.0
[INFO] [stderr]    Compiling regex-syntax v0.8.10
[INFO] [stderr]    Compiling zerocopy v0.8.48
[INFO] [stderr]    Compiling rand_core v0.9.5
[INFO] [stderr]    Compiling predicates-core v1.0.10
[INFO] [stderr]    Compiling normalize-line-endings v0.3.0
[INFO] [stderr]    Compiling difflib v0.4.0
[INFO] [stderr]    Compiling assert_cmd v2.2.0
[INFO] [stderr]    Compiling termtree v0.5.1
[INFO] [stderr]    Compiling predicates-tree v1.0.13
[INFO] [stderr]    Compiling assert-json-diff v2.0.2
[INFO] [stderr]    Compiling num-traits v0.2.19
[INFO] [stderr]    Compiling wait-timeout v0.2.1
[INFO] [stderr]    Compiling similar v2.7.0
[INFO] [stderr]    Compiling colored v3.1.1
[INFO] [stderr]    Compiling float-cmp v0.10.0
[INFO] [stderr]    Compiling hyper-util v0.1.20
[INFO] [stderr]    Compiling regex-automata v0.4.14
[INFO] [stderr]    Compiling hyper-tls v0.6.0
[INFO] [stderr]    Compiling reqwest v0.12.28
[INFO] [stderr]    Compiling agix v0.2.0 (/opt/rustwide/workdir)
[INFO] [stderr]    Compiling ppv-lite86 v0.2.21
[INFO] [stderr]    Compiling rand_chacha v0.9.0
[INFO] [stderr]    Compiling regex v1.12.3
[INFO] [stderr]    Compiling bstr v1.12.1
[INFO] [stderr]    Compiling rand v0.9.4
[INFO] [stderr]    Compiling predicates v3.1.4
[INFO] [stderr]    Compiling mockito v1.7.2
[INFO] [stderr] warning: unused dependency `indicatif`
[INFO] [stderr]   --> Cargo.toml:11:1
[INFO] [stderr]    |
[INFO] [stderr] 11 | indicatif = "0.17"
[INFO] [stderr]    | ^^^^^^^^^^^^^^^^^^
[INFO] [stderr]    |
[INFO] [stderr]    = note: `cargo::unused_dependencies` is set to `warn` by default
[INFO] [stderr] help: consider removing the dependency on `indicatif`
[INFO] [stderr] warning: `agix` (manifest) generated 1 warning
[INFO] [stderr]     Finished `test` profile [unoptimized + debuginfo] target(s) in 1m 05s
[INFO] running `Command { std: "docker" "inspect" "d8400a3c8a7c6fc6b66573ef88003836909e5e36bf0031279ad2d30a1743ad5e", kill_on_drop: false }`
[INFO] running `Command { std: "docker" "exec" "-e" "SOURCE_DIR=/opt/rustwide/workdir" "-e" "CARGO_HOME=/opt/rustwide/cargo-home" "-e" "RUSTUP_HOME=/opt/rustwide/rustup-home" "-e" "CARGO_TARGET_DIR=/opt/rustwide/target" "-e" "CARGO_INCREMENTAL=0" "-e" "RUST_BACKTRACE=full" "-e" "RUSTFLAGS=--cap-lints=warn" "-e" "RUSTDOCFLAGS=--cap-lints=warn" "-w" "/opt/rustwide/workdir" "--user" "0:0" "d8400a3c8a7c6fc6b66573ef88003836909e5e36bf0031279ad2d30a1743ad5e" "/opt/rustwide/cargo-home/bin/cargo" "+1.100.0-beta.1" "test" "--frozen", kill_on_drop: false }`
[INFO] [stderr] warning: `package.homepage` is redundant with `package.repository`
[INFO] [stderr]   --> Cargo.toml:53:12
[INFO] [stderr]    |
[INFO] [stderr] 53 | homepage = "https://github.com/fantoine/agix"
[INFO] [stderr]    |            ^^^^^^^^^^^^^^^^^^^^^^^^^^^^^^^^^^
[INFO] [stderr] ...
[INFO] [stderr] 56 | repository = "https://github.com/fantoine/agix"
[INFO] [stderr]    |              ----------------------------------
[INFO] [stderr]    |
[INFO] [stderr]    = note: `cargo::redundant_homepage` is set to `warn` by default
[INFO] [stderr] help: consider removing `package.homepage`
[INFO] [stderr] warning: `agix` (manifest) generated 1 warning
[INFO] [stderr] warning: unused dependency `indicatif`
[INFO] [stderr]   --> Cargo.toml:11:1
[INFO] [stderr]    |
[INFO] [stderr] 11 | indicatif = "0.17"
[INFO] [stderr]    | ^^^^^^^^^^^^^^^^^^
[INFO] [stderr]    |
[INFO] [stderr]    = note: `cargo::unused_dependencies` is set to `warn` by default
[INFO] [stderr] help: consider removing the dependency on `indicatif`
[INFO] [stderr] warning: `agix` (manifest) generated 1 warning
[INFO] [stderr]     Finished `test` profile [unoptimized + debuginfo] target(s) in 0.53s
[INFO] [stderr]      Running unittests src/lib.rs (/opt/rustwide/target/debug/build/agix/1e696f96b75950a9/out/agix-1e696f96b75950a9)
[INFO] [stdout] 
[INFO] [stdout] running 50 tests
[INFO] [stdout] test commands::tests::find_project_root_finds_self ... ok
[INFO] [stdout] test commands::tests::find_project_root_returns_none_when_missing ... ok
[INFO] [stdout] test drivers::claude::tests::parse_marketplace_list_tolerates_extra_fields ... ok
[INFO] [stdout] test commands::tests::find_project_root_inner_wins_over_outer ... ok
[INFO] [stdout] test drivers::claude::tests::installs_skills_to_correct_path ... ok
[INFO] [stdout] test drivers::claude::tests::find_alias_matches_by_repo_not_by_name ... ok
[INFO] [stdout] test core::resolver::tests::excludes_filtered_cli ... ok
[INFO] [stdout] test core::resolver::tests::resolves_cli_specific_deps ... ok
[INFO] [stdout] test commands::tests::find_project_root_finds_parent ... ok
[INFO] [stdout] test sources::git::tests::detect_git_support_reports_libgit2_version ... ok
[INFO] [stdout] test core::resolver::tests::shared_dep_goes_to_all_active_clis ... ok
[INFO] [stdout] test drivers::tests::scope_display ... ok
[INFO] [stdout] test drivers::codex::tests::installs_to_managed_directory ... ok
[INFO] [stdout] test drivers::claude::tests::parse_plugin_list_extracts_id ... ok
[INFO] [stdout] test drivers::claude::tests::uninstall_removes_files ... ok
[INFO] [stdout] test sources::github::tests::explicit_override_wins_over_env_var ... ok
[INFO] [stdout] test sources::github::tests::fetch_github_creates_dest ... ok
[INFO] [stdout] test sources::github::tests::defaults_when_env_var_unset ... ok
[INFO] [stdout] test sources::git::tests::resolve_ref_exact_sha_shortcircuits ... ok
[INFO] [stdout] test sources::github::tests::env_var_overrides_default_bases ... ok
[INFO] [stdout] test sources::github::tests::parse_org_repo_invalid ... ok
[INFO] [stdout] test sources::github::tests::parse_org_repo_valid ... ok
[INFO] [stdout] test sources::github::tests::resolve_exact_40_hex_sha_returns_directly ... ok
[INFO] [stdout] test sources::local::tests::fetch_local_source_copies_files ... ok
[INFO] [stdout] test sources::local::tests::content_hash_changes_on_modification ... ok
[INFO] [stdout] test sources::tests::as_marketplace_is_some_only_for_marketplace ... ok
[INFO] [stdout] test sources::tests::canonical_roundtrips_through_parse ... ok
[INFO] [stdout] test sources::tests::local_path_exposes_path_only_for_local ... ok
[INFO] [stdout] test sources::tests::parse_git_source ... ok
[INFO] [stdout] test sources::tests::parse_github_source ... ok
[INFO] [stdout] test sources::tests::parse_github_source_no_ref ... ok
[INFO] [stdout] test sources::tests::parse_local_source ... ok
[INFO] [stdout] test sources::tests::parse_local_suggested_name_strips_trailing_slash ... ok
[INFO] [stdout] test sources::tests::parse_marketplace_source ... ok
[INFO] [stdout] test sources::tests::parse_marketplace_without_plugin_fails ... ok
[INFO] [stdout] test sources::tests::parse_missing_scheme_fails ... ok
[INFO] [stdout] test sources::tests::parse_unknown_scheme_fails ... ok
[INFO] [stdout] test sources::tests::scheme_names_lists_all_registered ... ok
[INFO] [stdout] test ui::prompt::tests::non_interactive_deduplicates_preselect ... ok
[INFO] [stdout] test ui::prompt::tests::non_interactive_empty_preselect_returns_empty ... ok
[INFO] [stdout] test ui::prompt::tests::non_interactive_passes_through_known_clis ... ok
[INFO] [stdout] test ui::prompt::tests::non_interactive_preserves_order ... ok
[INFO] [stdout] test ui::prompt::tests::non_interactive_rejects_unknown_cli ... ok
[INFO] [stdout] test sources::tests::parse_routes_to_correct_scheme ... ok
[INFO] [stdout] test sources::git::tests::resolve_ref_falls_back_to_head ... ok
[INFO] [stdout] test sources::git::tests::resolve_ref_finds_tag ... ok
[INFO] [stdout] test sources::github::tests::resolve_tag_returns_sha ... ok
[INFO] [stdout] test sources::github::tests::resolve_branch_falls_back_when_tag_missing ... ok
[INFO] [stdout] test sources::git::tests::fetch_local_git_repo ... ok
[INFO] [stdout] test sources::github::tests::fetch_uses_web_base_for_archive ... ok
[INFO] [stdout] 
[INFO] [stdout] test result: ok. 50 passed; 0 failed; 0 ignored; 0 measured; 0 filtered out; finished in 0.24s
[INFO] [stdout] 
[INFO] [stderr]      Running unittests src/main.rs (/opt/rustwide/target/debug/build/agix/e954207cb17ec865/out/agix-e954207cb17ec865)
[INFO] [stdout] 
[INFO] [stdout] running 0 tests
[INFO] [stdout] 
[INFO] [stdout] test result: ok. 0 passed; 0 failed; 0 ignored; 0 measured; 0 filtered out; finished in 0.00s
[INFO] [stdout] 
[INFO] [stderr]      Running tests/add_test.rs (/opt/rustwide/target/debug/build/agix/6a2ca4fa61f14980/out/add_test-6a2ca4fa61f14980)
[INFO] [stdout] 
[INFO] [stdout] running 19 tests
[INFO] [stdout] test step13_add_same_local_twice_warns_and_overwrites ... ok
[INFO] [stdout] test step13_add_same_cli_scoped_twice_warns_and_overwrites ... ok
[INFO] [stdout] test regression_global_auto_init_honors_non_interactive_env_var ... ok
[INFO] [stdout] test step11_add_without_local_agentfile_falls_back_to_global ... ok
[INFO] [stdout] test regression_add_marketplace_does_not_install_sibling_deps ... ok
[INFO] [stdout] test step14_suggested_name_local_strips_extension_and_uses_basename ... ok
[INFO] [stdout] test step3_add_local_single_cli_writes_per_cli_section ... ok
[INFO] [stdout] test step2_add_local_shared_dep_writes_to_top_level_dependencies ... ok
[INFO] [stdout] test step10_add_marketplace_global_scope_auto_inits_non_interactively ... ok
[INFO] [stdout] test step4_add_local_multi_cli_writes_under_each_section ... ok
[INFO] [stdout] test step14_suggested_name_marketplace_uses_plugin_name ... ok
[INFO] [stdout] test step9_add_marketplace_local_scope_invokes_claude_shim ... ok
[INFO] [stdout] test step8_add_git_from_local_bare_repo_succeeds ... ok
[INFO] [stdout] test step14_suggested_name_git_uses_last_path_minus_dotgit ... ok
[INFO] [stdout] test step12_add_unknown_source_type_errors_with_known_schemes_listed ... ok
[INFO] [stdout] test step5_add_local_unknown_cli_errors_with_known_drivers_listed ... ok
[INFO] [stdout] test regression_marketplace_total_failure_returns_nonzero ... ok
[INFO] [stdout] test step7_add_github_with_at_ref_fetches_tag_sha ... ok
[INFO] [stdout] test step6_add_github_without_version_fetches_head_sha ... ok
[INFO] [stdout] 
[INFO] [stdout] test result: ok. 19 passed; 0 failed; 0 ignored; 0 measured; 0 filtered out; finished in 0.64s
[INFO] [stdout] 
[INFO] [stderr]      Running tests/agentfile_test.rs (/opt/rustwide/target/debug/build/agix/dd4a2fa9f27f9de8/out/agentfile_test-dd4a2fa9f27f9de8)
[INFO] [stdout] 
[INFO] [stdout] running 3 tests
[INFO] [stdout] test parse_minimal_project_manifest ... ok
[INFO] [stdout] test parse_project_manifest ... ok
[INFO] [stdout] test parse_package_manifest ... ok
[INFO] [stdout] 
[INFO] [stdout] test result: ok. 3 passed; 0 failed; 0 ignored; 0 measured; 0 filtered out; finished in 0.02s
[INFO] [stdout] 
[INFO] [stderr]      Running tests/check_test.rs (/opt/rustwide/target/debug/build/agix/d5cf086024bb07e8/out/check_test-d5cf086024bb07e8)
[INFO] [stdout] 
[INFO] [stdout] running 9 tests
[INFO] [stdout] test check_unknown_cli_warns_but_succeeds ... ok
[INFO] [stdout] test check_valid_package_manifest ... ok
[INFO] [stdout] test check_valid_project_manifest ... ok
[INFO] [stdout] test check_unparseable_top_level_dep_source_fails ... ok
[INFO] [stdout] test check_package_missing_version_fails ... ok
[INFO] [stdout] test check_missing_cli_fails ... ok
[INFO] [stdout] test check_invalid_toml_reports_line_col ... ok
[INFO] [stdout] test check_missing_agentfile_fails ... ok
[INFO] [stdout] test check_unparseable_per_cli_dep_source_fails ... ok
[INFO] [stdout] 
[INFO] [stdout] test result: ok. 9 passed; 0 failed; 0 ignored; 0 measured; 0 filtered out; finished in 0.44s
[INFO] [stdout] 
[INFO] [stderr]      Running tests/doctor_test.rs (/opt/rustwide/target/debug/build/agix/5968135ebb270380/out/doctor_test-5968135ebb270380)
[INFO] [stdout] 
[INFO] [stdout] running 10 tests
[INFO] [stdout] test step4_doctor_reports_local_codex_config_when_dot_codex_exists ... ok
[INFO] [stdout] test step3_doctor_reports_local_claude_config_when_dot_claude_exists ... ok
[INFO] [stdout] test regression_doctor_warns_on_missing_installed_file ... ok
[INFO] [stdout] test step5_doctor_reports_agentfile_status_when_valid ... ok
[INFO] [stdout] test regression_doctor_reports_all_present_when_tracked_files_exist ... ok
[INFO] [stdout] test step2_doctor_without_local_agentfile_falls_back_to_global ... ok
[INFO] [stdout] test step8_doctor_labels_marketplace_packages_as_cli_managed ... ok
[INFO] [stdout] test step2_doctor_lists_every_registered_driver_with_detection_state ... ok
[INFO] [stdout] test step7_doctor_without_lock_reports_no_lock_file ... ok
[INFO] [stdout] test step6_doctor_with_broken_agentfile_reports_parse_error_and_exits_nonzero ... ok
[INFO] [stdout] 
[INFO] [stdout] test result: ok. 10 passed; 0 failed; 0 ignored; 0 measured; 0 filtered out; finished in 0.17s
[INFO] [stdout] 
[INFO] [stderr]      Running tests/export_roundtrip_test.rs (/opt/rustwide/target/debug/build/agix/422fbc99beac61b1/out/export_roundtrip_test-422fbc99beac61b1)
[INFO] [stdout] 
[INFO] [stdout] running 1 test
[INFO] [stdout] test export_zip_is_self_contained_and_installable ... ok
[INFO] [stdout] 
[INFO] [stdout] test result: ok. 1 passed; 0 failed; 0 ignored; 0 measured; 0 filtered out; finished in 0.24s
[INFO] [stdout] 
[INFO] [stderr]      Running tests/export_test.rs (/opt/rustwide/target/debug/build/agix/fcd23388ff1b73f3/out/export_test-fcd23388ff1b73f3)
[INFO] [stdout] 
[INFO] [stdout] running 8 tests
[INFO] [stdout] test step5_export_without_agentfile_falls_back_to_global ... ok
[INFO] [stdout] test step4b_export_all_with_only_global_warns_and_succeeds ... ok
[INFO] [stdout] test step2_export_default_filename_writes_agix_export_zip_in_cwd ... ok
[INFO] [stdout] test step4_export_all_produces_zip_with_both_scopes ... ok
[INFO] [stdout] test step7_export_preserves_github_source_verbatim ... ok
[INFO] [stdout] test step8_export_preserves_marketplace_source_verbatim ... ok
[INFO] [stderr]      Running tests/init_test.rs (/opt/rustwide/target/debug/build/agix/475c596dac0a2764/out/init_test-475c596dac0a2764)
[INFO] [stdout] test step4c_export_all_vendors_local_deps_under_scope_prefix ... ok
[INFO] [stdout] test export_creates_zip_with_agentfile ... ok
[INFO] [stdout] 
[INFO] [stdout] test result: ok. 8 passed; 0 failed; 0 ignored; 0 measured; 0 filtered out; finished in 0.05s
[INFO] [stdout] 
[INFO] [stdout] 
[INFO] [stdout] running 9 tests
[INFO] [stdout] test init_rejects_unknown_flag_scope ... ok
[INFO] [stdout] test global_scope_auto_inits_agentfile_if_missing ... ok
[INFO] [stdout] test init_creates_agentfile ... ok
[INFO] [stdout] test init_global_scope_creates_home_agentfile ... ok
[INFO] [stdout] test init_deduplicates_repeated_cli_flags ... ok
[INFO] [stdout] test init_with_preselected_clis_writes_them_to_agentfile ... ok
[INFO] [stdout] test init_fails_if_already_initialized ... ok
[INFO] [stderr]      Running tests/install_test.rs (/opt/rustwide/target/debug/build/agix/41d86c386f4181c1/out/install_test-41d86c386f4181c1)
[INFO] [stdout] test init_global_scope_fails_if_already_initialized ... ok
[INFO] [stdout] test init_rejects_unknown_cli ... ok
[INFO] [stdout] 
[INFO] [stdout] test result: ok. 9 passed; 0 failed; 0 ignored; 0 measured; 0 filtered out; finished in 0.28s
[INFO] [stdout] 
[INFO] [stdout] 
[INFO] [stdout] running 14 tests
[INFO] [stdout] test regression_marketplace_reinstall_already_installed_is_silent_success ... ok
[INFO] [stdout] test step11_install_when_claude_not_detected_warns_but_installs ... ok
[INFO] [stdout] test step2_fresh_install_of_full_pkg_copies_all_subdirs ... ok
[INFO] [stdout] test install_command_from_agentfile ... ok
[INFO] [stdout] test step7_cli_specific_deps_do_not_cross_contaminate ... ok
[INFO] [stdout] test step3_install_twice_is_idempotent ... ok
[INFO] [stdout] test step12_post_install_hook_executes ... ok
[INFO] [stdout] test step4_reinstall_after_source_change_updates_content_hash_and_rewrites_file ... ok
[INFO] [stdout] test step9_install_without_local_agentfile_falls_back_to_global ... ok
[INFO] [stdout] test step8_shared_dep_with_exclude_codex_only_installs_for_claude ... ok
[INFO] [stdout] test step10_install_with_invalid_source_names_the_dep ... ok
[INFO] [stdout] test install_local_package_for_claude ... FAILED
[INFO] [stdout] test step5_install_git_dep_with_version_branch_checks_out_that_ref ... ok
[INFO] [stdout] test step6_install_mixed_local_git_and_marketplace_sources ... ok
[INFO] [stdout] 
[INFO] [stdout] failures:
[INFO] [stdout] 
[INFO] [stdout] ---- install_local_package_for_claude stdout ----
[INFO] [stdout]   ⚠ CLI 'claude' not detected — installing 'my-pkg' anyway; files will be picked up once 'claude' is installed
[INFO] [stdout] 
[INFO] [stdout] thread 'install_local_package_for_claude' (4768) panicked at tests/install_test.rs:41:10:
[INFO] [stdout] called `Result::unwrap()` on an `Err` value: Io(Os { code: 30, kind: ReadOnlyFilesystem, message: "Read-only file system" })
[INFO] [stdout] stack backtrace:
[INFO] [stdout]    0:     0x581c7f309e71 - std[617be2ca0a6fd877]::backtrace_rs::backtrace::libunwind::trace
[INFO] [stdout]                                at /rustc/e3feeb59cd1bdd011a2bfcc0747b55125d9b8527/library/std/src/../../backtrace/src/backtrace/libunwind.rs:117:9
[INFO] [stdout]    1:     0x581c7f309e71 - std[617be2ca0a6fd877]::backtrace_rs::backtrace::trace_unsynchronized::<std[617be2ca0a6fd877]::sys::backtrace::_print_fmt::{closure#1}>
[INFO] [stdout]                                at /rustc/e3feeb59cd1bdd011a2bfcc0747b55125d9b8527/library/std/src/../../backtrace/src/backtrace/mod.rs:66:14
[INFO] [stdout]    2:     0x581c7f309e71 - std[617be2ca0a6fd877]::sys::backtrace::_print_fmt
[INFO] [stdout]                                at /rustc/e3feeb59cd1bdd011a2bfcc0747b55125d9b8527/library/std/src/sys/backtrace.rs:74:9
[INFO] [stdout]    3:     0x581c7f309e71 - <<std[617be2ca0a6fd877]::sys::backtrace::BacktraceLock>::print::DisplayBacktrace as core[a373ad73a504971]::fmt::Display>::fmt
[INFO] [stdout]                                at /rustc/e3feeb59cd1bdd011a2bfcc0747b55125d9b8527/library/std/src/sys/backtrace.rs:44:26
[INFO] [stdout]    4:     0x581c7f32322a - <core[a373ad73a504971]::fmt::rt::Argument>::fmt
[INFO] [stdout]                                at /rustc/e3feeb59cd1bdd011a2bfcc0747b55125d9b8527/library/core/src/fmt/rt.rs:152:76
[INFO] [stdout]    5:     0x581c7f32322a - core[a373ad73a504971]::fmt::write
[INFO] [stdout]    6:     0x581c7f3100bc - core[a373ad73a504971]::io::write::default_write_fmt::<alloc[2e1b2a31b91974c5]::vec::Vec<u8>>
[INFO] [stdout]                                at /rustc/e3feeb59cd1bdd011a2bfcc0747b55125d9b8527/library/core/src/io/write.rs:402:11
[INFO] [stdout]    7:     0x581c7f3100bc - <alloc[2e1b2a31b91974c5]::vec::Vec<u8> as core[a373ad73a504971]::io::write::Write>::write_fmt
[INFO] [stdout]                                at /rustc/e3feeb59cd1bdd011a2bfcc0747b55125d9b8527/library/core/src/io/write.rs:335:13
[INFO] [stdout]    8:     0x581c7f2e0da6 - <std[617be2ca0a6fd877]::sys::backtrace::BacktraceLock>::print
[INFO] [stdout]                                at /rustc/e3feeb59cd1bdd011a2bfcc0747b55125d9b8527/library/std/src/sys/backtrace.rs:47:9
[INFO] [stdout]    9:     0x581c7f2e0da6 - std[617be2ca0a6fd877]::panicking::default_hook::{closure#0}
[INFO] [stdout]                                at /rustc/e3feeb59cd1bdd011a2bfcc0747b55125d9b8527/library/std/src/panicking.rs:289:27
[INFO] [stdout]   10:     0x581c7f2ffa09 - std[617be2ca0a6fd877]::panicking::default_hook
[INFO] [stdout]                                at /rustc/e3feeb59cd1bdd011a2bfcc0747b55125d9b8527/library/std/src/panicking.rs:313:9
[INFO] [stdout]   11:     0x581c7eabbb20 - <alloc[2e1b2a31b91974c5]::boxed::Box<dyn for<'a, 'b> core[a373ad73a504971]::ops::function::Fn<(&'a std[617be2ca0a6fd877]::panic::PanicHookInfo<'b>,), Output = ()> + core[a373ad73a504971]::marker::Sync + core[a373ad73a504971]::marker::Send> as core[a373ad73a504971]::ops::function::Fn<(&std[617be2ca0a6fd877]::panic::PanicHookInfo,)>>::call
[INFO] [stdout]                                at /rustc/e3feeb59cd1bdd011a2bfcc0747b55125d9b8527/library/alloc/src/boxed.rs:2328:9
[INFO] [stdout]   12:     0x581c7eabbb20 - test[aada8e7e76ba119b]::test_main_inner::{closure#0}
[INFO] [stdout]                                at /rustc/e3feeb59cd1bdd011a2bfcc0747b55125d9b8527/library/test/src/lib.rs:137:21
[INFO] [stdout]   13:     0x581c7f2ffd32 - <alloc[2e1b2a31b91974c5]::boxed::Box<dyn for<'a, 'b> core[a373ad73a504971]::ops::function::Fn<(&'a std[617be2ca0a6fd877]::panic::PanicHookInfo<'b>,), Output = ()> + core[a373ad73a504971]::marker::Sync + core[a373ad73a504971]::marker::Send> as core[a373ad73a504971]::ops::function::Fn<(&std[617be2ca0a6fd877]::panic::PanicHookInfo,)>>::call
[INFO] [stdout]                                at /rustc/e3feeb59cd1bdd011a2bfcc0747b55125d9b8527/library/alloc/src/boxed.rs:2328:9
[INFO] [stdout]   14:     0x581c7f2ffd32 - std[617be2ca0a6fd877]::panicking::panic_with_hook
[INFO] [stdout]                                at /rustc/e3feeb59cd1bdd011a2bfcc0747b55125d9b8527/library/std/src/panicking.rs:819:13
[INFO] [stdout]   15:     0x581c7f2e0e52 - std[617be2ca0a6fd877]::panicking::panic_handler::{closure#0}
[INFO] [stdout]                                at /rustc/e3feeb59cd1bdd011a2bfcc0747b55125d9b8527/library/std/src/panicking.rs:685:13
[INFO] [stdout]   16:     0x581c7f2d95a9 - std[617be2ca0a6fd877]::sys::backtrace::__rust_end_short_backtrace::<std[617be2ca0a6fd877]::panicking::panic_handler::{closure#0}, !>
[INFO] [stdout]                                at /rustc/e3feeb59cd1bdd011a2bfcc0747b55125d9b8527/library/std/src/sys/backtrace.rs:182:18
[INFO] [stdout]   17:     0x581c7f2e1dad - __rustc[ea4f61d10b84890b]::rust_begin_unwind
[INFO] [stdout]                                at /rustc/e3feeb59cd1bdd011a2bfcc0747b55125d9b8527/library/std/src/panicking.rs:676:5
[INFO] [stdout]   18:     0x581c7f323acc - core[a373ad73a504971]::panicking::panic_fmt
[INFO] [stdout]                                at /rustc/e3feeb59cd1bdd011a2bfcc0747b55125d9b8527/library/core/src/panicking.rs:80:14
[INFO] [stdout]   19:     0x581c7f323822 - core[a373ad73a504971]::result::unwrap_failed
[INFO] [stdout]                                at /rustc/e3feeb59cd1bdd011a2bfcc0747b55125d9b8527/library/core/src/result.rs:1870:5
[INFO] [stdout]   20:     0x581c7ea96fe1 - <core[a373ad73a504971]::result::Result<(), agix[70d76a4997d094e5]::error::AgixError>>::unwrap
[INFO] [stdout]                                at /rustc/e3feeb59cd1bdd011a2bfcc0747b55125d9b8527/library/core/src/result.rs:1232:23
[INFO] [stdout]   21:     0x581c7ea96fe1 - install_test[d7b1e48f6d58ab73]::install_local_package_for_claude::{closure#0}
[INFO] [stdout]                                at /opt/rustwide/workdir/tests/install_test.rs:41:10
[INFO] [stdout]   22:     0x581c7eaae8d2 - <core[a373ad73a504971]::pin::Pin<&mut dyn core[a373ad73a504971]::future::future::Future<Output = ()>> as core[a373ad73a504971]::future::future::Future>::poll
[INFO] [stdout]                                at /rustc/e3feeb59cd1bdd011a2bfcc0747b55125d9b8527/library/core/src/future/future.rs:133:9
[INFO] [stdout]   23:     0x581c7eaae94d - <core[a373ad73a504971]::pin::Pin<&mut core[a373ad73a504971]::pin::Pin<&mut dyn core[a373ad73a504971]::future::future::Future<Output = ()>>> as core[a373ad73a504971]::future::future::Future>::poll
[INFO] [stdout]                                at /rustc/e3feeb59cd1bdd011a2bfcc0747b55125d9b8527/library/core/src/future/future.rs:133:9
[INFO] [stdout]   24:     0x581c7eaadb0d - <tokio[49f89a849a041b3c]::runtime::scheduler::current_thread::CoreGuard>::block_on::<core[a373ad73a504971]::pin::Pin<&mut core[a373ad73a504971]::pin::Pin<&mut dyn core[a373ad73a504971]::future::future::Future<Output = ()>>>>::{closure#0}::{closure#0}::{closure#0}
[INFO] [stdout]                                at /opt/rustwide/cargo-home/registry/src/index.crates.io-1949cf8c6b5b557f/tokio-1.52.0/src/runtime/scheduler/current_thread/mod.rs:778:70
[INFO] [stdout]   25:     0x581c7eaada35 - tokio[49f89a849a041b3c]::task::coop::with_budget::<core[a373ad73a504971]::task::poll::Poll<()>, <tokio[49f89a849a041b3c]::runtime::scheduler::current_thread::CoreGuard>::block_on<core[a373ad73a504971]::pin::Pin<&mut core[a373ad73a504971]::pin::Pin<&mut dyn core[a373ad73a504971]::future::future::Future<Output = ()>>>>::{closure#0}::{closure#0}::{closure#0}>
[INFO] [stdout]                                at /opt/rustwide/cargo-home/registry/src/index.crates.io-1949cf8c6b5b557f/tokio-1.52.0/src/task/coop/mod.rs:167:5
[INFO] [stdout]   26:     0x581c7eaada35 - tokio[49f89a849a041b3c]::task::coop::budget::<core[a373ad73a504971]::task::poll::Poll<()>, <tokio[49f89a849a041b3c]::runtime::scheduler::current_thread::CoreGuard>::block_on<core[a373ad73a504971]::pin::Pin<&mut core[a373ad73a504971]::pin::Pin<&mut dyn core[a373ad73a504971]::future::future::Future<Output = ()>>>>::{closure#0}::{closure#0}::{closure#0}>
[INFO] [stdout]                                at /opt/rustwide/cargo-home/registry/src/index.crates.io-1949cf8c6b5b557f/tokio-1.52.0/src/task/coop/mod.rs:133:5
[INFO] [stdout]   27:     0x581c7eaada35 - <tokio[49f89a849a041b3c]::runtime::scheduler::current_thread::CoreGuard>::block_on::<core[a373ad73a504971]::pin::Pin<&mut core[a373ad73a504971]::pin::Pin<&mut dyn core[a373ad73a504971]::future::future::Future<Output = ()>>>>::{closure#0}::{closure#0}
[INFO] [stdout]                                at /opt/rustwide/cargo-home/registry/src/index.crates.io-1949cf8c6b5b557f/tokio-1.52.0/src/runtime/scheduler/current_thread/mod.rs:778:25
[INFO] [stdout]   28:     0x581c7eaa8002 - <tokio[49f89a849a041b3c]::runtime::scheduler::current_thread::Context>::enter::<core[a373ad73a504971]::task::poll::Poll<()>, <tokio[49f89a849a041b3c]::runtime::scheduler::current_thread::CoreGuard>::block_on<core[a373ad73a504971]::pin::Pin<&mut core[a373ad73a504971]::pin::Pin<&mut dyn core[a373ad73a504971]::future::future::Future<Output = ()>>>>::{closure#0}::{closure#0}>
[INFO] [stdout]                                at /opt/rustwide/cargo-home/registry/src/index.crates.io-1949cf8c6b5b557f/tokio-1.52.0/src/runtime/scheduler/current_thread/mod.rs:451:19
[INFO] [stdout]   29:     0x581c7eaaceed - <tokio[49f89a849a041b3c]::runtime::scheduler::current_thread::CoreGuard>::block_on::<core[a373ad73a504971]::pin::Pin<&mut core[a373ad73a504971]::pin::Pin<&mut dyn core[a373ad73a504971]::future::future::Future<Output = ()>>>>::{closure#0}
[INFO] [stdout]                                at /opt/rustwide/cargo-home/registry/src/index.crates.io-1949cf8c6b5b557f/tokio-1.52.0/src/runtime/scheduler/current_thread/mod.rs:777:44
[INFO] [stdout]   30:     0x581c7eaac194 - <tokio[49f89a849a041b3c]::runtime::scheduler::current_thread::CoreGuard>::enter::<<tokio[49f89a849a041b3c]::runtime::scheduler::current_thread::CoreGuard>::block_on<core[a373ad73a504971]::pin::Pin<&mut core[a373ad73a504971]::pin::Pin<&mut dyn core[a373ad73a504971]::future::future::Future<Output = ()>>>>::{closure#0}, core[a373ad73a504971]::option::Option<()>>::{closure#0}
[INFO] [stdout]                                at /opt/rustwide/cargo-home/registry/src/index.crates.io-1949cf8c6b5b557f/tokio-1.52.0/src/runtime/scheduler/current_thread/mod.rs:865:68
[INFO] [stdout]   31:     0x581c7eaa745b - <tokio[49f89a849a041b3c]::runtime::context::scoped::Scoped<tokio[49f89a849a041b3c]::runtime::scheduler::Context>>::set::<<tokio[49f89a849a041b3c]::runtime::scheduler::current_thread::CoreGuard>::enter<<tokio[49f89a849a041b3c]::runtime::scheduler::current_thread::CoreGuard>::block_on<core[a373ad73a504971]::pin::Pin<&mut core[a373ad73a504971]::pin::Pin<&mut dyn core[a373ad73a504971]::future::future::Future<Output = ()>>>>::{closure#0}, core[a373ad73a504971]::option::Option<()>>::{closure#0}, (alloc[2e1b2a31b91974c5]::boxed::Box<tokio[49f89a849a041b3c]::runtime::scheduler::current_thread::Core>, core[a373ad73a504971]::option::Option<()>)>
[INFO] [stdout]                                at /opt/rustwide/cargo-home/registry/src/index.crates.io-1949cf8c6b5b557f/tokio-1.52.0/src/runtime/context/scoped.rs:40:9
[INFO] [stdout]   32:     0x581c7ea94c99 - tokio[49f89a849a041b3c]::runtime::context::set_scheduler::<(alloc[2e1b2a31b91974c5]::boxed::Box<tokio[49f89a849a041b3c]::runtime::scheduler::current_thread::Core>, core[a373ad73a504971]::option::Option<()>), <tokio[49f89a849a041b3c]::runtime::scheduler::current_thread::CoreGuard>::enter<<tokio[49f89a849a041b3c]::runtime::scheduler::current_thread::CoreGuard>::block_on<core[a373ad73a504971]::pin::Pin<&mut core[a373ad73a504971]::pin::Pin<&mut dyn core[a373ad73a504971]::future::future::Future<Output = ()>>>>::{closure#0}, core[a373ad73a504971]::option::Option<()>>::{closure#0}>::{closure#0}
[INFO] [stdout]                                at /opt/rustwide/cargo-home/registry/src/index.crates.io-1949cf8c6b5b557f/tokio-1.52.0/src/runtime/context.rs:181:38
[INFO] [stdout]   33:     0x581c7ea9306f - <std[617be2ca0a6fd877]::thread::local::LocalKey<tokio[49f89a849a041b3c]::runtime::context::Context>>::try_with::<tokio[49f89a849a041b3c]::runtime::context::set_scheduler<(alloc[2e1b2a31b91974c5]::boxed::Box<tokio[49f89a849a041b3c]::runtime::scheduler::current_thread::Core>, core[a373ad73a504971]::option::Option<()>), <tokio[49f89a849a041b3c]::runtime::scheduler::current_thread::CoreGuard>::enter<<tokio[49f89a849a041b3c]::runtime::scheduler::current_thread::CoreGuard>::block_on<core[a373ad73a504971]::pin::Pin<&mut core[a373ad73a504971]::pin::Pin<&mut dyn core[a373ad73a504971]::future::future::Future<Output = ()>>>>::{closure#0}, core[a373ad73a504971]::option::Option<()>>::{closure#0}>::{closure#0}, (alloc[2e1b2a31b91974c5]::boxed::Box<tokio[49f89a849a041b3c]::runtime::scheduler::current_thread::Core>, core[a373ad73a504971]::option::Option<()>)>
[INFO] [stdout]                                at /rustc/e3feeb59cd1bdd011a2bfcc0747b55125d9b8527/library/std/src/thread/local.rs:463:12
[INFO] [stdout]   34:     0x581c7ea92c1e - <std[617be2ca0a6fd877]::thread::local::LocalKey<tokio[49f89a849a041b3c]::runtime::context::Context>>::with::<tokio[49f89a849a041b3c]::runtime::context::set_scheduler<(alloc[2e1b2a31b91974c5]::boxed::Box<tokio[49f89a849a041b3c]::runtime::scheduler::current_thread::Core>, core[a373ad73a504971]::option::Option<()>), <tokio[49f89a849a041b3c]::runtime::scheduler::current_thread::CoreGuard>::enter<<tokio[49f89a849a041b3c]::runtime::scheduler::current_thread::CoreGuard>::block_on<core[a373ad73a504971]::pin::Pin<&mut core[a373ad73a504971]::pin::Pin<&mut dyn core[a373ad73a504971]::future::future::Future<Output = ()>>>>::{closure#0}, core[a373ad73a504971]::option::Option<()>>::{closure#0}>::{closure#0}, (alloc[2e1b2a31b91974c5]::boxed::Box<tokio[49f89a849a041b3c]::runtime::scheduler::current_thread::Core>, core[a373ad73a504971]::option::Option<()>)>
[INFO] [stdout]                                at /rustc/e3feeb59cd1bdd011a2bfcc0747b55125d9b8527/library/std/src/thread/local.rs:427:20
[INFO] [stdout]   35:     0x581c7ea941bd - tokio[49f89a849a041b3c]::runtime::context::set_scheduler::<(alloc[2e1b2a31b91974c5]::boxed::Box<tokio[49f89a849a041b3c]::runtime::scheduler::current_thread::Core>, core[a373ad73a504971]::option::Option<()>), <tokio[49f89a849a041b3c]::runtime::scheduler::current_thread::CoreGuard>::enter<<tokio[49f89a849a041b3c]::runtime::scheduler::current_thread::CoreGuard>::block_on<core[a373ad73a504971]::pin::Pin<&mut core[a373ad73a504971]::pin::Pin<&mut dyn core[a373ad73a504971]::future::future::Future<Output = ()>>>>::{closure#0}, core[a373ad73a504971]::option::Option<()>>::{closure#0}>
[INFO] [stdout]                                at /opt/rustwide/cargo-home/registry/src/index.crates.io-1949cf8c6b5b557f/tokio-1.52.0/src/runtime/context.rs:181:17
[INFO] [stdout]   36:     0x581c7eaa9e60 - <tokio[49f89a849a041b3c]::runtime::scheduler::current_thread::CoreGuard>::enter::<<tokio[49f89a849a041b3c]::runtime::scheduler::current_thread::CoreGuard>::block_on<core[a373ad73a504971]::pin::Pin<&mut core[a373ad73a504971]::pin::Pin<&mut dyn core[a373ad73a504971]::future::future::Future<Output = ()>>>>::{closure#0}, core[a373ad73a504971]::option::Option<()>>
[INFO] [stdout]                                at /opt/rustwide/cargo-home/registry/src/index.crates.io-1949cf8c6b5b557f/tokio-1.52.0/src/runtime/scheduler/current_thread/mod.rs:865:27
[INFO] [stdout]   37:     0x581c7eaaa156 - <tokio[49f89a849a041b3c]::runtime::scheduler::current_thread::CoreGuard>::block_on::<core[a373ad73a504971]::pin::Pin<&mut core[a373ad73a504971]::pin::Pin<&mut dyn core[a373ad73a504971]::future::future::Future<Output = ()>>>>
[INFO] [stdout]                                at /opt/rustwide/cargo-home/registry/src/index.crates.io-1949cf8c6b5b557f/tokio-1.52.0/src/runtime/scheduler/current_thread/mod.rs:765:24
[INFO] [stdout]   38:     0x581c7eaabca0 - <tokio[49f89a849a041b3c]::runtime::scheduler::current_thread::CurrentThread>::block_on::<core[a373ad73a504971]::pin::Pin<&mut dyn core[a373ad73a504971]::future::future::Future<Output = ()>>>::{closure#0}
[INFO] [stdout]                                at /opt/rustwide/cargo-home/registry/src/index.crates.io-1949cf8c6b5b557f/tokio-1.52.0/src/runtime/scheduler/current_thread/mod.rs:205:33
[INFO] [stdout]   39:     0x581c7ea94738 - tokio[49f89a849a041b3c]::runtime::context::runtime::enter_runtime::<<tokio[49f89a849a041b3c]::runtime::scheduler::current_thread::CurrentThread>::block_on<core[a373ad73a504971]::pin::Pin<&mut dyn core[a373ad73a504971]::future::future::Future<Output = ()>>>::{closure#0}, ()>
[INFO] [stdout]                                at /opt/rustwide/cargo-home/registry/src/index.crates.io-1949cf8c6b5b557f/tokio-1.52.0/src/runtime/context/runtime.rs:65:16
[INFO] [stdout]   40:     0x581c7eaa77b4 - <tokio[49f89a849a041b3c]::runtime::scheduler::current_thread::CurrentThread>::block_on::<core[a373ad73a504971]::pin::Pin<&mut dyn core[a373ad73a504971]::future::future::Future<Output = ()>>>
[INFO] [stdout]                                at /opt/rustwide/cargo-home/registry/src/index.crates.io-1949cf8c6b5b557f/tokio-1.52.0/src/runtime/scheduler/current_thread/mod.rs:193:9
[INFO] [stdout]   41:     0x581c7ea928cf - <tokio[49f89a849a041b3c]::runtime::runtime::Runtime>::block_on_inner::<core[a373ad73a504971]::pin::Pin<&mut dyn core[a373ad73a504971]::future::future::Future<Output = ()>>>
[INFO] [stdout]                                at /opt/rustwide/cargo-home/registry/src/index.crates.io-1949cf8c6b5b557f/tokio-1.52.0/src/runtime/runtime.rs:371:52
[INFO] [stdout]   42:     0x581c7ea92a1b - <tokio[49f89a849a041b3c]::runtime::runtime::Runtime>::block_on::<core[a373ad73a504971]::pin::Pin<&mut dyn core[a373ad73a504971]::future::future::Future<Output = ()>>>
[INFO] [stdout]                                at /opt/rustwide/cargo-home/registry/src/index.crates.io-1949cf8c6b5b557f/tokio-1.52.0/src/runtime/runtime.rs:345:18
[INFO] [stdout]   43:     0x581c7ea98f01 - install_test[d7b1e48f6d58ab73]::install_local_package_for_claude
[INFO] [stdout]                                at /opt/rustwide/workdir/tests/install_test.rs:46:48
[INFO] [stdout]   44:     0x581c7ea954e7 - install_test[d7b1e48f6d58ab73]::install_local_package_for_claude::{closure#0}
[INFO] [stdout]                                at /opt/rustwide/workdir/tests/install_test.rs:18:44
[INFO] [stdout]   45:     0x581c7eaaecd6 - <install_test[d7b1e48f6d58ab73]::install_local_package_for_claude::{closure#0} as core[a373ad73a504971]::ops::function::FnOnce<()>>::call_once
[INFO] [stdout]                                at /rustc/e3feeb59cd1bdd011a2bfcc0747b55125d9b8527/library/core/src/ops/function.rs:250:5
[INFO] [stdout]   46:     0x581c7eaaef6b - <fn() -> core[a373ad73a504971]::result::Result<(), alloc[2e1b2a31b91974c5]::string::String> as core[a373ad73a504971]::ops::function::FnOnce<()>>::call_once
[INFO] [stdout]                                at /rustc/e3feeb59cd1bdd011a2bfcc0747b55125d9b8527/library/core/src/ops/function.rs:250:5
[INFO] [stdout]   47:     0x581c7eaaef6b - test[aada8e7e76ba119b]::__rust_begin_short_backtrace::<core[a373ad73a504971]::result::Result<(), alloc[2e1b2a31b91974c5]::string::String>, fn() -> core[a373ad73a504971]::result::Result<(), alloc[2e1b2a31b91974c5]::string::String>>
[INFO] [stdout]                                at /rustc/e3feeb59cd1bdd011a2bfcc0747b55125d9b8527/library/test/src/lib.rs:701:18
[INFO] [stdout]   48:     0x581c7eabc145 - test[aada8e7e76ba119b]::run_test_in_process::{closure#0}
[INFO] [stdout]                                at /rustc/e3feeb59cd1bdd011a2bfcc0747b55125d9b8527/library/test/src/lib.rs:724:74
[INFO] [stdout]   49:     0x581c7eabc145 - <core[a373ad73a504971]::panic::unwind_safe::AssertUnwindSafe<test[aada8e7e76ba119b]::run_test_in_process::{closure#0}> as core[a373ad73a504971]::ops::function::FnOnce<()>>::call_once
[INFO] [stdout]                                at /rustc/e3feeb59cd1bdd011a2bfcc0747b55125d9b8527/library/core/src/panic/unwind_safe.rs:275:9
[INFO] [stdout]   50:     0x581c7eabc145 - std[617be2ca0a6fd877]::panicking::catch_unwind::do_call::<core[a373ad73a504971]::panic::unwind_safe::AssertUnwindSafe<test[aada8e7e76ba119b]::run_test_in_process::{closure#0}>, core[a373ad73a504971]::result::Result<(), alloc[2e1b2a31b91974c5]::string::String>>
[INFO] [stdout]                                at /rustc/e3feeb59cd1bdd011a2bfcc0747b55125d9b8527/library/std/src/panicking.rs:573:43
[INFO] [stdout]   51:     0x581c7eabc145 - std[617be2ca0a6fd877]::panicking::catch_unwind::<core[a373ad73a504971]::result::Result<(), alloc[2e1b2a31b91974c5]::string::String>, core[a373ad73a504971]::panic::unwind_safe::AssertUnwindSafe<test[aada8e7e76ba119b]::run_test_in_process::{closure#0}>>
[INFO] [stdout]                                at /rustc/e3feeb59cd1bdd011a2bfcc0747b55125d9b8527/library/std/src/panicking.rs:541:19
[INFO] [stdout]   52:     0x581c7eabc145 - std[617be2ca0a6fd877]::panic::catch_unwind::<core[a373ad73a504971]::panic::unwind_safe::AssertUnwindSafe<test[aada8e7e76ba119b]::run_test_in_process::{closure#0}>, core[a373ad73a504971]::result::Result<(), alloc[2e1b2a31b91974c5]::string::String>>
[INFO] [stdout]                                at /rustc/e3feeb59cd1bdd011a2bfcc0747b55125d9b8527/library/std/src/panic.rs:359:14
[INFO] [stdout]   53:     0x581c7eabc145 - test[aada8e7e76ba119b]::run_test_in_process
[INFO] [stdout]                                at /rustc/e3feeb59cd1bdd011a2bfcc0747b55125d9b8527/library/test/src/lib.rs:724:27
[INFO] [stdout]   54:     0x581c7eabc145 - test[aada8e7e76ba119b]::run_test::{closure#0}
[INFO] [stdout]                                at /rustc/e3feeb59cd1bdd011a2bfcc0747b55125d9b8527/library/test/src/lib.rs:645:43
[INFO] [stdout]   55:     0x581c7eab5a34 - test[aada8e7e76ba119b]::run_test::{closure#1}
[INFO] [stdout]                                at /rustc/e3feeb59cd1bdd011a2bfcc0747b55125d9b8527/library/test/src/lib.rs:675:41
[INFO] [stdout]   56:     0x581c7eab5a34 - std[617be2ca0a6fd877]::sys::backtrace::__rust_begin_short_backtrace::<test[aada8e7e76ba119b]::run_test::{closure#1}, ()>
[INFO] [stdout]                                at /rustc/e3feeb59cd1bdd011a2bfcc0747b55125d9b8527/library/std/src/sys/backtrace.rs:166:18
[INFO] [stdout]   57:     0x581c7eabf1d2 - std[617be2ca0a6fd877]::thread::lifecycle::spawn_unchecked::<test[aada8e7e76ba119b]::run_test::{closure#1}, ()>::{closure#1}::{closure#0}
[INFO] [stdout]                                at /rustc/e3feeb59cd1bdd011a2bfcc0747b55125d9b8527/library/std/src/thread/lifecycle.rs:70:13
[INFO] [stdout]   58:     0x581c7eabf1d2 - <core[a373ad73a504971]::panic::unwind_safe::AssertUnwindSafe<std[617be2ca0a6fd877]::thread::lifecycle::spawn_unchecked<test[aada8e7e76ba119b]::run_test::{closure#1}, ()>::{closure#1}::{closure#0}> as core[a373ad73a504971]::ops::function::FnOnce<()>>::call_once
[INFO] [stdout]                                at /rustc/e3feeb59cd1bdd011a2bfcc0747b55125d9b8527/library/core/src/panic/unwind_safe.rs:275:9
[INFO] [stdout]   59:     0x581c7eabf1d2 - std[617be2ca0a6fd877]::panicking::catch_unwind::do_call::<core[a373ad73a504971]::panic::unwind_safe::AssertUnwindSafe<std[617be2ca0a6fd877]::thread::lifecycle::spawn_unchecked<test[aada8e7e76ba119b]::run_test::{closure#1}, ()>::{closure#1}::{closure#0}>, ()>
[INFO] [stdout]                                at /rustc/e3feeb59cd1bdd011a2bfcc0747b55125d9b8527/library/std/src/panicking.rs:573:43
[INFO] [stdout]   60:     0x581c7eabf1d2 - std[617be2ca0a6fd877]::panicking::catch_unwind::<(), core[a373ad73a504971]::panic::unwind_safe::AssertUnwindSafe<std[617be2ca0a6fd877]::thread::lifecycle::spawn_unchecked<test[aada8e7e76ba119b]::run_test::{closure#1}, ()>::{closure#1}::{closure#0}>>
[INFO] [stdout]                                at /rustc/e3feeb59cd1bdd011a2bfcc0747b55125d9b8527/library/std/src/panicking.rs:541:19
[INFO] [stdout]   61:     0x581c7eabf1d2 - std[617be2ca0a6fd877]::panic::catch_unwind::<core[a373ad73a504971]::panic::unwind_safe::AssertUnwindSafe<std[617be2ca0a6fd877]::thread::lifecycle::spawn_unchecked<test[aada8e7e76ba119b]::run_test::{closure#1}, ()>::{closure#1}::{closure#0}>, ()>
[INFO] [stdout]                                at /rustc/e3feeb59cd1bdd011a2bfcc0747b55125d9b8527/library/std/src/panic.rs:359:14
[INFO] [stdout]   62:     0x581c7eabf1d2 - std[617be2ca0a6fd877]::thread::lifecycle::spawn_unchecked::<test[aada8e7e76ba119b]::run_test::{closure#1}, ()>::{closure#1}
[INFO] [stdout]                                at /rustc/e3feeb59cd1bdd011a2bfcc0747b55125d9b8527/library/std/src/thread/lifecycle.rs:68:26
[INFO] [stdout]   63:     0x581c7eabf1d2 - <std[617be2ca0a6fd877]::thread::lifecycle::spawn_unchecked<test[aada8e7e76ba119b]::run_test::{closure#1}, ()>::{closure#1} as core[a373ad73a504971]::ops::function::FnOnce<()>>::call_once::{shim:vtable#0}
[INFO] [stdout]                                at /rustc/e3feeb59cd1bdd011a2bfcc0747b55125d9b8527/library/core/src/ops/function.rs:250:5
[INFO] [stdout]   64:     0x581c7f30898f - <alloc[2e1b2a31b91974c5]::boxed::Box<dyn core[a373ad73a504971]::ops::function::FnOnce<(), Output = ()> + core[a373ad73a504971]::marker::Send> as core[a373ad73a504971]::ops::function::FnOnce<()>>::call_once
[INFO] [stdout]                                at /rustc/e3feeb59cd1bdd011a2bfcc0747b55125d9b8527/library/alloc/src/boxed.rs:2314:9
[INFO] [stdout]   65:     0x581c7f30898f - <std[617be2ca0a6fd877]::sys::thread::unix::Thread>::new::thread_start
[INFO] [stdout]                                at /rustc/e3feeb59cd1bdd011a2bfcc0747b55125d9b8527/library/std/src/sys/thread/unix.rs:127:17
[INFO] [stdout]   66:     0x728692377dfa - <unknown>
[INFO] [stdout]   67:     0x72869240b3d4 - clone
[INFO] [stdout]   68:                0x0 - <unknown>
[INFO] [stdout] 
[INFO] [stdout] 
[INFO] [stdout] failures:
[INFO] [stdout]     install_local_package_for_claude
[INFO] [stdout] 
[INFO] [stdout] test result: FAILED. 13 passed; 1 failed; 0 ignored; 0 measured; 0 filtered out; finished in 0.50s
[INFO] [stdout] 
[INFO] [stderr] error: test failed, to rerun pass `--test install_test`
[INFO] running `Command { std: "docker" "inspect" "d8400a3c8a7c6fc6b66573ef88003836909e5e36bf0031279ad2d30a1743ad5e", kill_on_drop: false }`
[INFO] running `Command { std: "docker" "rm" "-f" "d8400a3c8a7c6fc6b66573ef88003836909e5e36bf0031279ad2d30a1743ad5e", kill_on_drop: false }`
[INFO] [stdout] d8400a3c8a7c6fc6b66573ef88003836909e5e36bf0031279ad2d30a1743ad5e
