[INFO] cloning repository https://github.com/cgisky1980/Ai00_Salvo
[INFO] running `Command { std: "git" "-c" "credential.helper=" "-c" "credential.helper=/workspace/cargo-home/bin/git-credential-null" "clone" "--bare" "https://github.com/cgisky1980/Ai00_Salvo" "/workspace/cache/git-repos/https%3A%2F%2Fgithub.com%2Fcgisky1980%2FAi00_Salvo", kill_on_drop: false }`
[INFO] [stderr] Cloning into bare repository '/workspace/cache/git-repos/https%3A%2F%2Fgithub.com%2Fcgisky1980%2FAi00_Salvo'...
[INFO] running `Command { std: "git" "rev-parse" "HEAD", kill_on_drop: false }`
[INFO] [stdout] 8c658d0f9f2d8733c72760e7e8a2adcba5a0db45
[INFO] testing cgisky1980/Ai00_Salvo against 1.100.0-beta.1 for beta-1.100-2
[INFO] running `Command { std: "git" "clone" "/workspace/cache/git-repos/https%3A%2F%2Fgithub.com%2Fcgisky1980%2FAi00_Salvo" "/workspace/builds/worker-6-tc2/source", kill_on_drop: false }`
[INFO] [stderr] Cloning into '/workspace/builds/worker-6-tc2/source'...
[INFO] [stderr] done.
[INFO] started tweaking git repo https://github.com/cgisky1980/Ai00_Salvo
[INFO] finished tweaking git repo https://github.com/cgisky1980/Ai00_Salvo
[INFO] tweaked toml for git repo https://github.com/cgisky1980/Ai00_Salvo written to /workspace/builds/worker-6-tc2/source/Cargo.toml
[INFO] validating manifest of git repo https://github.com/cgisky1980/Ai00_Salvo on toolchain 1.100.0-beta.1
[INFO] running `Command { std: CARGO_HOME="/workspace/cargo-home" RUSTUP_HOME="/workspace/rustup-home" "/workspace/cargo-home/bin/cargo" "+1.100.0-beta.1" "metadata" "--manifest-path" "Cargo.toml" "--no-deps", kill_on_drop: false }`
[INFO] crate git repo https://github.com/cgisky1980/Ai00_Salvo already has a lockfile, it will not be regenerated
[INFO] running `Command { std: CARGO_HOME="/workspace/cargo-home" RUSTUP_HOME="/workspace/rustup-home" "/workspace/cargo-home/bin/cargo" "+1.100.0-beta.1" "fetch" "--manifest-path" "Cargo.toml", kill_on_drop: false }`
[INFO] [stderr] warning: unused field `authors` in `workspace.package`
[INFO] [stderr]   --> Cargo.toml:49:1
[INFO] [stderr]    |
[INFO] [stderr] 49 | authors = ["Ai00_Salvo Team"]
[INFO] [stderr]    | ^^^^^^^
[INFO] [stderr]    |
[INFO] [stderr]    = note: `cargo::unused_workspace_package_fields` is set to `warn` by default
[INFO] [stderr] help: consider removing the field `workspace.package.authors`
[INFO] [stderr] warning: unused field `license` in `workspace.package`
[INFO] [stderr]   --> Cargo.toml:51:1
[INFO] [stderr]    |
[INFO] [stderr] 51 | license = "MIT"
[INFO] [stderr]    | ^^^^^^^
[INFO] [stderr]    |
[INFO] [stderr] help: consider removing the field `workspace.package.license`
[INFO] [stderr] warning: workspace (manifest) generated 2 warnings
[INFO] [stderr]     Blocking waiting for file lock on package cache
[INFO] running `Command { std: "docker" "create" "-v" "/var/lib/crater-agent-workspace/builds/worker-6-tc2/source:/opt/rustwide/workdir:ro,Z" "-v" "/var/lib/crater-agent-workspace/builds/worker-6-tc2/target:/opt/rustwide/target:rw,Z" "-v" "/var/lib/crater-agent-workspace/cargo-home:/opt/rustwide/cargo-home:ro,Z" "-v" "/var/lib/crater-agent-workspace/rustup-home:/opt/rustwide/rustup-home:ro,Z" "-m" "1610612736" "--network" "none" "ghcr.io/rust-lang/crates-build-env/linux@sha256:3111399a4047eeb3a02b7a90e478d715f38a8c6669b5c4b49d30a17385265909" "sleep" "infinity", kill_on_drop: false }`
[INFO] [stdout] 354a0d828ad0c15dfd2379a01a3c4f7f2a06ba2d5c32c429962319f6a51fe8b8
[INFO] running `Command { std: "docker" "start" "354a0d828ad0c15dfd2379a01a3c4f7f2a06ba2d5c32c429962319f6a51fe8b8", kill_on_drop: false }`
[INFO] running `Command { std: "docker" "inspect" "354a0d828ad0c15dfd2379a01a3c4f7f2a06ba2d5c32c429962319f6a51fe8b8", kill_on_drop: false }`
[INFO] running `Command { std: "docker" "exec" "-e" "SOURCE_DIR=/opt/rustwide/workdir" "-e" "CARGO_HOME=/opt/rustwide/cargo-home" "-e" "RUSTUP_HOME=/opt/rustwide/rustup-home" "-e" "CARGO_TARGET_DIR=/opt/rustwide/target" "-w" "/opt/rustwide/workdir" "--user" "0:0" "354a0d828ad0c15dfd2379a01a3c4f7f2a06ba2d5c32c429962319f6a51fe8b8" "/opt/rustwide/cargo-home/bin/cargo" "+1.100.0-beta.1" "metadata" "--no-deps" "--format-version=1", kill_on_drop: false }`
[INFO] running `Command { std: "docker" "inspect" "354a0d828ad0c15dfd2379a01a3c4f7f2a06ba2d5c32c429962319f6a51fe8b8", kill_on_drop: false }`
[INFO] running `Command { std: "docker" "exec" "-e" "SOURCE_DIR=/opt/rustwide/workdir" "-e" "CARGO_HOME=/opt/rustwide/cargo-home" "-e" "RUSTUP_HOME=/opt/rustwide/rustup-home" "-e" "CARGO_TARGET_DIR=/opt/rustwide/target" "-e" "CARGO_INCREMENTAL=0" "-e" "RUST_BACKTRACE=full" "-e" "RUSTFLAGS=--cap-lints=warn" "-e" "RUSTDOCFLAGS=--cap-lints=warn" "-w" "/opt/rustwide/workdir" "--user" "0:0" "354a0d828ad0c15dfd2379a01a3c4f7f2a06ba2d5c32c429962319f6a51fe8b8" "/opt/rustwide/cargo-home/bin/cargo" "+1.100.0-beta.1" "build" "--frozen" "--message-format=json", kill_on_drop: false }`
[INFO] [stderr] warning: unused field `authors` in `workspace.package`
[INFO] [stderr]   --> Cargo.toml:49:1
[INFO] [stderr]    |
[INFO] [stderr] 49 | authors = ["Ai00_Salvo Team"]
[INFO] [stderr]    | ^^^^^^^
[INFO] [stderr]    |
[INFO] [stderr]    = note: `cargo::unused_workspace_package_fields` is set to `warn` by default
[INFO] [stderr] help: consider removing the field `workspace.package.authors`
[INFO] [stderr] warning: unused field `license` in `workspace.package`
[INFO] [stderr]   --> Cargo.toml:51:1
[INFO] [stderr]    |
[INFO] [stderr] 51 | license = "MIT"
[INFO] [stderr]    | ^^^^^^^
[INFO] [stderr]    |
[INFO] [stderr] help: consider removing the field `workspace.package.license`
[INFO] [stderr] warning: workspace (manifest) generated 2 warnings
[INFO] [stderr]    Compiling memchr v2.8.1
[INFO] [stderr]    Compiling foldhash v0.2.0
[INFO] [stderr]    Compiling zerocopy v0.8.50
[INFO] [stderr]    Compiling num-conv v0.2.2
[INFO] [stderr]    Compiling log v0.4.30
[INFO] [stderr]    Compiling deranged v0.5.8
[INFO] [stderr]    Compiling zeroize_derive v1.4.3
[INFO] [stderr]    Compiling cc v1.2.63
[INFO] [stderr]    Compiling displaydoc v0.2.6
[INFO] [stderr]    Compiling serde v1.0.228
[INFO] [stderr]    Compiling num-traits v0.2.19
[INFO] [stderr]    Compiling zerofrom v0.1.8
[INFO] [stderr]    Compiling tokio v1.52.3
[INFO] [stderr]    Compiling http v1.4.1
[INFO] [stderr]    Compiling tracing-attributes v0.1.31
[INFO] [stderr]    Compiling winnow v1.0.3
[INFO] [stderr]    Compiling hashbrown v0.17.1
[INFO] [stderr]    Compiling time-macros v0.2.27
[INFO] [stderr]    Compiling yoke v0.8.2
[INFO] [stderr]    Compiling base64ct v1.8.3
[INFO] [stderr]    Compiling zerovec v0.11.6
[INFO] [stderr]    Compiling zeroize v1.8.2
[INFO] [stderr]    Compiling futures-util v0.3.32
[INFO] [stderr]    Compiling serde_json v1.0.150
[INFO] [stderr]    Compiling indexmap v2.14.0
[INFO] [stderr]    Compiling generic-array v0.14.7
[INFO] [stderr]    Compiling rustls-pki-types v1.14.1
[INFO] [stderr]    Compiling potential_utf v0.1.5
[INFO] [stderr]    Compiling tinystr v0.8.3
[INFO] [stderr]    Compiling zerotrie v0.2.4
[INFO] [stderr]    Compiling cmake v0.1.58
[INFO] [stderr]    Compiling icu_locale_core v2.2.0
[INFO] [stderr]    Compiling tracing v0.1.44
[INFO] [stderr]    Compiling icu_collections v2.2.0
[INFO] [stderr]    Compiling crypto-common v0.1.7
[INFO] [stderr]    Compiling block-buffer v0.10.4
[INFO] [stderr]    Compiling inout v0.1.4
[INFO] [stderr]    Compiling http-body v1.0.1
[INFO] [stderr]    Compiling aho-corasick v1.1.4
[INFO] [stderr]    Compiling toml_datetime v1.1.1+spec-1.1.0
[INFO] [stderr]    Compiling pem-rfc7468 v0.7.0
[INFO] [stderr]    Compiling digest v0.10.7
[INFO] [stderr]    Compiling cipher v0.4.4
[INFO] [stderr]    Compiling parking_lot_core v0.9.12
[INFO] [stderr]    Compiling icu_provider v2.2.0
[INFO] [stderr]    Compiling hmac v0.12.1
[INFO] [stderr]    Compiling ring v0.17.14
[INFO] [stderr]    Compiling aws-lc-sys v0.41.0
[INFO] [stderr]    Compiling sha2 v0.10.9
[INFO] [stderr]    Compiling toml_parser v1.1.2+spec-1.1.0
[INFO] [stderr]    Compiling icu_properties v2.2.0
[INFO] [stderr]    Compiling icu_normalizer v2.2.0
[INFO] [stderr]    Compiling zstd-sys v2.0.16+zstd.1.5.7
[INFO] [stderr]    Compiling der v0.7.10
[INFO] [stderr]    Compiling time v0.3.47
[INFO] [stderr]    Compiling universal-hash v0.5.1
[INFO] [stderr]    Compiling num-integer v0.1.46
[INFO] [stderr]    Compiling opaque-debug v0.3.1
[INFO] [stderr]    Compiling polyval v0.6.2
[INFO] [stderr]    Compiling toml_edit v0.25.12+spec-1.1.0
[INFO] [stderr]    Compiling regex-automata v0.4.14
[INFO] [stderr]    Compiling sha1 v0.10.6
[INFO] [stderr]    Compiling zstd-safe v7.2.4
[INFO] [stderr]    Compiling mime-infer v4.0.1
[INFO] [stderr]    Compiling ghash v0.5.1
[INFO] [stderr]    Compiling aes v0.8.4
[INFO] [stderr]    Compiling ctr v0.9.2
[INFO] [stderr]    Compiling http-body-util v0.1.3
[INFO] [stderr]    Compiling aead v0.5.2
[INFO] [stderr]    Compiling salvo-serde-util v0.93.0
[INFO] [stderr]    Compiling idna_adapter v1.2.2
[INFO] [stderr]    Compiling spki v0.7.3
[INFO] [stderr]    Compiling idna v1.1.0
[INFO] [stderr]    Compiling proc-macro-crate v3.5.0
[INFO] [stderr]    Compiling pkcs8 v0.10.2
[INFO] [stderr]    Compiling cookie v0.18.1
[INFO] [stderr]    Compiling url v2.5.8
[INFO] [stderr]    Compiling simd-adler32 v0.3.9
[INFO] [stderr]    Compiling miniz_oxide v0.8.9
[INFO] [stderr]    Compiling aes-gcm v0.10.3
[INFO] [stderr]    Compiling brotli-decompressor v5.0.1
[INFO] [stderr]    Compiling serde_urlencoded v0.7.1
[INFO] [stderr]    Compiling parking_lot v0.12.5
[INFO] [stderr]    Compiling headers-core v0.3.0
[INFO] [stderr]    Compiling concurrent-queue v2.5.0
[INFO] [stderr]    Compiling enumflags2_derive v0.7.12
[INFO] [stderr]    Compiling pin-project-internal v1.1.13
[INFO] [stderr]    Compiling spin v0.10.0
[INFO] [stderr]    Compiling xml v1.3.0
[INFO] [stderr]    Compiling event-listener v5.4.1
[INFO] [stderr]    Compiling multra v1.0.1
[INFO] [stderr]    Compiling enumflags2 v0.7.12
[INFO] [stderr]    Compiling brotli v8.0.3
[INFO] [stderr]    Compiling ppv-lite86 v0.2.21
[INFO] [stderr]    Compiling flate2 v1.1.9
[INFO] [stderr]    Compiling headers v0.4.1
[INFO] [stderr]    Compiling chardetng v1.0.0
[INFO] [stderr]    Compiling tokio-util v0.7.18
[INFO] [stderr]    Compiling rand_chacha v0.3.1
[INFO] [stderr]    Compiling pin-project v1.1.13
[INFO] [stderr]    Compiling num-bigint v0.4.6
[INFO] [stderr]    Compiling arc-swap v1.9.1
[INFO] [stderr]    Compiling serde-xml-rs v0.8.2
[INFO] [stderr]    Compiling multimap v0.10.1
[INFO] [stderr]    Compiling content_inspector v0.2.4
[INFO] [stderr]    Compiling lazy_static v1.5.0
[INFO] [stderr]    Compiling rand v0.8.6
[INFO] [stderr]    Compiling rand_chacha v0.9.0
[INFO] [stderr]    Compiling event-listener-strategy v0.5.4
[INFO] [stderr]    Compiling signature v2.2.0
[INFO] [stderr]    Compiling ff v0.13.1
[INFO] [stderr]    Compiling sec1 v0.7.3
[INFO] [stderr]    Compiling group v0.13.0
[INFO] [stderr]    Compiling async-lock v3.4.2
[INFO] [stderr]    Compiling rand v0.9.4
[INFO] [stderr]    Compiling openssl-sys v0.9.116
[INFO] [stderr]    Compiling hkdf v0.12.4
[INFO] [stderr]    Compiling crypto-bigint v0.5.5
[INFO] [stderr]    Compiling crossbeam-epoch v0.9.18
[INFO] [stderr]    Compiling semver v1.0.28
[INFO] [stderr]    Compiling h2 v0.4.14
[INFO] [stderr]    Compiling rustc_version v0.4.1
[INFO] [stderr]    Compiling regex v1.12.3
[INFO] [stderr]    Compiling num-iter v0.1.45
[INFO] [stderr]    Compiling pem v3.0.6
[INFO] [stderr]    Compiling curve25519-dalek v4.1.3
[INFO] [stderr]    Compiling rustls-native-certs v0.8.3
[INFO] [stderr]    Compiling rfc6979 v0.4.0
[INFO] [stderr]    Compiling num-bigint-dig v0.8.6
[INFO] [stderr]    Compiling arrayvec v0.7.6
[INFO] [stderr]    Compiling chrono v0.4.44
[INFO] [stderr]    Compiling rust-embed-utils v8.11.0
[INFO] [stderr]    Compiling rquickjs-sys v0.12.0
[INFO] [stderr]    Compiling blake3 v1.8.5
[INFO] [stderr]    Compiling webpki-roots v1.0.7
[INFO] [stderr]    Compiling curve25519-dalek-derive v0.1.1
[INFO] [stderr]    Compiling hybrid-array v0.4.12
[INFO] [stderr]    Compiling proc-macro2-diagnostics v0.10.1
[INFO] [stderr]    Compiling proc-macro-error-attr v1.0.4
[INFO] [stderr]    Compiling openssl v0.10.80
[INFO] [stderr]    Compiling syn v1.0.109
[INFO] [stderr]    Compiling salvo_macros v0.93.0
[INFO] [stderr]    Compiling tower v0.5.3
[INFO] [stderr]    Compiling darling_core v0.20.11
[INFO] [stderr]    Compiling rust-embed-impl v8.11.0
[INFO] [stderr]    Compiling elliptic-curve v0.13.8
[INFO] [stderr]    Compiling simple_asn1 v0.6.4
[INFO] [stderr]    Compiling ed25519 v2.2.3
[INFO] [stderr]    Compiling pkcs1 v0.7.5
[INFO] [stderr]    Compiling uuid v1.23.2
[INFO] [stderr]    Compiling cobs v0.3.0
[INFO] [stderr]    Compiling ecdsa v0.16.9
[INFO] [stderr]    Compiling primeorder v0.13.6
[INFO] [stderr]    Compiling openssl-macros v0.1.1
[INFO] [stderr]    Compiling proc-macro-error v1.0.4
[INFO] [stderr]    Compiling constant_time_eq v0.4.2
[INFO] [stderr]    Compiling yansi v1.0.1
[INFO] [stderr]    Compiling rust_decimal v1.42.0
[INFO] [stderr]    Compiling native-tls v0.2.18
[INFO] [stderr]    Compiling nom v7.1.3
[INFO] [stderr]    Compiling tinyvec v1.11.0
[INFO] [stderr]    Compiling p256 v0.13.2
[INFO] [stderr]    Compiling p384 v0.13.1
[INFO] [stderr]    Compiling rsa v0.9.10
[INFO] [stderr]    Compiling ed25519-dalek v2.2.0
[INFO] [stderr]    Compiling postcard v1.1.3
[INFO] [stderr]    Compiling rust-embed v8.11.0
[INFO] [stderr]    Compiling crypto-common v0.2.2
[INFO] [stderr]    Compiling block-buffer v0.12.0
[INFO] [stderr]    Compiling tungstenite v0.29.0
[INFO] [stderr]    Compiling ulid v1.2.1
[INFO] [stderr]    Compiling castaway v0.2.4
[INFO] [stderr]    Compiling hyper v1.10.1
[INFO] [stderr]    Compiling str-buf v3.0.3
[INFO] [stderr]    Compiling xxhash-rust v0.8.15
[INFO] [stderr]    Compiling unsafe-libyaml-norway v0.2.15
[INFO] [stderr]    Compiling const-oid v0.10.2
[INFO] [stderr]    Compiling tagptr v0.2.0
[INFO] [stderr]    Compiling darling_macro v0.20.11
[INFO] [stderr]    Compiling moka v0.12.15
[INFO] [stderr]    Compiling etag v4.0.0
[INFO] [stderr]    Compiling jsonwebtoken v10.4.0
[INFO] [stderr]    Compiling tokio-tungstenite v0.29.0
[INFO] [stderr]    Compiling compact_str v0.9.1
[INFO] [stderr]    Compiling darling v0.20.11
[INFO] [stderr]    Compiling salvo-oapi-macros v0.93.0
[INFO] [stderr]    Compiling saysion v0.1.2
[INFO] [stderr]    Compiling unicode-normalization v0.1.25
[INFO] [stderr]    Compiling rusticata-macros v4.1.0
[INFO] [stderr]    Compiling digest v0.11.3
[INFO] [stderr]    Compiling serde_norway v0.9.42
[INFO] [stderr]    Compiling matchers v0.2.0
[INFO] [stderr]    Compiling crossbeam-deque v0.8.6
[INFO] [stderr]    Compiling num-rational v0.4.2
[INFO] [stderr]    Compiling sharded-slab v0.1.7
[INFO] [stderr]    Compiling libsqlite3-sys v0.31.0
[INFO] [stderr]    Compiling num-complex v0.4.6
[INFO] [stderr]    Compiling toml_datetime v0.6.11
[INFO] [stderr]    Compiling tracing-serde v0.2.0
[INFO] [stderr]    Compiling hyper-util v0.1.20
[INFO] [stderr]    Compiling serde_spanned v0.6.9
[INFO] [stderr]    Compiling tracing-log v0.2.0
[INFO] [stderr]    Compiling asn1-rs-derive v0.6.0
[INFO] [stderr]    Compiling asn1-rs-impl v0.2.0
[INFO] [stderr]    Compiling keccak v0.2.0
[INFO] [stderr]    Compiling unicode-segmentation v1.13.2
[INFO] [stderr]    Compiling inventory v0.3.24
[INFO] [stderr]    Compiling winnow v0.7.15
[INFO] [stderr]    Compiling relative-path v2.0.1
[INFO] [stderr]    Compiling toml_write v0.1.2
[INFO] [stderr]    Compiling path-slash v0.2.1
[INFO] [stderr]    Compiling unicode-bidi v0.3.18
[INFO] [stderr]    Compiling sha3 v0.11.0
[INFO] [stderr]    Compiling convert_case v0.11.0
[INFO] [stderr]    Compiling tracing-subscriber v0.3.23
[INFO] [stderr]    Compiling num v0.4.3
[INFO] [stderr]    Compiling dashmap v6.2.1
[INFO] [stderr]    Compiling hashbrown v0.15.5
[INFO] [stderr]    Compiling asn1-rs v0.7.2
[INFO] [stderr]    Compiling idna v0.5.0
[INFO] [stderr]    Compiling rayon-core v1.13.0
[INFO] [stderr]    Compiling validator_derive v0.18.2
[INFO] [stderr]    Compiling ahash v0.8.12
[INFO] [stderr]    Compiling blowfish v0.9.1
[INFO] [stderr]    Compiling nom v8.0.0
[INFO] [stderr]    Compiling email-encoding v0.4.1
[INFO] [stderr]    Compiling thiserror-impl v1.0.69
[INFO] [stderr]    Compiling email_address v0.2.9
[INFO] [stderr]    Compiling tokio-native-tls v0.3.1
[INFO] [stderr]    Compiling quoted_printable v0.5.2
[INFO] [stderr]    Compiling oid-registry v0.8.1
[INFO] [stderr]    Compiling data-encoding v2.11.0
[INFO] [stderr]    Compiling cuid-util v0.1.1
[INFO] [stderr]    Compiling either v1.16.0
[INFO] [stderr]    Compiling cuid2 v0.1.6
[INFO] [stderr]    Compiling bcrypt v0.16.0
[INFO] [stderr]    Compiling rayon v1.12.0
[INFO] [stderr]    Compiling toml_edit v0.22.27
[INFO] [stderr]    Compiling validator v0.18.1
[INFO] [stderr]    Compiling hashlink v0.10.0
[INFO] [stderr]    Compiling yasna v0.6.0
[INFO] [stderr]    Compiling rquickjs-core v0.12.0
[INFO] [stderr]    Compiling thiserror v1.0.69
[INFO] [stderr]    Compiling futures-executor v0.3.32
[INFO] [stderr]    Compiling rustls-pemfile v2.2.0
[INFO] [stderr]    Compiling fallible-streaming-iterator v0.1.9
[INFO] [stderr]    Compiling openssl-probe v0.1.6
[INFO] [stderr]    Compiling fallible-iterator v0.3.0
[INFO] [stderr]    Compiling rustls-native-certs v0.7.3
[INFO] [stderr]    Compiling futures v0.3.32
[INFO] [stderr]    Compiling der-parser v10.0.0
[INFO] [stderr]    Compiling tower-http v0.6.11
[INFO] [stderr]    Compiling yasna v0.5.2
[INFO] [stderr]    Compiling rcgen v0.14.8
[INFO] [stderr]    Compiling symlink v0.1.0
[INFO] [stderr]    Compiling tracing-appender v0.2.5
[INFO] [stderr]    Compiling rcgen v0.13.2
[INFO] [stderr]    Compiling x509-parser v0.17.0
[INFO] [stderr]    Compiling jsonwebtoken v9.3.1
[INFO] [stderr]    Compiling ai00-shared v0.1.0 (/opt/rustwide/workdir/crates/ai00-shared)
[INFO] [stderr]    Compiling zstd v0.13.3
[INFO] [stderr]    Compiling toml v0.8.23
[INFO] [stderr]    Compiling lettre v0.11.22
[INFO] [stderr]    Compiling sysinfo v0.33.1
[INFO] [stderr]    Compiling rquickjs-macro v0.12.0
[INFO] [stderr]    Compiling rquickjs v0.12.0
[INFO] [stderr]    Compiling rusqlite v0.33.0
[INFO] [stderr]    Compiling ai00-script v0.1.0 (/opt/rustwide/workdir/crates/ai00-script)
[INFO] [stdout] warning: unused import: `Type`
[INFO] [stdout]  --> crates/ai00-script/src/lib.rs:7:85
[INFO] [stdout]   |
[INFO] [stdout] 7 |     async_with, AsyncContext, AsyncRuntime, Ctx, Function, Module, Object, Promise, Type,
[INFO] [stdout]   |                                                                                     ^^^^
[INFO] [stdout]   |
[INFO] [stdout]   = note: `#[warn(unused_imports)]` (part of `#[warn(unused)]`) on by default
[INFO] [stdout] 
[INFO] [stdout] 
[INFO] [stdout] warning: unused import: `Sha256`
[INFO] [stdout]   --> crates/ai00-script/src/lib.rs:11:20
[INFO] [stdout]    |
[INFO] [stdout] 11 | use sha2::{Digest, Sha256};
[INFO] [stdout]    |                    ^^^^^^
[INFO] [stdout] 
[INFO] [stdout] 
[INFO] [stdout] warning: unused import: `Type`
[INFO] [stdout]   --> crates/ai00-script/src/actor.rs:11:85
[INFO] [stdout]    |
[INFO] [stdout] 11 |     async_with, AsyncContext, AsyncRuntime, Ctx, Function, Module, Object, Promise, Type,
[INFO] [stdout]    |                                                                                     ^^^^
[INFO] [stdout] 
[INFO] [stdout] 
[INFO] [stdout] warning: use of deprecated macro `async_with`
[INFO] [stdout]    --> crates/ai00-script/src/actor.rs:205:44
[INFO] [stdout]     |
[INFO] [stdout] 205 |         let result: Result<ScriptResult> = async_with!(ctx => |jsc| {
[INFO] [stdout]     |                                            ^^^^^^^^^^
[INFO] [stdout]     |
[INFO] [stdout]     = note: `#[warn(deprecated)]` on by default
[INFO] [stdout] 
[INFO] [stdout] 
[INFO] [stdout] warning: use of deprecated macro `async_with`
[INFO] [stdout]    --> crates/ai00-script/src/actor.rs:248:17
[INFO] [stdout]     |
[INFO] [stdout] 248 |                 async_with!(ctx => |jsc| {
[INFO] [stdout]     |                 ^^^^^^^^^^
[INFO] [stdout] 
[INFO] [stdout] 
[INFO] [stdout] warning: use of deprecated macro `async_with`
[INFO] [stdout]    --> crates/ai00-script/src/lib.rs:235:74
[INFO] [stdout]     |
[INFO] [stdout] 235 |                 let exec_res: Result<serde_json::Value, anyhow::Error> = async_with!(js_ctx => |jsc| {
[INFO] [stdout]     |                                                                          ^^^^^^^^^^
[INFO] [stdout] 
[INFO] [stdout] 
[INFO] [stdout] warning: use of deprecated macro `async_with`
[INFO] [stdout]    --> crates/ai00-script/src/lib.rs:411:25
[INFO] [stdout]     |
[INFO] [stdout] 411 |                 let _ = async_with!(js_ctx => |jsc| {
[INFO] [stdout]     |                         ^^^^^^^^^^
[INFO] [stdout] 
[INFO] [stdout] 
[INFO] [stdout] warning: use of deprecated macro `async_with`
[INFO] [stdout]    --> crates/ai00-script/src/lib.rs:555:45
[INFO] [stdout]     |
[INFO] [stdout] 555 |             let bytecode: Result<Vec<u8>> = async_with!(ctx => |jsc| {
[INFO] [stdout]     |                                             ^^^^^^^^^^
[INFO] [stdout] 
[INFO] [stdout] 
[INFO] [stdout] warning: use of deprecated macro `rquickjs::async_with`
[INFO] [stdout]  --> crates/ai00-script/src/lib.rs:7:5
[INFO] [stdout]   |
[INFO] [stdout] 7 |     async_with, AsyncContext, AsyncRuntime, Ctx, Function, Module, Object, Promise, Type,
[INFO] [stdout]   |     ^^^^^^^^^^
[INFO] [stdout] 
[INFO] [stdout] 
[INFO] [stdout] warning: use of deprecated macro `rquickjs::async_with`
[INFO] [stdout]   --> crates/ai00-script/src/actor.rs:11:5
[INFO] [stdout]    |
[INFO] [stdout] 11 |     async_with, AsyncContext, AsyncRuntime, Ctx, Function, Module, Object, Promise, Type,
[INFO] [stdout]    |     ^^^^^^^^^^
[INFO] [stdout] 
[INFO] [stdout] 
[INFO] [stdout] warning: unused import: `Digest`
[INFO] [stdout]   --> crates/ai00-script/src/lib.rs:11:12
[INFO] [stdout]    |
[INFO] [stdout] 11 | use sha2::{Digest, Sha256};
[INFO] [stdout]    |            ^^^^^^
[INFO] [stdout] 
[INFO] [stdout] 
[INFO] [stdout] warning: unused import: `std::io::Write`
[INFO] [stdout]  --> crates/ai00-script/src/lib.rs:1:5
[INFO] [stdout]   |
[INFO] [stdout] 1 | use std::io::Write as IoWrite;
[INFO] [stdout]   |     ^^^^^^^^^^^^^^
[INFO] [stdout] 
[INFO] [stdout] 
[INFO] [stderr]    Compiling aws-lc-rs v1.17.0
[INFO] [stderr]    Compiling rustls v0.23.40
[INFO] [stdout] warning: variable does not need to be mutable
[INFO] [stdout]    --> crates/ai00-script/src/annotation.rs:209:9
[INFO] [stdout]     |
[INFO] [stdout] 209 |     let mut parts: Vec<&str> = rest.split_whitespace().collect();
[INFO] [stdout]     |         ----^^^^^
[INFO] [stdout]     |         |
[INFO] [stdout]     |         help: remove this `mut`
[INFO] [stdout]     |
[INFO] [stdout]     = note: `#[warn(unused_mut)]` (part of `#[warn(unused)]`) on by default
[INFO] [stdout] 
[INFO] [stdout] 
[INFO] [stdout] warning: variable does not need to be mutable
[INFO] [stdout]    --> crates/ai00-script/src/annotation.rs:494:9
[INFO] [stdout]     |
[INFO] [stdout] 494 |     let mut hash_buf = [0u8; 32];
[INFO] [stdout]     |         ----^^^^^^^^
[INFO] [stdout]     |         |
[INFO] [stdout]     |         help: remove this `mut`
[INFO] [stdout] 
[INFO] [stdout] 
[INFO] [stdout] warning: constant `AISE_MAGIC` is never used
[INFO] [stdout]    --> crates/ai00-script/src/lib.rs:526:7
[INFO] [stdout]     |
[INFO] [stdout] 526 | const AISE_MAGIC: &[u8; 6] = &[0xA1, 0x00, b'A', b'1', b'S', b'E'];
[INFO] [stdout]     |       ^^^^^^^^^^
[INFO] [stdout]     |
[INFO] [stdout]     = note: `#[warn(dead_code)]` (part of `#[warn(unused)]`) on by default
[INFO] [stdout] 
[INFO] [stdout] 
[INFO] [stdout] warning: constant `AISE_VERSION` is never used
[INFO] [stdout]    --> crates/ai00-script/src/lib.rs:527:7
[INFO] [stdout]     |
[INFO] [stdout] 527 | const AISE_VERSION: u32 = 2;
[INFO] [stdout]     |       ^^^^^^^^^^^^
[INFO] [stdout] 
[INFO] [stdout] 
[INFO] [stdout] warning: fields `idle_timeout`, `max_idle_timeout`, `cleanup_cancel`, and `file_mtimes` are never read
[INFO] [stdout]     --> crates/ai00-script/src/actor.rs:1031:5
[INFO] [stdout]      |
[INFO] [stdout] 1028 | pub struct ActorScheduler {
[INFO] [stdout]      |            -------------- fields in this struct
[INFO] [stdout] ...
[INFO] [stdout] 1031 |     idle_timeout: Duration,
[INFO] [stdout]      |     ^^^^^^^^^^^^
[INFO] [stdout] 1032 |     max_idle_timeout: Duration,
[INFO] [stdout]      |     ^^^^^^^^^^^^^^^^
[INFO] [stdout] 1033 |     config: ScriptConfig,
[INFO] [stdout] 1034 |     cleanup_cancel: tokio_util::sync::CancellationToken,
[INFO] [stdout]      |     ^^^^^^^^^^^^^^
[INFO] [stdout] ...
[INFO] [stdout] 1038 |     file_mtimes: Arc<RwLock<HashMap<String, SystemTime>>>,
[INFO] [stdout]      |     ^^^^^^^^^^^
[INFO] [stdout] 
[INFO] [stdout] 
[INFO] [stderr]    Compiling rustls-webpki v0.103.13
[INFO] [stderr]    Compiling tokio-rustls v0.26.4
[INFO] [stderr]    Compiling rustls-platform-verifier v0.7.0
[INFO] [stderr]    Compiling tungstenite v0.23.0
[INFO] [stderr]    Compiling salvo_core v0.93.0
[INFO] [stderr]    Compiling hyper-rustls v0.27.9
[INFO] [stderr]    Compiling instant-acme v0.8.5
[INFO] [stderr]    Compiling reqwest v0.12.28
[INFO] [stderr]    Compiling tokio-tungstenite v0.23.1
[INFO] [stderr]    Compiling salvo-compression v0.93.0
[INFO] [stderr]    Compiling salvo_extra v0.93.0
[INFO] [stderr]    Compiling salvo-cors v0.93.0
[INFO] [stderr]    Compiling salvo-jwt-auth v0.93.0
[INFO] [stderr]    Compiling salvo-rate-limiter v0.93.0
[INFO] [stderr]    Compiling salvo-serve-static v0.93.0
[INFO] [stderr]    Compiling salvo-oapi v0.93.0
[INFO] [stderr]    Compiling salvo-session v0.93.0
[INFO] [stderr]    Compiling salvo v0.93.0
[INFO] [stderr]    Compiling ai00-auth v0.1.0 (/opt/rustwide/workdir/crates/ai00-auth)
[INFO] [stderr]    Compiling ai00-salvo v0.1.0 (/opt/rustwide/workdir/crates/ai00-salvo)
[INFO] [stdout] warning: unused import: `ChangePasswordRequest`
[INFO] [stdout]  --> crates/ai00-salvo/src/api/auth.rs:7:21
[INFO] [stdout]   |
[INFO] [stdout] 7 | use crate::models::{ChangePasswordRequest, LoginRequest, LoginResponse, RefreshRequest, RefreshResponse, Role, User, UserInfo};
[INFO] [stdout]   |                     ^^^^^^^^^^^^^^^^^^^^^
[INFO] [stdout]   |
[INFO] [stdout]   = note: `#[warn(unused_imports)]` (part of `#[warn(unused)]`) on by default
[INFO] [stdout] 
[INFO] [stdout] 
[INFO] [stdout] warning: unused import: `Deserialize`
[INFO] [stdout]  --> crates/ai00-salvo/src/models/system.rs:1:13
[INFO] [stdout]   |
[INFO] [stdout] 1 | use serde::{Deserialize, Serialize};
[INFO] [stdout]   |             ^^^^^^^^^^^
[INFO] [stdout] 
[INFO] [stdout] 
[INFO] [stdout] warning: unused variable: `depot`
[INFO] [stdout]   --> crates/ai00-salvo/src/api/config.rs:13:47
[INFO] [stdout]    |
[INFO] [stdout] 13 | pub async fn update_config(req: &mut Request, depot: &mut Depot, res: &mut Response) {
[INFO] [stdout]    |                                               ^^^^^ help: if this is intentional, prefix it with an underscore: `_depot`
[INFO] [stdout]    |
[INFO] [stdout]    = note: `#[warn(unused_variables)]` (part of `#[warn(unused)]`) on by default
[INFO] [stdout] 
[INFO] [stdout] 
[INFO] [stdout] warning: unused variable: `depot`
[INFO] [stdout]   --> crates/ai00-salvo/src/vhost/proxy.rs:77:47
[INFO] [stdout]    |
[INFO] [stdout] 77 |     async fn handle(&self, req: &mut Request, depot: &mut Depot, res: &mut Response, _ctrl: &mut FlowCtrl) {
[INFO] [stdout]    |                                               ^^^^^ help: if this is intentional, prefix it with an underscore: `_depot`
[INFO] [stdout] 
[INFO] [stdout] 
[INFO] [stderr] warning: unused dependency `ai00-shared`
[INFO] [stderr]   --> crates/ai00-salvo/Cargo.toml:12:1
[INFO] [stderr]    |
[INFO] [stderr] 12 | ai00-shared = { path = "../ai00-shared" }
[INFO] [stderr]    | ^^^^^^^^^^^^^^^^^^^^^^^^^^^^^^^^^^^^^^^^^
[INFO] [stderr]    |
[INFO] [stderr]    = note: `cargo::unused_dependencies` is set to `warn` by default
[INFO] [stderr] help: consider removing the dependency on `ai00-shared`
[INFO] [stderr] warning: `ai00-salvo` (manifest) generated 1 warning
[INFO] [stderr] warning: unused dependency `dashmap`
[INFO] [stderr]   --> crates/ai00-script/Cargo.toml:17:1
[INFO] [stderr]    |
[INFO] [stderr] 17 | dashmap = { workspace = true }
[INFO] [stderr]    | ^^^^^^^^^^^^^^^^^^^^^^^^^^^^^^
[INFO] [stderr]    |
[INFO] [stderr]    = note: `cargo::unused_dependencies` is set to `warn` by default
[INFO] [stderr] help: consider removing the dependency on `dashmap`
[INFO] [stderr] warning: `ai00-script` (manifest) generated 1 warning
[INFO] [stderr] warning: unused dependency `chrono`
[INFO] [stderr]   --> crates/ai00-shared/Cargo.toml:10:1
[INFO] [stderr]    |
[INFO] [stderr] 10 | chrono = { workspace = true }
[INFO] [stderr]    | ^^^^^^^^^^^^^^^^^^^^^^^^^^^^^
[INFO] [stderr]    |
[INFO] [stderr]    = note: `cargo::unused_dependencies` is set to `warn` by default
[INFO] [stderr] help: consider removing the dependency on `chrono`
[INFO] [stderr] warning: unused dependency `serde_json`
[INFO] [stderr]  --> crates/ai00-shared/Cargo.toml:9:1
[INFO] [stderr]   |
[INFO] [stderr] 9 | serde_json = { workspace = true }
[INFO] [stderr]   | ^^^^^^^^^^^^^^^^^^^^^^^^^^^^^^^^^
[INFO] [stderr]   |
[INFO] [stderr] help: consider removing the dependency on `serde_json`
[INFO] [stderr] warning: `ai00-shared` (manifest) generated 2 warnings
[INFO] [stderr]     Finished `dev` profile [unoptimized + debuginfo] target(s) in 3m 04s
[INFO] running `Command { std: "docker" "inspect" "354a0d828ad0c15dfd2379a01a3c4f7f2a06ba2d5c32c429962319f6a51fe8b8", kill_on_drop: false }`
[INFO] running `Command { std: "docker" "exec" "-e" "SOURCE_DIR=/opt/rustwide/workdir" "-e" "CARGO_HOME=/opt/rustwide/cargo-home" "-e" "RUSTUP_HOME=/opt/rustwide/rustup-home" "-e" "CARGO_TARGET_DIR=/opt/rustwide/target" "-e" "CARGO_INCREMENTAL=0" "-e" "RUST_BACKTRACE=full" "-e" "RUSTFLAGS=--cap-lints=warn" "-e" "RUSTDOCFLAGS=--cap-lints=warn" "-w" "/opt/rustwide/workdir" "--user" "0:0" "354a0d828ad0c15dfd2379a01a3c4f7f2a06ba2d5c32c429962319f6a51fe8b8" "/opt/rustwide/cargo-home/bin/cargo" "+1.100.0-beta.1" "test" "--frozen" "--no-run" "--message-format=json", kill_on_drop: false }`
[INFO] [stderr] warning: unused field `authors` in `workspace.package`
[INFO] [stderr]   --> Cargo.toml:49:1
[INFO] [stderr]    |
[INFO] [stderr] 49 | authors = ["Ai00_Salvo Team"]
[INFO] [stderr]    | ^^^^^^^
[INFO] [stderr]    |
[INFO] [stderr]    = note: `cargo::unused_workspace_package_fields` is set to `warn` by default
[INFO] [stderr] help: consider removing the field `workspace.package.authors`
[INFO] [stderr] warning: unused field `license` in `workspace.package`
[INFO] [stderr]   --> Cargo.toml:51:1
[INFO] [stderr]    |
[INFO] [stderr] 51 | license = "MIT"
[INFO] [stderr]    | ^^^^^^^
[INFO] [stderr]    |
[INFO] [stderr] help: consider removing the field `workspace.package.license`
[INFO] [stderr] warning: workspace (manifest) generated 2 warnings
[INFO] [stdout] warning: unused import: `Type`
[INFO] [stdout]  --> crates/ai00-script/src/lib.rs:7:85
[INFO] [stdout]   |
[INFO] [stdout] 7 |     async_with, AsyncContext, AsyncRuntime, Ctx, Function, Module, Object, Promise, Type,
[INFO] [stdout]   |                                                                                     ^^^^
[INFO] [stdout]   |
[INFO] [stdout]   = note: `#[warn(unused_imports)]` (part of `#[warn(unused)]`) on by default
[INFO] [stdout] 
[INFO] [stdout] 
[INFO] [stdout] warning: unused import: `Sha256`
[INFO] [stdout]   --> crates/ai00-script/src/lib.rs:11:20
[INFO] [stdout]    |
[INFO] [stdout] 11 | use sha2::{Digest, Sha256};
[INFO] [stdout]    |                    ^^^^^^
[INFO] [stdout] 
[INFO] [stdout] 
[INFO] [stdout] warning: unused import: `Type`
[INFO] [stdout]   --> crates/ai00-script/src/actor.rs:11:85
[INFO] [stdout]    |
[INFO] [stdout] 11 |     async_with, AsyncContext, AsyncRuntime, Ctx, Function, Module, Object, Promise, Type,
[INFO] [stdout]    |                                                                                     ^^^^
[INFO] [stdout] 
[INFO] [stdout] 
[INFO] [stdout] warning: use of deprecated macro `async_with`
[INFO] [stdout]    --> crates/ai00-script/src/actor.rs:205:44
[INFO] [stdout]     |
[INFO] [stdout] 205 |         let result: Result<ScriptResult> = async_with!(ctx => |jsc| {
[INFO] [stdout]     |                                            ^^^^^^^^^^
[INFO] [stdout]     |
[INFO] [stdout]     = note: `#[warn(deprecated)]` on by default
[INFO] [stdout] 
[INFO] [stdout] 
[INFO] [stdout] warning: use of deprecated macro `async_with`
[INFO] [stdout]    --> crates/ai00-script/src/actor.rs:248:17
[INFO] [stdout]     |
[INFO] [stdout] 248 |                 async_with!(ctx => |jsc| {
[INFO] [stdout]     |                 ^^^^^^^^^^
[INFO] [stdout] 
[INFO] [stdout] 
[INFO] [stdout] warning: use of deprecated macro `async_with`
[INFO] [stdout]    --> crates/ai00-script/src/lib.rs:235:74
[INFO] [stdout]     |
[INFO] [stdout] 235 |                 let exec_res: Result<serde_json::Value, anyhow::Error> = async_with!(js_ctx => |jsc| {
[INFO] [stdout]     |                                                                          ^^^^^^^^^^
[INFO] [stdout] 
[INFO] [stdout] 
[INFO] [stdout] warning: use of deprecated macro `async_with`
[INFO] [stdout]    --> crates/ai00-script/src/lib.rs:411:25
[INFO] [stdout]     |
[INFO] [stdout] 411 |                 let _ = async_with!(js_ctx => |jsc| {
[INFO] [stdout]     |                         ^^^^^^^^^^
[INFO] [stdout] 
[INFO] [stdout] 
[INFO] [stdout] warning: use of deprecated macro `async_with`
[INFO] [stdout]    --> crates/ai00-script/src/lib.rs:555:45
[INFO] [stdout]     |
[INFO] [stdout] 555 |             let bytecode: Result<Vec<u8>> = async_with!(ctx => |jsc| {
[INFO] [stdout]     |                                             ^^^^^^^^^^
[INFO] [stdout] 
[INFO] [stdout] 
[INFO] [stdout] warning: use of deprecated macro `rquickjs::async_with`
[INFO] [stdout]  --> crates/ai00-script/src/lib.rs:7:5
[INFO] [stdout]   |
[INFO] [stdout] 7 |     async_with, AsyncContext, AsyncRuntime, Ctx, Function, Module, Object, Promise, Type,
[INFO] [stdout]   |     ^^^^^^^^^^
[INFO] [stdout] 
[INFO] [stdout] 
[INFO] [stdout] warning: use of deprecated macro `rquickjs::async_with`
[INFO] [stdout]   --> crates/ai00-script/src/actor.rs:11:5
[INFO] [stdout]    |
[INFO] [stdout] 11 |     async_with, AsyncContext, AsyncRuntime, Ctx, Function, Module, Object, Promise, Type,
[INFO] [stdout]    |     ^^^^^^^^^^
[INFO] [stdout] 
[INFO] [stdout] 
[INFO] [stdout] warning: unused import: `Digest`
[INFO] [stdout]   --> crates/ai00-script/src/lib.rs:11:12
[INFO] [stdout]    |
[INFO] [stdout] 11 | use sha2::{Digest, Sha256};
[INFO] [stdout]    |            ^^^^^^
[INFO] [stdout] 
[INFO] [stdout] 
[INFO] [stdout] warning: unused import: `std::io::Write`
[INFO] [stdout]  --> crates/ai00-script/src/lib.rs:1:5
[INFO] [stdout]   |
[INFO] [stdout] 1 | use std::io::Write as IoWrite;
[INFO] [stdout]   |     ^^^^^^^^^^^^^^
[INFO] [stdout] 
[INFO] [stdout] 
[INFO] [stdout] warning: variable does not need to be mutable
[INFO] [stdout]    --> crates/ai00-script/src/annotation.rs:209:9
[INFO] [stdout]     |
[INFO] [stdout] 209 |     let mut parts: Vec<&str> = rest.split_whitespace().collect();
[INFO] [stdout]     |         ----^^^^^
[INFO] [stdout]     |         |
[INFO] [stdout]     |         help: remove this `mut`
[INFO] [stdout]     |
[INFO] [stdout]     = note: `#[warn(unused_mut)]` (part of `#[warn(unused)]`) on by default
[INFO] [stdout] 
[INFO] [stdout] 
[INFO] [stdout] warning: variable does not need to be mutable
[INFO] [stdout]    --> crates/ai00-script/src/annotation.rs:494:9
[INFO] [stdout]     |
[INFO] [stdout] 494 |     let mut hash_buf = [0u8; 32];
[INFO] [stdout]     |         ----^^^^^^^^
[INFO] [stdout]     |         |
[INFO] [stdout]     |         help: remove this `mut`
[INFO] [stdout] 
[INFO] [stdout] 
[INFO] [stdout] warning: constant `AISE_MAGIC` is never used
[INFO] [stdout]    --> crates/ai00-script/src/lib.rs:526:7
[INFO] [stdout]     |
[INFO] [stdout] 526 | const AISE_MAGIC: &[u8; 6] = &[0xA1, 0x00, b'A', b'1', b'S', b'E'];
[INFO] [stdout]     |       ^^^^^^^^^^
[INFO] [stdout]     |
[INFO] [stdout]     = note: `#[warn(dead_code)]` (part of `#[warn(unused)]`) on by default
[INFO] [stdout] 
[INFO] [stdout] 
[INFO] [stdout] warning: constant `AISE_VERSION` is never used
[INFO] [stdout]    --> crates/ai00-script/src/lib.rs:527:7
[INFO] [stdout]     |
[INFO] [stdout] 527 | const AISE_VERSION: u32 = 2;
[INFO] [stdout]     |       ^^^^^^^^^^^^
[INFO] [stdout] 
[INFO] [stdout] 
[INFO] [stdout] warning: fields `idle_timeout`, `max_idle_timeout`, `cleanup_cancel`, and `file_mtimes` are never read
[INFO] [stdout]     --> crates/ai00-script/src/actor.rs:1031:5
[INFO] [stdout]      |
[INFO] [stdout] 1028 | pub struct ActorScheduler {
[INFO] [stdout]      |            -------------- fields in this struct
[INFO] [stdout] ...
[INFO] [stdout] 1031 |     idle_timeout: Duration,
[INFO] [stdout]      |     ^^^^^^^^^^^^
[INFO] [stdout] 1032 |     max_idle_timeout: Duration,
[INFO] [stdout]      |     ^^^^^^^^^^^^^^^^
[INFO] [stdout] 1033 |     config: ScriptConfig,
[INFO] [stdout] 1034 |     cleanup_cancel: tokio_util::sync::CancellationToken,
[INFO] [stdout]      |     ^^^^^^^^^^^^^^
[INFO] [stdout] ...
[INFO] [stdout] 1038 |     file_mtimes: Arc<RwLock<HashMap<String, SystemTime>>>,
[INFO] [stdout]      |     ^^^^^^^^^^^
[INFO] [stdout] 
[INFO] [stdout] 
[INFO] [stderr]    Compiling ai00-script v0.1.0 (/opt/rustwide/workdir/crates/ai00-script)
[INFO] [stderr]    Compiling ai00-auth v0.1.0 (/opt/rustwide/workdir/crates/ai00-auth)
[INFO] [stderr]    Compiling ai00-shared v0.1.0 (/opt/rustwide/workdir/crates/ai00-shared)
[INFO] [stdout] warning: unused import: `ChangePasswordRequest`
[INFO] [stdout]  --> crates/ai00-salvo/src/api/auth.rs:7:21
[INFO] [stdout]   |
[INFO] [stdout] 7 | use crate::models::{ChangePasswordRequest, LoginRequest, LoginResponse, RefreshRequest, RefreshResponse, Role, User, UserInfo};
[INFO] [stdout]   |                     ^^^^^^^^^^^^^^^^^^^^^
[INFO] [stdout]   |
[INFO] [stdout]   = note: `#[warn(unused_imports)]` (part of `#[warn(unused)]`) on by default
[INFO] [stdout] 
[INFO] [stdout] 
[INFO] [stdout] warning: unused import: `Deserialize`
[INFO] [stdout]  --> crates/ai00-salvo/src/models/system.rs:1:13
[INFO] [stdout]   |
[INFO] [stdout] 1 | use serde::{Deserialize, Serialize};
[INFO] [stdout]   |             ^^^^^^^^^^^
[INFO] [stdout] 
[INFO] [stdout] 
[INFO] [stdout] warning: unused variable: `depot`
[INFO] [stdout]   --> crates/ai00-salvo/src/api/config.rs:13:47
[INFO] [stdout]    |
[INFO] [stdout] 13 | pub async fn update_config(req: &mut Request, depot: &mut Depot, res: &mut Response) {
[INFO] [stdout]    |                                               ^^^^^ help: if this is intentional, prefix it with an underscore: `_depot`
[INFO] [stdout]    |
[INFO] [stdout]    = note: `#[warn(unused_variables)]` (part of `#[warn(unused)]`) on by default
[INFO] [stdout] 
[INFO] [stdout] 
[INFO] [stdout] warning: unused variable: `depot`
[INFO] [stdout]   --> crates/ai00-salvo/src/vhost/proxy.rs:77:47
[INFO] [stdout]    |
[INFO] [stdout] 77 |     async fn handle(&self, req: &mut Request, depot: &mut Depot, res: &mut Response, _ctrl: &mut FlowCtrl) {
[INFO] [stdout]    |                                               ^^^^^ help: if this is intentional, prefix it with an underscore: `_depot`
[INFO] [stdout] 
[INFO] [stdout] 
[INFO] [stderr]    Compiling ai00-salvo v0.1.0 (/opt/rustwide/workdir/crates/ai00-salvo)
[INFO] [stdout] warning: unused import: `Type`
[INFO] [stdout]  --> crates/ai00-script/src/lib.rs:7:85
[INFO] [stdout]   |
[INFO] [stdout] 7 |     async_with, AsyncContext, AsyncRuntime, Ctx, Function, Module, Object, Promise, Type,
[INFO] [stdout]   |                                                                                     ^^^^
[INFO] [stdout]   |
[INFO] [stdout]   = note: `#[warn(unused_imports)]` (part of `#[warn(unused)]`) on by default
[INFO] [stdout] 
[INFO] [stdout] 
[INFO] [stdout] warning: unused import: `Sha256`
[INFO] [stdout]   --> crates/ai00-script/src/lib.rs:11:20
[INFO] [stdout]    |
[INFO] [stdout] 11 | use sha2::{Digest, Sha256};
[INFO] [stdout]    |                    ^^^^^^
[INFO] [stdout] 
[INFO] [stdout] 
[INFO] [stdout] warning: unused import: `Type`
[INFO] [stdout]   --> crates/ai00-script/src/actor.rs:11:85
[INFO] [stdout]    |
[INFO] [stdout] 11 |     async_with, AsyncContext, AsyncRuntime, Ctx, Function, Module, Object, Promise, Type,
[INFO] [stdout]    |                                                                                     ^^^^
[INFO] [stdout] 
[INFO] [stdout] 
[INFO] [stdout] warning: use of deprecated macro `async_with`
[INFO] [stdout]    --> crates/ai00-script/src/actor.rs:205:44
[INFO] [stdout]     |
[INFO] [stdout] 205 |         let result: Result<ScriptResult> = async_with!(ctx => |jsc| {
[INFO] [stdout]     |                                            ^^^^^^^^^^
[INFO] [stdout]     |
[INFO] [stdout]     = note: `#[warn(deprecated)]` on by default
[INFO] [stdout] 
[INFO] [stdout] 
[INFO] [stdout] warning: use of deprecated macro `async_with`
[INFO] [stdout]    --> crates/ai00-script/src/actor.rs:248:17
[INFO] [stdout]     |
[INFO] [stdout] 248 |                 async_with!(ctx => |jsc| {
[INFO] [stdout]     |                 ^^^^^^^^^^
[INFO] [stdout] 
[INFO] [stdout] 
[INFO] [stdout] warning: use of deprecated macro `async_with`
[INFO] [stdout]    --> crates/ai00-script/src/lib.rs:235:74
[INFO] [stdout]     |
[INFO] [stdout] 235 |                 let exec_res: Result<serde_json::Value, anyhow::Error> = async_with!(js_ctx => |jsc| {
[INFO] [stdout]     |                                                                          ^^^^^^^^^^
[INFO] [stdout] 
[INFO] [stdout] 
[INFO] [stdout] warning: use of deprecated macro `async_with`
[INFO] [stdout]    --> crates/ai00-script/src/lib.rs:411:25
[INFO] [stdout]     |
[INFO] [stdout] 411 |                 let _ = async_with!(js_ctx => |jsc| {
[INFO] [stdout]     |                         ^^^^^^^^^^
[INFO] [stdout] 
[INFO] [stdout] 
[INFO] [stdout] warning: use of deprecated macro `async_with`
[INFO] [stdout]    --> crates/ai00-script/src/lib.rs:555:45
[INFO] [stdout]     |
[INFO] [stdout] 555 |             let bytecode: Result<Vec<u8>> = async_with!(ctx => |jsc| {
[INFO] [stdout]     |                                             ^^^^^^^^^^
[INFO] [stdout] 
[INFO] [stdout] 
[INFO] [stdout] warning: use of deprecated macro `rquickjs::async_with`
[INFO] [stdout]  --> crates/ai00-script/src/lib.rs:7:5
[INFO] [stdout]   |
[INFO] [stdout] 7 |     async_with, AsyncContext, AsyncRuntime, Ctx, Function, Module, Object, Promise, Type,
[INFO] [stdout]   |     ^^^^^^^^^^
[INFO] [stdout] 
[INFO] [stdout] 
[INFO] [stdout] warning: use of deprecated macro `rquickjs::async_with`
[INFO] [stdout]   --> crates/ai00-script/src/actor.rs:11:5
[INFO] [stdout]    |
[INFO] [stdout] 11 |     async_with, AsyncContext, AsyncRuntime, Ctx, Function, Module, Object, Promise, Type,
[INFO] [stdout]    |     ^^^^^^^^^^
[INFO] [stdout] 
[INFO] [stdout] 
[INFO] [stdout] warning: unused import: `ChangePasswordRequest`
[INFO] [stdout]  --> crates/ai00-salvo/src/api/auth.rs:7:21
[INFO] [stdout]   |
[INFO] [stdout] 7 | use crate::models::{ChangePasswordRequest, LoginRequest, LoginResponse, RefreshRequest, RefreshResponse, Role, User, UserInfo};
[INFO] [stdout]   |                     ^^^^^^^^^^^^^^^^^^^^^
[INFO] [stdout]   |
[INFO] [stdout]   = note: `#[warn(unused_imports)]` (part of `#[warn(unused)]`) on by default
[INFO] [stdout] 
[INFO] [stdout] 
[INFO] [stdout] warning: unused import: `Deserialize`
[INFO] [stdout]  --> crates/ai00-salvo/src/models/system.rs:1:13
[INFO] [stdout]   |
[INFO] [stdout] 1 | use serde::{Deserialize, Serialize};
[INFO] [stdout]   |             ^^^^^^^^^^^
[INFO] [stdout] 
[INFO] [stdout] 
[INFO] [stdout] warning: unused import: `Digest`
[INFO] [stdout]   --> crates/ai00-script/src/lib.rs:11:12
[INFO] [stdout]    |
[INFO] [stdout] 11 | use sha2::{Digest, Sha256};
[INFO] [stdout]    |            ^^^^^^
[INFO] [stdout] 
[INFO] [stdout] 
[INFO] [stdout] warning: unused import: `std::io::Write`
[INFO] [stdout]  --> crates/ai00-script/src/lib.rs:1:5
[INFO] [stdout]   |
[INFO] [stdout] 1 | use std::io::Write as IoWrite;
[INFO] [stdout]   |     ^^^^^^^^^^^^^^
[INFO] [stdout] 
[INFO] [stdout] 
[INFO] [stdout] warning: variable does not need to be mutable
[INFO] [stdout]    --> crates/ai00-script/src/annotation.rs:209:9
[INFO] [stdout]     |
[INFO] [stdout] 209 |     let mut parts: Vec<&str> = rest.split_whitespace().collect();
[INFO] [stdout]     |         ----^^^^^
[INFO] [stdout]     |         |
[INFO] [stdout]     |         help: remove this `mut`
[INFO] [stdout]     |
[INFO] [stdout]     = note: `#[warn(unused_mut)]` (part of `#[warn(unused)]`) on by default
[INFO] [stdout] 
[INFO] [stdout] 
[INFO] [stdout] warning: variable does not need to be mutable
[INFO] [stdout]    --> crates/ai00-script/src/annotation.rs:494:9
[INFO] [stdout]     |
[INFO] [stdout] 494 |     let mut hash_buf = [0u8; 32];
[INFO] [stdout]     |         ----^^^^^^^^
[INFO] [stdout]     |         |
[INFO] [stdout]     |         help: remove this `mut`
[INFO] [stdout] 
[INFO] [stdout] 
[INFO] [stdout] warning: constant `AISE_MAGIC` is never used
[INFO] [stdout]    --> crates/ai00-script/src/lib.rs:526:7
[INFO] [stdout]     |
[INFO] [stdout] 526 | const AISE_MAGIC: &[u8; 6] = &[0xA1, 0x00, b'A', b'1', b'S', b'E'];
[INFO] [stdout]     |       ^^^^^^^^^^
[INFO] [stdout]     |
[INFO] [stdout]     = note: `#[warn(dead_code)]` (part of `#[warn(unused)]`) on by default
[INFO] [stdout] 
[INFO] [stdout] 
[INFO] [stdout] warning: constant `AISE_VERSION` is never used
[INFO] [stdout]    --> crates/ai00-script/src/lib.rs:527:7
[INFO] [stdout]     |
[INFO] [stdout] 527 | const AISE_VERSION: u32 = 2;
[INFO] [stdout]     |       ^^^^^^^^^^^^
[INFO] [stdout] 
[INFO] [stdout] 
[INFO] [stdout] warning: fields `idle_timeout`, `max_idle_timeout`, `cleanup_cancel`, and `file_mtimes` are never read
[INFO] [stdout]     --> crates/ai00-script/src/actor.rs:1031:5
[INFO] [stdout]      |
[INFO] [stdout] 1028 | pub struct ActorScheduler {
[INFO] [stdout]      |            -------------- fields in this struct
[INFO] [stdout] ...
[INFO] [stdout] 1031 |     idle_timeout: Duration,
[INFO] [stdout]      |     ^^^^^^^^^^^^
[INFO] [stdout] 1032 |     max_idle_timeout: Duration,
[INFO] [stdout]      |     ^^^^^^^^^^^^^^^^
[INFO] [stdout] 1033 |     config: ScriptConfig,
[INFO] [stdout] 1034 |     cleanup_cancel: tokio_util::sync::CancellationToken,
[INFO] [stdout]      |     ^^^^^^^^^^^^^^
[INFO] [stdout] ...
[INFO] [stdout] 1038 |     file_mtimes: Arc<RwLock<HashMap<String, SystemTime>>>,
[INFO] [stdout]      |     ^^^^^^^^^^^
[INFO] [stdout] 
[INFO] [stdout] 
[INFO] [stdout] warning: unused variable: `depot`
[INFO] [stdout]   --> crates/ai00-salvo/src/api/config.rs:13:47
[INFO] [stdout]    |
[INFO] [stdout] 13 | pub async fn update_config(req: &mut Request, depot: &mut Depot, res: &mut Response) {
[INFO] [stdout]    |                                               ^^^^^ help: if this is intentional, prefix it with an underscore: `_depot`
[INFO] [stdout]    |
[INFO] [stdout]    = note: `#[warn(unused_variables)]` (part of `#[warn(unused)]`) on by default
[INFO] [stdout] 
[INFO] [stdout] 
[INFO] [stdout] warning: unused variable: `depot`
[INFO] [stdout]   --> crates/ai00-salvo/src/vhost/proxy.rs:77:47
[INFO] [stdout]    |
[INFO] [stdout] 77 |     async fn handle(&self, req: &mut Request, depot: &mut Depot, res: &mut Response, _ctrl: &mut FlowCtrl) {
[INFO] [stdout]    |                                               ^^^^^ help: if this is intentional, prefix it with an underscore: `_depot`
[INFO] [stdout] 
[INFO] [stdout] 
[INFO] [stderr] warning: unused dependency `ai00-shared`
[INFO] [stderr]   --> crates/ai00-salvo/Cargo.toml:12:1
[INFO] [stderr]    |
[INFO] [stderr] 12 | ai00-shared = { path = "../ai00-shared" }
[INFO] [stderr]    | ^^^^^^^^^^^^^^^^^^^^^^^^^^^^^^^^^^^^^^^^^
[INFO] [stderr]    |
[INFO] [stderr]    = note: `cargo::unused_dependencies` is set to `warn` by default
[INFO] [stderr] help: consider removing the dependency on `ai00-shared`
[INFO] [stderr] warning: `ai00-salvo` (manifest) generated 1 warning
[INFO] [stderr] warning: unused dependency `dashmap`
[INFO] [stderr]   --> crates/ai00-script/Cargo.toml:17:1
[INFO] [stderr]    |
[INFO] [stderr] 17 | dashmap = { workspace = true }
[INFO] [stderr]    | ^^^^^^^^^^^^^^^^^^^^^^^^^^^^^^
[INFO] [stderr]    |
[INFO] [stderr]    = note: `cargo::unused_dependencies` is set to `warn` by default
[INFO] [stderr] help: consider removing the dependency on `dashmap`
[INFO] [stderr] warning: `ai00-script` (manifest) generated 1 warning
[INFO] [stderr] warning: unused dependency `chrono`
[INFO] [stderr]   --> crates/ai00-shared/Cargo.toml:10:1
[INFO] [stderr]    |
[INFO] [stderr] 10 | chrono = { workspace = true }
[INFO] [stderr]    | ^^^^^^^^^^^^^^^^^^^^^^^^^^^^^
[INFO] [stderr]    |
[INFO] [stderr]    = note: `cargo::unused_dependencies` is set to `warn` by default
[INFO] [stderr] help: consider removing the dependency on `chrono`
[INFO] [stderr] warning: unused dependency `serde_json`
[INFO] [stderr]  --> crates/ai00-shared/Cargo.toml:9:1
[INFO] [stderr]   |
[INFO] [stderr] 9 | serde_json = { workspace = true }
[INFO] [stderr]   | ^^^^^^^^^^^^^^^^^^^^^^^^^^^^^^^^^
[INFO] [stderr]   |
[INFO] [stderr] help: consider removing the dependency on `serde_json`
[INFO] [stderr] warning: `ai00-shared` (manifest) generated 2 warnings
[INFO] [stderr]     Finished `test` profile [unoptimized + debuginfo] target(s) in 10.24s
[INFO] running `Command { std: "docker" "inspect" "354a0d828ad0c15dfd2379a01a3c4f7f2a06ba2d5c32c429962319f6a51fe8b8", kill_on_drop: false }`
[INFO] running `Command { std: "docker" "exec" "-e" "SOURCE_DIR=/opt/rustwide/workdir" "-e" "CARGO_HOME=/opt/rustwide/cargo-home" "-e" "RUSTUP_HOME=/opt/rustwide/rustup-home" "-e" "CARGO_TARGET_DIR=/opt/rustwide/target" "-e" "CARGO_INCREMENTAL=0" "-e" "RUST_BACKTRACE=full" "-e" "RUSTFLAGS=--cap-lints=warn" "-e" "RUSTDOCFLAGS=--cap-lints=warn" "-w" "/opt/rustwide/workdir" "--user" "0:0" "354a0d828ad0c15dfd2379a01a3c4f7f2a06ba2d5c32c429962319f6a51fe8b8" "/opt/rustwide/cargo-home/bin/cargo" "+1.100.0-beta.1" "test" "--frozen", kill_on_drop: false }`
[INFO] [stderr] warning: unused field `authors` in `workspace.package`
[INFO] [stderr]   --> Cargo.toml:49:1
[INFO] [stderr]    |
[INFO] [stderr] 49 | authors = ["Ai00_Salvo Team"]
[INFO] [stderr]    | ^^^^^^^
[INFO] [stderr]    |
[INFO] [stderr]    = note: `cargo::unused_workspace_package_fields` is set to `warn` by default
[INFO] [stderr] help: consider removing the field `workspace.package.authors`
[INFO] [stderr] warning: unused field `license` in `workspace.package`
[INFO] [stderr]   --> Cargo.toml:51:1
[INFO] [stderr]    |
[INFO] [stderr] 51 | license = "MIT"
[INFO] [stderr]    | ^^^^^^^
[INFO] [stderr]    |
[INFO] [stderr] help: consider removing the field `workspace.package.license`
[INFO] [stderr] warning: workspace (manifest) generated 2 warnings
[INFO] [stderr] warning: unused import: `Type`
[INFO] [stderr]  --> crates/ai00-script/src/lib.rs:7:85
[INFO] [stderr]   |
[INFO] [stderr] 7 |     async_with, AsyncContext, AsyncRuntime, Ctx, Function, Module, Object, Promise, Type,
[INFO] [stderr]   |                                                                                     ^^^^
[INFO] [stderr]   |
[INFO] [stderr]   = note: `#[warn(unused_imports)]` (part of `#[warn(unused)]`) on by default
[INFO] [stderr] 
[INFO] [stderr] warning: unused import: `Sha256`
[INFO] [stderr]   --> crates/ai00-script/src/lib.rs:11:20
[INFO] [stderr]    |
[INFO] [stderr] 11 | use sha2::{Digest, Sha256};
[INFO] [stderr]    |                    ^^^^^^
[INFO] [stderr] 
[INFO] [stderr] warning: unused import: `Type`
[INFO] [stderr]   --> crates/ai00-script/src/actor.rs:11:85
[INFO] [stderr]    |
[INFO] [stderr] 11 |     async_with, AsyncContext, AsyncRuntime, Ctx, Function, Module, Object, Promise, Type,
[INFO] [stderr]    |                                                                                     ^^^^
[INFO] [stderr] 
[INFO] [stderr] warning: use of deprecated macro `async_with`
[INFO] [stderr]    --> crates/ai00-script/src/actor.rs:205:44
[INFO] [stderr]     |
[INFO] [stderr] 205 |         let result: Result<ScriptResult> = async_with!(ctx => |jsc| {
[INFO] [stderr]     |                                            ^^^^^^^^^^
[INFO] [stderr]     |
[INFO] [stderr]     = note: `#[warn(deprecated)]` on by default
[INFO] [stderr] 
[INFO] [stderr] warning: use of deprecated macro `async_with`
[INFO] [stderr]    --> crates/ai00-script/src/actor.rs:248:17
[INFO] [stderr]     |
[INFO] [stderr] 248 |                 async_with!(ctx => |jsc| {
[INFO] [stderr]     |                 ^^^^^^^^^^
[INFO] [stderr] 
[INFO] [stderr] warning: use of deprecated macro `async_with`
[INFO] [stderr]    --> crates/ai00-script/src/lib.rs:235:74
[INFO] [stderr]     |
[INFO] [stderr] 235 |                 let exec_res: Result<serde_json::Value, anyhow::Error> = async_with!(js_ctx => |jsc| {
[INFO] [stderr]     |                                                                          ^^^^^^^^^^
[INFO] [stderr] 
[INFO] [stderr] warning: use of deprecated macro `async_with`
[INFO] [stderr]    --> crates/ai00-script/src/lib.rs:411:25
[INFO] [stderr]     |
[INFO] [stderr] 411 |                 let _ = async_with!(js_ctx => |jsc| {
[INFO] [stderr]     |                         ^^^^^^^^^^
[INFO] [stderr] 
[INFO] [stderr] warning: use of deprecated macro `async_with`
[INFO] [stderr]    --> crates/ai00-script/src/lib.rs:555:45
[INFO] [stderr]     |
[INFO] [stderr] 555 |             let bytecode: Result<Vec<u8>> = async_with!(ctx => |jsc| {
[INFO] [stderr]     |                                             ^^^^^^^^^^
[INFO] [stderr] 
[INFO] [stderr] warning: use of deprecated macro `rquickjs::async_with`
[INFO] [stderr]  --> crates/ai00-script/src/lib.rs:7:5
[INFO] [stderr]   |
[INFO] [stderr] 7 |     async_with, AsyncContext, AsyncRuntime, Ctx, Function, Module, Object, Promise, Type,
[INFO] [stderr]   |     ^^^^^^^^^^
[INFO] [stderr] 
[INFO] [stderr] warning: use of deprecated macro `rquickjs::async_with`
[INFO] [stderr]   --> crates/ai00-script/src/actor.rs:11:5
[INFO] [stderr]    |
[INFO] [stderr] 11 |     async_with, AsyncContext, AsyncRuntime, Ctx, Function, Module, Object, Promise, Type,
[INFO] [stderr]    |     ^^^^^^^^^^
[INFO] [stderr] 
[INFO] [stderr] warning: unused import: `Digest`
[INFO] [stderr]   --> crates/ai00-script/src/lib.rs:11:12
[INFO] [stderr]    |
[INFO] [stderr] 11 | use sha2::{Digest, Sha256};
[INFO] [stderr]    |            ^^^^^^
[INFO] [stderr] 
[INFO] [stderr] warning: unused import: `std::io::Write`
[INFO] [stderr]  --> crates/ai00-script/src/lib.rs:1:5
[INFO] [stderr]   |
[INFO] [stderr] 1 | use std::io::Write as IoWrite;
[INFO] [stderr]   |     ^^^^^^^^^^^^^^
[INFO] [stderr] 
[INFO] [stderr] warning: variable does not need to be mutable
[INFO] [stderr]    --> crates/ai00-script/src/annotation.rs:209:9
[INFO] [stderr]     |
[INFO] [stderr] 209 |     let mut parts: Vec<&str> = rest.split_whitespace().collect();
[INFO] [stderr]     |         ----^^^^^
[INFO] [stderr]     |         |
[INFO] [stderr]     |         help: remove this `mut`
[INFO] [stderr]     |
[INFO] [stderr]     = note: `#[warn(unused_mut)]` (part of `#[warn(unused)]`) on by default
[INFO] [stderr] 
[INFO] [stderr] warning: variable does not need to be mutable
[INFO] [stderr]    --> crates/ai00-script/src/annotation.rs:494:9
[INFO] [stderr]     |
[INFO] [stderr] 494 |     let mut hash_buf = [0u8; 32];
[INFO] [stderr]     |         ----^^^^^^^^
[INFO] [stderr]     |         |
[INFO] [stderr]     |         help: remove this `mut`
[INFO] [stderr] 
[INFO] [stderr] warning: constant `AISE_MAGIC` is never used
[INFO] [stderr]    --> crates/ai00-script/src/lib.rs:526:7
[INFO] [stderr]     |
[INFO] [stderr] 526 | const AISE_MAGIC: &[u8; 6] = &[0xA1, 0x00, b'A', b'1', b'S', b'E'];
[INFO] [stderr]     |       ^^^^^^^^^^
[INFO] [stderr]     |
[INFO] [stderr]     = note: `#[warn(dead_code)]` (part of `#[warn(unused)]`) on by default
[INFO] [stderr] 
[INFO] [stderr] warning: constant `AISE_VERSION` is never used
[INFO] [stderr]    --> crates/ai00-script/src/lib.rs:527:7
[INFO] [stderr]     |
[INFO] [stderr] 527 | const AISE_VERSION: u32 = 2;
[INFO] [stderr]     |       ^^^^^^^^^^^^
[INFO] [stderr] 
[INFO] [stderr] warning: fields `idle_timeout`, `max_idle_timeout`, `cleanup_cancel`, and `file_mtimes` are never read
[INFO] [stderr]     --> crates/ai00-script/src/actor.rs:1031:5
[INFO] [stderr]      |
[INFO] [stderr] 1028 | pub struct ActorScheduler {
[INFO] [stderr]      |            -------------- fields in this struct
[INFO] [stderr] ...
[INFO] [stderr] 1031 |     idle_timeout: Duration,
[INFO] [stderr]      |     ^^^^^^^^^^^^
[INFO] [stderr] 1032 |     max_idle_timeout: Duration,
[INFO] [stderr]      |     ^^^^^^^^^^^^^^^^
[INFO] [stderr] 1033 |     config: ScriptConfig,
[INFO] [stderr] 1034 |     cleanup_cancel: tokio_util::sync::CancellationToken,
[INFO] [stderr]      |     ^^^^^^^^^^^^^^
[INFO] [stderr] ...
[INFO] [stderr] 1038 |     file_mtimes: Arc<RwLock<HashMap<String, SystemTime>>>,
[INFO] [stderr]      |     ^^^^^^^^^^^
[INFO] [stderr] 
[INFO] [stderr] warning: `ai00-script` (lib) generated 17 warnings (run `cargo fix --lib -p ai00-script` to apply 5 suggestions)
[INFO] [stderr] warning: `ai00-script` (lib test) generated 17 warnings (17 duplicates)
[INFO] [stderr] warning: unused import: `ChangePasswordRequest`
[INFO] [stderr]  --> crates/ai00-salvo/src/api/auth.rs:7:21
[INFO] [stderr]   |
[INFO] [stderr] 7 | use crate::models::{ChangePasswordRequest, LoginRequest, LoginResponse, RefreshRequest, RefreshResponse, Role, User, UserInfo};
[INFO] [stderr]   |                     ^^^^^^^^^^^^^^^^^^^^^
[INFO] [stderr]   |
[INFO] [stderr]   = note: `#[warn(unused_imports)]` (part of `#[warn(unused)]`) on by default
[INFO] [stderr] 
[INFO] [stderr] warning: unused import: `Deserialize`
[INFO] [stderr]  --> crates/ai00-salvo/src/models/system.rs:1:13
[INFO] [stderr]   |
[INFO] [stderr] 1 | use serde::{Deserialize, Serialize};
[INFO] [stderr]   |             ^^^^^^^^^^^
[INFO] [stderr] 
[INFO] [stderr] warning: unused variable: `depot`
[INFO] [stderr]   --> crates/ai00-salvo/src/api/config.rs:13:47
[INFO] [stderr]    |
[INFO] [stderr] 13 | pub async fn update_config(req: &mut Request, depot: &mut Depot, res: &mut Response) {
[INFO] [stderr]    |                                               ^^^^^ help: if this is intentional, prefix it with an underscore: `_depot`
[INFO] [stderr]    |
[INFO] [stderr]    = note: `#[warn(unused_variables)]` (part of `#[warn(unused)]`) on by default
[INFO] [stderr] 
[INFO] [stderr] warning: unused variable: `depot`
[INFO] [stderr]   --> crates/ai00-salvo/src/vhost/proxy.rs:77:47
[INFO] [stderr]    |
[INFO] [stderr] 77 |     async fn handle(&self, req: &mut Request, depot: &mut Depot, res: &mut Response, _ctrl: &mut FlowCtrl) {
[INFO] [stderr]    |                                               ^^^^^ help: if this is intentional, prefix it with an underscore: `_depot`
[INFO] [stderr] 
[INFO] [stderr] warning: `ai00-salvo` (lib) generated 4 warnings (run `cargo fix --lib -p ai00-salvo` to apply 4 suggestions)
[INFO] [stderr] warning: `ai00-salvo` (lib test) generated 4 warnings (4 duplicates)
[INFO] [stderr] warning: unused dependency `ai00-shared`
[INFO] [stderr]   --> crates/ai00-salvo/Cargo.toml:12:1
[INFO] [stderr]    |
[INFO] [stderr] 12 | ai00-shared = { path = "../ai00-shared" }
[INFO] [stderr]    | ^^^^^^^^^^^^^^^^^^^^^^^^^^^^^^^^^^^^^^^^^
[INFO] [stderr]    |
[INFO] [stderr]    = note: `cargo::unused_dependencies` is set to `warn` by default
[INFO] [stderr] help: consider removing the dependency on `ai00-shared`
[INFO] [stderr] warning: `ai00-salvo` (manifest) generated 1 warning
[INFO] [stderr] warning: unused dependency `dashmap`
[INFO] [stderr]   --> crates/ai00-script/Cargo.toml:17:1
[INFO] [stderr]    |
[INFO] [stderr] 17 | dashmap = { workspace = true }
[INFO] [stderr]    | ^^^^^^^^^^^^^^^^^^^^^^^^^^^^^^
[INFO] [stderr]    |
[INFO] [stderr]    = note: `cargo::unused_dependencies` is set to `warn` by default
[INFO] [stderr] help: consider removing the dependency on `dashmap`
[INFO] [stderr] warning: `ai00-script` (manifest) generated 1 warning
[INFO] [stderr] warning: unused dependency `chrono`
[INFO] [stderr]   --> crates/ai00-shared/Cargo.toml:10:1
[INFO] [stderr]    |
[INFO] [stderr] 10 | chrono = { workspace = true }
[INFO] [stderr]    | ^^^^^^^^^^^^^^^^^^^^^^^^^^^^^
[INFO] [stderr]    |
[INFO] [stderr]    = note: `cargo::unused_dependencies` is set to `warn` by default
[INFO] [stderr] help: consider removing the dependency on `chrono`
[INFO] [stderr] warning: unused dependency `serde_json`
[INFO] [stderr]  --> crates/ai00-shared/Cargo.toml:9:1
[INFO] [stderr]   |
[INFO] [stderr] 9 | serde_json = { workspace = true }
[INFO] [stderr]   | ^^^^^^^^^^^^^^^^^^^^^^^^^^^^^^^^^
[INFO] [stderr]   |
[INFO] [stderr] help: consider removing the dependency on `serde_json`
[INFO] [stderr] warning: `ai00-shared` (manifest) generated 2 warnings
[INFO] [stderr]     Finished `test` profile [unoptimized + debuginfo] target(s) in 1.13s
[INFO] [stderr]      Running unittests src/lib.rs (/opt/rustwide/target/debug/build/ai00-auth/4a10da81cc3d99a6/out/ai00_auth-4a10da81cc3d99a6)
[INFO] [stderr]      Running unittests src/main.rs (/opt/rustwide/target/debug/build/ai00-auth/dd62e4dbae40433e/out/ai00_auth-dd62e4dbae40433e)
[INFO] [stdout] 
[INFO] [stdout] running 0 tests
[INFO] [stdout] 
[INFO] [stdout] test result: ok. 0 passed; 0 failed; 0 ignored; 0 measured; 0 filtered out; finished in 0.00s
[INFO] [stdout] 
[INFO] [stdout] 
[INFO] [stderr]      Running unittests src/lib.rs (/opt/rustwide/target/debug/build/ai00-salvo/bdc2b468a4ba5771/out/ai00_salvo-bdc2b468a4ba5771)
[INFO] [stdout] running 0 tests
[INFO] [stdout] 
[INFO] [stdout] test result: ok. 0 passed; 0 failed; 0 ignored; 0 measured; 0 filtered out; finished in 0.00s
[INFO] [stdout] 
[INFO] [stdout] 
[INFO] [stdout] running 0 tests
[INFO] [stdout] 
[INFO] [stdout] test result: ok. 0 passed; 0 failed; 0 ignored; 0 measured; 0 filtered out; finished in 0.00s
[INFO] [stdout] 
[INFO] [stderr]      Running unittests src/main.rs (/opt/rustwide/target/debug/build/ai00-salvo/fa45839fa4cb8a32/out/ai00_salvo-fa45839fa4cb8a32)
[INFO] [stdout] 
[INFO] [stdout] running 0 tests
[INFO] [stdout] 
[INFO] [stdout] test result: ok. 0 passed; 0 failed; 0 ignored; 0 measured; 0 filtered out; finished in 0.00s
[INFO] [stdout] 
[INFO] [stderr]      Running unittests src/lib.rs (/opt/rustwide/target/debug/build/ai00-script/961b36f92e4adecf/out/ai00_script-961b36f92e4adecf)
[INFO] [stdout] 
[INFO] [stdout] running 6 tests
[INFO] [stdout] test annotation::tests::test_no_annotation_block ... ok
[INFO] [stdout] test annotation::tests::test_parse_responses ... ok
[INFO] [stdout] test annotation::tests::test_parse_basic_annotation ... ok
[INFO] [stdout] test annotation::tests::test_parse_params ... ok
[INFO] [stdout] test annotation::tests::test_default_annotation ... ok
[INFO] [stdout] test annotation::tests::test_parse_constraints ... FAILED
[INFO] [stdout] 
[INFO] [stdout] failures:
[INFO] [stdout] 
[INFO] [stdout] ---- annotation::tests::test_parse_constraints stdout ----
[INFO] [stdout] 
[INFO] [stdout] thread 'annotation::tests::test_parse_constraints' (5700) panicked at crates/ai00-script/src/annotation.rs:581:9:
[INFO] [stdout] assertion `left == right` failed
[INFO] [stdout]   left: 0
[INFO] [stdout]  right: 1
[INFO] [stdout] stack backtrace:
[INFO] [stdout]    0:     0x613bb7923be1 - std[617be2ca0a6fd877]::backtrace_rs::backtrace::libunwind::trace
[INFO] [stdout]                                at /rustc/e3feeb59cd1bdd011a2bfcc0747b55125d9b8527/library/std/src/../../backtrace/src/backtrace/libunwind.rs:117:9
[INFO] [stdout]    1:     0x613bb7923be1 - std[617be2ca0a6fd877]::backtrace_rs::backtrace::trace_unsynchronized::<std[617be2ca0a6fd877]::sys::backtrace::_print_fmt::{closure#1}>
[INFO] [stdout]                                at /rustc/e3feeb59cd1bdd011a2bfcc0747b55125d9b8527/library/std/src/../../backtrace/src/backtrace/mod.rs:66:14
[INFO] [stdout]    2:     0x613bb7923be1 - std[617be2ca0a6fd877]::sys::backtrace::_print_fmt
[INFO] [stdout]                                at /rustc/e3feeb59cd1bdd011a2bfcc0747b55125d9b8527/library/std/src/sys/backtrace.rs:74:9
[INFO] [stdout]    3:     0x613bb7923be1 - <<std[617be2ca0a6fd877]::sys::backtrace::BacktraceLock>::print::DisplayBacktrace as core[a373ad73a504971]::fmt::Display>::fmt
[INFO] [stdout]                                at /rustc/e3feeb59cd1bdd011a2bfcc0747b55125d9b8527/library/std/src/sys/backtrace.rs:44:26
[INFO] [stdout]    4:     0x613bb7938bca - <core[a373ad73a504971]::fmt::rt::Argument>::fmt
[INFO] [stdout]                                at /rustc/e3feeb59cd1bdd011a2bfcc0747b55125d9b8527/library/core/src/fmt/rt.rs:152:76
[INFO] [stdout]    5:     0x613bb7938bca - core[a373ad73a504971]::fmt::write
[INFO] [stdout]    6:     0x613bb7927dfc - core[a373ad73a504971]::io::write::default_write_fmt::<alloc[2e1b2a31b91974c5]::vec::Vec<u8>>
[INFO] [stdout]                                at /rustc/e3feeb59cd1bdd011a2bfcc0747b55125d9b8527/library/core/src/io/write.rs:402:11
[INFO] [stdout]    7:     0x613bb7927dfc - <alloc[2e1b2a31b91974c5]::vec::Vec<u8> as core[a373ad73a504971]::io::write::Write>::write_fmt
[INFO] [stdout]                                at /rustc/e3feeb59cd1bdd011a2bfcc0747b55125d9b8527/library/core/src/io/write.rs:335:13
[INFO] [stdout]    8:     0x613bb7900046 - <std[617be2ca0a6fd877]::sys::backtrace::BacktraceLock>::print
[INFO] [stdout]                                at /rustc/e3feeb59cd1bdd011a2bfcc0747b55125d9b8527/library/std/src/sys/backtrace.rs:47:9
[INFO] [stdout]    9:     0x613bb7900046 - std[617be2ca0a6fd877]::panicking::default_hook::{closure#0}
[INFO] [stdout]                                at /rustc/e3feeb59cd1bdd011a2bfcc0747b55125d9b8527/library/std/src/panicking.rs:289:27
[INFO] [stdout]   10:     0x613bb791c279 - std[617be2ca0a6fd877]::panicking::default_hook
[INFO] [stdout]                                at /rustc/e3feeb59cd1bdd011a2bfcc0747b55125d9b8527/library/std/src/panicking.rs:313:9
[INFO] [stdout]   11:     0x613bb78b1030 - <alloc[2e1b2a31b91974c5]::boxed::Box<dyn for<'a, 'b> core[a373ad73a504971]::ops::function::Fn<(&'a std[617be2ca0a6fd877]::panic::PanicHookInfo<'b>,), Output = ()> + core[a373ad73a504971]::marker::Sync + core[a373ad73a504971]::marker::Send> as core[a373ad73a504971]::ops::function::Fn<(&std[617be2ca0a6fd877]::panic::PanicHookInfo,)>>::call
[INFO] [stdout]                                at /rustc/e3feeb59cd1bdd011a2bfcc0747b55125d9b8527/library/alloc/src/boxed.rs:2328:9
[INFO] [stdout]   12:     0x613bb78b1030 - test[aada8e7e76ba119b]::test_main_inner::{closure#0}
[INFO] [stdout]                                at /rustc/e3feeb59cd1bdd011a2bfcc0747b55125d9b8527/library/test/src/lib.rs:137:21
[INFO] [stdout]   13:     0x613bb791c432 - <alloc[2e1b2a31b91974c5]::boxed::Box<dyn for<'a, 'b> core[a373ad73a504971]::ops::function::Fn<(&'a std[617be2ca0a6fd877]::panic::PanicHookInfo<'b>,), Output = ()> + core[a373ad73a504971]::marker::Sync + core[a373ad73a504971]::marker::Send> as core[a373ad73a504971]::ops::function::Fn<(&std[617be2ca0a6fd877]::panic::PanicHookInfo,)>>::call
[INFO] [stdout]                                at /rustc/e3feeb59cd1bdd011a2bfcc0747b55125d9b8527/library/alloc/src/boxed.rs:2328:9
[INFO] [stdout]   14:     0x613bb791c432 - std[617be2ca0a6fd877]::panicking::panic_with_hook
[INFO] [stdout]                                at /rustc/e3feeb59cd1bdd011a2bfcc0747b55125d9b8527/library/std/src/panicking.rs:819:13
[INFO] [stdout]   15:     0x613bb79000f2 - std[617be2ca0a6fd877]::panicking::panic_handler::{closure#0}
[INFO] [stdout]                                at /rustc/e3feeb59cd1bdd011a2bfcc0747b55125d9b8527/library/std/src/panicking.rs:685:13
[INFO] [stdout]   16:     0x613bb78f8e09 - std[617be2ca0a6fd877]::sys::backtrace::__rust_end_short_backtrace::<std[617be2ca0a6fd877]::panicking::panic_handler::{closure#0}, !>
[INFO] [stdout]                                at /rustc/e3feeb59cd1bdd011a2bfcc0747b55125d9b8527/library/std/src/sys/backtrace.rs:182:18
[INFO] [stdout]   17:     0x613bb7900cfd - __rustc[ea4f61d10b84890b]::rust_begin_unwind
[INFO] [stdout]                                at /rustc/e3feeb59cd1bdd011a2bfcc0747b55125d9b8527/library/std/src/panicking.rs:676:5
[INFO] [stdout]   18:     0x613bb79393bc - core[a373ad73a504971]::panicking::panic_fmt
[INFO] [stdout]                                at /rustc/e3feeb59cd1bdd011a2bfcc0747b55125d9b8527/library/core/src/panicking.rs:80:14
[INFO] [stdout]   19:     0x613bb7939253 - core[a373ad73a504971]::panicking::assert_failed_inner
[INFO] [stdout]                                at /rustc/e3feeb59cd1bdd011a2bfcc0747b55125d9b8527/library/core/src/panicking.rs:452:17
[INFO] [stdout]   20:     0x613bb79352d8 - core[a373ad73a504971]::panicking::assert_failed::<usize, usize>
[INFO] [stdout]                                at /rustc/e3feeb59cd1bdd011a2bfcc0747b55125d9b8527/library/core/src/panicking.rs:407:5
[INFO] [stdout]   21:     0x613bb78930b7 - ai00_script[787025b33ce12062]::annotation::tests::test_parse_constraints
[INFO] [stdout]                                at /opt/rustwide/workdir/crates/ai00-script/src/annotation.rs:581:9
[INFO] [stdout]   22:     0x613bb7891cb7 - ai00_script[787025b33ce12062]::annotation::tests::test_parse_constraints::{closure#0}
[INFO] [stdout]                                at /opt/rustwide/workdir/crates/ai00-script/src/annotation.rs:555:32
[INFO] [stdout]   23:     0x613bb789c9b6 - <ai00_script[787025b33ce12062]::annotation::tests::test_parse_constraints::{closure#0} as core[a373ad73a504971]::ops::function::FnOnce<()>>::call_once
[INFO] [stdout]                                at /rustc/e3feeb59cd1bdd011a2bfcc0747b55125d9b8527/library/core/src/ops/function.rs:250:5
[INFO] [stdout]   24:     0x613bb78a447b - <fn() -> core[a373ad73a504971]::result::Result<(), alloc[2e1b2a31b91974c5]::string::String> as core[a373ad73a504971]::ops::function::FnOnce<()>>::call_once
[INFO] [stdout]                                at /rustc/e3feeb59cd1bdd011a2bfcc0747b55125d9b8527/library/core/src/ops/function.rs:250:5
[INFO] [stdout]   25:     0x613bb78a447b - test[aada8e7e76ba119b]::__rust_begin_short_backtrace::<core[a373ad73a504971]::result::Result<(), alloc[2e1b2a31b91974c5]::string::String>, fn() -> core[a373ad73a504971]::result::Result<(), alloc[2e1b2a31b91974c5]::string::String>>
[INFO] [stdout]                                at /rustc/e3feeb59cd1bdd011a2bfcc0747b55125d9b8527/library/test/src/lib.rs:701:18
[INFO] [stdout]   26:     0x613bb78b1655 - test[aada8e7e76ba119b]::run_test_in_process::{closure#0}
[INFO] [stdout]                                at /rustc/e3feeb59cd1bdd011a2bfcc0747b55125d9b8527/library/test/src/lib.rs:724:74
[INFO] [stdout]   27:     0x613bb78b1655 - <core[a373ad73a504971]::panic::unwind_safe::AssertUnwindSafe<test[aada8e7e76ba119b]::run_test_in_process::{closure#0}> as core[a373ad73a504971]::ops::function::FnOnce<()>>::call_once
[INFO] [stdout]                                at /rustc/e3feeb59cd1bdd011a2bfcc0747b55125d9b8527/library/core/src/panic/unwind_safe.rs:275:9
[INFO] [stdout]   28:     0x613bb78b1655 - std[617be2ca0a6fd877]::panicking::catch_unwind::do_call::<core[a373ad73a504971]::panic::unwind_safe::AssertUnwindSafe<test[aada8e7e76ba119b]::run_test_in_process::{closure#0}>, core[a373ad73a504971]::result::Result<(), alloc[2e1b2a31b91974c5]::string::String>>
[INFO] [stdout]                                at /rustc/e3feeb59cd1bdd011a2bfcc0747b55125d9b8527/library/std/src/panicking.rs:573:43
[INFO] [stdout]   29:     0x613bb78b1655 - std[617be2ca0a6fd877]::panicking::catch_unwind::<core[a373ad73a504971]::result::Result<(), alloc[2e1b2a31b91974c5]::string::String>, core[a373ad73a504971]::panic::unwind_safe::AssertUnwindSafe<test[aada8e7e76ba119b]::run_test_in_process::{closure#0}>>
[INFO] [stdout]                                at /rustc/e3feeb59cd1bdd011a2bfcc0747b55125d9b8527/library/std/src/panicking.rs:541:19
[INFO] [stdout]   30:     0x613bb78b1655 - std[617be2ca0a6fd877]::panic::catch_unwind::<core[a373ad73a504971]::panic::unwind_safe::AssertUnwindSafe<test[aada8e7e76ba119b]::run_test_in_process::{closure#0}>, core[a373ad73a504971]::result::Result<(), alloc[2e1b2a31b91974c5]::string::String>>
[INFO] [stdout]                                at /rustc/e3feeb59cd1bdd011a2bfcc0747b55125d9b8527/library/std/src/panic.rs:359:14
[INFO] [stdout]   31:     0x613bb78b1655 - test[aada8e7e76ba119b]::run_test_in_process
[INFO] [stdout]                                at /rustc/e3feeb59cd1bdd011a2bfcc0747b55125d9b8527/library/test/src/lib.rs:724:27
[INFO] [stdout]   32:     0x613bb78b1655 - test[aada8e7e76ba119b]::run_test::{closure#0}
[INFO] [stdout]                                at /rustc/e3feeb59cd1bdd011a2bfcc0747b55125d9b8527/library/test/src/lib.rs:645:43
[INFO] [stdout]   33:     0x613bb78aaf44 - test[aada8e7e76ba119b]::run_test::{closure#1}
[INFO] [stdout]                                at /rustc/e3feeb59cd1bdd011a2bfcc0747b55125d9b8527/library/test/src/lib.rs:675:41
[INFO] [stdout]   34:     0x613bb78aaf44 - std[617be2ca0a6fd877]::sys::backtrace::__rust_begin_short_backtrace::<test[aada8e7e76ba119b]::run_test::{closure#1}, ()>
[INFO] [stdout]                                at /rustc/e3feeb59cd1bdd011a2bfcc0747b55125d9b8527/library/std/src/sys/backtrace.rs:166:18
[INFO] [stdout]   35:     0x613bb78b46e2 - std[617be2ca0a6fd877]::thread::lifecycle::spawn_unchecked::<test[aada8e7e76ba119b]::run_test::{closure#1}, ()>::{closure#1}::{closure#0}
[INFO] [stdout]                                at /rustc/e3feeb59cd1bdd011a2bfcc0747b55125d9b8527/library/std/src/thread/lifecycle.rs:70:13
[INFO] [stdout]   36:     0x613bb78b46e2 - <core[a373ad73a504971]::panic::unwind_safe::AssertUnwindSafe<std[617be2ca0a6fd877]::thread::lifecycle::spawn_unchecked<test[aada8e7e76ba119b]::run_test::{closure#1}, ()>::{closure#1}::{closure#0}> as core[a373ad73a504971]::ops::function::FnOnce<()>>::call_once
[INFO] [stdout]                                at /rustc/e3feeb59cd1bdd011a2bfcc0747b55125d9b8527/library/core/src/panic/unwind_safe.rs:275:9
[INFO] [stdout]   37:     0x613bb78b46e2 - std[617be2ca0a6fd877]::panicking::catch_unwind::do_call::<core[a373ad73a504971]::panic::unwind_safe::AssertUnwindSafe<std[617be2ca0a6fd877]::thread::lifecycle::spawn_unchecked<test[aada8e7e76ba119b]::run_test::{closure#1}, ()>::{closure#1}::{closure#0}>, ()>
[INFO] [stdout]                                at /rustc/e3feeb59cd1bdd011a2bfcc0747b55125d9b8527/library/std/src/panicking.rs:573:43
[INFO] [stdout]   38:     0x613bb78b46e2 - std[617be2ca0a6fd877]::panicking::catch_unwind::<(), core[a373ad73a504971]::panic::unwind_safe::AssertUnwindSafe<std[617be2ca0a6fd877]::thread::lifecycle::spawn_unchecked<test[aada8e7e76ba119b]::run_test::{closure#1}, ()>::{closure#1}::{closure#0}>>
[INFO] [stdout]                                at /rustc/e3feeb59cd1bdd011a2bfcc0747b55125d9b8527/library/std/src/panicking.rs:541:19
[INFO] [stdout]   39:     0x613bb78b46e2 - std[617be2ca0a6fd877]::panic::catch_unwind::<core[a373ad73a504971]::panic::unwind_safe::AssertUnwindSafe<std[617be2ca0a6fd877]::thread::lifecycle::spawn_unchecked<test[aada8e7e76ba119b]::run_test::{closure#1}, ()>::{closure#1}::{closure#0}>, ()>
[INFO] [stdout]                                at /rustc/e3feeb59cd1bdd011a2bfcc0747b55125d9b8527/library/std/src/panic.rs:359:14
[INFO] [stdout]   40:     0x613bb78b46e2 - std[617be2ca0a6fd877]::thread::lifecycle::spawn_unchecked::<test[aada8e7e76ba119b]::run_test::{closure#1}, ()>::{closure#1}
[INFO] [stdout]                                at /rustc/e3feeb59cd1bdd011a2bfcc0747b55125d9b8527/library/std/src/thread/lifecycle.rs:68:26
[INFO] [stdout]   41:     0x613bb78b46e2 - <std[617be2ca0a6fd877]::thread::lifecycle::spawn_unchecked<test[aada8e7e76ba119b]::run_test::{closure#1}, ()>::{closure#1} as core[a373ad73a504971]::ops::function::FnOnce<()>>::call_once::{shim:vtable#0}
[INFO] [stdout]                                at /rustc/e3feeb59cd1bdd011a2bfcc0747b55125d9b8527/library/core/src/ops/function.rs:250:5
[INFO] [stdout]   42:     0x613bb792343f - <alloc[2e1b2a31b91974c5]::boxed::Box<dyn core[a373ad73a504971]::ops::function::FnOnce<(), Output = ()> + core[a373ad73a504971]::marker::Send> as core[a373ad73a504971]::ops::function::FnOnce<()>>::call_once
[INFO] [stdout]                                at /rustc/e3feeb59cd1bdd011a2bfcc0747b55125d9b8527/library/alloc/src/boxed.rs:2314:9
[INFO] [stdout]   43:     0x613bb792343f - <std[617be2ca0a6fd877]::sys::thread::unix::Thread>::new::thread_start
[INFO] [stdout]                                at /rustc/e3feeb59cd1bdd011a2bfcc0747b55125d9b8527/library/std/src/sys/thread/unix.rs:127:17
[INFO] [stdout]   44:     0x7f60ea65ddfa - <unknown>
[INFO] [stdout]   45:     0x7f60ea6f13d4 - clone
[INFO] [stdout]   46:                0x0 - <unknown>
[INFO] [stdout] 
[INFO] [stdout] 
[INFO] [stdout] failures:
[INFO] [stdout]     annotation::tests::test_parse_constraints
[INFO] [stdout] 
[INFO] [stdout] test result: FAILED. 5 passed; 1 failed; 0 ignored; 0 measured; 0 filtered out; finished in 0.16s
[INFO] [stdout] 
[INFO] [stderr] error: test failed, to rerun pass `-p ai00-script --lib`
[INFO] running `Command { std: "docker" "inspect" "354a0d828ad0c15dfd2379a01a3c4f7f2a06ba2d5c32c429962319f6a51fe8b8", kill_on_drop: false }`
[INFO] running `Command { std: "docker" "rm" "-f" "354a0d828ad0c15dfd2379a01a3c4f7f2a06ba2d5c32c429962319f6a51fe8b8", kill_on_drop: false }`
[INFO] [stdout] 354a0d828ad0c15dfd2379a01a3c4f7f2a06ba2d5c32c429962319f6a51fe8b8
