[INFO] cloning repository https://github.com/badice77/xan
[INFO] running `Command { std: "git" "-c" "credential.helper=" "-c" "credential.helper=/workspace/cargo-home/bin/git-credential-null" "clone" "--bare" "https://github.com/badice77/xan" "/workspace/cache/git-repos/https%3A%2F%2Fgithub.com%2Fbadice77%2Fxan", kill_on_drop: false }`
[INFO] [stderr] Cloning into bare repository '/workspace/cache/git-repos/https%3A%2F%2Fgithub.com%2Fbadice77%2Fxan'...
[INFO] running `Command { std: "git" "rev-parse" "HEAD", kill_on_drop: false }`
[INFO] [stdout] cdd6170e235825767100d69e84aa7720897a1c2a
[INFO] testing badice77/xan against 1.99.0-beta.8 for beta-1.100-2
[INFO] running `Command { std: "git" "clone" "/workspace/cache/git-repos/https%3A%2F%2Fgithub.com%2Fbadice77%2Fxan" "/workspace/builds/worker-7-tc1/source", kill_on_drop: false }`
[INFO] [stderr] Cloning into '/workspace/builds/worker-7-tc1/source'...
[INFO] [stderr] done.
[INFO] started tweaking git repo https://github.com/badice77/xan
[INFO] removed 0 missing tests
[INFO] finished tweaking git repo https://github.com/badice77/xan
[INFO] tweaked toml for git repo https://github.com/badice77/xan written to /workspace/builds/worker-7-tc1/source/Cargo.toml
[INFO] validating manifest of git repo https://github.com/badice77/xan on toolchain 1.99.0-beta.8
[INFO] running `Command { std: CARGO_HOME="/workspace/cargo-home" RUSTUP_HOME="/workspace/rustup-home" "/workspace/cargo-home/bin/cargo" "+1.99.0-beta.8" "metadata" "--manifest-path" "Cargo.toml" "--no-deps", kill_on_drop: false }`
[INFO] crate git repo https://github.com/badice77/xan already has a lockfile, it will not be regenerated
[INFO] running `Command { std: CARGO_HOME="/workspace/cargo-home" RUSTUP_HOME="/workspace/rustup-home" "/workspace/cargo-home/bin/cargo" "+1.99.0-beta.8" "fetch" "--manifest-path" "Cargo.toml", kill_on_drop: false }`
[INFO] [stderr]     Updating crates.io index
[INFO] [stderr]  Downloading crates ...
[INFO] [stderr]   Downloaded wit-bindgen-rt v0.39.0
[INFO] [stderr]   Downloaded dtoa-short v0.3.5
[INFO] [stderr]   Downloaded new_debug_unreachable v1.0.6
[INFO] [stderr]   Downloaded synstructure v0.13.1
[INFO] [stderr]   Downloaded match_token v0.1.0
[INFO] [stderr]   Downloaded writeable v0.5.5
[INFO] [stderr]   Downloaded litemap v0.7.5
[INFO] [stderr]   Downloaded icu_locid_transform v1.5.0
[INFO] [stderr]   Downloaded phf_macros v0.11.3
[INFO] [stderr]   Downloaded utf16_iter v1.0.5
[INFO] [stderr]   Downloaded num_cpus v1.16.0
[INFO] [stderr]   Downloaded unicode-linebreak v0.1.5
[INFO] [stderr]   Downloaded termsize v0.1.9
[INFO] [stderr]   Downloaded ordered-float v2.10.1
[INFO] [stderr]   Downloaded libredox v0.1.3
[INFO] [stderr]   Downloaded futf v0.1.5
[INFO] [stderr]   Downloaded precomputed-hash v0.1.1
[INFO] [stderr]   Downloaded phf_codegen v0.11.3
[INFO] [stderr]   Downloaded phf_generator v0.11.3
[INFO] [stderr]   Downloaded cssparser-macros v0.6.1
[INFO] [stderr]   Downloaded uuid v1.16.0
[INFO] [stderr]   Downloaded getrandom v0.3.2
[INFO] [stderr]   Downloaded bitflags v2.9.0
[INFO] [stderr]   Downloaded idna_adapter v1.2.0
[INFO] [stderr]   Downloaded unicode-ident v1.0.18
[INFO] [stderr]   Downloaded yoke-derive v0.7.5
[INFO] [stderr]   Downloaded tinystr v0.7.6
[INFO] [stderr]   Downloaded icu_provider_macros v1.5.0
[INFO] [stderr]   Downloaded icu_locid v1.5.0
[INFO] [stderr]   Downloaded write16 v1.0.0
[INFO] [stderr]   Downloaded form_urlencoded v1.2.1
[INFO] [stderr]   Downloaded linked-hash-map v0.5.6
[INFO] [stderr]   Downloaded binary-layout v2.1.0
[INFO] [stderr]   Downloaded doc-comment v0.3.3
[INFO] [stderr]   Downloaded topk v0.5.0
[INFO] [stderr]   Downloaded getrandom v0.2.15
[INFO] [stderr]   Downloaded hermit-abi v0.3.9
[INFO] [stderr]   Downloaded thread_local v1.1.8
[INFO] [stderr]   Downloaded smawk v0.3.2
[INFO] [stderr]   Downloaded tdigest v0.2.3
[INFO] [stderr]   Downloaded filetime v0.2.25
[INFO] [stderr]   Downloaded redox_syscall v0.5.10
[INFO] [stderr]   Downloaded scraper v0.23.1
[INFO] [stderr]   Downloaded mac v0.1.1
[INFO] [stderr]   Downloaded servo_arc v0.4.0
[INFO] [stderr]   Downloaded phf_shared v0.11.3
[INFO] [stderr]   Downloaded siphasher v1.0.1
[INFO] [stderr]   Downloaded phf v0.11.3
[INFO] [stderr]   Downloaded dtoa v1.0.10
[INFO] [stderr]   Downloaded string_cache_codegen v0.5.4
[INFO] [stderr]   Downloaded string_cache v0.8.8
[INFO] [stderr]   Downloaded parking_lot_core v0.9.10
[INFO] [stderr]   Downloaded getopts v0.2.21
[INFO] [stderr]   Downloaded ego-tree v0.10.0
[INFO] [stderr]   Downloaded wasm-bindgen-shared v0.2.100
[INFO] [stderr]   Downloaded dlv-list v0.6.0
[INFO] [stderr]   Downloaded smallvec v0.6.14
[INFO] [stderr]   Downloaded wasi v0.14.2+wasi-0.2.4
[INFO] [stderr]   Downloaded smallvec v1.14.0
[INFO] [stderr]   Downloaded zerovec-derive v0.10.3
[INFO] [stderr]   Downloaded yoke v0.7.5
[INFO] [stderr]   Downloaded icu_locid_transform_data v1.5.0
[INFO] [stderr]   Downloaded icu_normalizer_data v1.5.0
[INFO] [stderr]   Downloaded transient-btree-index v0.5.1
[INFO] [stderr]   Downloaded tempfile v3.19.1
[INFO] [stderr]   Downloaded once_cell v1.21.1
[INFO] [stderr]   Downloaded autocfg v1.4.0
[INFO] [stderr]   Downloaded bincode v1.3.3
[INFO] [stderr]   Downloaded priority-queue v1.4.0
[INFO] [stderr]   Downloaded ahash v0.8.11
[INFO] [stderr]   Downloaded zerocopy-derive v0.7.35
[INFO] [stderr]   Downloaded textwrap v0.16.2
[INFO] [stderr]   Downloaded tendril v0.4.3
[INFO] [stderr]   Downloaded log v0.4.26
[INFO] [stderr]   Downloaded derive_more v0.99.19
[INFO] [stderr]   Downloaded cssparser v0.34.0
[INFO] [stderr]   Downloaded markup5ever v0.14.1
[INFO] [stderr]   Downloaded parking_lot v0.12.3
[INFO] [stderr]   Downloaded lock_api v0.4.12
[INFO] [stderr]   Downloaded number_prefix v0.4.0
[INFO] [stderr]   Downloaded html-escape v0.2.13
[INFO] [stderr]   Downloaded utf8-width v0.1.7
[INFO] [stderr]   Downloaded encoding-index-singlebyte v1.20141219.5
[INFO] [stderr]   Downloaded r-efi v5.2.0
[INFO] [stderr]   Downloaded url v2.5.4
[INFO] [stderr]   Downloaded icu_properties v1.5.1
[INFO] [stderr]   Downloaded proc-macro2 v1.0.94
[INFO] [stderr]   Downloaded serde v1.0.219
[INFO] [stderr]   Downloaded serde_derive v1.0.219
[INFO] [stderr]   Downloaded icu_provider v1.5.0
[INFO] [stderr]   Downloaded icu_collections v1.5.0
[INFO] [stderr]   Downloaded icu_normalizer v1.5.0
[INFO] [stderr]   Downloaded tar v0.4.44
[INFO] [stderr]   Downloaded indexmap v2.8.0
[INFO] [stderr]   Downloaded selectors v0.26.0
[INFO] [stderr]   Downloaded html5ever v0.29.1
[INFO] [stderr]   Downloaded btoi v0.4.3
[INFO] [stderr]   Downloaded idna v1.0.3
[INFO] [stderr]   Downloaded zerovec v0.10.4
[INFO] [stderr]   Downloaded unidecode v0.3.0
[INFO] [stderr]   Downloaded encoding v0.2.33
[INFO] [stderr]   Downloaded encoding-index-simpchinese v1.20141219.5
[INFO] [stderr]   Downloaded encoding-index-korean v1.20141219.5
[INFO] [stderr]   Downloaded zerocopy v0.7.35
[INFO] [stderr]   Downloaded serde_json v1.0.140
[INFO] [stderr]   Downloaded icu_properties_data v1.5.0
[INFO] [stderr]   Downloaded unicode-width v0.2.0
[INFO] [stderr]   Downloaded pager v0.16.1
[INFO] [stderr]   Downloaded namedlock v0.7.0
[INFO] [stderr]   Downloaded memoffset v0.2.1
[INFO] [stderr]   Downloaded syn v2.0.100
[INFO] [stderr]   Downloaded rustix v1.0.3
[INFO] [stderr]   Downloaded strum v0.26.3
[INFO] [stderr]   Downloaded rustversion v1.0.20
[INFO] [stderr]   Downloaded castaway v0.2.3
[INFO] [stderr]   Downloaded enumset_derive v0.10.0
[INFO] [stderr]   Downloaded jiff-tzdb-platform v0.1.2
[INFO] [stderr]   Downloaded csv-core v0.1.12
[INFO] [stderr]   Downloaded crossbeam-utils v0.5.0
[INFO] [stderr]   Downloaded libc v0.2.171
[INFO] [stderr]   Downloaded indoc v2.0.6
[INFO] [stderr]   Downloaded scopeguard v0.3.3
[INFO] [stderr]   Downloaded owning_ref v0.4.1
[INFO] [stderr]   Downloaded nodrop v0.1.14
[INFO] [stderr]   Downloaded codepage v0.1.2
[INFO] [stderr]   Downloaded lru v0.12.5
[INFO] [stderr]   Downloaded instability v0.3.7
[INFO] [stderr]   Downloaded crossbeam v0.8.4
[INFO] [stderr]   Downloaded errno-dragonfly v0.1.2
[INFO] [stderr]   Downloaded numfmt v1.1.1
[INFO] [stderr]   Downloaded wasm-bindgen-macro v0.2.100
[INFO] [stderr]   Downloaded js-sys v0.3.77
[INFO] [stderr]   Downloaded simd-adler32 v0.3.7
[INFO] [stderr]   Downloaded lockfree-object-pool v0.1.6
[INFO] [stderr]   Downloaded derive_arbitrary v1.4.1
[INFO] [stderr]   Downloaded darling_macro v0.20.10
[INFO] [stderr]   Downloaded md5 v0.7.0
[INFO] [stderr]   Downloaded console v0.15.11
[INFO] [stderr]   Downloaded unicode-truncate v1.1.0
[INFO] [stderr]   Downloaded errno v0.2.8
[INFO] [stderr]   Downloaded rmp v0.8.14
[INFO] [stderr]   Downloaded linux-raw-sys v0.9.3
[INFO] [stderr]   Downloaded wasm-bindgen-backend v0.2.100
[INFO] [stderr]   Downloaded fast-float v0.2.0
[INFO] [stderr]   Downloaded deepsize v0.2.0
[INFO] [stderr]   Downloaded ctrlc v3.4.5
[INFO] [stderr]   Downloaded encode_unicode v1.0.0
[INFO] [stderr]   Downloaded hyperloglogplus v0.4.1
[INFO] [stderr]   Downloaded glob v0.3.2
[INFO] [stderr]   Downloaded ext-sort v0.1.4
[INFO] [stderr]   Downloaded rmp-serde v1.3.0
[INFO] [stderr]   Downloaded deepsize_derive v0.1.2
[INFO] [stderr]   Downloaded encoding_index_tests v0.1.4
[INFO] [stderr]   Downloaded lock_api v0.1.5
[INFO] [stderr]   Downloaded enumset v1.1.5
[INFO] [stderr]   Downloaded emojis v0.6.4
[INFO] [stderr]   Downloaded arrayvec v0.4.12
[INFO] [stderr]   Downloaded crossbeam-deque v0.8.6
[INFO] [stderr]   Downloaded sha2 v0.10.8
[INFO] [stderr]   Downloaded encoding-index-tradchinese v1.20141219.5
[INFO] [stderr]   Downloaded csscolorparser v0.7.0
[INFO] [stderr]   Downloaded bytesize v2.0.1
[INFO] [stderr]   Downloaded thiserror-impl v2.0.12
[INFO] [stderr]   Downloaded encoding-index-japanese v1.20141219.5
[INFO] [stderr]   Downloaded docopt v1.1.1
[INFO] [stderr]   Downloaded csv-index v0.1.6
[INFO] [stderr]   Downloaded parking_lot_core v0.3.1
[INFO] [stderr]   Downloaded cassowary v0.3.0
[INFO] [stderr]   Downloaded rand_seeder v0.4.0
[INFO] [stderr]   Downloaded paltoquet v0.11.0
[INFO] [stderr]   Downloaded num-complex v0.4.6
[INFO] [stderr]   Downloaded parking_lot v0.6.4
[INFO] [stderr]   Downloaded thiserror v2.0.12
[INFO] [stderr]   Downloaded rand_core v0.9.3
[INFO] [stderr]   Downloaded pest_generator v2.7.15
[INFO] [stderr]   Downloaded ordered-float v5.0.0
[INFO] [stderr]   Downloaded opener v0.7.2
[INFO] [stderr]   Downloaded normpath v1.3.0
[INFO] [stderr]   Downloaded py_literal v0.4.0
[INFO] [stderr]   Downloaded wasm-bindgen-macro-support v0.2.100
[INFO] [stderr]   Downloaded pest_meta v2.7.15
[INFO] [stderr]   Downloaded ucd-trie v0.1.7
[INFO] [stderr]   Downloaded portable-atomic-util v0.2.4
[INFO] [stderr]   Downloaded wasm-bindgen v0.2.100
[INFO] [stderr]   Downloaded crossbeam-epoch v0.6.1
[INFO] [stderr]   Downloaded colorgrad v0.7.0
[INFO] [stderr]   Downloaded colored v2.2.0
[INFO] [stderr]   Downloaded arbitrary v1.4.1
[INFO] [stderr]   Downloaded strum_macros v0.26.4
[INFO] [stderr]   Downloaded darling v0.20.10
[INFO] [stderr]   Downloaded darling_core v0.20.10
[INFO] [stderr]   Downloaded compact_str v0.8.1
[INFO] [stderr]   Downloaded pest_derive v2.7.15
[INFO] [stderr]   Downloaded mime2ext v0.1.54
[INFO] [stderr]   Downloaded crossbeam-channel v0.2.6
[INFO] [stderr]   Downloaded calamine v0.26.1
[INFO] [stderr]   Downloaded miniz_oxide v0.8.5
[INFO] [stderr]   Downloaded rayon-core v1.12.1
[INFO] [stderr]   Downloaded crossbeam-epoch v0.9.18
[INFO] [stderr]   Downloaded npyz v0.8.3
[INFO] [stderr]   Downloaded jiff-static v0.2.4
[INFO] [stderr]   Downloaded indicatif v0.17.11
[INFO] [stderr]   Downloaded zopfli v0.8.1
[INFO] [stderr]   Downloaded zerocopy-derive v0.8.23
[INFO] [stderr]   Downloaded rand v0.9.0
[INFO] [stderr]   Downloaded crossbeam-channel v0.5.14
[INFO] [stderr]   Downloaded jiff-tzdb v0.1.3
[INFO] [stderr]   Downloaded cc v1.2.17
[INFO] [stderr]   Downloaded zip v2.4.2
[INFO] [stderr]   Downloaded bumpalo v3.17.0
[INFO] [stderr]   Downloaded flate2 v1.1.0
[INFO] [stderr]   Downloaded dbus v0.9.7
[INFO] [stderr]   Downloaded rand v0.5.6
[INFO] [stderr]   Downloaded pest v2.7.15
[INFO] [stderr]   Downloaded portable-atomic v1.11.0
[INFO] [stderr]   Downloaded quick-xml v0.31.0
[INFO] [stderr]   Downloaded quick-xml v0.37.2
[INFO] [stderr]   Downloaded rayon v1.10.0
[INFO] [stderr]   Downloaded regex v1.11.1
[INFO] [stderr]   Downloaded zerocopy v0.8.23
[INFO] [stderr]   Downloaded regex-syntax v0.8.5
[INFO] [stderr]   Downloaded bstr v1.11.3
[INFO] [stderr]   Downloaded ratatui v0.29.0
[INFO] [stderr]   Downloaded regex-automata v0.4.9
[INFO] [stderr]   Downloaded jiff v0.2.4
[INFO] [stderr]   Downloaded csv v1.3.1
[INFO] [stderr]   Downloaded libdbus-sys v0.2.5
[INFO] [stderr]   Downloaded rust_xlsxwriter v0.84.1
[INFO] [stderr]   Downloaded pariter v0.5.1
[INFO] running `Command { std: "docker" "create" "-v" "/var/lib/crater-agent-workspace/builds/worker-7-tc1/source:/opt/rustwide/workdir:ro,Z" "-v" "/var/lib/crater-agent-workspace/builds/worker-7-tc1/target:/opt/rustwide/target:rw,Z" "-v" "/var/lib/crater-agent-workspace/cargo-home:/opt/rustwide/cargo-home:ro,Z" "-v" "/var/lib/crater-agent-workspace/rustup-home:/opt/rustwide/rustup-home:ro,Z" "-m" "1610612736" "--network" "none" "ghcr.io/rust-lang/crates-build-env/linux@sha256:3111399a4047eeb3a02b7a90e478d715f38a8c6669b5c4b49d30a17385265909" "sleep" "infinity", kill_on_drop: false }`
[INFO] [stdout] b3dd398576939d21b9754c97d94e317386100638055b5410c1c83d8f4d6d9f2f
[INFO] running `Command { std: "docker" "start" "b3dd398576939d21b9754c97d94e317386100638055b5410c1c83d8f4d6d9f2f", kill_on_drop: false }`
[INFO] running `Command { std: "docker" "inspect" "b3dd398576939d21b9754c97d94e317386100638055b5410c1c83d8f4d6d9f2f", kill_on_drop: false }`
[INFO] running `Command { std: "docker" "exec" "-e" "SOURCE_DIR=/opt/rustwide/workdir" "-e" "CARGO_HOME=/opt/rustwide/cargo-home" "-e" "RUSTUP_HOME=/opt/rustwide/rustup-home" "-e" "CARGO_TARGET_DIR=/opt/rustwide/target" "-w" "/opt/rustwide/workdir" "--user" "0:0" "b3dd398576939d21b9754c97d94e317386100638055b5410c1c83d8f4d6d9f2f" "/opt/rustwide/cargo-home/bin/cargo" "+1.99.0-beta.8" "metadata" "--no-deps" "--format-version=1", kill_on_drop: false }`
[INFO] running `Command { std: "docker" "inspect" "b3dd398576939d21b9754c97d94e317386100638055b5410c1c83d8f4d6d9f2f", kill_on_drop: false }`
[INFO] running `Command { std: "docker" "exec" "-e" "SOURCE_DIR=/opt/rustwide/workdir" "-e" "CARGO_HOME=/opt/rustwide/cargo-home" "-e" "RUSTUP_HOME=/opt/rustwide/rustup-home" "-e" "CARGO_TARGET_DIR=/opt/rustwide/target" "-e" "CARGO_INCREMENTAL=0" "-e" "RUST_BACKTRACE=full" "-e" "RUSTFLAGS=--cap-lints=warn" "-e" "RUSTDOCFLAGS=--cap-lints=warn" "-w" "/opt/rustwide/workdir" "--user" "0:0" "b3dd398576939d21b9754c97d94e317386100638055b5410c1c83d8f4d6d9f2f" "/opt/rustwide/cargo-home/bin/cargo" "+1.99.0-beta.8" "build" "--frozen" "--message-format=json", kill_on_drop: false }`
[INFO] [stderr]    Compiling proc-macro2 v1.0.94
[INFO] [stderr]    Compiling unicode-ident v1.0.18
[INFO] [stderr]    Compiling libc v0.2.171
[INFO] [stderr]    Compiling cfg-if v1.0.0
[INFO] [stderr]    Compiling autocfg v1.4.0
[INFO] [stderr]    Compiling memchr v2.7.4
[INFO] [stderr]    Compiling stable_deref_trait v1.2.0
[INFO] [stderr]    Compiling once_cell v1.21.1
[INFO] [stderr]    Compiling siphasher v1.0.1
[INFO] [stderr]    Compiling serde v1.0.219
[INFO] [stderr]    Compiling rand_core v0.6.4
[INFO] [stderr]    Compiling phf_shared v0.11.3
[INFO] [stderr]    Compiling rand v0.8.5
[INFO] [stderr]    Compiling smallvec v1.14.0
[INFO] [stderr]    Compiling crossbeam-utils v0.8.21
[INFO] [stderr]    Compiling thiserror v2.0.12
[INFO] [stderr]    Compiling num-traits v0.2.19
[INFO] [stderr]    Compiling getrandom v0.3.2
[INFO] [stderr]    Compiling log v0.4.26
[INFO] [stderr]    Compiling itoa v1.0.15
[INFO] [stderr]    Compiling quote v1.0.40
[INFO] [stderr]    Compiling bitflags v2.9.0
[INFO] [stderr]    Compiling syn v2.0.100
[INFO] [stderr]    Compiling phf_generator v0.11.3
[INFO] [stderr]    Compiling byteorder v1.5.0
[INFO] [stderr]    Compiling litemap v0.7.5
[INFO] [stderr]    Compiling paste v1.0.15
[INFO] [stderr]    Compiling phf_codegen v0.11.3
[INFO] [stderr]    Compiling foldhash v0.1.5
[INFO] [stderr]    Compiling equivalent v1.0.2
[INFO] [stderr]    Compiling writeable v0.5.5
[INFO] [stderr]    Compiling strsim v0.11.1
[INFO] [stderr]    Compiling fnv v1.0.7
[INFO] [stderr]    Compiling ident_case v1.0.1
[INFO] [stderr]    Compiling allocator-api2 v0.2.21
[INFO] [stderr]    Compiling lock_api v0.4.12
[INFO] [stderr]    Compiling parking_lot_core v0.9.10
[INFO] [stderr]    Compiling semver-parser v0.7.0
[INFO] [stderr]    Compiling rustversion v1.0.20
[INFO] [stderr]    Compiling new_debug_unreachable v1.0.6
[INFO] [stderr]    Compiling semver v0.9.0
[INFO] [stderr]    Compiling crossbeam-epoch v0.9.18
[INFO] [stderr]    Compiling aho-corasick v1.1.3
[INFO] [stderr]    Compiling maybe-uninit v2.0.0
[INFO] [stderr]    Compiling lazy_static v1.5.0
[INFO] [stderr]    Compiling hashbrown v0.15.2
[INFO] [stderr]    Compiling encoding_index_tests v0.1.4
[INFO] [stderr]    Compiling regex-syntax v0.8.5
[INFO] [stderr]    Compiling icu_locid_transform_data v1.5.0
[INFO] [stderr]    Compiling ucd-trie v0.1.7
[INFO] [stderr]    Compiling crossbeam-deque v0.8.6
[INFO] [stderr]    Compiling rustc_version v0.2.3
[INFO] [stderr]    Compiling string_cache_codegen v0.5.4
[INFO] [stderr]    Compiling crc32fast v1.4.2
[INFO] [stderr]    Compiling ryu v1.0.20
[INFO] [stderr]    Compiling syn v1.0.109
[INFO] [stderr]    Compiling dtoa v1.0.10
[INFO] [stderr]    Compiling precomputed-hash v0.1.1
[INFO] [stderr]    Compiling either v1.15.0
[INFO] [stderr]    Compiling adler2 v2.0.0
[INFO] [stderr]    Compiling mac v0.1.1
[INFO] [stderr]    Compiling icu_properties_data v1.5.0
[INFO] [stderr]    Compiling zerocopy v0.8.23
[INFO] [stderr]    Compiling rustix v1.0.3
[INFO] [stderr]    Compiling rand_core v0.4.2
[INFO] [stderr]    Compiling markup5ever v0.14.1
[INFO] [stderr]    Compiling futf v0.1.5
[INFO] [stderr]    Compiling rand_core v0.3.1
[INFO] [stderr]    Compiling miniz_oxide v0.8.5
[INFO] [stderr]    Compiling indexmap v2.8.0
[INFO] [stderr]    Compiling parking_lot_core v0.3.1
[INFO] [stderr]    Compiling parking_lot v0.12.3
[INFO] [stderr]    Compiling num-integer v0.1.46
[INFO] [stderr]    Compiling indexmap v1.9.3
[INFO] [stderr]    Compiling doc-comment v0.3.3
[INFO] [stderr]    Compiling lockfree-object-pool v0.1.6
[INFO] [stderr]    Compiling zip v2.4.2
[INFO] [stderr]    Compiling utf8_iter v1.0.4
[INFO] [stderr]    Compiling linux-raw-sys v0.9.3
[INFO] [stderr]    Compiling rayon-core v1.12.1
[INFO] [stderr]    Compiling unicode-width v0.2.0
[INFO] [stderr]    Compiling bumpalo v3.17.0
[INFO] [stderr]    Compiling utf16_iter v1.0.5
[INFO] [stderr]    Compiling cfg_aliases v0.2.1
[INFO] [stderr]    Compiling arrayvec v0.4.12
[INFO] [stderr]    Compiling scopeguard v0.3.3
[INFO] [stderr]    Compiling unicode-width v0.1.14
[INFO] [stderr]    Compiling icu_normalizer_data v1.5.0
[INFO] [stderr]    Compiling version_check v0.9.5
[INFO] [stderr]    Compiling utf-8 v0.7.6
[INFO] [stderr]    Compiling simd-adler32 v0.3.7
[INFO] [stderr]    Compiling write16 v1.0.0
[INFO] [stderr]    Compiling tendril v0.4.3
[INFO] [stderr]    Compiling regex-automata v0.4.9
[INFO] [stderr]    Compiling ahash v0.8.11
[INFO] [stderr]    Compiling zopfli v0.8.1
[INFO] [stderr]    Compiling nix v0.29.0
[INFO] [stderr]    Compiling flate2 v1.1.0
[INFO] [stderr]    Compiling smallvec v0.6.14
[INFO] [stderr]    Compiling rand v0.5.6
[INFO] [stderr]    Compiling dtoa-short v0.3.5
[INFO] [stderr]    Compiling rand_core v0.9.3
[INFO] [stderr]    Compiling selectors v0.26.0
[INFO] [stderr]    Compiling synstructure v0.13.1
[INFO] [stderr]    Compiling darling_core v0.20.10
[INFO] [stderr]    Compiling priority-queue v1.4.0
[INFO] [stderr]    Compiling owning_ref v0.4.1
[INFO] [stderr]    Compiling encoding_rs v0.8.35
[INFO] [stderr]    Compiling nodrop v0.1.14
[INFO] [stderr]    Compiling heck v0.5.0
[INFO] [stderr]    Compiling portable-atomic v1.11.0
[INFO] [stderr]    Compiling hashbrown v0.12.3
[INFO] [stderr]    Compiling fastrand v2.3.0
[INFO] [stderr]    Compiling thiserror v1.0.69
[INFO] [stderr]    Compiling cfg-if v0.1.10
[INFO] [stderr]    Compiling crossbeam-utils v0.6.6
[INFO] [stderr]    Compiling tempfile v3.19.1
[INFO] [stderr]    Compiling ppv-lite86 v0.2.21
[INFO] [stderr]    Compiling lock_api v0.1.5
[INFO] [stderr]    Compiling serde_derive v1.0.219
[INFO] [stderr]    Compiling zerofrom-derive v0.1.6
[INFO] [stderr]    Compiling displaydoc v0.2.5
[INFO] [stderr]    Compiling yoke-derive v0.7.5
[INFO] [stderr]    Compiling zerovec-derive v0.10.3
[INFO] [stderr]    Compiling thiserror-impl v2.0.12
[INFO] [stderr]    Compiling icu_provider_macros v1.5.0
[INFO] [stderr]    Compiling phf_macros v0.11.3
[INFO] [stderr]    Compiling darling_macro v0.20.10
[INFO] [stderr]    Compiling darling v0.20.10
[INFO] [stderr]    Compiling cssparser-macros v0.6.1
[INFO] [stderr]    Compiling enumset_derive v0.10.0
[INFO] [stderr]    Compiling deepsize_derive v0.1.2
[INFO] [stderr]    Compiling zerofrom v0.1.6
[INFO] [stderr]    Compiling yoke v0.7.5
[INFO] [stderr]    Compiling thiserror-impl v1.0.69
[INFO] [stderr]    Compiling derive_more v0.99.19
[INFO] [stderr]    Compiling zerovec v0.10.4
[INFO] [stderr]    Compiling phf v0.11.3
[INFO] [stderr]    Compiling cssparser v0.34.0
[INFO] [stderr]    Compiling match_token v0.1.0
[INFO] [stderr]    Compiling pest v2.7.15
[INFO] [stderr]    Compiling strum_macros v0.26.4
[INFO] [stderr]    Compiling tinystr v0.7.6
[INFO] [stderr]    Compiling icu_locid v1.5.0
[INFO] [stderr]    Compiling icu_collections v1.5.0
[INFO] [stderr]    Compiling pest_meta v2.7.15
[INFO] [stderr]    Compiling num-bigint v0.4.6
[INFO] [stderr]    Compiling icu_provider v1.5.0
[INFO] [stderr]    Compiling icu_locid_transform v1.5.0
[INFO] [stderr]    Compiling itertools v0.13.0
[INFO] [stderr]    Compiling pest_generator v2.7.15
[INFO] [stderr]    Compiling castaway v0.2.3
[INFO] [stderr]    Compiling rmp v0.8.14
[INFO] [stderr]    Compiling num_cpus v1.16.0
[INFO] [stderr]    Compiling getrandom v0.2.15
[INFO] [stderr]    Compiling icu_properties v1.5.1
[INFO] [stderr]    Compiling num-complex v0.4.6
[INFO] [stderr]    Compiling fxhash v0.2.1
[INFO] [stderr]    Compiling crossbeam-queue v0.3.12
[INFO] [stderr]    Compiling pest_derive v2.7.15
[INFO] [stderr]    Compiling crossbeam-channel v0.5.14
[INFO] [stderr]    Compiling csv-core v0.1.12
[INFO] [stderr]    Compiling servo_arc v0.4.0
[INFO] [stderr]    Compiling serde_json v1.0.140
[INFO] [stderr]    Compiling memoffset v0.2.1
[INFO] [stderr]    Compiling percent-encoding v2.3.1
[INFO] [stderr]    Compiling indoc v2.0.6
[INFO] [stderr]    Compiling unicode-segmentation v1.12.0
[INFO] [stderr]    Compiling static_assertions v1.1.0
[INFO] [stderr]    Compiling zerocopy v0.7.35
[INFO] [stderr]    Compiling compact_str v0.8.1
[INFO] [stderr]    Compiling form_urlencoded v1.2.1
[INFO] [stderr]    Compiling crossbeam v0.8.4
[INFO] [stderr]    Compiling crossbeam-epoch v0.6.1
[INFO] [stderr]    Compiling instability v0.3.7
[INFO] [stderr]    Compiling unicode-truncate v1.1.0
[INFO] [stderr]    Compiling py_literal v0.4.0
[INFO] [stderr]    Compiling strum v0.26.3
[INFO] [stderr]    Compiling rayon v1.10.0
[INFO] [stderr]    Compiling binary-layout v2.1.0
[INFO] [stderr]    Compiling parking_lot v0.6.4
[INFO] [stderr]    Compiling enumset v1.1.5
[INFO] [stderr]    Compiling deepsize v0.2.0
[INFO] [stderr]    Compiling regex v1.11.1
[INFO] [stderr]    Compiling bstr v1.11.3
[INFO] [stderr]    Compiling string_cache v0.8.8
[INFO] [stderr]    Compiling csv v1.3.1
[INFO] [stderr]    Compiling rmp-serde v1.3.0
[INFO] [stderr]    Compiling bincode v1.3.3
[INFO] [stderr]    Compiling icu_normalizer v1.5.0
[INFO] [stderr]    Compiling quick-xml v0.31.0
[INFO] [stderr]    Compiling codepage v0.1.2
[INFO] [stderr]    Compiling rand_chacha v0.9.0
[INFO] [stderr]    Compiling html5ever v0.29.1
[INFO] [stderr]    Compiling getopts v0.2.21
[INFO] [stderr]    Compiling console v0.15.11
[INFO] [stderr]    Compiling idna_adapter v1.2.0
[INFO] [stderr]    Compiling idna v1.0.3
[INFO] [stderr]    Compiling lru v0.12.5
[INFO] [stderr]    Compiling filetime v0.2.25
[INFO] [stderr]    Compiling memmap2 v0.5.10
[INFO] [stderr]    Compiling errno v0.2.8
[INFO] [stderr]    Compiling encoding-index-tradchinese v1.20141219.5
[INFO] [stderr]    Compiling encoding-index-simpchinese v1.20141219.5
[INFO] [stderr]    Compiling encoding-index-korean v1.20141219.5
[INFO] [stderr]    Compiling encoding-index-singlebyte v1.20141219.5
[INFO] [stderr]    Compiling encoding-index-japanese v1.20141219.5
[INFO] [stderr]    Compiling ordered-float v2.10.1
[INFO] [stderr]    Compiling utf8-width v0.1.7
[INFO] [stderr]    Compiling unidecode v0.3.0
[INFO] [stderr]    Compiling smawk v0.3.2
[INFO] [stderr]    Compiling csscolorparser v0.7.0
[INFO] [stderr]    Compiling ego-tree v0.10.0
[INFO] [stderr]    Compiling strsim v0.10.0
[INFO] [stderr]    Compiling linked-hash-map v0.5.6
[INFO] [stderr]    Compiling unicode-linebreak v0.1.5
[INFO] [stderr]    Compiling cassowary v0.3.0
[INFO] [stderr]    Compiling crossbeam-utils v0.5.0
[INFO] [stderr]    Compiling number_prefix v0.4.0
[INFO] [stderr]    Compiling textwrap v0.16.2
[INFO] [stderr]    Compiling paltoquet v0.11.0
[INFO] [stderr]    Compiling transient-btree-index v0.5.1
[INFO] [stderr]    Compiling indicatif v0.17.11
[INFO] [stderr]    Compiling scraper v0.23.1
[INFO] [stderr]    Compiling crossbeam-channel v0.2.6
[INFO] [stderr]    Compiling ratatui v0.29.0
[INFO] [stderr]    Compiling docopt v1.1.1
[INFO] [stderr]    Compiling encoding v0.2.33
[INFO] [stderr]    Compiling tdigest v0.2.3
[INFO] [stderr]    Compiling colorgrad v0.7.0
[INFO] [stderr]    Compiling html-escape v0.2.13
[INFO] [stderr]    Compiling tar v0.4.44
[INFO] [stderr]    Compiling pager v0.16.1
[INFO] [stderr]    Compiling url v2.5.4
[INFO] [stderr]    Compiling ext-sort v0.1.4
[INFO] [stderr]    Compiling calamine v0.26.1
[INFO] [stderr]    Compiling rand v0.9.0
[INFO] [stderr]    Compiling ctrlc v3.4.5
[INFO] [stderr]    Compiling csv-index v0.1.6
[INFO] [stderr]    Compiling opener v0.7.2
[INFO] [stderr]    Compiling hyperloglogplus v0.4.1
[INFO] [stderr]    Compiling npyz v0.8.3
[INFO] [stderr]    Compiling topk v0.5.0
[INFO] [stderr]    Compiling pariter v0.5.1
[INFO] [stderr]    Compiling threadpool v1.8.1
[INFO] [stderr]    Compiling rust_xlsxwriter v0.84.1
[INFO] [stderr]    Compiling emojis v0.6.4
[INFO] [stderr]    Compiling rand_seeder v0.4.0
[INFO] [stderr]    Compiling numfmt v1.1.1
[INFO] [stderr]    Compiling uuid v1.16.0
[INFO] [stderr]    Compiling termsize v0.1.9
[INFO] [stderr]    Compiling colored v2.2.0
[INFO] [stderr]    Compiling btoi v0.4.3
[INFO] [stderr]    Compiling ordered-float v5.0.0
[INFO] [stderr]    Compiling quick-xml v0.37.2
[INFO] [stderr]    Compiling thread_local v1.1.8
[INFO] [stderr]    Compiling bytesize v2.0.1
[INFO] [stderr]    Compiling md5 v0.7.0
[INFO] [stderr]    Compiling namedlock v0.7.0
[INFO] [stderr]    Compiling glob v0.3.2
[INFO] [stderr]    Compiling dlv-list v0.6.0
[INFO] [stderr]    Compiling base64 v0.22.1
[INFO] [stderr]    Compiling fast-float v0.2.0
[INFO] [stderr]    Compiling mime2ext v0.1.54
[INFO] [stderr]    Compiling arrayvec v0.7.6
[INFO] [stderr]    Compiling jiff v0.2.4
[INFO] [stderr]    Compiling xan v0.48.0 (/opt/rustwide/workdir)
[INFO] [stdout] warning: hiding a lifetime that's elided elsewhere is confusing
[INFO] [stdout]    --> src/cmd/scrape.rs:110:29
[INFO] [stdout]     |
[INFO] [stdout] 110 |     fn prebuffer_up_to_head(&self) -> CliResult<Cow<[u8]>> {
[INFO] [stdout]     |                             ^^^^^               ^^^^^^^^^ the same lifetime is hidden here
[INFO] [stdout]     |                             |
[INFO] [stdout]     |                             the lifetime is elided here
[INFO] [stdout]     |
[INFO] [stdout]     = help: the same lifetime is referred to in inconsistent ways, making the signature confusing
[INFO] [stdout]     = note: `#[warn(mismatched_lifetime_syntaxes)]` on by default
[INFO] [stdout] help: use `'_` for type paths
[INFO] [stdout]     |
[INFO] [stdout] 110 |     fn prebuffer_up_to_head(&self) -> CliResult<Cow<'_, [u8]>> {
[INFO] [stdout]     |                                                     +++
[INFO] [stdout] 
[INFO] [stdout] 
[INFO] [stdout] warning: hiding a lifetime that's elided elsewhere is confusing
[INFO] [stdout]    --> src/cmd/scrape.rs:126:19
[INFO] [stdout]     |
[INFO] [stdout] 126 |     fn read_bytes(&self) -> CliResult<Cow<[u8]>> {
[INFO] [stdout]     |                   ^^^^^               ^^^^^^^^^ the same lifetime is hidden here
[INFO] [stdout]     |                   |
[INFO] [stdout]     |                   the lifetime is elided here
[INFO] [stdout]     |
[INFO] [stdout]     = help: the same lifetime is referred to in inconsistent ways, making the signature confusing
[INFO] [stdout] help: use `'_` for type paths
[INFO] [stdout]     |
[INFO] [stdout] 126 |     fn read_bytes(&self) -> CliResult<Cow<'_, [u8]>> {
[INFO] [stdout]     |                                           +++
[INFO] [stdout] 
[INFO] [stdout] 
[INFO] [stdout] warning: hiding a lifetime that's elided elsewhere is confusing
[INFO] [stdout]    --> src/cmd/view.rs:884:13
[INFO] [stdout]     |
[INFO] [stdout] 884 |     fn iter(&self) -> DisplayedColumnsIter {
[INFO] [stdout]     |             ^^^^^     ^^^^^^^^^^^^^^^^^^^^ the same lifetime is hidden here
[INFO] [stdout]     |             |
[INFO] [stdout]     |             the lifetime is elided here
[INFO] [stdout]     |
[INFO] [stdout]     = help: the same lifetime is referred to in inconsistent ways, making the signature confusing
[INFO] [stdout] help: use `'_` for type paths
[INFO] [stdout]     |
[INFO] [stdout] 884 |     fn iter(&self) -> DisplayedColumnsIter<'_> {
[INFO] [stdout]     |                                           ++++
[INFO] [stdout] 
[INFO] [stdout] 
[INFO] [stdout] warning: hiding a lifetime that's elided elsewhere is confusing
[INFO] [stdout]   --> src/graph.rs:17:34
[INFO] [stdout]    |
[INFO] [stdout] 17 | fn serialize_value_to_csv(value: &Value) -> Cow<str> {
[INFO] [stdout]    |                                  ^^^^^^     ^^^^^^^^ the same lifetime is hidden here
[INFO] [stdout]    |                                  |
[INFO] [stdout]    |                                  the lifetime is elided here
[INFO] [stdout]    |
[INFO] [stdout]    = help: the same lifetime is referred to in inconsistent ways, making the signature confusing
[INFO] [stdout] help: use `'_` for type paths
[INFO] [stdout]    |
[INFO] [stdout] 17 | fn serialize_value_to_csv(value: &Value) -> Cow<'_, str> {
[INFO] [stdout]    |                                                 +++
[INFO] [stdout] 
[INFO] [stdout] 
[INFO] [stdout] warning: hiding a lifetime that's elided elsewhere is confusing
[INFO] [stdout]    --> src/json.rs:250:45
[INFO] [stdout]     |
[INFO] [stdout] 250 | fn serialize_json_value_to_csv_field(value: &Value) -> Cow<str> {
[INFO] [stdout]     |                                             ^^^^^^     ^^^^^^^^ the same lifetime is hidden here
[INFO] [stdout]     |                                             |
[INFO] [stdout]     |                                             the lifetime is elided here
[INFO] [stdout]     |
[INFO] [stdout]     = help: the same lifetime is referred to in inconsistent ways, making the signature confusing
[INFO] [stdout] help: use `'_` for type paths
[INFO] [stdout]     |
[INFO] [stdout] 250 | fn serialize_json_value_to_csv_field(value: &Value) -> Cow<'_, str> {
[INFO] [stdout]     |                                                            +++
[INFO] [stdout] 
[INFO] [stdout] 
[INFO] [stdout] warning: function pointer comparisons do not produce meaningful results since their addresses are not guaranteed to be unique
[INFO] [stdout]    --> src/moonblade/interpreter.rs:224:5
[INFO] [stdout]     |
[INFO] [stdout] 221 | #[derive(Clone, PartialEq)]
[INFO] [stdout]     |                 --------- in this derive macro expansion
[INFO] [stdout] ...
[INFO] [stdout] 224 |     function: Function,
[INFO] [stdout]     |     ^^^^^^^^^^^^^^^^^^
[INFO] [stdout]     |
[INFO] [stdout]     = note: the address of the same function can vary between different codegen units
[INFO] [stdout]     = note: furthermore, different functions could have the same address after being merged together
[INFO] [stdout]     = note: for more information visit <https://doc.rust-lang.org/nightly/core/ptr/fn.fn_addr_eq.html>
[INFO] [stdout]     = note: `#[warn(unpredictable_function_pointer_comparisons)]` on by default
[INFO] [stdout] 
[INFO] [stdout] 
[INFO] [stdout] warning: function pointer comparisons do not produce meaningful results since their addresses are not guaranteed to be unique
[INFO] [stdout]    --> src/moonblade/interpreter.rs:316:5
[INFO] [stdout]     |
[INFO] [stdout] 313 | #[derive(Clone, PartialEq)]
[INFO] [stdout]     |                 --------- in this derive macro expansion
[INFO] [stdout] ...
[INFO] [stdout] 316 |     function: SpecialFunction,
[INFO] [stdout]     |     ^^^^^^^^^^^^^^^^^^^^^^^^^
[INFO] [stdout]     |
[INFO] [stdout]     = note: the address of the same function can vary between different codegen units
[INFO] [stdout]     = note: furthermore, different functions could have the same address after being merged together
[INFO] [stdout]     = note: for more information visit <https://doc.rust-lang.org/nightly/core/ptr/fn.fn_addr_eq.html>
[INFO] [stdout] 
[INFO] [stdout] 
[INFO] [stdout] warning: hiding a lifetime that's elided elsewhere is confusing
[INFO] [stdout]   --> src/moonblade/parser.rs:94:20
[INFO] [stdout]    |
[INFO] [stdout] 94 | fn parse_int(pair: Pair<Rule>) -> Result<i64, &str> {
[INFO] [stdout]    |                    ^^^^^^^^^^                 ^^^^ the same lifetime is elided here
[INFO] [stdout]    |                    |
[INFO] [stdout]    |                    the lifetime is hidden here
[INFO] [stdout]    |
[INFO] [stdout]    = help: the same lifetime is referred to in inconsistent ways, making the signature confusing
[INFO] [stdout] help: use `'_` for type paths
[INFO] [stdout]    |
[INFO] [stdout] 94 | fn parse_int(pair: Pair<'_, Rule>) -> Result<i64, &str> {
[INFO] [stdout]    |                         +++
[INFO] [stdout] 
[INFO] [stdout] 
[INFO] [stdout] warning: hiding a lifetime that's elided elsewhere is confusing
[INFO] [stdout]   --> src/moonblade/scrape.rs:18:20
[INFO] [stdout]    |
[INFO] [stdout] 18 |     fn get_element(&self, id: NodeId) -> ElementRef;
[INFO] [stdout]    |                    ^^^^^                 ^^^^^^^^^^ the same lifetime is hidden here
[INFO] [stdout]    |                    |
[INFO] [stdout]    |                    the lifetime is elided here
[INFO] [stdout]    |
[INFO] [stdout]    = help: the same lifetime is referred to in inconsistent ways, making the signature confusing
[INFO] [stdout] help: use `'_` for type paths
[INFO] [stdout]    |
[INFO] [stdout] 18 |     fn get_element(&self, id: NodeId) -> ElementRef<'_>;
[INFO] [stdout]    |                                                    ++++
[INFO] [stdout] 
[INFO] [stdout] 
[INFO] [stdout] warning: hiding a lifetime that's elided elsewhere is confusing
[INFO] [stdout]   --> src/moonblade/scrape.rs:22:20
[INFO] [stdout]    |
[INFO] [stdout] 22 |     fn get_element(&self, id: NodeId) -> ElementRef {
[INFO] [stdout]    |                    ^^^^^                 ^^^^^^^^^^ the same lifetime is hidden here
[INFO] [stdout]    |                    |
[INFO] [stdout]    |                    the lifetime is elided here
[INFO] [stdout]    |
[INFO] [stdout]    = help: the same lifetime is referred to in inconsistent ways, making the signature confusing
[INFO] [stdout] help: use `'_` for type paths
[INFO] [stdout]    |
[INFO] [stdout] 22 |     fn get_element(&self, id: NodeId) -> ElementRef<'_> {
[INFO] [stdout]    |                                                    ++++
[INFO] [stdout] 
[INFO] [stdout] 
[INFO] [stdout] warning: hiding a lifetime that's elided elsewhere is confusing
[INFO] [stdout]   --> src/moonblade/types/bound_arguments.rs:72:21
[INFO] [stdout]    |
[INFO] [stdout] 72 |     pub fn get1_str(&self) -> Result<Cow<str>, EvaluationError> {
[INFO] [stdout]    |                     ^^^^^            ^^^^^^^^ the same lifetime is hidden here
[INFO] [stdout]    |                     |
[INFO] [stdout]    |                     the lifetime is elided here
[INFO] [stdout]    |
[INFO] [stdout]    = help: the same lifetime is referred to in inconsistent ways, making the signature confusing
[INFO] [stdout] help: use `'_` for type paths
[INFO] [stdout]    |
[INFO] [stdout] 72 |     pub fn get1_str(&self) -> Result<Cow<'_, str>, EvaluationError> {
[INFO] [stdout]    |                                          +++
[INFO] [stdout] 
[INFO] [stdout] 
[INFO] [stdout] warning: hiding a lifetime that's elided elsewhere is confusing
[INFO] [stdout]   --> src/moonblade/types/bound_arguments.rs:84:21
[INFO] [stdout]    |
[INFO] [stdout] 84 |     pub fn get2_str(&self) -> Result<(Cow<str>, Cow<str>), EvaluationError> {
[INFO] [stdout]    |                     ^^^^^             ^^^^^^^^  ^^^^^^^^ the same lifetime is hidden here
[INFO] [stdout]    |                     |                 |
[INFO] [stdout]    |                     |                 the same lifetime is hidden here
[INFO] [stdout]    |                     the lifetime is elided here
[INFO] [stdout]    |
[INFO] [stdout]    = help: the same lifetime is referred to in inconsistent ways, making the signature confusing
[INFO] [stdout] help: use `'_` for type paths
[INFO] [stdout]    |
[INFO] [stdout] 84 |     pub fn get2_str(&self) -> Result<(Cow<'_, str>, Cow<'_, str>), EvaluationError> {
[INFO] [stdout]    |                                           +++           +++
[INFO] [stdout] 
[INFO] [stdout] 
[INFO] [stdout] warning: hiding a lifetime that's elided elsewhere is confusing
[INFO] [stdout]    --> src/moonblade/types/dynamic_value.rs:205:44
[INFO] [stdout]     |
[INFO] [stdout] 205 |     pub fn serialize_as_bytes_with_options(&self, plural_separator: &[u8]) -> Cow<[u8]> {
[INFO] [stdout]     |                                            ^^^^^ the lifetime is elided here  ^^^^^^^^^ the same lifetime is hidden here
[INFO] [stdout]     |
[INFO] [stdout]     = help: the same lifetime is referred to in inconsistent ways, making the signature confusing
[INFO] [stdout] help: use `'_` for type paths
[INFO] [stdout]     |
[INFO] [stdout] 205 |     pub fn serialize_as_bytes_with_options(&self, plural_separator: &[u8]) -> Cow<'_, [u8]> {
[INFO] [stdout]     |                                                                                   +++
[INFO] [stdout] 
[INFO] [stdout] 
[INFO] [stdout] warning: hiding a lifetime that's elided elsewhere is confusing
[INFO] [stdout]    --> src/moonblade/types/dynamic_value.rs:251:31
[INFO] [stdout]     |
[INFO] [stdout] 251 |     pub fn serialize_as_bytes(&self) -> Cow<[u8]> {
[INFO] [stdout]     |                               ^^^^^     ^^^^^^^^^ the same lifetime is hidden here
[INFO] [stdout]     |                               |
[INFO] [stdout]     |                               the lifetime is elided here
[INFO] [stdout]     |
[INFO] [stdout]     = help: the same lifetime is referred to in inconsistent ways, making the signature confusing
[INFO] [stdout] help: use `'_` for type paths
[INFO] [stdout]     |
[INFO] [stdout] 251 |     pub fn serialize_as_bytes(&self) -> Cow<'_, [u8]> {
[INFO] [stdout]     |                                             +++
[INFO] [stdout] 
[INFO] [stdout] 
[INFO] [stdout] warning: hiding a lifetime that's elided elsewhere is confusing
[INFO] [stdout]    --> src/moonblade/types/dynamic_value.rs:264:28
[INFO] [stdout]     |
[INFO] [stdout] 264 |     pub fn try_as_datetime(&self) -> Result<Cow<Zoned>, EvaluationError> {
[INFO] [stdout]     |                            ^^^^^            ^^^^^^^^^^ the same lifetime is hidden here
[INFO] [stdout]     |                            |
[INFO] [stdout]     |                            the lifetime is elided here
[INFO] [stdout]     |
[INFO] [stdout]     = help: the same lifetime is referred to in inconsistent ways, making the signature confusing
[INFO] [stdout] help: use `'_` for type paths
[INFO] [stdout]     |
[INFO] [stdout] 264 |     pub fn try_as_datetime(&self) -> Result<Cow<'_, Zoned>, EvaluationError> {
[INFO] [stdout]     |                                                 +++
[INFO] [stdout] 
[INFO] [stdout] 
[INFO] [stdout] warning: hiding a lifetime that's elided elsewhere is confusing
[INFO] [stdout]    --> src/moonblade/types/dynamic_value.rs:294:23
[INFO] [stdout]     |
[INFO] [stdout] 294 |     pub fn try_as_str(&self) -> Result<Cow<str>, EvaluationError> {
[INFO] [stdout]     |                       ^^^^^            ^^^^^^^^ the same lifetime is hidden here
[INFO] [stdout]     |                       |
[INFO] [stdout]     |                       the lifetime is elided here
[INFO] [stdout]     |
[INFO] [stdout]     = help: the same lifetime is referred to in inconsistent ways, making the signature confusing
[INFO] [stdout] help: use `'_` for type paths
[INFO] [stdout]     |
[INFO] [stdout] 294 |     pub fn try_as_str(&self) -> Result<Cow<'_, str>, EvaluationError> {
[INFO] [stdout]     |                                            +++
[INFO] [stdout] 
[INFO] [stdout] 
[INFO] [stdout] warning: hiding a lifetime that's elided elsewhere is confusing
[INFO] [stdout]    --> src/moonblade/types/dynamic_value.rs:460:22
[INFO] [stdout]     |
[INFO] [stdout] 460 |     pub fn flat_iter(&self) -> DynamicValueFlatIter {
[INFO] [stdout]     |                      ^^^^^     ^^^^^^^^^^^^^^^^^^^^ the same lifetime is hidden here
[INFO] [stdout]     |                      |
[INFO] [stdout]     |                      the lifetime is elided here
[INFO] [stdout]     |
[INFO] [stdout]     = help: the same lifetime is referred to in inconsistent ways, making the signature confusing
[INFO] [stdout] help: use `'_` for type paths
[INFO] [stdout]     |
[INFO] [stdout] 460 |     pub fn flat_iter(&self) -> DynamicValueFlatIter<'_> {
[INFO] [stdout]     |                                                    ++++
[INFO] [stdout] 
[INFO] [stdout] 
[INFO] [stdout] warning: hiding a lifetime that's elided elsewhere is confusing
[INFO] [stdout]    --> src/urls.rs:404:9
[INFO] [stdout]     |
[INFO] [stdout] 404 |         &self,
[INFO] [stdout]     |         ^^^^^ the lifetime is elided here
[INFO] [stdout] 405 |         url: &str,
[INFO] [stdout] 406 |     ) -> Result<LongestMatchingPrefixValues<V>, ParseError> {
[INFO] [stdout]     |                 ^^^^^^^^^^^^^^^^^^^^^^^^^^^^^^ the same lifetime is hidden here
[INFO] [stdout]     |
[INFO] [stdout]     = help: the same lifetime is referred to in inconsistent ways, making the signature confusing
[INFO] [stdout] help: use `'_` for type paths
[INFO] [stdout]     |
[INFO] [stdout] 406 |     ) -> Result<LongestMatchingPrefixValues<'_, V>, ParseError> {
[INFO] [stdout]     |                                             +++
[INFO] [stdout] 
[INFO] [stdout] 
[INFO] [stderr]     Finished `dev` profile [unoptimized + debuginfo] target(s) in 3m 13s
[INFO] running `Command { std: "docker" "inspect" "b3dd398576939d21b9754c97d94e317386100638055b5410c1c83d8f4d6d9f2f", kill_on_drop: false }`
[INFO] running `Command { std: "docker" "exec" "-e" "SOURCE_DIR=/opt/rustwide/workdir" "-e" "CARGO_HOME=/opt/rustwide/cargo-home" "-e" "RUSTUP_HOME=/opt/rustwide/rustup-home" "-e" "CARGO_TARGET_DIR=/opt/rustwide/target" "-e" "CARGO_INCREMENTAL=0" "-e" "RUST_BACKTRACE=full" "-e" "RUSTFLAGS=--cap-lints=warn" "-e" "RUSTDOCFLAGS=--cap-lints=warn" "-w" "/opt/rustwide/workdir" "--user" "0:0" "b3dd398576939d21b9754c97d94e317386100638055b5410c1c83d8f4d6d9f2f" "/opt/rustwide/cargo-home/bin/cargo" "+1.99.0-beta.8" "test" "--frozen" "--no-run" "--message-format=json", kill_on_drop: false }`
[INFO] [stdout] warning: hiding a lifetime that's elided elsewhere is confusing
[INFO] [stdout]    --> src/cmd/scrape.rs:110:29
[INFO] [stdout]     |
[INFO] [stdout] 110 |     fn prebuffer_up_to_head(&self) -> CliResult<Cow<[u8]>> {
[INFO] [stdout]     |                             ^^^^^               ^^^^^^^^^ the same lifetime is hidden here
[INFO] [stdout]     |                             |
[INFO] [stdout]     |                             the lifetime is elided here
[INFO] [stdout]     |
[INFO] [stdout]     = help: the same lifetime is referred to in inconsistent ways, making the signature confusing
[INFO] [stdout]     = note: `#[warn(mismatched_lifetime_syntaxes)]` on by default
[INFO] [stdout] help: use `'_` for type paths
[INFO] [stdout]     |
[INFO] [stdout] 110 |     fn prebuffer_up_to_head(&self) -> CliResult<Cow<'_, [u8]>> {
[INFO] [stdout]     |                                                     +++
[INFO] [stdout] 
[INFO] [stdout] 
[INFO] [stdout] warning: hiding a lifetime that's elided elsewhere is confusing
[INFO] [stdout]    --> src/cmd/scrape.rs:126:19
[INFO] [stdout]     |
[INFO] [stdout] 126 |     fn read_bytes(&self) -> CliResult<Cow<[u8]>> {
[INFO] [stdout]     |                   ^^^^^               ^^^^^^^^^ the same lifetime is hidden here
[INFO] [stdout]     |                   |
[INFO] [stdout]     |                   the lifetime is elided here
[INFO] [stdout]     |
[INFO] [stdout]     = help: the same lifetime is referred to in inconsistent ways, making the signature confusing
[INFO] [stdout] help: use `'_` for type paths
[INFO] [stdout]     |
[INFO] [stdout] 126 |     fn read_bytes(&self) -> CliResult<Cow<'_, [u8]>> {
[INFO] [stdout]     |                                           +++
[INFO] [stdout] 
[INFO] [stdout] 
[INFO] [stdout] warning: hiding a lifetime that's elided elsewhere is confusing
[INFO] [stdout]    --> src/cmd/view.rs:884:13
[INFO] [stdout]     |
[INFO] [stdout] 884 |     fn iter(&self) -> DisplayedColumnsIter {
[INFO] [stdout]     |             ^^^^^     ^^^^^^^^^^^^^^^^^^^^ the same lifetime is hidden here
[INFO] [stdout]     |             |
[INFO] [stdout]     |             the lifetime is elided here
[INFO] [stdout]     |
[INFO] [stdout]     = help: the same lifetime is referred to in inconsistent ways, making the signature confusing
[INFO] [stdout] help: use `'_` for type paths
[INFO] [stdout]     |
[INFO] [stdout] 884 |     fn iter(&self) -> DisplayedColumnsIter<'_> {
[INFO] [stdout]     |                                           ++++
[INFO] [stdout] 
[INFO] [stdout] 
[INFO] [stdout] warning: hiding a lifetime that's elided elsewhere is confusing
[INFO] [stdout]   --> src/graph.rs:17:34
[INFO] [stdout]    |
[INFO] [stdout] 17 | fn serialize_value_to_csv(value: &Value) -> Cow<str> {
[INFO] [stdout]    |                                  ^^^^^^     ^^^^^^^^ the same lifetime is hidden here
[INFO] [stdout]    |                                  |
[INFO] [stdout]    |                                  the lifetime is elided here
[INFO] [stdout]    |
[INFO] [stdout]    = help: the same lifetime is referred to in inconsistent ways, making the signature confusing
[INFO] [stdout] help: use `'_` for type paths
[INFO] [stdout]    |
[INFO] [stdout] 17 | fn serialize_value_to_csv(value: &Value) -> Cow<'_, str> {
[INFO] [stdout]    |                                                 +++
[INFO] [stdout] 
[INFO] [stdout] 
[INFO] [stdout] warning: hiding a lifetime that's elided elsewhere is confusing
[INFO] [stdout]    --> src/json.rs:250:45
[INFO] [stdout]     |
[INFO] [stdout] 250 | fn serialize_json_value_to_csv_field(value: &Value) -> Cow<str> {
[INFO] [stdout]     |                                             ^^^^^^     ^^^^^^^^ the same lifetime is hidden here
[INFO] [stdout]     |                                             |
[INFO] [stdout]     |                                             the lifetime is elided here
[INFO] [stdout]     |
[INFO] [stdout]     = help: the same lifetime is referred to in inconsistent ways, making the signature confusing
[INFO] [stdout] help: use `'_` for type paths
[INFO] [stdout]     |
[INFO] [stdout] 250 | fn serialize_json_value_to_csv_field(value: &Value) -> Cow<'_, str> {
[INFO] [stdout]     |                                                            +++
[INFO] [stdout] 
[INFO] [stdout] 
[INFO] [stdout] warning: function pointer comparisons do not produce meaningful results since their addresses are not guaranteed to be unique
[INFO] [stdout]    --> src/moonblade/interpreter.rs:224:5
[INFO] [stdout]     |
[INFO] [stdout] 221 | #[derive(Clone, PartialEq)]
[INFO] [stdout]     |                 --------- in this derive macro expansion
[INFO] [stdout] ...
[INFO] [stdout] 224 |     function: Function,
[INFO] [stdout]     |     ^^^^^^^^^^^^^^^^^^
[INFO] [stdout]     |
[INFO] [stdout]     = note: the address of the same function can vary between different codegen units
[INFO] [stdout]     = note: furthermore, different functions could have the same address after being merged together
[INFO] [stdout]     = note: for more information visit <https://doc.rust-lang.org/nightly/core/ptr/fn.fn_addr_eq.html>
[INFO] [stdout]     = note: `#[warn(unpredictable_function_pointer_comparisons)]` on by default
[INFO] [stdout] 
[INFO] [stdout] 
[INFO] [stdout] warning: function pointer comparisons do not produce meaningful results since their addresses are not guaranteed to be unique
[INFO] [stdout]    --> src/moonblade/interpreter.rs:316:5
[INFO] [stdout]     |
[INFO] [stdout] 313 | #[derive(Clone, PartialEq)]
[INFO] [stdout]     |                 --------- in this derive macro expansion
[INFO] [stdout] ...
[INFO] [stdout] 316 |     function: SpecialFunction,
[INFO] [stdout]     |     ^^^^^^^^^^^^^^^^^^^^^^^^^
[INFO] [stdout]     |
[INFO] [stdout]     = note: the address of the same function can vary between different codegen units
[INFO] [stdout]     = note: furthermore, different functions could have the same address after being merged together
[INFO] [stdout]     = note: for more information visit <https://doc.rust-lang.org/nightly/core/ptr/fn.fn_addr_eq.html>
[INFO] [stdout] 
[INFO] [stdout] 
[INFO] [stdout] warning: hiding a lifetime that's elided elsewhere is confusing
[INFO] [stdout]   --> src/moonblade/parser.rs:94:20
[INFO] [stdout]    |
[INFO] [stdout] 94 | fn parse_int(pair: Pair<Rule>) -> Result<i64, &str> {
[INFO] [stdout]    |                    ^^^^^^^^^^                 ^^^^ the same lifetime is elided here
[INFO] [stdout]    |                    |
[INFO] [stdout]    |                    the lifetime is hidden here
[INFO] [stdout]    |
[INFO] [stdout]    = help: the same lifetime is referred to in inconsistent ways, making the signature confusing
[INFO] [stdout] help: use `'_` for type paths
[INFO] [stdout]    |
[INFO] [stdout] 94 | fn parse_int(pair: Pair<'_, Rule>) -> Result<i64, &str> {
[INFO] [stdout]    |                         +++
[INFO] [stdout] 
[INFO] [stdout] 
[INFO] [stdout] warning: hiding a lifetime that's elided elsewhere is confusing
[INFO] [stdout]   --> src/moonblade/scrape.rs:18:20
[INFO] [stdout]    |
[INFO] [stdout] 18 |     fn get_element(&self, id: NodeId) -> ElementRef;
[INFO] [stdout]    |                    ^^^^^                 ^^^^^^^^^^ the same lifetime is hidden here
[INFO] [stdout]    |                    |
[INFO] [stdout]    |                    the lifetime is elided here
[INFO] [stdout]    |
[INFO] [stdout]    = help: the same lifetime is referred to in inconsistent ways, making the signature confusing
[INFO] [stdout] help: use `'_` for type paths
[INFO] [stdout]    |
[INFO] [stdout] 18 |     fn get_element(&self, id: NodeId) -> ElementRef<'_>;
[INFO] [stdout]    |                                                    ++++
[INFO] [stdout] 
[INFO] [stdout] 
[INFO] [stdout] warning: hiding a lifetime that's elided elsewhere is confusing
[INFO] [stdout]   --> src/moonblade/scrape.rs:22:20
[INFO] [stdout]    |
[INFO] [stdout] 22 |     fn get_element(&self, id: NodeId) -> ElementRef {
[INFO] [stdout]    |                    ^^^^^                 ^^^^^^^^^^ the same lifetime is hidden here
[INFO] [stdout]    |                    |
[INFO] [stdout]    |                    the lifetime is elided here
[INFO] [stdout]    |
[INFO] [stdout]    = help: the same lifetime is referred to in inconsistent ways, making the signature confusing
[INFO] [stdout] help: use `'_` for type paths
[INFO] [stdout]    |
[INFO] [stdout] 22 |     fn get_element(&self, id: NodeId) -> ElementRef<'_> {
[INFO] [stdout]    |                                                    ++++
[INFO] [stdout] 
[INFO] [stdout] 
[INFO] [stdout] warning: hiding a lifetime that's elided elsewhere is confusing
[INFO] [stdout]   --> src/moonblade/types/bound_arguments.rs:72:21
[INFO] [stdout]    |
[INFO] [stdout] 72 |     pub fn get1_str(&self) -> Result<Cow<str>, EvaluationError> {
[INFO] [stdout]    |                     ^^^^^            ^^^^^^^^ the same lifetime is hidden here
[INFO] [stdout]    |                     |
[INFO] [stdout]    |                     the lifetime is elided here
[INFO] [stdout]    |
[INFO] [stdout]    = help: the same lifetime is referred to in inconsistent ways, making the signature confusing
[INFO] [stdout] help: use `'_` for type paths
[INFO] [stdout]    |
[INFO] [stdout] 72 |     pub fn get1_str(&self) -> Result<Cow<'_, str>, EvaluationError> {
[INFO] [stdout]    |                                          +++
[INFO] [stdout] 
[INFO] [stdout] 
[INFO] [stdout] warning: hiding a lifetime that's elided elsewhere is confusing
[INFO] [stdout]   --> src/moonblade/types/bound_arguments.rs:84:21
[INFO] [stdout]    |
[INFO] [stdout] 84 |     pub fn get2_str(&self) -> Result<(Cow<str>, Cow<str>), EvaluationError> {
[INFO] [stdout]    |                     ^^^^^             ^^^^^^^^  ^^^^^^^^ the same lifetime is hidden here
[INFO] [stdout]    |                     |                 |
[INFO] [stdout]    |                     |                 the same lifetime is hidden here
[INFO] [stdout]    |                     the lifetime is elided here
[INFO] [stdout]    |
[INFO] [stdout]    = help: the same lifetime is referred to in inconsistent ways, making the signature confusing
[INFO] [stdout] help: use `'_` for type paths
[INFO] [stdout]    |
[INFO] [stdout] 84 |     pub fn get2_str(&self) -> Result<(Cow<'_, str>, Cow<'_, str>), EvaluationError> {
[INFO] [stdout]    |                                           +++           +++
[INFO] [stdout] 
[INFO] [stdout] 
[INFO] [stdout] warning: hiding a lifetime that's elided elsewhere is confusing
[INFO] [stdout]    --> src/moonblade/types/dynamic_value.rs:205:44
[INFO] [stdout]     |
[INFO] [stdout] 205 |     pub fn serialize_as_bytes_with_options(&self, plural_separator: &[u8]) -> Cow<[u8]> {
[INFO] [stdout]     |                                            ^^^^^ the lifetime is elided here  ^^^^^^^^^ the same lifetime is hidden here
[INFO] [stdout]     |
[INFO] [stdout]     = help: the same lifetime is referred to in inconsistent ways, making the signature confusing
[INFO] [stdout] help: use `'_` for type paths
[INFO] [stdout]     |
[INFO] [stdout] 205 |     pub fn serialize_as_bytes_with_options(&self, plural_separator: &[u8]) -> Cow<'_, [u8]> {
[INFO] [stdout]     |                                                                                   +++
[INFO] [stdout] 
[INFO] [stdout] 
[INFO] [stdout] warning: hiding a lifetime that's elided elsewhere is confusing
[INFO] [stdout]    --> src/moonblade/types/dynamic_value.rs:251:31
[INFO] [stdout]     |
[INFO] [stdout] 251 |     pub fn serialize_as_bytes(&self) -> Cow<[u8]> {
[INFO] [stdout]     |                               ^^^^^     ^^^^^^^^^ the same lifetime is hidden here
[INFO] [stdout]     |                               |
[INFO] [stdout]     |                               the lifetime is elided here
[INFO] [stdout]     |
[INFO] [stdout]     = help: the same lifetime is referred to in inconsistent ways, making the signature confusing
[INFO] [stdout] help: use `'_` for type paths
[INFO] [stdout]     |
[INFO] [stdout] 251 |     pub fn serialize_as_bytes(&self) -> Cow<'_, [u8]> {
[INFO] [stdout]     |                                             +++
[INFO] [stdout] 
[INFO] [stdout] 
[INFO] [stderr]    Compiling xan v0.48.0 (/opt/rustwide/workdir)
[INFO] [stdout] warning: hiding a lifetime that's elided elsewhere is confusing
[INFO] [stdout]    --> src/moonblade/types/dynamic_value.rs:264:28
[INFO] [stdout]     |
[INFO] [stdout] 264 |     pub fn try_as_datetime(&self) -> Result<Cow<Zoned>, EvaluationError> {
[INFO] [stdout]     |                            ^^^^^            ^^^^^^^^^^ the same lifetime is hidden here
[INFO] [stdout]     |                            |
[INFO] [stdout]     |                            the lifetime is elided here
[INFO] [stdout]     |
[INFO] [stdout]     = help: the same lifetime is referred to in inconsistent ways, making the signature confusing
[INFO] [stdout] help: use `'_` for type paths
[INFO] [stdout]     |
[INFO] [stdout] 264 |     pub fn try_as_datetime(&self) -> Result<Cow<'_, Zoned>, EvaluationError> {
[INFO] [stdout]     |                                                 +++
[INFO] [stdout] 
[INFO] [stdout] 
[INFO] [stdout] warning: hiding a lifetime that's elided elsewhere is confusing
[INFO] [stdout]    --> src/moonblade/types/dynamic_value.rs:294:23
[INFO] [stdout]     |
[INFO] [stdout] 294 |     pub fn try_as_str(&self) -> Result<Cow<str>, EvaluationError> {
[INFO] [stdout]     |                       ^^^^^            ^^^^^^^^ the same lifetime is hidden here
[INFO] [stdout]     |                       |
[INFO] [stdout]     |                       the lifetime is elided here
[INFO] [stdout]     |
[INFO] [stdout]     = help: the same lifetime is referred to in inconsistent ways, making the signature confusing
[INFO] [stdout] help: use `'_` for type paths
[INFO] [stdout]     |
[INFO] [stdout] 294 |     pub fn try_as_str(&self) -> Result<Cow<'_, str>, EvaluationError> {
[INFO] [stdout]     |                                            +++
[INFO] [stdout] 
[INFO] [stdout] 
[INFO] [stdout] warning: hiding a lifetime that's elided elsewhere is confusing
[INFO] [stdout]    --> src/moonblade/types/dynamic_value.rs:460:22
[INFO] [stdout]     |
[INFO] [stdout] 460 |     pub fn flat_iter(&self) -> DynamicValueFlatIter {
[INFO] [stdout]     |                      ^^^^^     ^^^^^^^^^^^^^^^^^^^^ the same lifetime is hidden here
[INFO] [stdout]     |                      |
[INFO] [stdout]     |                      the lifetime is elided here
[INFO] [stdout]     |
[INFO] [stdout]     = help: the same lifetime is referred to in inconsistent ways, making the signature confusing
[INFO] [stdout] help: use `'_` for type paths
[INFO] [stdout]     |
[INFO] [stdout] 460 |     pub fn flat_iter(&self) -> DynamicValueFlatIter<'_> {
[INFO] [stdout]     |                                                    ++++
[INFO] [stdout] 
[INFO] [stdout] 
[INFO] [stdout] warning: hiding a lifetime that's elided elsewhere is confusing
[INFO] [stdout]    --> src/urls.rs:404:9
[INFO] [stdout]     |
[INFO] [stdout] 404 |         &self,
[INFO] [stdout]     |         ^^^^^ the lifetime is elided here
[INFO] [stdout] 405 |         url: &str,
[INFO] [stdout] 406 |     ) -> Result<LongestMatchingPrefixValues<V>, ParseError> {
[INFO] [stdout]     |                 ^^^^^^^^^^^^^^^^^^^^^^^^^^^^^^ the same lifetime is hidden here
[INFO] [stdout]     |
[INFO] [stdout]     = help: the same lifetime is referred to in inconsistent ways, making the signature confusing
[INFO] [stdout] help: use `'_` for type paths
[INFO] [stdout]     |
[INFO] [stdout] 406 |     ) -> Result<LongestMatchingPrefixValues<'_, V>, ParseError> {
[INFO] [stdout]     |                                             +++
[INFO] [stdout] 
[INFO] [stdout] 
[INFO] [stdout] warning: hiding a lifetime that's elided elsewhere is confusing
[INFO] [stdout]    --> src/cmd/scrape.rs:110:29
[INFO] [stdout]     |
[INFO] [stdout] 110 |     fn prebuffer_up_to_head(&self) -> CliResult<Cow<[u8]>> {
[INFO] [stdout]     |                             ^^^^^               ^^^^^^^^^ the same lifetime is hidden here
[INFO] [stdout]     |                             |
[INFO] [stdout]     |                             the lifetime is elided here
[INFO] [stdout]     |
[INFO] [stdout]     = help: the same lifetime is referred to in inconsistent ways, making the signature confusing
[INFO] [stdout]     = note: `#[warn(mismatched_lifetime_syntaxes)]` on by default
[INFO] [stdout] help: use `'_` for type paths
[INFO] [stdout]     |
[INFO] [stdout] 110 |     fn prebuffer_up_to_head(&self) -> CliResult<Cow<'_, [u8]>> {
[INFO] [stdout]     |                                                     +++
[INFO] [stdout] 
[INFO] [stdout] 
[INFO] [stdout] warning: hiding a lifetime that's elided elsewhere is confusing
[INFO] [stdout]    --> src/cmd/scrape.rs:126:19
[INFO] [stdout]     |
[INFO] [stdout] 126 |     fn read_bytes(&self) -> CliResult<Cow<[u8]>> {
[INFO] [stdout]     |                   ^^^^^               ^^^^^^^^^ the same lifetime is hidden here
[INFO] [stdout]     |                   |
[INFO] [stdout]     |                   the lifetime is elided here
[INFO] [stdout]     |
[INFO] [stdout]     = help: the same lifetime is referred to in inconsistent ways, making the signature confusing
[INFO] [stdout] help: use `'_` for type paths
[INFO] [stdout]     |
[INFO] [stdout] 126 |     fn read_bytes(&self) -> CliResult<Cow<'_, [u8]>> {
[INFO] [stdout]     |                                           +++
[INFO] [stdout] 
[INFO] [stdout] 
[INFO] [stdout] warning: hiding a lifetime that's elided elsewhere is confusing
[INFO] [stdout]    --> src/cmd/view.rs:884:13
[INFO] [stdout]     |
[INFO] [stdout] 884 |     fn iter(&self) -> DisplayedColumnsIter {
[INFO] [stdout]     |             ^^^^^     ^^^^^^^^^^^^^^^^^^^^ the same lifetime is hidden here
[INFO] [stdout]     |             |
[INFO] [stdout]     |             the lifetime is elided here
[INFO] [stdout]     |
[INFO] [stdout]     = help: the same lifetime is referred to in inconsistent ways, making the signature confusing
[INFO] [stdout] help: use `'_` for type paths
[INFO] [stdout]     |
[INFO] [stdout] 884 |     fn iter(&self) -> DisplayedColumnsIter<'_> {
[INFO] [stdout]     |                                           ++++
[INFO] [stdout] 
[INFO] [stdout] 
[INFO] [stdout] warning: hiding a lifetime that's elided elsewhere is confusing
[INFO] [stdout]   --> src/graph.rs:17:34
[INFO] [stdout]    |
[INFO] [stdout] 17 | fn serialize_value_to_csv(value: &Value) -> Cow<str> {
[INFO] [stdout]    |                                  ^^^^^^     ^^^^^^^^ the same lifetime is hidden here
[INFO] [stdout]    |                                  |
[INFO] [stdout]    |                                  the lifetime is elided here
[INFO] [stdout]    |
[INFO] [stdout]    = help: the same lifetime is referred to in inconsistent ways, making the signature confusing
[INFO] [stdout] help: use `'_` for type paths
[INFO] [stdout]    |
[INFO] [stdout] 17 | fn serialize_value_to_csv(value: &Value) -> Cow<'_, str> {
[INFO] [stdout]    |                                                 +++
[INFO] [stdout] 
[INFO] [stdout] 
[INFO] [stdout] warning: hiding a lifetime that's elided elsewhere is confusing
[INFO] [stdout]    --> src/json.rs:250:45
[INFO] [stdout]     |
[INFO] [stdout] 250 | fn serialize_json_value_to_csv_field(value: &Value) -> Cow<str> {
[INFO] [stdout]     |                                             ^^^^^^     ^^^^^^^^ the same lifetime is hidden here
[INFO] [stdout]     |                                             |
[INFO] [stdout]     |                                             the lifetime is elided here
[INFO] [stdout]     |
[INFO] [stdout]     = help: the same lifetime is referred to in inconsistent ways, making the signature confusing
[INFO] [stdout] help: use `'_` for type paths
[INFO] [stdout]     |
[INFO] [stdout] 250 | fn serialize_json_value_to_csv_field(value: &Value) -> Cow<'_, str> {
[INFO] [stdout]     |                                                            +++
[INFO] [stdout] 
[INFO] [stdout] 
[INFO] [stdout] warning: function pointer comparisons do not produce meaningful results since their addresses are not guaranteed to be unique
[INFO] [stdout]    --> src/moonblade/interpreter.rs:224:5
[INFO] [stdout]     |
[INFO] [stdout] 221 | #[derive(Clone, PartialEq)]
[INFO] [stdout]     |                 --------- in this derive macro expansion
[INFO] [stdout] ...
[INFO] [stdout] 224 |     function: Function,
[INFO] [stdout]     |     ^^^^^^^^^^^^^^^^^^
[INFO] [stdout]     |
[INFO] [stdout]     = note: the address of the same function can vary between different codegen units
[INFO] [stdout]     = note: furthermore, different functions could have the same address after being merged together
[INFO] [stdout]     = note: for more information visit <https://doc.rust-lang.org/nightly/core/ptr/fn.fn_addr_eq.html>
[INFO] [stdout]     = note: `#[warn(unpredictable_function_pointer_comparisons)]` on by default
[INFO] [stdout] 
[INFO] [stdout] 
[INFO] [stdout] warning: function pointer comparisons do not produce meaningful results since their addresses are not guaranteed to be unique
[INFO] [stdout]    --> src/moonblade/interpreter.rs:316:5
[INFO] [stdout]     |
[INFO] [stdout] 313 | #[derive(Clone, PartialEq)]
[INFO] [stdout]     |                 --------- in this derive macro expansion
[INFO] [stdout] ...
[INFO] [stdout] 316 |     function: SpecialFunction,
[INFO] [stdout]     |     ^^^^^^^^^^^^^^^^^^^^^^^^^
[INFO] [stdout]     |
[INFO] [stdout]     = note: the address of the same function can vary between different codegen units
[INFO] [stdout]     = note: furthermore, different functions could have the same address after being merged together
[INFO] [stdout]     = note: for more information visit <https://doc.rust-lang.org/nightly/core/ptr/fn.fn_addr_eq.html>
[INFO] [stdout] 
[INFO] [stdout] 
[INFO] [stdout] warning: hiding a lifetime that's elided elsewhere is confusing
[INFO] [stdout]   --> src/moonblade/parser.rs:94:20
[INFO] [stdout]    |
[INFO] [stdout] 94 | fn parse_int(pair: Pair<Rule>) -> Result<i64, &str> {
[INFO] [stdout]    |                    ^^^^^^^^^^                 ^^^^ the same lifetime is elided here
[INFO] [stdout]    |                    |
[INFO] [stdout]    |                    the lifetime is hidden here
[INFO] [stdout]    |
[INFO] [stdout]    = help: the same lifetime is referred to in inconsistent ways, making the signature confusing
[INFO] [stdout] help: use `'_` for type paths
[INFO] [stdout]    |
[INFO] [stdout] 94 | fn parse_int(pair: Pair<'_, Rule>) -> Result<i64, &str> {
[INFO] [stdout]    |                         +++
[INFO] [stdout] 
[INFO] [stdout] 
[INFO] [stdout] warning: hiding a lifetime that's elided elsewhere is confusing
[INFO] [stdout]   --> src/moonblade/scrape.rs:18:20
[INFO] [stdout]    |
[INFO] [stdout] 18 |     fn get_element(&self, id: NodeId) -> ElementRef;
[INFO] [stdout]    |                    ^^^^^                 ^^^^^^^^^^ the same lifetime is hidden here
[INFO] [stdout]    |                    |
[INFO] [stdout]    |                    the lifetime is elided here
[INFO] [stdout]    |
[INFO] [stdout]    = help: the same lifetime is referred to in inconsistent ways, making the signature confusing
[INFO] [stdout] help: use `'_` for type paths
[INFO] [stdout]    |
[INFO] [stdout] 18 |     fn get_element(&self, id: NodeId) -> ElementRef<'_>;
[INFO] [stdout]    |                                                    ++++
[INFO] [stdout] 
[INFO] [stdout] 
[INFO] [stdout] warning: hiding a lifetime that's elided elsewhere is confusing
[INFO] [stdout]   --> src/moonblade/scrape.rs:22:20
[INFO] [stdout]    |
[INFO] [stdout] 22 |     fn get_element(&self, id: NodeId) -> ElementRef {
[INFO] [stdout]    |                    ^^^^^                 ^^^^^^^^^^ the same lifetime is hidden here
[INFO] [stdout]    |                    |
[INFO] [stdout]    |                    the lifetime is elided here
[INFO] [stdout]    |
[INFO] [stdout]    = help: the same lifetime is referred to in inconsistent ways, making the signature confusing
[INFO] [stdout] help: use `'_` for type paths
[INFO] [stdout]    |
[INFO] [stdout] 22 |     fn get_element(&self, id: NodeId) -> ElementRef<'_> {
[INFO] [stdout]    |                                                    ++++
[INFO] [stdout] 
[INFO] [stdout] 
[INFO] [stdout] warning: hiding a lifetime that's elided elsewhere is confusing
[INFO] [stdout]   --> src/moonblade/types/bound_arguments.rs:72:21
[INFO] [stdout]    |
[INFO] [stdout] 72 |     pub fn get1_str(&self) -> Result<Cow<str>, EvaluationError> {
[INFO] [stdout]    |                     ^^^^^            ^^^^^^^^ the same lifetime is hidden here
[INFO] [stdout]    |                     |
[INFO] [stdout]    |                     the lifetime is elided here
[INFO] [stdout]    |
[INFO] [stdout]    = help: the same lifetime is referred to in inconsistent ways, making the signature confusing
[INFO] [stdout] help: use `'_` for type paths
[INFO] [stdout]    |
[INFO] [stdout] 72 |     pub fn get1_str(&self) -> Result<Cow<'_, str>, EvaluationError> {
[INFO] [stdout]    |                                          +++
[INFO] [stdout] 
[INFO] [stdout] 
[INFO] [stdout] warning: hiding a lifetime that's elided elsewhere is confusing
[INFO] [stdout]   --> src/moonblade/types/bound_arguments.rs:84:21
[INFO] [stdout]    |
[INFO] [stdout] 84 |     pub fn get2_str(&self) -> Result<(Cow<str>, Cow<str>), EvaluationError> {
[INFO] [stdout]    |                     ^^^^^             ^^^^^^^^  ^^^^^^^^ the same lifetime is hidden here
[INFO] [stdout]    |                     |                 |
[INFO] [stdout]    |                     |                 the same lifetime is hidden here
[INFO] [stdout]    |                     the lifetime is elided here
[INFO] [stdout]    |
[INFO] [stdout]    = help: the same lifetime is referred to in inconsistent ways, making the signature confusing
[INFO] [stdout] help: use `'_` for type paths
[INFO] [stdout]    |
[INFO] [stdout] 84 |     pub fn get2_str(&self) -> Result<(Cow<'_, str>, Cow<'_, str>), EvaluationError> {
[INFO] [stdout]    |                                           +++           +++
[INFO] [stdout] 
[INFO] [stdout] 
[INFO] [stdout] warning: hiding a lifetime that's elided elsewhere is confusing
[INFO] [stdout]    --> src/moonblade/types/dynamic_value.rs:205:44
[INFO] [stdout]     |
[INFO] [stdout] 205 |     pub fn serialize_as_bytes_with_options(&self, plural_separator: &[u8]) -> Cow<[u8]> {
[INFO] [stdout]     |                                            ^^^^^ the lifetime is elided here  ^^^^^^^^^ the same lifetime is hidden here
[INFO] [stdout]     |
[INFO] [stdout]     = help: the same lifetime is referred to in inconsistent ways, making the signature confusing
[INFO] [stdout] help: use `'_` for type paths
[INFO] [stdout]     |
[INFO] [stdout] 205 |     pub fn serialize_as_bytes_with_options(&self, plural_separator: &[u8]) -> Cow<'_, [u8]> {
[INFO] [stdout]     |                                                                                   +++
[INFO] [stdout] 
[INFO] [stdout] 
[INFO] [stdout] warning: hiding a lifetime that's elided elsewhere is confusing
[INFO] [stdout]    --> src/moonblade/types/dynamic_value.rs:251:31
[INFO] [stdout]     |
[INFO] [stdout] 251 |     pub fn serialize_as_bytes(&self) -> Cow<[u8]> {
[INFO] [stdout]     |                               ^^^^^     ^^^^^^^^^ the same lifetime is hidden here
[INFO] [stdout]     |                               |
[INFO] [stdout]     |                               the lifetime is elided here
[INFO] [stdout]     |
[INFO] [stdout]     = help: the same lifetime is referred to in inconsistent ways, making the signature confusing
[INFO] [stdout] help: use `'_` for type paths
[INFO] [stdout]     |
[INFO] [stdout] 251 |     pub fn serialize_as_bytes(&self) -> Cow<'_, [u8]> {
[INFO] [stdout]     |                                             +++
[INFO] [stdout] 
[INFO] [stdout] 
[INFO] [stdout] warning: hiding a lifetime that's elided elsewhere is confusing
[INFO] [stdout]    --> src/moonblade/types/dynamic_value.rs:264:28
[INFO] [stdout]     |
[INFO] [stdout] 264 |     pub fn try_as_datetime(&self) -> Result<Cow<Zoned>, EvaluationError> {
[INFO] [stdout]     |                            ^^^^^            ^^^^^^^^^^ the same lifetime is hidden here
[INFO] [stdout]     |                            |
[INFO] [stdout]     |                            the lifetime is elided here
[INFO] [stdout]     |
[INFO] [stdout]     = help: the same lifetime is referred to in inconsistent ways, making the signature confusing
[INFO] [stdout] help: use `'_` for type paths
[INFO] [stdout]     |
[INFO] [stdout] 264 |     pub fn try_as_datetime(&self) -> Result<Cow<'_, Zoned>, EvaluationError> {
[INFO] [stdout]     |                                                 +++
[INFO] [stdout] 
[INFO] [stdout] 
[INFO] [stdout] warning: hiding a lifetime that's elided elsewhere is confusing
[INFO] [stdout]    --> src/moonblade/types/dynamic_value.rs:294:23
[INFO] [stdout]     |
[INFO] [stdout] 294 |     pub fn try_as_str(&self) -> Result<Cow<str>, EvaluationError> {
[INFO] [stdout]     |                       ^^^^^            ^^^^^^^^ the same lifetime is hidden here
[INFO] [stdout]     |                       |
[INFO] [stdout]     |                       the lifetime is elided here
[INFO] [stdout]     |
[INFO] [stdout]     = help: the same lifetime is referred to in inconsistent ways, making the signature confusing
[INFO] [stdout] help: use `'_` for type paths
[INFO] [stdout]     |
[INFO] [stdout] 294 |     pub fn try_as_str(&self) -> Result<Cow<'_, str>, EvaluationError> {
[INFO] [stdout]     |                                            +++
[INFO] [stdout] 
[INFO] [stdout] 
[INFO] [stdout] warning: hiding a lifetime that's elided elsewhere is confusing
[INFO] [stdout]    --> src/moonblade/types/dynamic_value.rs:460:22
[INFO] [stdout]     |
[INFO] [stdout] 460 |     pub fn flat_iter(&self) -> DynamicValueFlatIter {
[INFO] [stdout]     |                      ^^^^^     ^^^^^^^^^^^^^^^^^^^^ the same lifetime is hidden here
[INFO] [stdout]     |                      |
[INFO] [stdout]     |                      the lifetime is elided here
[INFO] [stdout]     |
[INFO] [stdout]     = help: the same lifetime is referred to in inconsistent ways, making the signature confusing
[INFO] [stdout] help: use `'_` for type paths
[INFO] [stdout]     |
[INFO] [stdout] 460 |     pub fn flat_iter(&self) -> DynamicValueFlatIter<'_> {
[INFO] [stdout]     |                                                    ++++
[INFO] [stdout] 
[INFO] [stdout] 
[INFO] [stdout] warning: hiding a lifetime that's elided elsewhere is confusing
[INFO] [stdout]    --> src/urls.rs:404:9
[INFO] [stdout]     |
[INFO] [stdout] 404 |         &self,
[INFO] [stdout]     |         ^^^^^ the lifetime is elided here
[INFO] [stdout] 405 |         url: &str,
[INFO] [stdout] 406 |     ) -> Result<LongestMatchingPrefixValues<V>, ParseError> {
[INFO] [stdout]     |                 ^^^^^^^^^^^^^^^^^^^^^^^^^^^^^^ the same lifetime is hidden here
[INFO] [stdout]     |
[INFO] [stdout]     = help: the same lifetime is referred to in inconsistent ways, making the signature confusing
[INFO] [stdout] help: use `'_` for type paths
[INFO] [stdout]     |
[INFO] [stdout] 406 |     ) -> Result<LongestMatchingPrefixValues<'_, V>, ParseError> {
[INFO] [stdout]     |                                             +++
[INFO] [stdout] 
[INFO] [stdout] 
[INFO] [stderr]     Finished `test` profile [unoptimized + debuginfo] target(s) in 41.73s
[INFO] running `Command { std: "docker" "inspect" "b3dd398576939d21b9754c97d94e317386100638055b5410c1c83d8f4d6d9f2f", kill_on_drop: false }`
[INFO] running `Command { std: "docker" "exec" "-e" "SOURCE_DIR=/opt/rustwide/workdir" "-e" "CARGO_HOME=/opt/rustwide/cargo-home" "-e" "RUSTUP_HOME=/opt/rustwide/rustup-home" "-e" "CARGO_TARGET_DIR=/opt/rustwide/target" "-e" "CARGO_INCREMENTAL=0" "-e" "RUST_BACKTRACE=full" "-e" "RUSTFLAGS=--cap-lints=warn" "-e" "RUSTDOCFLAGS=--cap-lints=warn" "-w" "/opt/rustwide/workdir" "--user" "0:0" "b3dd398576939d21b9754c97d94e317386100638055b5410c1c83d8f4d6d9f2f" "/opt/rustwide/cargo-home/bin/cargo" "+1.99.0-beta.8" "test" "--frozen", kill_on_drop: false }`
[INFO] [stderr] warning: hiding a lifetime that's elided elsewhere is confusing
[INFO] [stderr]    --> src/cmd/scrape.rs:110:29
[INFO] [stderr]     |
[INFO] [stderr] 110 |     fn prebuffer_up_to_head(&self) -> CliResult<Cow<[u8]>> {
[INFO] [stderr]     |                             ^^^^^               ^^^^^^^^^ the same lifetime is hidden here
[INFO] [stderr]     |                             |
[INFO] [stderr]     |                             the lifetime is elided here
[INFO] [stderr]     |
[INFO] [stderr]     = help: the same lifetime is referred to in inconsistent ways, making the signature confusing
[INFO] [stderr]     = note: `#[warn(mismatched_lifetime_syntaxes)]` on by default
[INFO] [stderr] help: use `'_` for type paths
[INFO] [stderr]     |
[INFO] [stderr] 110 |     fn prebuffer_up_to_head(&self) -> CliResult<Cow<'_, [u8]>> {
[INFO] [stderr]     |                                                     +++
[INFO] [stderr] 
[INFO] [stderr] warning: hiding a lifetime that's elided elsewhere is confusing
[INFO] [stderr]    --> src/cmd/scrape.rs:126:19
[INFO] [stderr]     |
[INFO] [stderr] 126 |     fn read_bytes(&self) -> CliResult<Cow<[u8]>> {
[INFO] [stderr]     |                   ^^^^^               ^^^^^^^^^ the same lifetime is hidden here
[INFO] [stderr]     |                   |
[INFO] [stderr]     |                   the lifetime is elided here
[INFO] [stderr]     |
[INFO] [stderr]     = help: the same lifetime is referred to in inconsistent ways, making the signature confusing
[INFO] [stderr] help: use `'_` for type paths
[INFO] [stderr]     |
[INFO] [stderr] 126 |     fn read_bytes(&self) -> CliResult<Cow<'_, [u8]>> {
[INFO] [stderr]     |                                           +++
[INFO] [stderr] 
[INFO] [stderr] warning: hiding a lifetime that's elided elsewhere is confusing
[INFO] [stderr]    --> src/cmd/view.rs:884:13
[INFO] [stderr]     |
[INFO] [stderr] 884 |     fn iter(&self) -> DisplayedColumnsIter {
[INFO] [stderr]     |             ^^^^^     ^^^^^^^^^^^^^^^^^^^^ the same lifetime is hidden here
[INFO] [stderr]     |             |
[INFO] [stderr]     |             the lifetime is elided here
[INFO] [stderr]     |
[INFO] [stderr]     = help: the same lifetime is referred to in inconsistent ways, making the signature confusing
[INFO] [stderr] help: use `'_` for type paths
[INFO] [stderr]     |
[INFO] [stderr] 884 |     fn iter(&self) -> DisplayedColumnsIter<'_> {
[INFO] [stderr]     |                                           ++++
[INFO] [stderr] 
[INFO] [stderr] warning: hiding a lifetime that's elided elsewhere is confusing
[INFO] [stderr]   --> src/graph.rs:17:34
[INFO] [stderr]    |
[INFO] [stderr] 17 | fn serialize_value_to_csv(value: &Value) -> Cow<str> {
[INFO] [stderr]    |                                  ^^^^^^     ^^^^^^^^ the same lifetime is hidden here
[INFO] [stderr]    |                                  |
[INFO] [stderr]    |                                  the lifetime is elided here
[INFO] [stderr]    |
[INFO] [stderr]    = help: the same lifetime is referred to in inconsistent ways, making the signature confusing
[INFO] [stderr] help: use `'_` for type paths
[INFO] [stderr]    |
[INFO] [stderr] 17 | fn serialize_value_to_csv(value: &Value) -> Cow<'_, str> {
[INFO] [stderr]    |                                                 +++
[INFO] [stderr] 
[INFO] [stderr] warning: hiding a lifetime that's elided elsewhere is confusing
[INFO] [stderr]    --> src/json.rs:250:45
[INFO] [stderr]     |
[INFO] [stderr] 250 | fn serialize_json_value_to_csv_field(value: &Value) -> Cow<str> {
[INFO] [stderr]     |                                             ^^^^^^     ^^^^^^^^ the same lifetime is hidden here
[INFO] [stderr]     |                                             |
[INFO] [stderr]     |                                             the lifetime is elided here
[INFO] [stderr]     |
[INFO] [stderr]     = help: the same lifetime is referred to in inconsistent ways, making the signature confusing
[INFO] [stderr] help: use `'_` for type paths
[INFO] [stderr]     |
[INFO] [stderr] 250 | fn serialize_json_value_to_csv_field(value: &Value) -> Cow<'_, str> {
[INFO] [stderr]     |                                                            +++
[INFO] [stderr] 
[INFO] [stderr] warning: function pointer comparisons do not produce meaningful results since their addresses are not guaranteed to be unique
[INFO] [stderr]    --> src/moonblade/interpreter.rs:224:5
[INFO] [stderr]     |
[INFO] [stderr] 221 | #[derive(Clone, PartialEq)]
[INFO] [stderr]     |                 --------- in this derive macro expansion
[INFO] [stderr] ...
[INFO] [stderr] 224 |     function: Function,
[INFO] [stderr]     |     ^^^^^^^^^^^^^^^^^^
[INFO] [stderr]     |
[INFO] [stderr]     = note: the address of the same function can vary between different codegen units
[INFO] [stderr]     = note: furthermore, different functions could have the same address after being merged together
[INFO] [stderr]     = note: for more information visit <https://doc.rust-lang.org/nightly/core/ptr/fn.fn_addr_eq.html>
[INFO] [stderr]     = note: `#[warn(unpredictable_function_pointer_comparisons)]` on by default
[INFO] [stderr] 
[INFO] [stderr] warning: function pointer comparisons do not produce meaningful results since their addresses are not guaranteed to be unique
[INFO] [stderr]    --> src/moonblade/interpreter.rs:316:5
[INFO] [stderr]     |
[INFO] [stderr] 313 | #[derive(Clone, PartialEq)]
[INFO] [stderr]     |                 --------- in this derive macro expansion
[INFO] [stderr] ...
[INFO] [stderr] 316 |     function: SpecialFunction,
[INFO] [stderr]     |     ^^^^^^^^^^^^^^^^^^^^^^^^^
[INFO] [stderr]     |
[INFO] [stderr]     = note: the address of the same function can vary between different codegen units
[INFO] [stderr]     = note: furthermore, different functions could have the same address after being merged together
[INFO] [stderr]     = note: for more information visit <https://doc.rust-lang.org/nightly/core/ptr/fn.fn_addr_eq.html>
[INFO] [stderr] 
[INFO] [stderr] warning: hiding a lifetime that's elided elsewhere is confusing
[INFO] [stderr]   --> src/moonblade/parser.rs:94:20
[INFO] [stderr]    |
[INFO] [stderr] 94 | fn parse_int(pair: Pair<Rule>) -> Result<i64, &str> {
[INFO] [stderr]    |                    ^^^^^^^^^^                 ^^^^ the same lifetime is elided here
[INFO] [stderr]    |                    |
[INFO] [stderr]    |                    the lifetime is hidden here
[INFO] [stderr]    |
[INFO] [stderr]    = help: the same lifetime is referred to in inconsistent ways, making the signature confusing
[INFO] [stderr] help: use `'_` for type paths
[INFO] [stderr]    |
[INFO] [stderr] 94 | fn parse_int(pair: Pair<'_, Rule>) -> Result<i64, &str> {
[INFO] [stderr]    |                         +++
[INFO] [stderr] 
[INFO] [stderr] warning: hiding a lifetime that's elided elsewhere is confusing
[INFO] [stderr]   --> src/moonblade/scrape.rs:18:20
[INFO] [stderr]    |
[INFO] [stderr] 18 |     fn get_element(&self, id: NodeId) -> ElementRef;
[INFO] [stderr]    |                    ^^^^^                 ^^^^^^^^^^ the same lifetime is hidden here
[INFO] [stderr]    |                    |
[INFO] [stderr]    |                    the lifetime is elided here
[INFO] [stderr]    |
[INFO] [stderr]    = help: the same lifetime is referred to in inconsistent ways, making the signature confusing
[INFO] [stderr] help: use `'_` for type paths
[INFO] [stderr]    |
[INFO] [stderr] 18 |     fn get_element(&self, id: NodeId) -> ElementRef<'_>;
[INFO] [stderr]    |                                                    ++++
[INFO] [stderr] 
[INFO] [stderr] warning: hiding a lifetime that's elided elsewhere is confusing
[INFO] [stderr]   --> src/moonblade/scrape.rs:22:20
[INFO] [stderr]    |
[INFO] [stderr] 22 |     fn get_element(&self, id: NodeId) -> ElementRef {
[INFO] [stderr]    |                    ^^^^^                 ^^^^^^^^^^ the same lifetime is hidden here
[INFO] [stderr]    |                    |
[INFO] [stderr]    |                    the lifetime is elided here
[INFO] [stderr]    |
[INFO] [stderr]    = help: the same lifetime is referred to in inconsistent ways, making the signature confusing
[INFO] [stderr] help: use `'_` for type paths
[INFO] [stderr]    |
[INFO] [stderr] 22 |     fn get_element(&self, id: NodeId) -> ElementRef<'_> {
[INFO] [stderr]    |                                                    ++++
[INFO] [stderr] 
[INFO] [stderr] warning: hiding a lifetime that's elided elsewhere is confusing
[INFO] [stderr]   --> src/moonblade/types/bound_arguments.rs:72:21
[INFO] [stderr]    |
[INFO] [stderr] 72 |     pub fn get1_str(&self) -> Result<Cow<str>, EvaluationError> {
[INFO] [stderr]    |                     ^^^^^            ^^^^^^^^ the same lifetime is hidden here
[INFO] [stderr]    |                     |
[INFO] [stderr]    |                     the lifetime is elided here
[INFO] [stderr]    |
[INFO] [stderr]    = help: the same lifetime is referred to in inconsistent ways, making the signature confusing
[INFO] [stderr] help: use `'_` for type paths
[INFO] [stderr]    |
[INFO] [stderr] 72 |     pub fn get1_str(&self) -> Result<Cow<'_, str>, EvaluationError> {
[INFO] [stderr]    |                                          +++
[INFO] [stderr] 
[INFO] [stderr] warning: hiding a lifetime that's elided elsewhere is confusing
[INFO] [stderr]   --> src/moonblade/types/bound_arguments.rs:84:21
[INFO] [stderr]    |
[INFO] [stderr] 84 |     pub fn get2_str(&self) -> Result<(Cow<str>, Cow<str>), EvaluationError> {
[INFO] [stderr]    |                     ^^^^^             ^^^^^^^^  ^^^^^^^^ the same lifetime is hidden here
[INFO] [stderr]    |                     |                 |
[INFO] [stderr]    |                     |                 the same lifetime is hidden here
[INFO] [stderr]    |                     the lifetime is elided here
[INFO] [stderr]    |
[INFO] [stderr]    = help: the same lifetime is referred to in inconsistent ways, making the signature confusing
[INFO] [stderr] help: use `'_` for type paths
[INFO] [stderr]    |
[INFO] [stderr] 84 |     pub fn get2_str(&self) -> Result<(Cow<'_, str>, Cow<'_, str>), EvaluationError> {
[INFO] [stderr]    |                                           +++           +++
[INFO] [stderr] 
[INFO] [stderr] warning: hiding a lifetime that's elided elsewhere is confusing
[INFO] [stderr]    --> src/moonblade/types/dynamic_value.rs:205:44
[INFO] [stderr]     |
[INFO] [stderr] 205 |     pub fn serialize_as_bytes_with_options(&self, plural_separator: &[u8]) -> Cow<[u8]> {
[INFO] [stderr]     |                                            ^^^^^ the lifetime is elided here  ^^^^^^^^^ the same lifetime is hidden here
[INFO] [stderr]     |
[INFO] [stderr]     = help: the same lifetime is referred to in inconsistent ways, making the signature confusing
[INFO] [stderr] help: use `'_` for type paths
[INFO] [stderr]     |
[INFO] [stderr] 205 |     pub fn serialize_as_bytes_with_options(&self, plural_separator: &[u8]) -> Cow<'_, [u8]> {
[INFO] [stderr]     |                                                                                   +++
[INFO] [stderr] 
[INFO] [stderr] warning: hiding a lifetime that's elided elsewhere is confusing
[INFO] [stderr]    --> src/moonblade/types/dynamic_value.rs:251:31
[INFO] [stderr]     |
[INFO] [stderr] 251 |     pub fn serialize_as_bytes(&self) -> Cow<[u8]> {
[INFO] [stderr]     |                               ^^^^^     ^^^^^^^^^ the same lifetime is hidden here
[INFO] [stderr]     |                               |
[INFO] [stderr]     |                               the lifetime is elided here
[INFO] [stderr]     |
[INFO] [stderr]     = help: the same lifetime is referred to in inconsistent ways, making the signature confusing
[INFO] [stderr] help: use `'_` for type paths
[INFO] [stderr]     |
[INFO] [stderr] 251 |     pub fn serialize_as_bytes(&self) -> Cow<'_, [u8]> {
[INFO] [stderr]     |                                             +++
[INFO] [stderr] 
[INFO] [stderr] warning: hiding a lifetime that's elided elsewhere is confusing
[INFO] [stderr]    --> src/moonblade/types/dynamic_value.rs:264:28
[INFO] [stderr]     |
[INFO] [stderr] 264 |     pub fn try_as_datetime(&self) -> Result<Cow<Zoned>, EvaluationError> {
[INFO] [stderr]     |                            ^^^^^            ^^^^^^^^^^ the same lifetime is hidden here
[INFO] [stderr]     |                            |
[INFO] [stderr]     |                            the lifetime is elided here
[INFO] [stderr]     |
[INFO] [stderr]     = help: the same lifetime is referred to in inconsistent ways, making the signature confusing
[INFO] [stderr] help: use `'_` for type paths
[INFO] [stderr]     |
[INFO] [stderr] 264 |     pub fn try_as_datetime(&self) -> Result<Cow<'_, Zoned>, EvaluationError> {
[INFO] [stderr]     |                                                 +++
[INFO] [stderr] 
[INFO] [stderr] warning: hiding a lifetime that's elided elsewhere is confusing
[INFO] [stderr]    --> src/moonblade/types/dynamic_value.rs:294:23
[INFO] [stderr]     |
[INFO] [stderr] 294 |     pub fn try_as_str(&self) -> Result<Cow<str>, EvaluationError> {
[INFO] [stderr]     |                       ^^^^^            ^^^^^^^^ the same lifetime is hidden here
[INFO] [stderr]     |                       |
[INFO] [stderr]     |                       the lifetime is elided here
[INFO] [stderr]     |
[INFO] [stderr]     = help: the same lifetime is referred to in inconsistent ways, making the signature confusing
[INFO] [stderr] help: use `'_` for type paths
[INFO] [stderr]     |
[INFO] [stderr] 294 |     pub fn try_as_str(&self) -> Result<Cow<'_, str>, EvaluationError> {
[INFO] [stderr]     |                                            +++
[INFO] [stderr] 
[INFO] [stderr] warning: hiding a lifetime that's elided elsewhere is confusing
[INFO] [stderr]    --> src/moonblade/types/dynamic_value.rs:460:22
[INFO] [stderr]     |
[INFO] [stderr] 460 |     pub fn flat_iter(&self) -> DynamicValueFlatIter {
[INFO] [stderr]     |                      ^^^^^     ^^^^^^^^^^^^^^^^^^^^ the same lifetime is hidden here
[INFO] [stderr]     |                      |
[INFO] [stderr]     |                      the lifetime is elided here
[INFO] [stderr]     |
[INFO] [stderr]     = help: the same lifetime is referred to in inconsistent ways, making the signature confusing
[INFO] [stderr] help: use `'_` for type paths
[INFO] [stderr]     |
[INFO] [stderr] 460 |     pub fn flat_iter(&self) -> DynamicValueFlatIter<'_> {
[INFO] [stderr]     |                                                    ++++
[INFO] [stderr] 
[INFO] [stderr] warning: hiding a lifetime that's elided elsewhere is confusing
[INFO] [stderr]    --> src/urls.rs:404:9
[INFO] [stderr]     |
[INFO] [stderr] 404 |         &self,
[INFO] [stderr]     |         ^^^^^ the lifetime is elided here
[INFO] [stderr] 405 |         url: &str,
[INFO] [stderr] 406 |     ) -> Result<LongestMatchingPrefixValues<V>, ParseError> {
[INFO] [stderr]     |                 ^^^^^^^^^^^^^^^^^^^^^^^^^^^^^^ the same lifetime is hidden here
[INFO] [stderr]     |
[INFO] [stderr]     = help: the same lifetime is referred to in inconsistent ways, making the signature confusing
[INFO] [stderr] help: use `'_` for type paths
[INFO] [stderr]     |
[INFO] [stderr] 406 |     ) -> Result<LongestMatchingPrefixValues<'_, V>, ParseError> {
[INFO] [stderr]     |                                             +++
[INFO] [stderr] 
[INFO] [stderr] warning: `xan` (bin "xan") generated 18 warnings (run `cargo fix --bin "xan" -p xan` to apply 16 suggestions)
[INFO] [stderr] warning: `xan` (bin "xan" test) generated 18 warnings (18 duplicates)
[INFO] [stderr]     Finished `test` profile [unoptimized + debuginfo] target(s) in 0.63s
[INFO] [stderr]      Running unittests src/main.rs (/opt/rustwide/target/debug/deps/xan-4b108d8244f421ef)
[INFO] [stdout] 
[INFO] [stdout] running 103 tests
[INFO] [stdout] test collections::fixed_reverse_heap::tests::test_numbers ... ok
[INFO] [stdout] test collections::fixed_reverse_heap::tests::test_map ... ok
[INFO] [stdout] test collections::fixed_reverse_heap::tests::test_reverse_numbers ... ok
[INFO] [stdout] test cmd::regex_join::tests::test_union_of_sorted_lists ... ok
[INFO] [stdout] test collections::fixed_reverse_heap::tests::test_map_with_ties ... ok
[INFO] [stdout] test moonblade::agg::aggregators::sum::tests::test_kahan_babuska_summation ... ok
[INFO] [stdout] test cmd::join::tests::test_index_linked_lists ... ok
[INFO] [stdout] test dates::tests::test_parse_partial_date ... ok
[INFO] [stdout] test moonblade::agg::aggregators::numbers::tests::test_median_aggregator ... ok
[INFO] [stdout] test json::tests::test_inferrence ... ok
[INFO] [stdout] test dates::tests::test_is_partial_date ... ok
[INFO] [stdout] test moonblade::agg::aggregators::types::tests::test_types_aggregator ... ok
[INFO] [stdout] test moonblade::agg::aggregators::welford::tests::test_covariance_correctness ... ok
[INFO] [stdout] test moonblade::interpreter::tests::test_coalesce ... ok
[INFO] [stdout] test moonblade::interpreter::tests::test_abs ... ok
[INFO] [stdout] test moonblade::interpreter::tests::test_bool ... ok
[INFO] [stdout] test moonblade::interpreter::tests::test_col ... ok
[INFO] [stdout] test moonblade::interpreter::tests::test_bytesize ... ok
[INFO] [stdout] test moonblade::interpreter::tests::test_arithmetics ... ok
[INFO] [stdout] test moonblade::interpreter::tests::test_ceil_floor_round ... ok
[INFO] [stdout] test moonblade::interpreter::tests::test_compact ... ok
[INFO] [stdout] test moonblade::interpreter::tests::test_contains ... ok
[INFO] [stdout] test moonblade::interpreter::tests::test_concat ... ok
[INFO] [stdout] test moonblade::interpreter::tests::test_count ... ok
[INFO] [stdout] test moonblade::interpreter::tests::test_escape_regex ... ok
[INFO] [stdout] test moonblade::interpreter::tests::test_fmt ... ok
[INFO] [stdout] test moonblade::interpreter::tests::test_if ... ok
[INFO] [stdout] test moonblade::interpreter::tests::test_get ... ok
[INFO] [stdout] test moonblade::interpreter::tests::test_index ... ok
[INFO] [stdout] test moonblade::interpreter::tests::test_log_sqrt ... ok
[INFO] [stdout] test moonblade::interpreter::tests::test_last ... ok
[INFO] [stdout] test moonblade::interpreter::tests::test_first ... ok
[INFO] [stdout] test moonblade::interpreter::tests::test_json ... ok
[INFO] [stdout] test moonblade::interpreter::tests::test_identifiers ... ok
[INFO] [stdout] test moonblade::interpreter::tests::test_lower ... ok
[INFO] [stdout] test moonblade::interpreter::tests::test_md5 ... ok
[INFO] [stdout] test moonblade::interpreter::tests::test_map ... ok
[INFO] [stdout] test moonblade::interpreter::tests::test_neg ... ok
[INFO] [stdout] test moonblade::interpreter::tests::test_pathjoin ... ok
[INFO] [stdout] test moonblade::interpreter::tests::test_pipeline_optimization_correctness ... ok
[INFO] [stdout] test moonblade::interpreter::tests::test_pow ... ok
[INFO] [stdout] test moonblade::interpreter::tests::test_mod ... ok
[INFO] [stdout] test moonblade::interpreter::tests::test_split_join ... ok
[INFO] [stdout] test moonblade::interpreter::tests::test_static_evaluation ... ok
[INFO] [stdout] test moonblade::interpreter::tests::test_slice ... ok
[INFO] [stdout] test moonblade::interpreter::tests::test_replace ... ok
[INFO] [stdout] test moonblade::interpreter::tests::test_timestamp_ms ... ok
[INFO] [stdout] test moonblade::interpreter::tests::test_minmax ... ok
[INFO] [stdout] test moonblade::interpreter::tests::test_timestamp ... ok
[INFO] [stdout] test moonblade::interpreter::tests::test_trim ... ok
[INFO] [stdout] test moonblade::interpreter::tests::test_typeof ... ok
[INFO] [stdout] test moonblade::interpreter::tests::test_unless ... ok
[INFO] [stdout] test moonblade::interpreter::tests::test_upper ... ok
[INFO] [stdout] test moonblade::interpreter::tests::test_strftime ... ok
[INFO] [stdout] test moonblade::interpreter::tests::test_month ... ok
[INFO] [stdout] test moonblade::interpreter::tests::test_month_day ... ok
[INFO] [stdout] test moonblade::interpreter::tests::test_year_month ... ok
[INFO] [stdout] test moonblade::parser::tests::test_aggregations ... ok
[INFO] [stdout] test moonblade::interpreter::tests::test_year_month_day ... ok
[INFO] [stdout] test moonblade::parser::tests::test_expr_recursivity ... ok
[INFO] [stdout] test moonblade::parser::tests::test_floats ... ok
[INFO] [stdout] test moonblade::parser::tests::test_functions ... ok
[INFO] [stdout] test moonblade::parser::tests::test_identifiers ... ok
[INFO] [stdout] test moonblade::parser::tests::test_infix ... ok
[INFO] [stdout] test moonblade::parser::tests::test_booleans ... ok
[INFO] [stdout] test moonblade::parser::tests::test_infix_associativity ... ok
[INFO] [stdout] test moonblade::parser::tests::test_integers ... ok
[INFO] [stdout] test moonblade::parser::tests::test_named_arguments ... ok
[INFO] [stdout] test moonblade::parser::tests::test_named_expressions ... ok
[INFO] [stdout] test moonblade::parser::tests::test_null ... ok
[INFO] [stdout] test moonblade::parser::tests::test_containers ... ok
[INFO] [stdout] test moonblade::parser::tests::test_pipeline_operator ... ok
[INFO] [stdout] test moonblade::parser::tests::test_prefix_operators ... ok
[INFO] [stdout] test moonblade::parser::tests::test_lambdas ... ok
[INFO] [stdout] test moonblade::parser::tests::test_regexes ... ok
[INFO] [stdout] test moonblade::parser::tests::test_scraper ... ok
[INFO] [stdout] test moonblade::parser::tests::test_strings ... ok
[INFO] [stdout] test moonblade::scrape::tests::test_collect_raw_text ... ok
[INFO] [stdout] test moonblade::scrape::tests::test_basics ... ok
[INFO] [stdout] test moonblade::scrape::tests::test_all ... ok
[INFO] [stdout] test moonblade::scrape::tests::test_concretization ... ok
[INFO] [stdout] test moonblade::types::dynamic_number::tests::test_dynamic_number_ln_sqrt ... ok
[INFO] [stdout] test moonblade::types::dynamic_number::tests::test_dynamic_number_ceil_floor_round ... ok
[INFO] [stdout] test moonblade::types::dynamic_number::tests::test_dynamic_number_pow ... ok
[INFO] [stdout] test moonblade::types::dynamic_value::tests::test_dynamic_value_flat_iter ... ok
[INFO] [stdout] test moonblade::interpreter::tests::test_to_local_timezone ... ok
[INFO] [stdout] test moonblade::utils::tests::test_downgrade_float ... ok
[INFO] [stdout] test scales::tests::test_linear_nice ... ok
[INFO] [stdout] test scales::tests::test_ticks ... ok
[INFO] [stdout] test moonblade::interpreter::tests::test_to_timezone ... ok
[INFO] [stdout] test urls::tests::test_lru_stems ... ok
[INFO] [stdout] test urls::tests::test_lru_trie_multimap ... ok
[INFO] [stdout] test moonblade::scrape::tests::test_collect_text ... ok
[INFO] [stdout] test urls::tests::test_lru_trie ... ok
[INFO] [stdout] test moonblade::interpreter::tests::test_year ... ok
[INFO] [stdout] test urls::tests::test_should_follow_href ... ok
[INFO] [stdout] test urls::tests::test_tagged_url ... ok
[INFO] [stdout] test util::tests::test_join_iterator_ext ... ok
[INFO] [stdout] test util::tests::test_unicode_aware_ellipsis ... ok
[INFO] [stdout] test util::tests::test_str_to_csv_byte_record ... ok
[INFO] [stdout] test util::tests::test_emoji_sanitizer ... ok
[INFO] [stdout] test moonblade::interpreter::tests::test_datetime ... FAILED
[INFO] [stdout] test moonblade::interpreter::tests::test_infix_operators ... FAILED
[INFO] [stdout] 
[INFO] [stdout] failures:
[INFO] [stdout] 
[INFO] [stdout] ---- moonblade::interpreter::tests::test_datetime stdout ----
[INFO] [stdout] 
[INFO] [stdout] thread 'moonblade::interpreter::tests::test_datetime' (3480) panicked at src/moonblade/interpreter.rs:1295:9:
[INFO] [stdout] assertion `left == right` failed
[INFO] [stdout]   left: Ok(DateTime(2024-07-11T03:14:00+00:00[Etc/UTC]))
[INFO] [stdout]  right: Ok(DateTime(2024-07-11T03:14:00+02:00[Europe/Paris]))
[INFO] [stdout] stack backtrace:
[INFO] [stdout]    0:     0x60037af56d91 - std[70759c8f55707aa4]::backtrace_rs::backtrace::libunwind::trace
[INFO] [stdout]                                at /rustc/dfb0accb7f508ae8be965d8629557221c889dd98/library/std/src/../../backtrace/src/backtrace/libunwind.rs:117:9
[INFO] [stdout]    1:     0x60037af56d91 - std[70759c8f55707aa4]::backtrace_rs::backtrace::trace_unsynchronized::<std[70759c8f55707aa4]::sys::backtrace::_print_fmt::{closure#1}>
[INFO] [stdout]                                at /rustc/dfb0accb7f508ae8be965d8629557221c889dd98/library/std/src/../../backtrace/src/backtrace/mod.rs:66:14
[INFO] [stdout]    2:     0x60037af56d91 - std[70759c8f55707aa4]::sys::backtrace::_print_fmt
[INFO] [stdout]                                at /rustc/dfb0accb7f508ae8be965d8629557221c889dd98/library/std/src/sys/backtrace.rs:74:9
[INFO] [stdout]    3:     0x60037af56d91 - <<std[70759c8f55707aa4]::sys::backtrace::BacktraceLock>::print::DisplayBacktrace as core[df12db4294e9bfd3]::fmt::Display>::fmt
[INFO] [stdout]                                at /rustc/dfb0accb7f508ae8be965d8629557221c889dd98/library/std/src/sys/backtrace.rs:44:26
[INFO] [stdout]    4:     0x60037af6fbea - <core[df12db4294e9bfd3]::fmt::rt::Argument>::fmt
[INFO] [stdout]                                at /rustc/dfb0accb7f508ae8be965d8629557221c889dd98/library/core/src/fmt/rt.rs:152:76
[INFO] [stdout]    5:     0x60037af6fbea - core[df12db4294e9bfd3]::fmt::write
[INFO] [stdout]    6:     0x60037af5b65c - core[df12db4294e9bfd3]::io::write::default_write_fmt::<alloc[2182bb758b4b3781]::vec::Vec<u8>>
[INFO] [stdout]                                at /rustc/dfb0accb7f508ae8be965d8629557221c889dd98/library/core/src/io/write.rs:402:11
[INFO] [stdout]    7:     0x60037af5b65c - <alloc[2182bb758b4b3781]::vec::Vec<u8> as core[df12db4294e9bfd3]::io::write::Write>::write_fmt
[INFO] [stdout]                                at /rustc/dfb0accb7f508ae8be965d8629557221c889dd98/library/core/src/io/write.rs:335:13
[INFO] [stdout]    8:     0x60037af306a6 - <std[70759c8f55707aa4]::sys::backtrace::BacktraceLock>::print
[INFO] [stdout]                                at /rustc/dfb0accb7f508ae8be965d8629557221c889dd98/library/std/src/sys/backtrace.rs:47:9
[INFO] [stdout]    9:     0x60037af306a6 - std[70759c8f55707aa4]::panicking::default_hook::{closure#0}
[INFO] [stdout]                                at /rustc/dfb0accb7f508ae8be965d8629557221c889dd98/library/std/src/panicking.rs:292:27
[INFO] [stdout]   10:     0x60037af4db99 - std[70759c8f55707aa4]::panicking::default_hook
[INFO] [stdout]                                at /rustc/dfb0accb7f508ae8be965d8629557221c889dd98/library/std/src/panicking.rs:316:9
[INFO] [stdout]   11:     0x60037a89d130 - <alloc[2182bb758b4b3781]::boxed::Box<dyn for<'a, 'b> core[df12db4294e9bfd3]::ops::function::Fn<(&'a std[70759c8f55707aa4]::panic::PanicHookInfo<'b>,), Output = ()> + core[df12db4294e9bfd3]::marker::Send + core[df12db4294e9bfd3]::marker::Sync> as core[df12db4294e9bfd3]::ops::function::Fn<(&std[70759c8f55707aa4]::panic::PanicHookInfo,)>>::call
[INFO] [stdout]                                at /rustc/dfb0accb7f508ae8be965d8629557221c889dd98/library/alloc/src/boxed.rs:2334:9
[INFO] [stdout]   12:     0x60037a89d130 - test[9d35eded1c95d3be]::test_main_inner::<test[9d35eded1c95d3be]::test_main_static::{closure#0}>::{closure#0}
[INFO] [stdout]                                at /rustc/dfb0accb7f508ae8be965d8629557221c889dd98/library/test/src/lib.rs:155:21
[INFO] [stdout]   13:     0x60037af4dec2 - <alloc[2182bb758b4b3781]::boxed::Box<dyn for<'a, 'b> core[df12db4294e9bfd3]::ops::function::Fn<(&'a std[70759c8f55707aa4]::panic::PanicHookInfo<'b>,), Output = ()> + core[df12db4294e9bfd3]::marker::Send + core[df12db4294e9bfd3]::marker::Sync> as core[df12db4294e9bfd3]::ops::function::Fn<(&std[70759c8f55707aa4]::panic::PanicHookInfo,)>>::call
[INFO] [stdout]                                at /rustc/dfb0accb7f508ae8be965d8629557221c889dd98/library/alloc/src/boxed.rs:2334:9
[INFO] [stdout]   14:     0x60037af4dec2 - std[70759c8f55707aa4]::panicking::panic_with_hook
[INFO] [stdout]                                at /rustc/dfb0accb7f508ae8be965d8629557221c889dd98/library/std/src/panicking.rs:823:13
[INFO] [stdout]   15:     0x60037af30752 - std[70759c8f55707aa4]::panicking::panic_handler::{closure#0}
[INFO] [stdout]                                at /rustc/dfb0accb7f508ae8be965d8629557221c889dd98/library/std/src/panicking.rs:688:13
[INFO] [stdout]   16:     0x60037af290f9 - std[70759c8f55707aa4]::sys::backtrace::__rust_end_short_backtrace::<std[70759c8f55707aa4]::panicking::panic_handler::{closure#0}, !>
[INFO] [stdout]                                at /rustc/dfb0accb7f508ae8be965d8629557221c889dd98/library/std/src/sys/backtrace.rs:182:18
[INFO] [stdout]   17:     0x60037af3143d - __rustc[8fa7c3cbc660c2b3]::rust_begin_unwind
[INFO] [stdout]                                at /rustc/dfb0accb7f508ae8be965d8629557221c889dd98/library/std/src/panicking.rs:679:5
[INFO] [stdout]   18:     0x60037af704bc - core[df12db4294e9bfd3]::panicking::panic_fmt
[INFO] [stdout]                                at /rustc/dfb0accb7f508ae8be965d8629557221c889dd98/library/core/src/panicking.rs:80:14
[INFO] [stdout]   19:     0x60037af70323 - core[df12db4294e9bfd3]::panicking::assert_failed_inner
[INFO] [stdout]                                at /rustc/dfb0accb7f508ae8be965d8629557221c889dd98/library/core/src/panicking.rs:452:17
[INFO] [stdout]   20:     0x60037a7f9696 - core[df12db4294e9bfd3]::panicking::assert_failed::<core[df12db4294e9bfd3]::result::Result<xan[f33dde5c58c14c57]::moonblade::types::dynamic_value::DynamicValue, xan[f33dde5c58c14c57]::moonblade::error::RunError>, core[df12db4294e9bfd3]::result::Result<xan[f33dde5c58c14c57]::moonblade::types::dynamic_value::DynamicValue, xan[f33dde5c58c14c57]::moonblade::error::RunError>>
[INFO] [stdout]                                at /rustc/dfb0accb7f508ae8be965d8629557221c889dd98/library/core/src/panicking.rs:407:5
[INFO] [stdout]   21:     0x60037a855116 - xan[f33dde5c58c14c57]::moonblade::interpreter::tests::test_datetime
[INFO] [stdout]                                at /opt/rustwide/workdir/src/moonblade/interpreter.rs:1295:9
[INFO] [stdout]   22:     0x60037a848187 - xan[f33dde5c58c14c57]::moonblade::interpreter::tests::test_datetime::{closure#0}
[INFO] [stdout]                                at /opt/rustwide/workdir/src/moonblade/interpreter.rs:1287:23
[INFO] [stdout]   23:     0x60037a7bcd56 - <xan[f33dde5c58c14c57]::moonblade::interpreter::tests::test_datetime::{closure#0} as core[df12db4294e9bfd3]::ops::function::FnOnce<()>>::call_once
[INFO] [stdout]                                at /rustc/dfb0accb7f508ae8be965d8629557221c889dd98/library/core/src/ops/function.rs:250:5
[INFO] [stdout]   24:     0x60037a89041b - <fn() -> core[df12db4294e9bfd3]::result::Result<(), alloc[2182bb758b4b3781]::string::String> as core[df12db4294e9bfd3]::ops::function::FnOnce<()>>::call_once
[INFO] [stdout]                                at /rustc/dfb0accb7f508ae8be965d8629557221c889dd98/library/core/src/ops/function.rs:250:5
[INFO] [stdout]   25:     0x60037a89041b - test[9d35eded1c95d3be]::__rust_begin_short_backtrace::<core[df12db4294e9bfd3]::result::Result<(), alloc[2182bb758b4b3781]::string::String>, fn() -> core[df12db4294e9bfd3]::result::Result<(), alloc[2182bb758b4b3781]::string::String>>
[INFO] [stdout]                                at /rustc/dfb0accb7f508ae8be965d8629557221c889dd98/library/test/src/lib.rs:733:18
[INFO] [stdout]   26:     0x60037a89da85 - test[9d35eded1c95d3be]::run_test_in_process::{closure#0}
[INFO] [stdout]                                at /rustc/dfb0accb7f508ae8be965d8629557221c889dd98/library/test/src/lib.rs:756:74
[INFO] [stdout]   27:     0x60037a89da85 - <core[df12db4294e9bfd3]::panic::unwind_safe::AssertUnwindSafe<test[9d35eded1c95d3be]::run_test_in_process::{closure#0}> as core[df12db4294e9bfd3]::ops::function::FnOnce<()>>::call_once
[INFO] [stdout]                                at /rustc/dfb0accb7f508ae8be965d8629557221c889dd98/library/core/src/panic/unwind_safe.rs:275:9
[INFO] [stdout]   28:     0x60037a89da85 - std[70759c8f55707aa4]::panicking::catch_unwind::do_call::<core[df12db4294e9bfd3]::panic::unwind_safe::AssertUnwindSafe<test[9d35eded1c95d3be]::run_test_in_process::{closure#0}>, core[df12db4294e9bfd3]::result::Result<(), alloc[2182bb758b4b3781]::string::String>>
[INFO] [stdout]                                at /rustc/dfb0accb7f508ae8be965d8629557221c889dd98/library/std/src/panicking.rs:576:43
[INFO] [stdout]   29:     0x60037a89da85 - std[70759c8f55707aa4]::panicking::catch_unwind::<core[df12db4294e9bfd3]::result::Result<(), alloc[2182bb758b4b3781]::string::String>, core[df12db4294e9bfd3]::panic::unwind_safe::AssertUnwindSafe<test[9d35eded1c95d3be]::run_test_in_process::{closure#0}>>
[INFO] [stdout]                                at /rustc/dfb0accb7f508ae8be965d8629557221c889dd98/library/std/src/panicking.rs:544:19
[INFO] [stdout]   30:     0x60037a89da85 - std[70759c8f55707aa4]::panic::catch_unwind::<core[df12db4294e9bfd3]::panic::unwind_safe::AssertUnwindSafe<test[9d35eded1c95d3be]::run_test_in_process::{closure#0}>, core[df12db4294e9bfd3]::result::Result<(), alloc[2182bb758b4b3781]::string::String>>
[INFO] [stdout]                                at /rustc/dfb0accb7f508ae8be965d8629557221c889dd98/library/std/src/panic.rs:359:14
[INFO] [stdout]   31:     0x60037a89da85 - test[9d35eded1c95d3be]::run_test_in_process
[INFO] [stdout]                                at /rustc/dfb0accb7f508ae8be965d8629557221c889dd98/library/test/src/lib.rs:756:27
[INFO] [stdout]   32:     0x60037a89da85 - test[9d35eded1c95d3be]::run_test::{closure#0}
[INFO] [stdout]                                at /rustc/dfb0accb7f508ae8be965d8629557221c889dd98/library/test/src/lib.rs:677:43
[INFO] [stdout]   33:     0x60037a897344 - test[9d35eded1c95d3be]::run_test::{closure#1}
[INFO] [stdout]                                at /rustc/dfb0accb7f508ae8be965d8629557221c889dd98/library/test/src/lib.rs:707:41
[INFO] [stdout]   34:     0x60037a897344 - std[70759c8f55707aa4]::sys::backtrace::__rust_begin_short_backtrace::<test[9d35eded1c95d3be]::run_test::{closure#1}, ()>
[INFO] [stdout]                                at /rustc/dfb0accb7f508ae8be965d8629557221c889dd98/library/std/src/sys/backtrace.rs:166:18
[INFO] [stdout]   35:     0x60037a8a0be2 - std[70759c8f55707aa4]::thread::lifecycle::spawn_unchecked::<test[9d35eded1c95d3be]::run_test::{closure#1}, ()>::{closure#1}::{closure#0}
[INFO] [stdout]                                at /rustc/dfb0accb7f508ae8be965d8629557221c889dd98/library/std/src/thread/lifecycle.rs:70:13
[INFO] [stdout]   36:     0x60037a8a0be2 - <core[df12db4294e9bfd3]::panic::unwind_safe::AssertUnwindSafe<std[70759c8f55707aa4]::thread::lifecycle::spawn_unchecked<test[9d35eded1c95d3be]::run_test::{closure#1}, ()>::{closure#1}::{closure#0}> as core[df12db4294e9bfd3]::ops::function::FnOnce<()>>::call_once
[INFO] [stdout]                                at /rustc/dfb0accb7f508ae8be965d8629557221c889dd98/library/core/src/panic/unwind_safe.rs:275:9
[INFO] [stdout]   37:     0x60037a8a0be2 - std[70759c8f55707aa4]::panicking::catch_unwind::do_call::<core[df12db4294e9bfd3]::panic::unwind_safe::AssertUnwindSafe<std[70759c8f55707aa4]::thread::lifecycle::spawn_unchecked<test[9d35eded1c95d3be]::run_test::{closure#1}, ()>::{closure#1}::{closure#0}>, ()>
[INFO] [stdout]                                at /rustc/dfb0accb7f508ae8be965d8629557221c889dd98/library/std/src/panicking.rs:576:43
[INFO] [stdout]   38:     0x60037a8a0be2 - std[70759c8f55707aa4]::panicking::catch_unwind::<(), core[df12db4294e9bfd3]::panic::unwind_safe::AssertUnwindSafe<std[70759c8f55707aa4]::thread::lifecycle::spawn_unchecked<test[9d35eded1c95d3be]::run_test::{closure#1}, ()>::{closure#1}::{closure#0}>>
[INFO] [stdout]                                at /rustc/dfb0accb7f508ae8be965d8629557221c889dd98/library/std/src/panicking.rs:544:19
[INFO] [stdout]   39:     0x60037a8a0be2 - std[70759c8f55707aa4]::panic::catch_unwind::<core[df12db4294e9bfd3]::panic::unwind_safe::AssertUnwindSafe<std[70759c8f55707aa4]::thread::lifecycle::spawn_unchecked<test[9d35eded1c95d3be]::run_test::{closure#1}, ()>::{closure#1}::{closure#0}>, ()>
[INFO] [stdout]                                at /rustc/dfb0accb7f508ae8be965d8629557221c889dd98/library/std/src/panic.rs:359:14
[INFO] [stdout]   40:     0x60037a8a0be2 - std[70759c8f55707aa4]::thread::lifecycle::spawn_unchecked::<test[9d35eded1c95d3be]::run_test::{closure#1}, ()>::{closure#1}
[INFO] [stdout]                                at /rustc/dfb0accb7f508ae8be965d8629557221c889dd98/library/std/src/thread/lifecycle.rs:68:26
[INFO] [stdout]   41:     0x60037a8a0be2 - <std[70759c8f55707aa4]::thread::lifecycle::spawn_unchecked<test[9d35eded1c95d3be]::run_test::{closure#1}, ()>::{closure#1} as core[df12db4294e9bfd3]::ops::function::FnOnce<()>>::call_once::{shim:vtable#0}
[INFO] [stdout]                                at /rustc/dfb0accb7f508ae8be965d8629557221c889dd98/library/core/src/ops/function.rs:250:5
[INFO] [stdout]   42:     0x60037af56019 - <alloc[2182bb758b4b3781]::boxed::Box<dyn core[df12db4294e9bfd3]::ops::function::FnOnce<(), Output = ()> + core[df12db4294e9bfd3]::marker::Send> as core[df12db4294e9bfd3]::ops::function::FnOnce<()>>::call_once
[INFO] [stdout]                                at /rustc/dfb0accb7f508ae8be965d8629557221c889dd98/library/alloc/src/boxed.rs:2320:9
[INFO] [stdout]   43:     0x60037af56019 - <std[70759c8f55707aa4]::sys::thread::unix::Thread>::new::thread_start
[INFO] [stdout]                                at /rustc/dfb0accb7f508ae8be965d8629557221c889dd98/library/std/src/sys/thread/unix.rs:123:17
[INFO] [stdout]   44:     0x78711be2ddfa - <unknown>
[INFO] [stdout]   45:     0x78711bec13d4 - clone
[INFO] [stdout]   46:                0x0 - <unknown>
[INFO] [stdout] 
[INFO] [stdout] ---- moonblade::interpreter::tests::test_infix_operators stdout ----
[INFO] [stdout] 
[INFO] [stdout] thread 'moonblade::interpreter::tests::test_infix_operators' (3488) panicked at src/moonblade/interpreter.rs:1177:9:
[INFO] [stdout] assertion `left == right` failed
[INFO] [stdout]   left: Err(Prepare(StaticEvaluationError(SpecifiedEvaluationError { function_name: "datetime", reason: DateTime("CET is not a valid timezone") })))
[INFO] [stdout]  right: Ok(Boolean(true))
[INFO] [stdout] stack backtrace:
[INFO] [stdout]    0:     0x60037af56d91 - std[70759c8f55707aa4]::backtrace_rs::backtrace::libunwind::trace
[INFO] [stdout]                                at /rustc/dfb0accb7f508ae8be965d8629557221c889dd98/library/std/src/../../backtrace/src/backtrace/libunwind.rs:117:9
[INFO] [stdout]    1:     0x60037af56d91 - std[70759c8f55707aa4]::backtrace_rs::backtrace::trace_unsynchronized::<std[70759c8f55707aa4]::sys::backtrace::_print_fmt::{closure#1}>
[INFO] [stdout]                                at /rustc/dfb0accb7f508ae8be965d8629557221c889dd98/library/std/src/../../backtrace/src/backtrace/mod.rs:66:14
[INFO] [stdout]    2:     0x60037af56d91 - std[70759c8f55707aa4]::sys::backtrace::_print_fmt
[INFO] [stdout]                                at /rustc/dfb0accb7f508ae8be965d8629557221c889dd98/library/std/src/sys/backtrace.rs:74:9
[INFO] [stdout]    3:     0x60037af56d91 - <<std[70759c8f55707aa4]::sys::backtrace::BacktraceLock>::print::DisplayBacktrace as core[df12db4294e9bfd3]::fmt::Display>::fmt
[INFO] [stdout]                                at /rustc/dfb0accb7f508ae8be965d8629557221c889dd98/library/std/src/sys/backtrace.rs:44:26
[INFO] [stdout]    4:     0x60037af6fbea - <core[df12db4294e9bfd3]::fmt::rt::Argument>::fmt
[INFO] [stdout]                                at /rustc/dfb0accb7f508ae8be965d8629557221c889dd98/library/core/src/fmt/rt.rs:152:76
[INFO] [stdout]    5:     0x60037af6fbea - core[df12db4294e9bfd3]::fmt::write
[INFO] [stdout]    6:     0x60037af5b65c - core[df12db4294e9bfd3]::io::write::default_write_fmt::<alloc[2182bb758b4b3781]::vec::Vec<u8>>
[INFO] [stdout]                                at /rustc/dfb0accb7f508ae8be965d8629557221c889dd98/library/core/src/io/write.rs:402:11
[INFO] [stdout]    7:     0x60037af5b65c - <alloc[2182bb758b4b3781]::vec::Vec<u8> as core[df12db4294e9bfd3]::io::write::Write>::write_fmt
[INFO] [stdout]                                at /rustc/dfb0accb7f508ae8be965d8629557221c889dd98/library/core/src/io/write.rs:335:13
[INFO] [stdout]    8:     0x60037af306a6 - <std[70759c8f55707aa4]::sys::backtrace::BacktraceLock>::print
[INFO] [stdout]                                at /rustc/dfb0accb7f508ae8be965d8629557221c889dd98/library/std/src/sys/backtrace.rs:47:9
[INFO] [stdout]    9:     0x60037af306a6 - std[70759c8f55707aa4]::panicking::default_hook::{closure#0}
[INFO] [stdout]                                at /rustc/dfb0accb7f508ae8be965d8629557221c889dd98/library/std/src/panicking.rs:292:27
[INFO] [stdout]   10:     0x60037af4db99 - std[70759c8f55707aa4]::panicking::default_hook
[INFO] [stdout]                                at /rustc/dfb0accb7f508ae8be965d8629557221c889dd98/library/std/src/panicking.rs:316:9
[INFO] [stdout]   11:     0x60037a89d130 - <alloc[2182bb758b4b3781]::boxed::Box<dyn for<'a, 'b> core[df12db4294e9bfd3]::ops::function::Fn<(&'a std[70759c8f55707aa4]::panic::PanicHookInfo<'b>,), Output = ()> + core[df12db4294e9bfd3]::marker::Send + core[df12db4294e9bfd3]::marker::Sync> as core[df12db4294e9bfd3]::ops::function::Fn<(&std[70759c8f55707aa4]::panic::PanicHookInfo,)>>::call
[INFO] [stdout]                                at /rustc/dfb0accb7f508ae8be965d8629557221c889dd98/library/alloc/src/boxed.rs:2334:9
[INFO] [stdout]   12:     0x60037a89d130 - test[9d35eded1c95d3be]::test_main_inner::<test[9d35eded1c95d3be]::test_main_static::{closure#0}>::{closure#0}
[INFO] [stdout]                                at /rustc/dfb0accb7f508ae8be965d8629557221c889dd98/library/test/src/lib.rs:155:21
[INFO] [stdout]   13:     0x60037af4dec2 - <alloc[2182bb758b4b3781]::boxed::Box<dyn for<'a, 'b> core[df12db4294e9bfd3]::ops::function::Fn<(&'a std[70759c8f55707aa4]::panic::PanicHookInfo<'b>,), Output = ()> + core[df12db4294e9bfd3]::marker::Send + core[df12db4294e9bfd3]::marker::Sync> as core[df12db4294e9bfd3]::ops::function::Fn<(&std[70759c8f55707aa4]::panic::PanicHookInfo,)>>::call
[INFO] [stdout]                                at /rustc/dfb0accb7f508ae8be965d8629557221c889dd98/library/alloc/src/boxed.rs:2334:9
[INFO] [stdout]   14:     0x60037af4dec2 - std[70759c8f55707aa4]::panicking::panic_with_hook
[INFO] [stdout]                                at /rustc/dfb0accb7f508ae8be965d8629557221c889dd98/library/std/src/panicking.rs:823:13
[INFO] [stdout]   15:     0x60037af30752 - std[70759c8f55707aa4]::panicking::panic_handler::{closure#0}
[INFO] [stdout]                                at /rustc/dfb0accb7f508ae8be965d8629557221c889dd98/library/std/src/panicking.rs:688:13
[INFO] [stdout]   16:     0x60037af290f9 - std[70759c8f55707aa4]::sys::backtrace::__rust_end_short_backtrace::<std[70759c8f55707aa4]::panicking::panic_handler::{closure#0}, !>
[INFO] [stdout]                                at /rustc/dfb0accb7f508ae8be965d8629557221c889dd98/library/std/src/sys/backtrace.rs:182:18
[INFO] [stdout]   17:     0x60037af3143d - __rustc[8fa7c3cbc660c2b3]::rust_begin_unwind
[INFO] [stdout]                                at /rustc/dfb0accb7f508ae8be965d8629557221c889dd98/library/std/src/panicking.rs:679:5
[INFO] [stdout]   18:     0x60037af704bc - core[df12db4294e9bfd3]::panicking::panic_fmt
[INFO] [stdout]                                at /rustc/dfb0accb7f508ae8be965d8629557221c889dd98/library/core/src/panicking.rs:80:14
[INFO] [stdout]   19:     0x60037af70323 - core[df12db4294e9bfd3]::panicking::assert_failed_inner
[INFO] [stdout]                                at /rustc/dfb0accb7f508ae8be965d8629557221c889dd98/library/core/src/panicking.rs:452:17
[INFO] [stdout]   20:     0x60037a7f9696 - core[df12db4294e9bfd3]::panicking::assert_failed::<core[df12db4294e9bfd3]::result::Result<xan[f33dde5c58c14c57]::moonblade::types::dynamic_value::DynamicValue, xan[f33dde5c58c14c57]::moonblade::error::RunError>, core[df12db4294e9bfd3]::result::Result<xan[f33dde5c58c14c57]::moonblade::types::dynamic_value::DynamicValue, xan[f33dde5c58c14c57]::moonblade::error::RunError>>
[INFO] [stdout]                                at /rustc/dfb0accb7f508ae8be965d8629557221c889dd98/library/core/src/panicking.rs:407:5
[INFO] [stdout]   21:     0x60037a85b033 - xan[f33dde5c58c14c57]::moonblade::interpreter::tests::test_infix_operators
[INFO] [stdout]                                at /opt/rustwide/workdir/src/moonblade/interpreter.rs:1177:9
[INFO] [stdout]   22:     0x60037a848427 - xan[f33dde5c58c14c57]::moonblade::interpreter::tests::test_infix_operators::{closure#0}
[INFO] [stdout]                                at /opt/rustwide/workdir/src/moonblade/interpreter.rs:1108:30
[INFO] [stdout]   23:     0x60037a7bcf16 - <xan[f33dde5c58c14c57]::moonblade::interpreter::tests::test_infix_operators::{closure#0} as core[df12db4294e9bfd3]::ops::function::FnOnce<()>>::call_once
[INFO] [stdout]                                at /rustc/dfb0accb7f508ae8be965d8629557221c889dd98/library/core/src/ops/function.rs:250:5
[INFO] [stdout]   24:     0x60037a89041b - <fn() -> core[df12db4294e9bfd3]::result::Result<(), alloc[2182bb758b4b3781]::string::String> as core[df12db4294e9bfd3]::ops::function::FnOnce<()>>::call_once
[INFO] [stdout]                                at /rustc/dfb0accb7f508ae8be965d8629557221c889dd98/library/core/src/ops/function.rs:250:5
[INFO] [stdout]   25:     0x60037a89041b - test[9d35eded1c95d3be]::__rust_begin_short_backtrace::<core[df12db4294e9bfd3]::result::Result<(), alloc[2182bb758b4b3781]::string::String>, fn() -> core[df12db4294e9bfd3]::result::Result<(), alloc[2182bb758b4b3781]::string::String>>
[INFO] [stdout]                                at /rustc/dfb0accb7f508ae8be965d8629557221c889dd98/library/test/src/lib.rs:733:18
[INFO] [stdout]   26:     0x60037a89da85 - test[9d35eded1c95d3be]::run_test_in_process::{closure#0}
[INFO] [stdout]                                at /rustc/dfb0accb7f508ae8be965d8629557221c889dd98/library/test/src/lib.rs:756:74
[INFO] [stdout]   27:     0x60037a89da85 - <core[df12db4294e9bfd3]::panic::unwind_safe::AssertUnwindSafe<test[9d35eded1c95d3be]::run_test_in_process::{closure#0}> as core[df12db4294e9bfd3]::ops::function::FnOnce<()>>::call_once
[INFO] [stdout]                                at /rustc/dfb0accb7f508ae8be965d8629557221c889dd98/library/core/src/panic/unwind_safe.rs:275:9
[INFO] [stdout]   28:     0x60037a89da85 - std[70759c8f55707aa4]::panicking::catch_unwind::do_call::<core[df12db4294e9bfd3]::panic::unwind_safe::AssertUnwindSafe<test[9d35eded1c95d3be]::run_test_in_process::{closure#0}>, core[df12db4294e9bfd3]::result::Result<(), alloc[2182bb758b4b3781]::string::String>>
[INFO] [stdout]                                at /rustc/dfb0accb7f508ae8be965d8629557221c889dd98/library/std/src/panicking.rs:576:43
[INFO] [stdout]   29:     0x60037a89da85 - std[70759c8f55707aa4]::panicking::catch_unwind::<core[df12db4294e9bfd3]::result::Result<(), alloc[2182bb758b4b3781]::string::String>, core[df12db4294e9bfd3]::panic::unwind_safe::AssertUnwindSafe<test[9d35eded1c95d3be]::run_test_in_process::{closure#0}>>
[INFO] [stdout]                                at /rustc/dfb0accb7f508ae8be965d8629557221c889dd98/library/std/src/panicking.rs:544:19
[INFO] [stdout]   30:     0x60037a89da85 - std[70759c8f55707aa4]::panic::catch_unwind::<core[df12db4294e9bfd3]::panic::unwind_safe::AssertUnwindSafe<test[9d35eded1c95d3be]::run_test_in_process::{closure#0}>, core[df12db4294e9bfd3]::result::Result<(), alloc[2182bb758b4b3781]::string::String>>
[INFO] [stdout]                                at /rustc/dfb0accb7f508ae8be965d8629557221c889dd98/library/std/src/panic.rs:359:14
[INFO] [stdout]   31:     0x60037a89da85 - test[9d35eded1c95d3be]::run_test_in_process
[INFO] [stdout]                                at /rustc/dfb0accb7f508ae8be965d8629557221c889dd98/library/test/src/lib.rs:756:27
[INFO] [stdout]   32:     0x60037a89da85 - test[9d35eded1c95d3be]::run_test::{closure#0}
[INFO] [stdout]                                at /rustc/dfb0accb7f508ae8be965d8629557221c889dd98/library/test/src/lib.rs:677:43
[INFO] [stdout]   33:     0x60037a897344 - test[9d35eded1c95d3be]::run_test::{closure#1}
[INFO] [stdout]                                at /rustc/dfb0accb7f508ae8be965d8629557221c889dd98/library/test/src/lib.rs:707:41
[INFO] [stdout]   34:     0x60037a897344 - std[70759c8f55707aa4]::sys::backtrace::__rust_begin_short_backtrace::<test[9d35eded1c95d3be]::run_test::{closure#1}, ()>
[INFO] [stdout]                                at /rustc/dfb0accb7f508ae8be965d8629557221c889dd98/library/std/src/sys/backtrace.rs:166:18
[INFO] [stdout]   35:     0x60037a8a0be2 - std[70759c8f55707aa4]::thread::lifecycle::spawn_unchecked::<test[9d35eded1c95d3be]::run_test::{closure#1}, ()>::{closure#1}::{closure#0}
[INFO] [stdout]                                at /rustc/dfb0accb7f508ae8be965d8629557221c889dd98/library/std/src/thread/lifecycle.rs:70:13
[INFO] [stdout]   36:     0x60037a8a0be2 - <core[df12db4294e9bfd3]::panic::unwind_safe::AssertUnwindSafe<std[70759c8f55707aa4]::thread::lifecycle::spawn_unchecked<test[9d35eded1c95d3be]::run_test::{closure#1}, ()>::{closure#1}::{closure#0}> as core[df12db4294e9bfd3]::ops::function::FnOnce<()>>::call_once
[INFO] [stdout]                                at /rustc/dfb0accb7f508ae8be965d8629557221c889dd98/library/core/src/panic/unwind_safe.rs:275:9
[INFO] [stdout]   37:     0x60037a8a0be2 - std[70759c8f55707aa4]::panicking::catch_unwind::do_call::<core[df12db4294e9bfd3]::panic::unwind_safe::AssertUnwindSafe<std[70759c8f55707aa4]::thread::lifecycle::spawn_unchecked<test[9d35eded1c95d3be]::run_test::{closure#1}, ()>::{closure#1}::{closure#0}>, ()>
[INFO] [stdout]                                at /rustc/dfb0accb7f508ae8be965d8629557221c889dd98/library/std/src/panicking.rs:576:43
[INFO] [stdout]   38:     0x60037a8a0be2 - std[70759c8f55707aa4]::panicking::catch_unwind::<(), core[df12db4294e9bfd3]::panic::unwind_safe::AssertUnwindSafe<std[70759c8f55707aa4]::thread::lifecycle::spawn_unchecked<test[9d35eded1c95d3be]::run_test::{closure#1}, ()>::{closure#1}::{closure#0}>>
[INFO] [stdout]                                at /rustc/dfb0accb7f508ae8be965d8629557221c889dd98/library/std/src/panicking.rs:544:19
[INFO] [stdout]   39:     0x60037a8a0be2 - std[70759c8f55707aa4]::panic::catch_unwind::<core[df12db4294e9bfd3]::panic::unwind_safe::AssertUnwindSafe<std[70759c8f55707aa4]::thread::lifecycle::spawn_unchecked<test[9d35eded1c95d3be]::run_test::{closure#1}, ()>::{closure#1}::{closure#0}>, ()>
[INFO] [stdout]                                at /rustc/dfb0accb7f508ae8be965d8629557221c889dd98/library/std/src/panic.rs:359:14
[INFO] [stdout]   40:     0x60037a8a0be2 - std[70759c8f55707aa4]::thread::lifecycle::spawn_unchecked::<test[9d35eded1c95d3be]::run_test::{closure#1}, ()>::{closure#1}
[INFO] [stdout]                                at /rustc/dfb0accb7f508ae8be965d8629557221c889dd98/library/std/src/thread/lifecycle.rs:68:26
[INFO] [stdout]   41:     0x60037a8a0be2 - <std[70759c8f55707aa4]::thread::lifecycle::spawn_unchecked<test[9d35eded1c95d3be]::run_test::{closure#1}, ()>::{closure#1} as core[df12db4294e9bfd3]::ops::function::FnOnce<()>>::call_once::{shim:vtable#0}
[INFO] [stdout]                                at /rustc/dfb0accb7f508ae8be965d8629557221c889dd98/library/core/src/ops/function.rs:250:5
[INFO] [stdout]   42:     0x60037af56019 - <alloc[2182bb758b4b3781]::boxed::Box<dyn core[df12db4294e9bfd3]::ops::function::FnOnce<(), Output = ()> + core[df12db4294e9bfd3]::marker::Send> as core[df12db4294e9bfd3]::ops::function::FnOnce<()>>::call_once
[INFO] [stdout]                                at /rustc/dfb0accb7f508ae8be965d8629557221c889dd98/library/alloc/src/boxed.rs:2320:9
[INFO] [stdout]   43:     0x60037af56019 - <std[70759c8f55707aa4]::sys::thread::unix::Thread>::new::thread_start
[INFO] [stdout]                                at /rustc/dfb0accb7f508ae8be965d8629557221c889dd98/library/std/src/sys/thread/unix.rs:123:17
[INFO] [stdout]   44:     0x78711be2ddfa - <unknown>
[INFO] [stdout]   45:     0x78711bec13d4 - clone
[INFO] [stdout]   46:                0x0 - <unknown>
[INFO] [stdout] 
[INFO] [stdout] 
[INFO] [stdout] failures:
[INFO] [stdout]     moonblade::interpreter::tests::test_datetime
[INFO] [stdout]     moonblade::interpreter::tests::test_infix_operators
[INFO] [stdout] 
[INFO] [stdout] test result: FAILED. 101 passed; 2 failed; 0 ignored; 0 measured; 0 filtered out; finished in 0.46s
[INFO] [stdout] 
[INFO] [stderr] error: test failed, to rerun pass `--bin xan`
[INFO] running `Command { std: "docker" "inspect" "b3dd398576939d21b9754c97d94e317386100638055b5410c1c83d8f4d6d9f2f", kill_on_drop: false }`
[INFO] running `Command { std: "docker" "rm" "-f" "b3dd398576939d21b9754c97d94e317386100638055b5410c1c83d8f4d6d9f2f", kill_on_drop: false }`
[INFO] [stdout] b3dd398576939d21b9754c97d94e317386100638055b5410c1c83d8f4d6d9f2f
