[INFO] cloning repository https://github.com/Vivek23456/bridget-tx-
[INFO] running `Command { std: "git" "-c" "credential.helper=" "-c" "credential.helper=/workspace/cargo-home/bin/git-credential-null" "clone" "--bare" "https://github.com/Vivek23456/bridget-tx-" "/workspace/cache/git-repos/https%3A%2F%2Fgithub.com%2FVivek23456%2Fbridget-tx-", kill_on_drop: false }`
[INFO] [stderr] Cloning into bare repository '/workspace/cache/git-repos/https%3A%2F%2Fgithub.com%2FVivek23456%2Fbridget-tx-'...
[INFO] running `Command { std: "git" "rev-parse" "HEAD", kill_on_drop: false }`
[INFO] [stdout] d678cb2134b3885fc6957e8fd83252183b7b9702
[INFO] testing Vivek23456/bridget-tx- against 1.99.0-beta.8 for beta-1.100-2
[INFO] running `Command { std: "git" "clone" "/workspace/cache/git-repos/https%3A%2F%2Fgithub.com%2FVivek23456%2Fbridget-tx-" "/workspace/builds/worker-4-tc1/source", kill_on_drop: false }`
[INFO] [stderr] Cloning into '/workspace/builds/worker-4-tc1/source'...
[INFO] [stderr] done.
[INFO] started tweaking git repo https://github.com/Vivek23456/bridget-tx-
[INFO] finished tweaking git repo https://github.com/Vivek23456/bridget-tx-
[INFO] tweaked toml for git repo https://github.com/Vivek23456/bridget-tx- written to /workspace/builds/worker-4-tc1/source/Cargo.toml
[INFO] validating manifest of git repo https://github.com/Vivek23456/bridget-tx- on toolchain 1.99.0-beta.8
[INFO] running `Command { std: CARGO_HOME="/workspace/cargo-home" RUSTUP_HOME="/workspace/rustup-home" "/workspace/cargo-home/bin/cargo" "+1.99.0-beta.8" "metadata" "--manifest-path" "Cargo.toml" "--no-deps", kill_on_drop: false }`
[INFO] crate git repo https://github.com/Vivek23456/bridget-tx- already has a lockfile, it will not be regenerated
[INFO] running `Command { std: CARGO_HOME="/workspace/cargo-home" RUSTUP_HOME="/workspace/rustup-home" "/workspace/cargo-home/bin/cargo" "+1.99.0-beta.8" "fetch" "--manifest-path" "Cargo.toml", kill_on_drop: false }`
[INFO] [stderr]     Blocking waiting for file lock on package cache
[INFO] [stderr]  Downloading crates ...
[INFO] [stderr]   Downloaded futures-task v0.3.33
[INFO] [stderr]   Downloaded futures-core v0.3.33
[INFO] [stderr]   Downloaded async-trait v0.1.91
[INFO] [stderr]   Downloaded futures-channel v0.3.33
[INFO] [stderr]   Downloaded futures-util v0.3.33
[INFO] [stderr]   Downloaded hyper v1.11.0
[INFO] [stderr]   Downloaded syn v3.0.3
[INFO] [stderr]   Downloaded regex-automata v0.4.17
[INFO] running `Command { std: "docker" "create" "-v" "/var/lib/crater-agent-workspace/builds/worker-4-tc1/source:/opt/rustwide/workdir:ro,Z" "-v" "/var/lib/crater-agent-workspace/builds/worker-4-tc1/target:/opt/rustwide/target:rw,Z" "-v" "/var/lib/crater-agent-workspace/cargo-home:/opt/rustwide/cargo-home:ro,Z" "-v" "/var/lib/crater-agent-workspace/rustup-home:/opt/rustwide/rustup-home:ro,Z" "-m" "1610612736" "--network" "none" "ghcr.io/rust-lang/crates-build-env/linux@sha256:3111399a4047eeb3a02b7a90e478d715f38a8c6669b5c4b49d30a17385265909" "sleep" "infinity", kill_on_drop: false }`
[INFO] [stdout] 0d170479e292954ba734a0ea3ae47e4a2b1c3d6ac54186ff2640c41f374afc8b
[INFO] running `Command { std: "docker" "start" "0d170479e292954ba734a0ea3ae47e4a2b1c3d6ac54186ff2640c41f374afc8b", kill_on_drop: false }`
[INFO] running `Command { std: "docker" "inspect" "0d170479e292954ba734a0ea3ae47e4a2b1c3d6ac54186ff2640c41f374afc8b", kill_on_drop: false }`
[INFO] running `Command { std: "docker" "exec" "-e" "SOURCE_DIR=/opt/rustwide/workdir" "-e" "CARGO_HOME=/opt/rustwide/cargo-home" "-e" "RUSTUP_HOME=/opt/rustwide/rustup-home" "-e" "CARGO_TARGET_DIR=/opt/rustwide/target" "-w" "/opt/rustwide/workdir" "--user" "0:0" "0d170479e292954ba734a0ea3ae47e4a2b1c3d6ac54186ff2640c41f374afc8b" "/opt/rustwide/cargo-home/bin/cargo" "+1.99.0-beta.8" "metadata" "--no-deps" "--format-version=1", kill_on_drop: false }`
[INFO] running `Command { std: "docker" "inspect" "0d170479e292954ba734a0ea3ae47e4a2b1c3d6ac54186ff2640c41f374afc8b", kill_on_drop: false }`
[INFO] running `Command { std: "docker" "exec" "-e" "SOURCE_DIR=/opt/rustwide/workdir" "-e" "CARGO_HOME=/opt/rustwide/cargo-home" "-e" "RUSTUP_HOME=/opt/rustwide/rustup-home" "-e" "CARGO_TARGET_DIR=/opt/rustwide/target" "-e" "CARGO_INCREMENTAL=0" "-e" "RUST_BACKTRACE=full" "-e" "RUSTFLAGS=--cap-lints=warn" "-e" "RUSTDOCFLAGS=--cap-lints=warn" "-w" "/opt/rustwide/workdir" "--user" "0:0" "0d170479e292954ba734a0ea3ae47e4a2b1c3d6ac54186ff2640c41f374afc8b" "/opt/rustwide/cargo-home/bin/cargo" "+1.99.0-beta.8" "build" "--frozen" "--message-format=json", kill_on_drop: false }`
[INFO] [stderr]    Compiling proc-macro2 v1.0.107
[INFO] [stderr]    Compiling quote v1.0.47
[INFO] [stderr]    Compiling libc v0.2.189
[INFO] [stderr]    Compiling serde_core v1.0.229
[INFO] [stderr]    Compiling futures-core v0.3.33
[INFO] [stderr]    Compiling serde v1.0.229
[INFO] [stderr]    Compiling bytes v1.12.1
[INFO] [stderr]    Compiling zmij v1.0.23
[INFO] [stderr]    Compiling rustversion v1.0.23
[INFO] [stderr]    Compiling slab v0.4.12
[INFO] [stderr]    Compiling futures-task v0.3.33
[INFO] [stderr]    Compiling serde_json v1.0.151
[INFO] [stderr]    Compiling futures-channel v0.3.33
[INFO] [stderr]    Compiling futures-util v0.3.33
[INFO] [stderr]    Compiling regex-syntax v0.8.11
[INFO] [stderr]    Compiling memchr v2.8.3
[INFO] [stderr]    Compiling sync_wrapper v1.0.2
[INFO] [stderr]    Compiling http v1.5.0
[INFO] [stderr]    Compiling syn v3.0.3
[INFO] [stderr]    Compiling syn v2.0.119
[INFO] [stderr]    Compiling thread_local v1.1.10
[INFO] [stderr]    Compiling errno v0.3.14
[INFO] [stderr]    Compiling signal-hook-registry v1.4.8
[INFO] [stderr]    Compiling mio v1.2.2
[INFO] [stderr]    Compiling socket2 v0.6.5
[INFO] [stderr]    Compiling http-body v1.1.0
[INFO] [stderr]    Compiling http-body-util v0.1.4
[INFO] [stderr]    Compiling regex-automata v0.4.17
[INFO] [stderr]    Compiling matchit v0.7.3
[INFO] [stderr]    Compiling dotenvy v0.15.7
[INFO] [stderr]    Compiling serde_path_to_error v0.1.20
[INFO] [stderr]    Compiling serde_derive v1.0.229
[INFO] [stderr]    Compiling tokio-macros v2.7.2
[INFO] [stderr]    Compiling async-trait v0.1.91
[INFO] [stderr]    Compiling matchers v0.2.0
[INFO] [stderr]    Compiling tokio v1.53.1
[INFO] [stderr]    Compiling tracing-attributes v0.1.31
[INFO] [stderr]    Compiling thiserror-impl v1.0.69
[INFO] [stderr]    Compiling thiserror v1.0.69
[INFO] [stderr]    Compiling tracing v0.1.44
[INFO] [stderr]    Compiling axum-core v0.4.5
[INFO] [stderr]    Compiling tracing-serde v0.2.0
[INFO] [stderr]    Compiling serde_urlencoded v0.7.1
[INFO] [stderr]    Compiling config v0.1.0 (/opt/rustwide/workdir/crates/config)
[INFO] [stderr]    Compiling tracing-subscriber v0.3.23
[INFO] [stderr]    Compiling hyper v1.11.0
[INFO] [stderr]    Compiling tower v0.5.3
[INFO] [stderr]    Compiling hyper-util v0.1.20
[INFO] [stderr]    Compiling axum v0.7.9
[INFO] [stderr]    Compiling api v0.1.0 (/opt/rustwide/workdir/crates/api)
[INFO] [stderr]     Finished `dev` profile [unoptimized + debuginfo] target(s) in 1m 04s
[INFO] running `Command { std: "docker" "inspect" "0d170479e292954ba734a0ea3ae47e4a2b1c3d6ac54186ff2640c41f374afc8b", kill_on_drop: false }`
[INFO] running `Command { std: "docker" "exec" "-e" "SOURCE_DIR=/opt/rustwide/workdir" "-e" "CARGO_HOME=/opt/rustwide/cargo-home" "-e" "RUSTUP_HOME=/opt/rustwide/rustup-home" "-e" "CARGO_TARGET_DIR=/opt/rustwide/target" "-e" "CARGO_INCREMENTAL=0" "-e" "RUST_BACKTRACE=full" "-e" "RUSTFLAGS=--cap-lints=warn" "-e" "RUSTDOCFLAGS=--cap-lints=warn" "-w" "/opt/rustwide/workdir" "--user" "0:0" "0d170479e292954ba734a0ea3ae47e4a2b1c3d6ac54186ff2640c41f374afc8b" "/opt/rustwide/cargo-home/bin/cargo" "+1.99.0-beta.8" "test" "--frozen" "--no-run" "--message-format=json", kill_on_drop: false }`
[INFO] [stderr]    Compiling config v0.1.0 (/opt/rustwide/workdir/crates/config)
[INFO] [stderr]    Compiling api v0.1.0 (/opt/rustwide/workdir/crates/api)
[INFO] [stderr]     Finished `test` profile [unoptimized + debuginfo] target(s) in 0.81s
[INFO] running `Command { std: "docker" "inspect" "0d170479e292954ba734a0ea3ae47e4a2b1c3d6ac54186ff2640c41f374afc8b", kill_on_drop: false }`
[INFO] running `Command { std: "docker" "exec" "-e" "SOURCE_DIR=/opt/rustwide/workdir" "-e" "CARGO_HOME=/opt/rustwide/cargo-home" "-e" "RUSTUP_HOME=/opt/rustwide/rustup-home" "-e" "CARGO_TARGET_DIR=/opt/rustwide/target" "-e" "CARGO_INCREMENTAL=0" "-e" "RUST_BACKTRACE=full" "-e" "RUSTFLAGS=--cap-lints=warn" "-e" "RUSTDOCFLAGS=--cap-lints=warn" "-w" "/opt/rustwide/workdir" "--user" "0:0" "0d170479e292954ba734a0ea3ae47e4a2b1c3d6ac54186ff2640c41f374afc8b" "/opt/rustwide/cargo-home/bin/cargo" "+1.99.0-beta.8" "test" "--frozen", kill_on_drop: false }`
[INFO] [stderr]     Finished `test` profile [unoptimized + debuginfo] target(s) in 0.16s
[INFO] [stderr]      Running unittests src/main.rs (/opt/rustwide/target/debug/deps/bridge_api-a73d51c2591012a8)
[INFO] [stdout] 
[INFO] [stdout] running 0 tests
[INFO] [stdout] 
[INFO] [stdout] test result: ok. 0 passed; 0 failed; 0 ignored; 0 measured; 0 filtered out; finished in 0.00s
[INFO] [stdout] 
[INFO] [stderr]      Running unittests src/lib.rs (/opt/rustwide/target/debug/deps/config-a397d231d659aa8e)
[INFO] [stdout] 
[INFO] [stdout] running 2 tests
[INFO] [stdout] test tests::invalid_port_returns_error ... ok
[INFO] [stdout] test tests::defaults_apply_when_env_vars_absent ... FAILED
[INFO] [stdout] 
[INFO] [stdout] failures:
[INFO] [stdout] 
[INFO] [stdout] ---- tests::defaults_apply_when_env_vars_absent stdout ----
[INFO] [stdout] 
[INFO] [stdout] thread 'tests::defaults_apply_when_env_vars_absent' (943) panicked at crates/config/src/lib.rs:74:37:
[INFO] [stdout] config should load with defaults: Invalid { key: "PORT", source: ParseIntError { kind: InvalidDigit } }
[INFO] [stdout] stack backtrace:
[INFO] [stdout]    0:     0x5ad8b35b8c91 - std[70759c8f55707aa4]::backtrace_rs::backtrace::libunwind::trace
[INFO] [stdout]                                at /rustc/dfb0accb7f508ae8be965d8629557221c889dd98/library/std/src/../../backtrace/src/backtrace/libunwind.rs:117:9
[INFO] [stdout]    1:     0x5ad8b35b8c91 - std[70759c8f55707aa4]::backtrace_rs::backtrace::trace_unsynchronized::<std[70759c8f55707aa4]::sys::backtrace::_print_fmt::{closure#1}>
[INFO] [stdout]                                at /rustc/dfb0accb7f508ae8be965d8629557221c889dd98/library/std/src/../../backtrace/src/backtrace/mod.rs:66:14
[INFO] [stdout]    2:     0x5ad8b35b8c91 - std[70759c8f55707aa4]::sys::backtrace::_print_fmt
[INFO] [stdout]                                at /rustc/dfb0accb7f508ae8be965d8629557221c889dd98/library/std/src/sys/backtrace.rs:74:9
[INFO] [stdout]    3:     0x5ad8b35b8c91 - <<std[70759c8f55707aa4]::sys::backtrace::BacktraceLock>::print::DisplayBacktrace as core[df12db4294e9bfd3]::fmt::Display>::fmt
[INFO] [stdout]                                at /rustc/dfb0accb7f508ae8be965d8629557221c889dd98/library/std/src/sys/backtrace.rs:44:26
[INFO] [stdout]    4:     0x5ad8b35cd11a - <core[df12db4294e9bfd3]::fmt::rt::Argument>::fmt
[INFO] [stdout]                                at /rustc/dfb0accb7f508ae8be965d8629557221c889dd98/library/core/src/fmt/rt.rs:152:76
[INFO] [stdout]    5:     0x5ad8b35cd11a - core[df12db4294e9bfd3]::fmt::write
[INFO] [stdout]    6:     0x5ad8b35bd1dc - core[df12db4294e9bfd3]::io::write::default_write_fmt::<alloc[2182bb758b4b3781]::vec::Vec<u8>>
[INFO] [stdout]                                at /rustc/dfb0accb7f508ae8be965d8629557221c889dd98/library/core/src/io/write.rs:402:11
[INFO] [stdout]    7:     0x5ad8b35bd1dc - <alloc[2182bb758b4b3781]::vec::Vec<u8> as core[df12db4294e9bfd3]::io::write::Write>::write_fmt
[INFO] [stdout]                                at /rustc/dfb0accb7f508ae8be965d8629557221c889dd98/library/core/src/io/write.rs:335:13
[INFO] [stdout]    8:     0x5ad8b3594ca6 - <std[70759c8f55707aa4]::sys::backtrace::BacktraceLock>::print
[INFO] [stdout]                                at /rustc/dfb0accb7f508ae8be965d8629557221c889dd98/library/std/src/sys/backtrace.rs:47:9
[INFO] [stdout]    9:     0x5ad8b3594ca6 - std[70759c8f55707aa4]::panicking::default_hook::{closure#0}
[INFO] [stdout]                                at /rustc/dfb0accb7f508ae8be965d8629557221c889dd98/library/std/src/panicking.rs:292:27
[INFO] [stdout]   10:     0x5ad8b35b1249 - std[70759c8f55707aa4]::panicking::default_hook
[INFO] [stdout]                                at /rustc/dfb0accb7f508ae8be965d8629557221c889dd98/library/std/src/panicking.rs:316:9
[INFO] [stdout]   11:     0x5ad8b354cec0 - <alloc[2182bb758b4b3781]::boxed::Box<dyn for<'a, 'b> core[df12db4294e9bfd3]::ops::function::Fn<(&'a std[70759c8f55707aa4]::panic::PanicHookInfo<'b>,), Output = ()> + core[df12db4294e9bfd3]::marker::Send + core[df12db4294e9bfd3]::marker::Sync> as core[df12db4294e9bfd3]::ops::function::Fn<(&std[70759c8f55707aa4]::panic::PanicHookInfo,)>>::call
[INFO] [stdout]                                at /rustc/dfb0accb7f508ae8be965d8629557221c889dd98/library/alloc/src/boxed.rs:2334:9
[INFO] [stdout]   12:     0x5ad8b354cec0 - test[9d35eded1c95d3be]::test_main_inner::<test[9d35eded1c95d3be]::test_main_static::{closure#0}>::{closure#0}
[INFO] [stdout]                                at /rustc/dfb0accb7f508ae8be965d8629557221c889dd98/library/test/src/lib.rs:155:21
[INFO] [stdout]   13:     0x5ad8b35b1402 - <alloc[2182bb758b4b3781]::boxed::Box<dyn for<'a, 'b> core[df12db4294e9bfd3]::ops::function::Fn<(&'a std[70759c8f55707aa4]::panic::PanicHookInfo<'b>,), Output = ()> + core[df12db4294e9bfd3]::marker::Send + core[df12db4294e9bfd3]::marker::Sync> as core[df12db4294e9bfd3]::ops::function::Fn<(&std[70759c8f55707aa4]::panic::PanicHookInfo,)>>::call
[INFO] [stdout]                                at /rustc/dfb0accb7f508ae8be965d8629557221c889dd98/library/alloc/src/boxed.rs:2334:9
[INFO] [stdout]   14:     0x5ad8b35b1402 - std[70759c8f55707aa4]::panicking::panic_with_hook
[INFO] [stdout]                                at /rustc/dfb0accb7f508ae8be965d8629557221c889dd98/library/std/src/panicking.rs:823:13
[INFO] [stdout]   15:     0x5ad8b3594d52 - std[70759c8f55707aa4]::panicking::panic_handler::{closure#0}
[INFO] [stdout]                                at /rustc/dfb0accb7f508ae8be965d8629557221c889dd98/library/std/src/panicking.rs:688:13
[INFO] [stdout]   16:     0x5ad8b358d869 - std[70759c8f55707aa4]::sys::backtrace::__rust_end_short_backtrace::<std[70759c8f55707aa4]::panicking::panic_handler::{closure#0}, !>
[INFO] [stdout]                                at /rustc/dfb0accb7f508ae8be965d8629557221c889dd98/library/std/src/sys/backtrace.rs:182:18
[INFO] [stdout]   17:     0x5ad8b3595b6d - __rustc[8fa7c3cbc660c2b3]::rust_begin_unwind
[INFO] [stdout]                                at /rustc/dfb0accb7f508ae8be965d8629557221c889dd98/library/std/src/panicking.rs:679:5
[INFO] [stdout]   18:     0x5ad8b35cd88c - core[df12db4294e9bfd3]::panicking::panic_fmt
[INFO] [stdout]                                at /rustc/dfb0accb7f508ae8be965d8629557221c889dd98/library/core/src/panicking.rs:80:14
[INFO] [stdout]   19:     0x5ad8b35cd662 - core[df12db4294e9bfd3]::result::unwrap_failed
[INFO] [stdout]                                at /rustc/dfb0accb7f508ae8be965d8629557221c889dd98/library/core/src/result.rs:1871:5
[INFO] [stdout]   20:     0x5ad8b352cbcc - <core[df12db4294e9bfd3]::result::Result<config[b3c2e1a80fd3ace7]::AppConfig, config[b3c2e1a80fd3ace7]::ConfigError>>::expect
[INFO] [stdout]                                at /rustc/dfb0accb7f508ae8be965d8629557221c889dd98/library/core/src/result.rs:1184:23
[INFO] [stdout]   21:     0x5ad8b352d3c9 - config[b3c2e1a80fd3ace7]::tests::defaults_apply_when_env_vars_absent
[INFO] [stdout]                                at /opt/rustwide/workdir/crates/config/src/lib.rs:74:37
[INFO] [stdout]   22:     0x5ad8b352c627 - config[b3c2e1a80fd3ace7]::tests::defaults_apply_when_env_vars_absent::{closure#0}
[INFO] [stdout]                                at /opt/rustwide/workdir/crates/config/src/lib.rs:66:45
[INFO] [stdout]   23:     0x5ad8b352dc06 - <config[b3c2e1a80fd3ace7]::tests::defaults_apply_when_env_vars_absent::{closure#0} as core[df12db4294e9bfd3]::ops::function::FnOnce<()>>::call_once
[INFO] [stdout]                                at /rustc/dfb0accb7f508ae8be965d8629557221c889dd98/library/core/src/ops/function.rs:250:5
[INFO] [stdout]   24:     0x5ad8b35401ab - <fn() -> core[df12db4294e9bfd3]::result::Result<(), alloc[2182bb758b4b3781]::string::String> as core[df12db4294e9bfd3]::ops::function::FnOnce<()>>::call_once
[INFO] [stdout]                                at /rustc/dfb0accb7f508ae8be965d8629557221c889dd98/library/core/src/ops/function.rs:250:5
[INFO] [stdout]   25:     0x5ad8b35401ab - test[9d35eded1c95d3be]::__rust_begin_short_backtrace::<core[df12db4294e9bfd3]::result::Result<(), alloc[2182bb758b4b3781]::string::String>, fn() -> core[df12db4294e9bfd3]::result::Result<(), alloc[2182bb758b4b3781]::string::String>>
[INFO] [stdout]                                at /rustc/dfb0accb7f508ae8be965d8629557221c889dd98/library/test/src/lib.rs:733:18
[INFO] [stdout]   26:     0x5ad8b354d815 - test[9d35eded1c95d3be]::run_test_in_process::{closure#0}
[INFO] [stdout]                                at /rustc/dfb0accb7f508ae8be965d8629557221c889dd98/library/test/src/lib.rs:756:74
[INFO] [stdout]   27:     0x5ad8b354d815 - <core[df12db4294e9bfd3]::panic::unwind_safe::AssertUnwindSafe<test[9d35eded1c95d3be]::run_test_in_process::{closure#0}> as core[df12db4294e9bfd3]::ops::function::FnOnce<()>>::call_once
[INFO] [stdout]                                at /rustc/dfb0accb7f508ae8be965d8629557221c889dd98/library/core/src/panic/unwind_safe.rs:275:9
[INFO] [stdout]   28:     0x5ad8b354d815 - std[70759c8f55707aa4]::panicking::catch_unwind::do_call::<core[df12db4294e9bfd3]::panic::unwind_safe::AssertUnwindSafe<test[9d35eded1c95d3be]::run_test_in_process::{closure#0}>, core[df12db4294e9bfd3]::result::Result<(), alloc[2182bb758b4b3781]::string::String>>
[INFO] [stdout]                                at /rustc/dfb0accb7f508ae8be965d8629557221c889dd98/library/std/src/panicking.rs:576:43
[INFO] [stdout]   29:     0x5ad8b354d815 - std[70759c8f55707aa4]::panicking::catch_unwind::<core[df12db4294e9bfd3]::result::Result<(), alloc[2182bb758b4b3781]::string::String>, core[df12db4294e9bfd3]::panic::unwind_safe::AssertUnwindSafe<test[9d35eded1c95d3be]::run_test_in_process::{closure#0}>>
[INFO] [stdout]                                at /rustc/dfb0accb7f508ae8be965d8629557221c889dd98/library/std/src/panicking.rs:544:19
[INFO] [stdout]   30:     0x5ad8b354d815 - std[70759c8f55707aa4]::panic::catch_unwind::<core[df12db4294e9bfd3]::panic::unwind_safe::AssertUnwindSafe<test[9d35eded1c95d3be]::run_test_in_process::{closure#0}>, core[df12db4294e9bfd3]::result::Result<(), alloc[2182bb758b4b3781]::string::String>>
[INFO] [stdout]                                at /rustc/dfb0accb7f508ae8be965d8629557221c889dd98/library/std/src/panic.rs:359:14
[INFO] [stdout]   31:     0x5ad8b354d815 - test[9d35eded1c95d3be]::run_test_in_process
[INFO] [stdout]                                at /rustc/dfb0accb7f508ae8be965d8629557221c889dd98/library/test/src/lib.rs:756:27
[INFO] [stdout]   32:     0x5ad8b354d815 - test[9d35eded1c95d3be]::run_test::{closure#0}
[INFO] [stdout]                                at /rustc/dfb0accb7f508ae8be965d8629557221c889dd98/library/test/src/lib.rs:677:43
[INFO] [stdout]   33:     0x5ad8b35470d4 - test[9d35eded1c95d3be]::run_test::{closure#1}
[INFO] [stdout]                                at /rustc/dfb0accb7f508ae8be965d8629557221c889dd98/library/test/src/lib.rs:707:41
[INFO] [stdout]   34:     0x5ad8b35470d4 - std[70759c8f55707aa4]::sys::backtrace::__rust_begin_short_backtrace::<test[9d35eded1c95d3be]::run_test::{closure#1}, ()>
[INFO] [stdout]                                at /rustc/dfb0accb7f508ae8be965d8629557221c889dd98/library/std/src/sys/backtrace.rs:166:18
[INFO] [stdout]   35:     0x5ad8b3550972 - std[70759c8f55707aa4]::thread::lifecycle::spawn_unchecked::<test[9d35eded1c95d3be]::run_test::{closure#1}, ()>::{closure#1}::{closure#0}
[INFO] [stdout]                                at /rustc/dfb0accb7f508ae8be965d8629557221c889dd98/library/std/src/thread/lifecycle.rs:70:13
[INFO] [stdout]   36:     0x5ad8b3550972 - <core[df12db4294e9bfd3]::panic::unwind_safe::AssertUnwindSafe<std[70759c8f55707aa4]::thread::lifecycle::spawn_unchecked<test[9d35eded1c95d3be]::run_test::{closure#1}, ()>::{closure#1}::{closure#0}> as core[df12db4294e9bfd3]::ops::function::FnOnce<()>>::call_once
[INFO] [stdout]                                at /rustc/dfb0accb7f508ae8be965d8629557221c889dd98/library/core/src/panic/unwind_safe.rs:275:9
[INFO] [stdout]   37:     0x5ad8b3550972 - std[70759c8f55707aa4]::panicking::catch_unwind::do_call::<core[df12db4294e9bfd3]::panic::unwind_safe::AssertUnwindSafe<std[70759c8f55707aa4]::thread::lifecycle::spawn_unchecked<test[9d35eded1c95d3be]::run_test::{closure#1}, ()>::{closure#1}::{closure#0}>, ()>
[INFO] [stdout]                                at /rustc/dfb0accb7f508ae8be965d8629557221c889dd98/library/std/src/panicking.rs:576:43
[INFO] [stdout]   38:     0x5ad8b3550972 - std[70759c8f55707aa4]::panicking::catch_unwind::<(), core[df12db4294e9bfd3]::panic::unwind_safe::AssertUnwindSafe<std[70759c8f55707aa4]::thread::lifecycle::spawn_unchecked<test[9d35eded1c95d3be]::run_test::{closure#1}, ()>::{closure#1}::{closure#0}>>
[INFO] [stdout]                                at /rustc/dfb0accb7f508ae8be965d8629557221c889dd98/library/std/src/panicking.rs:544:19
[INFO] [stdout]   39:     0x5ad8b3550972 - std[70759c8f55707aa4]::panic::catch_unwind::<core[df12db4294e9bfd3]::panic::unwind_safe::AssertUnwindSafe<std[70759c8f55707aa4]::thread::lifecycle::spawn_unchecked<test[9d35eded1c95d3be]::run_test::{closure#1}, ()>::{closure#1}::{closure#0}>, ()>
[INFO] [stdout]                                at /rustc/dfb0accb7f508ae8be965d8629557221c889dd98/library/std/src/panic.rs:359:14
[INFO] [stdout]   40:     0x5ad8b3550972 - std[70759c8f55707aa4]::thread::lifecycle::spawn_unchecked::<test[9d35eded1c95d3be]::run_test::{closure#1}, ()>::{closure#1}
[INFO] [stdout]                                at /rustc/dfb0accb7f508ae8be965d8629557221c889dd98/library/std/src/thread/lifecycle.rs:68:26
[INFO] [stdout]   41:     0x5ad8b3550972 - <std[70759c8f55707aa4]::thread::lifecycle::spawn_unchecked<test[9d35eded1c95d3be]::run_test::{closure#1}, ()>::{closure#1} as core[df12db4294e9bfd3]::ops::function::FnOnce<()>>::call_once::{shim:vtable#0}
[INFO] [stdout]                                at /rustc/dfb0accb7f508ae8be965d8629557221c889dd98/library/core/src/ops/function.rs:250:5
[INFO] [stdout]   42:     0x5ad8b35b8569 - <alloc[2182bb758b4b3781]::boxed::Box<dyn core[df12db4294e9bfd3]::ops::function::FnOnce<(), Output = ()> + core[df12db4294e9bfd3]::marker::Send> as core[df12db4294e9bfd3]::ops::function::FnOnce<()>>::call_once
[INFO] [stdout]                                at /rustc/dfb0accb7f508ae8be965d8629557221c889dd98/library/alloc/src/boxed.rs:2320:9
[INFO] [stdout]   43:     0x5ad8b35b8569 - <std[70759c8f55707aa4]::sys::thread::unix::Thread>::new::thread_start
[INFO] [stdout]                                at /rustc/dfb0accb7f508ae8be965d8629557221c889dd98/library/std/src/sys/thread/unix.rs:123:17
[INFO] [stdout]   44:     0x7de824c1cdfa - <unknown>
[INFO] [stdout]   45:     0x7de824cb03d4 - clone
[INFO] [stdout]   46:                0x0 - <unknown>
[INFO] [stdout] 
[INFO] [stdout] 
[INFO] [stdout] failures:
[INFO] [stdout]     tests::defaults_apply_when_env_vars_absent
[INFO] [stdout] 
[INFO] [stdout] test result: FAILED. 1 passed; 1 failed; 0 ignored; 0 measured; 0 filtered out; finished in 0.06s
[INFO] [stdout] 
[INFO] [stderr] error: test failed, to rerun pass `-p config --lib`
[INFO] running `Command { std: "docker" "inspect" "0d170479e292954ba734a0ea3ae47e4a2b1c3d6ac54186ff2640c41f374afc8b", kill_on_drop: false }`
[INFO] running `Command { std: "docker" "rm" "-f" "0d170479e292954ba734a0ea3ae47e4a2b1c3d6ac54186ff2640c41f374afc8b", kill_on_drop: false }`
[INFO] [stdout] 0d170479e292954ba734a0ea3ae47e4a2b1c3d6ac54186ff2640c41f374afc8b
