[INFO] cloning repository https://github.com/SPRAGE/fyers-rs
[INFO] running `Command { std: "git" "-c" "credential.helper=" "-c" "credential.helper=/workspace/cargo-home/bin/git-credential-null" "clone" "--bare" "https://github.com/SPRAGE/fyers-rs" "/workspace/cache/git-repos/https%3A%2F%2Fgithub.com%2FSPRAGE%2Ffyers-rs", kill_on_drop: false }`
[INFO] [stderr] Cloning into bare repository '/workspace/cache/git-repos/https%3A%2F%2Fgithub.com%2FSPRAGE%2Ffyers-rs'...
[INFO] running `Command { std: "git" "rev-parse" "HEAD", kill_on_drop: false }`
[INFO] [stdout] f1dd2bd0ffe85d9edfa511b8486d7f62f310ac7e
[INFO] testing SPRAGE/fyers-rs against 1.99.0-beta.8 for beta-1.100-2
[INFO] running `Command { std: "git" "clone" "/workspace/cache/git-repos/https%3A%2F%2Fgithub.com%2FSPRAGE%2Ffyers-rs" "/workspace/builds/worker-5-tc1/source", kill_on_drop: false }`
[INFO] [stderr] Cloning into '/workspace/builds/worker-5-tc1/source'...
[INFO] [stderr] done.
[INFO] started tweaking git repo https://github.com/SPRAGE/fyers-rs
[INFO] finished tweaking git repo https://github.com/SPRAGE/fyers-rs
[INFO] tweaked toml for git repo https://github.com/SPRAGE/fyers-rs written to /workspace/builds/worker-5-tc1/source/Cargo.toml
[INFO] validating manifest of git repo https://github.com/SPRAGE/fyers-rs on toolchain 1.99.0-beta.8
[INFO] running `Command { std: CARGO_HOME="/workspace/cargo-home" RUSTUP_HOME="/workspace/rustup-home" "/workspace/cargo-home/bin/cargo" "+1.99.0-beta.8" "metadata" "--manifest-path" "Cargo.toml" "--no-deps", kill_on_drop: false }`
[INFO] crate git repo https://github.com/SPRAGE/fyers-rs already has a lockfile, it will not be regenerated
[INFO] running `Command { std: CARGO_HOME="/workspace/cargo-home" RUSTUP_HOME="/workspace/rustup-home" "/workspace/cargo-home/bin/cargo" "+1.99.0-beta.8" "fetch" "--manifest-path" "Cargo.toml", kill_on_drop: false }`
[INFO] [stderr]     Updating crates.io index
[INFO] [stderr]  Downloading crates ...
[INFO] [stderr]   Downloaded deadpool-runtime v0.1.4
[INFO] [stderr]   Downloaded wiremock v0.6.5
[INFO] [stderr]   Downloaded tokio-tungstenite v0.27.0
[INFO] [stderr]   Downloaded deadpool v0.12.3
[INFO] [stderr]   Downloaded tungstenite v0.27.0
[INFO] [stderr]   Downloaded time-core v0.1.7
[INFO] [stderr]   Downloaded openssl v0.10.78
[INFO] [stderr]   Downloaded openssl-sys v0.9.114
[INFO] [stderr]   Downloaded time-macros v0.2.25
[INFO] [stderr]   Downloaded serde_with_macros v3.17.0
[INFO] [stderr]   Downloaded time v0.3.45
[INFO] [stderr]   Downloaded serde_with v3.17.0
[INFO] running `Command { std: "docker" "create" "-v" "/var/lib/crater-agent-workspace/builds/worker-5-tc1/source:/opt/rustwide/workdir:ro,Z" "-v" "/var/lib/crater-agent-workspace/builds/worker-5-tc1/target:/opt/rustwide/target:rw,Z" "-v" "/var/lib/crater-agent-workspace/cargo-home:/opt/rustwide/cargo-home:ro,Z" "-v" "/var/lib/crater-agent-workspace/rustup-home:/opt/rustwide/rustup-home:ro,Z" "-m" "1610612736" "--network" "none" "ghcr.io/rust-lang/crates-build-env/linux@sha256:3111399a4047eeb3a02b7a90e478d715f38a8c6669b5c4b49d30a17385265909" "sleep" "infinity", kill_on_drop: false }`
[INFO] [stdout] 1c65a9d344602db1c3819574c30a2f977c20ea5e72a9587f20d2c58257b69ec7
[INFO] running `Command { std: "docker" "start" "1c65a9d344602db1c3819574c30a2f977c20ea5e72a9587f20d2c58257b69ec7", kill_on_drop: false }`
[INFO] running `Command { std: "docker" "inspect" "1c65a9d344602db1c3819574c30a2f977c20ea5e72a9587f20d2c58257b69ec7", kill_on_drop: false }`
[INFO] running `Command { std: "docker" "exec" "-e" "SOURCE_DIR=/opt/rustwide/workdir" "-e" "CARGO_HOME=/opt/rustwide/cargo-home" "-e" "RUSTUP_HOME=/opt/rustwide/rustup-home" "-e" "CARGO_TARGET_DIR=/opt/rustwide/target" "-w" "/opt/rustwide/workdir" "--user" "0:0" "1c65a9d344602db1c3819574c30a2f977c20ea5e72a9587f20d2c58257b69ec7" "/opt/rustwide/cargo-home/bin/cargo" "+1.99.0-beta.8" "metadata" "--no-deps" "--format-version=1", kill_on_drop: false }`
[INFO] running `Command { std: "docker" "inspect" "1c65a9d344602db1c3819574c30a2f977c20ea5e72a9587f20d2c58257b69ec7", kill_on_drop: false }`
[INFO] running `Command { std: "docker" "exec" "-e" "SOURCE_DIR=/opt/rustwide/workdir" "-e" "CARGO_HOME=/opt/rustwide/cargo-home" "-e" "RUSTUP_HOME=/opt/rustwide/rustup-home" "-e" "CARGO_TARGET_DIR=/opt/rustwide/target" "-e" "CARGO_INCREMENTAL=0" "-e" "RUST_BACKTRACE=full" "-e" "RUSTFLAGS=--cap-lints=warn" "-e" "RUSTDOCFLAGS=--cap-lints=warn" "-w" "/opt/rustwide/workdir" "--user" "0:0" "1c65a9d344602db1c3819574c30a2f977c20ea5e72a9587f20d2c58257b69ec7" "/opt/rustwide/cargo-home/bin/cargo" "+1.99.0-beta.8" "build" "--frozen" "--message-format=json", kill_on_drop: false }`
[INFO] [stderr]    Compiling futures-core v0.3.32
[INFO] [stderr]    Compiling serde_core v1.0.228
[INFO] [stderr]    Compiling cc v1.2.61
[INFO] [stderr]    Compiling http v1.4.0
[INFO] [stderr]    Compiling typenum v1.20.0
[INFO] [stderr]    Compiling slab v0.4.12
[INFO] [stderr]    Compiling icu_normalizer_data v2.1.1
[INFO] [stderr]    Compiling futures-task v0.3.32
[INFO] [stderr]    Compiling icu_properties_data v2.1.2
[INFO] [stderr]    Compiling getrandom v0.3.4
[INFO] [stderr]    Compiling futures-sink v0.3.32
[INFO] [stderr]    Compiling rustls v0.23.40
[INFO] [stderr]    Compiling syn v2.0.117
[INFO] [stderr]    Compiling socket2 v0.6.3
[INFO] [stderr]    Compiling mio v1.2.0
[INFO] [stderr]    Compiling getrandom v0.2.17
[INFO] [stderr]    Compiling zerocopy v0.8.48
[INFO] [stderr]    Compiling serde v1.0.228
[INFO] [stderr]    Compiling futures-channel v0.3.32
[INFO] [stderr]    Compiling webpki-roots v1.0.7
[INFO] [stderr]    Compiling thiserror v2.0.18
[INFO] [stderr]    Compiling anyhow v1.0.102
[INFO] [stderr]    Compiling sync_wrapper v1.0.2
[INFO] [stderr]    Compiling either v1.15.0
[INFO] [stderr]    Compiling serde_json v1.0.149
[INFO] [stderr]    Compiling rand_core v0.9.5
[INFO] [stderr]    Compiling futures-util v0.3.32
[INFO] [stderr]    Compiling log v0.4.29
[INFO] [stderr]    Compiling data-encoding v2.11.0
[INFO] [stderr]    Compiling powerfmt v0.2.0
[INFO] [stderr]    Compiling iri-string v0.7.12
[INFO] [stderr]    Compiling memchr v2.8.0
[INFO] [stderr]    Compiling itertools v0.14.0
[INFO] [stderr]    Compiling tokio v1.52.1
[INFO] [stderr]    Compiling utf-8 v0.7.6
[INFO] [stderr]    Compiling webpki-roots v0.26.11
[INFO] [stderr]    Compiling time-core v0.1.7
[INFO] [stderr]    Compiling num-conv v0.1.0
[INFO] [stderr]    Compiling ring v0.17.14
[INFO] [stderr]    Compiling generic-array v0.14.7
[INFO] [stderr]    Compiling http-body v1.0.1
[INFO] [stderr]    Compiling http-body-util v0.1.3
[INFO] [stderr]    Compiling block-buffer v0.10.4
[INFO] [stderr]    Compiling crypto-common v0.1.7
[INFO] [stderr]    Compiling digest v0.10.7
[INFO] [stderr]    Compiling sha1 v0.10.6
[INFO] [stderr]    Compiling sha2 v0.10.9
[INFO] [stderr]    Compiling deranged v0.5.8
[INFO] [stderr]    Compiling ppv-lite86 v0.2.21
[INFO] [stderr]    Compiling synstructure v0.13.2
[INFO] [stderr]    Compiling darling_core v0.21.3
[INFO] [stderr]    Compiling time v0.3.45
[INFO] [stderr]    Compiling rand_chacha v0.9.0
[INFO] [stderr]    Compiling rand v0.9.4
[INFO] [stderr]    Compiling zerovec-derive v0.11.3
[INFO] [stderr]    Compiling displaydoc v0.2.5
[INFO] [stderr]    Compiling tracing-attributes v0.1.31
[INFO] [stderr]    Compiling serde_derive v1.0.228
[INFO] [stderr]    Compiling thiserror-impl v2.0.18
[INFO] [stderr]    Compiling prost-derive v0.14.3
[INFO] [stderr]    Compiling zerofrom-derive v0.1.7
[INFO] [stderr]    Compiling yoke-derive v0.8.2
[INFO] [stderr]    Compiling hyper v1.9.0
[INFO] [stderr]    Compiling tower v0.5.3
[INFO] [stderr]    Compiling rustls-webpki v0.103.13
[INFO] [stderr]    Compiling tower-http v0.6.8
[INFO] [stderr]    Compiling zerofrom v0.1.7
[INFO] [stderr]    Compiling yoke v0.8.2
[INFO] [stderr]    Compiling tracing v0.1.44
[INFO] [stderr]    Compiling zerovec v0.11.6
[INFO] [stderr]    Compiling zerotrie v0.2.4
[INFO] [stderr]    Compiling hyper-util v0.1.20
[INFO] [stderr]    Compiling prost v0.14.3
[INFO] [stderr]    Compiling darling_macro v0.21.3
[INFO] [stderr]    Compiling darling v0.21.3
[INFO] [stderr]    Compiling serde_with_macros v3.17.0
[INFO] [stderr]    Compiling tinystr v0.8.3
[INFO] [stderr]    Compiling potential_utf v0.1.5
[INFO] [stderr]    Compiling icu_collections v2.1.1
[INFO] [stderr]    Compiling icu_locale_core v2.1.1
[INFO] [stderr]    Compiling serde_urlencoded v0.7.1
[INFO] [stderr]    Compiling serde_with v3.17.0
[INFO] [stderr]    Compiling icu_provider v2.1.1
[INFO] [stderr]    Compiling icu_normalizer v2.1.1
[INFO] [stderr]    Compiling icu_properties v2.1.2
[INFO] [stderr]    Compiling idna_adapter v1.2.1
[INFO] [stderr]    Compiling idna v1.1.0
[INFO] [stderr]    Compiling url v2.5.8
[INFO] [stderr]    Compiling tokio-rustls v0.26.4
[INFO] [stderr]    Compiling tungstenite v0.27.0
[INFO] [stderr]    Compiling hyper-rustls v0.27.9
[INFO] [stderr]    Compiling reqwest v0.12.28
[INFO] [stderr]    Compiling tokio-tungstenite v0.27.0
[INFO] [stderr]    Compiling fyers-rs v0.0.1 (/opt/rustwide/workdir)
[INFO] [stderr]     Finished `dev` profile [unoptimized + debuginfo] target(s) in 52.06s
[INFO] running `Command { std: "docker" "inspect" "1c65a9d344602db1c3819574c30a2f977c20ea5e72a9587f20d2c58257b69ec7", kill_on_drop: false }`
[INFO] running `Command { std: "docker" "exec" "-e" "SOURCE_DIR=/opt/rustwide/workdir" "-e" "CARGO_HOME=/opt/rustwide/cargo-home" "-e" "RUSTUP_HOME=/opt/rustwide/rustup-home" "-e" "CARGO_TARGET_DIR=/opt/rustwide/target" "-e" "CARGO_INCREMENTAL=0" "-e" "RUST_BACKTRACE=full" "-e" "RUSTFLAGS=--cap-lints=warn" "-e" "RUSTDOCFLAGS=--cap-lints=warn" "-w" "/opt/rustwide/workdir" "--user" "0:0" "1c65a9d344602db1c3819574c30a2f977c20ea5e72a9587f20d2c58257b69ec7" "/opt/rustwide/cargo-home/bin/cargo" "+1.99.0-beta.8" "test" "--frozen" "--no-run" "--message-format=json", kill_on_drop: false }`
[INFO] [stderr]    Compiling memchr v2.8.0
[INFO] [stderr]    Compiling futures-sink v0.3.32
[INFO] [stderr]    Compiling futures-io v0.3.32
[INFO] [stderr]    Compiling tracing-core v0.1.36
[INFO] [stderr]    Compiling tokio-macros v2.7.0
[INFO] [stderr]    Compiling futures-macro v0.3.32
[INFO] [stderr]    Compiling hashbrown v0.17.0
[INFO] [stderr]    Compiling log v0.4.29
[INFO] [stderr]    Compiling darling_core v0.21.3
[INFO] [stderr]    Compiling regex-syntax v0.8.10
[INFO] [stderr]    Compiling num_cpus v1.17.0
[INFO] [stderr]    Compiling deadpool-runtime v0.1.4
[INFO] [stderr]    Compiling sharded-slab v0.1.7
[INFO] [stderr]    Compiling thread_local v1.1.9
[INFO] [stderr]    Compiling nu-ansi-term v0.50.3
[INFO] [stderr]    Compiling yansi v1.0.1
[INFO] [stderr]    Compiling futures-channel v0.3.32
[INFO] [stderr]    Compiling diff v0.1.13
[INFO] [stderr]    Compiling tungstenite v0.27.0
[INFO] [stderr]    Compiling pretty_assertions v1.4.1
[INFO] [stderr]    Compiling tracing v0.1.44
[INFO] [stderr]    Compiling tracing-log v0.2.0
[INFO] [stderr]    Compiling aho-corasick v1.1.4
[INFO] [stderr]    Compiling serde_json v1.0.149
[INFO] [stderr]    Compiling tokio v1.52.1
[INFO] [stderr]    Compiling futures-util v0.3.32
[INFO] [stderr]    Compiling indexmap v2.14.0
[INFO] [stderr]    Compiling assert-json-diff v2.0.2
[INFO] [stderr]    Compiling regex-automata v0.4.14
[INFO] [stderr]    Compiling darling_macro v0.21.3
[INFO] [stderr]    Compiling darling v0.21.3
[INFO] [stderr]    Compiling serde_with_macros v3.17.0
[INFO] [stderr]    Compiling serde_with v3.17.0
[INFO] [stderr]    Compiling futures-executor v0.3.32
[INFO] [stderr]    Compiling futures v0.3.32
[INFO] [stderr]    Compiling tokio-util v0.7.18
[INFO] [stderr]    Compiling tokio-rustls v0.26.4
[INFO] [stderr]    Compiling tower v0.5.3
[INFO] [stderr]    Compiling deadpool v0.12.3
[INFO] [stderr]    Compiling tokio-tungstenite v0.27.0
[INFO] [stderr]    Compiling tower-http v0.6.8
[INFO] [stderr]    Compiling h2 v0.4.13
[INFO] [stderr]    Compiling regex v1.12.3
[INFO] [stderr]    Compiling matchers v0.2.0
[INFO] [stderr]    Compiling tracing-subscriber v0.3.23
[INFO] [stderr]    Compiling hyper v1.9.0
[INFO] [stderr]    Compiling hyper-util v0.1.20
[INFO] [stderr]    Compiling hyper-rustls v0.27.9
[INFO] [stderr]    Compiling wiremock v0.6.5
[INFO] [stderr]    Compiling reqwest v0.12.28
[INFO] [stderr]    Compiling fyers-rs v0.0.1 (/opt/rustwide/workdir)
[INFO] [stderr]     Finished `test` profile [unoptimized + debuginfo] target(s) in 1m 02s
[INFO] running `Command { std: "docker" "inspect" "1c65a9d344602db1c3819574c30a2f977c20ea5e72a9587f20d2c58257b69ec7", kill_on_drop: false }`
[INFO] running `Command { std: "docker" "exec" "-e" "SOURCE_DIR=/opt/rustwide/workdir" "-e" "CARGO_HOME=/opt/rustwide/cargo-home" "-e" "RUSTUP_HOME=/opt/rustwide/rustup-home" "-e" "CARGO_TARGET_DIR=/opt/rustwide/target" "-e" "CARGO_INCREMENTAL=0" "-e" "RUST_BACKTRACE=full" "-e" "RUSTFLAGS=--cap-lints=warn" "-e" "RUSTDOCFLAGS=--cap-lints=warn" "-w" "/opt/rustwide/workdir" "--user" "0:0" "1c65a9d344602db1c3819574c30a2f977c20ea5e72a9587f20d2c58257b69ec7" "/opt/rustwide/cargo-home/bin/cargo" "+1.99.0-beta.8" "test" "--frozen", kill_on_drop: false }`
[INFO] [stderr]     Finished `test` profile [unoptimized + debuginfo] target(s) in 0.33s
[INFO] [stderr]      Running unittests src/lib.rs (/opt/rustwide/target/debug/deps/fyers_rs-60131e1e80907b64)
[INFO] [stdout] 
[INFO] [stdout] running 32 tests
[INFO] [stdout] test ws::data_protocol::tests::full_mode_marker_can_be_overridden_for_lite ... ok
[INFO] [stdout] test ws::data_protocol::tests::channel_bitmap_for_channel_11_full_mode_uses_bit_11 ... ok
[INFO] [stdout] test ws::data_protocol::tests::ack_message_layout_matches_python_sdk ... ok
[INFO] [stdout] test ws::data_protocol::tests::datafeed_message_num_reads_bytes_3_to_7 ... ok
[INFO] [stdout] test ws::data_protocol::tests::datafeed_message_num_matches_captured_snapshot ... ok
[INFO] [stdout] test ws::data_protocol::tests::auth_message_layout_matches_python_sdk_for_known_inputs ... ok
[INFO] [stdout] test ws::data_protocol::tests::ack_count_extracted_from_2byte_auth_field ... ok
[INFO] [stdout] test ws::data_protocol::tests::index_feed_with_synthetic_values_decodes_to_index_update ... ok
[INFO] [stdout] test ws::data_protocol::tests::lite_mode_feed_only_populates_ltp_on_symbol_update ... ok
[INFO] [stdout] test ws::data::tests::envelope_to_control_maps_k_status_to_ok ... ok
[INFO] [stdout] test ws::data_protocol::tests::schema_for_feed_picks_depth_for_dp_topic ... ok
[INFO] [stdout] test ws::data_protocol::tests::schema_for_feed_picks_index_for_if_topic ... ok
[INFO] [stdout] test ws::data_protocol::tests::symbol_update_from_captured_sbin_snapshot_has_real_prices ... ok
[INFO] [stdout] test ws::data_protocol::tests::depth_feed_with_synthetic_values_decodes_five_levels_each_side ... ok
[INFO] [stdout] test ws::data_symbols::tests::fytoken_decodes_to_dp_topic_for_equity_depth ... ok
[INFO] [stdout] test ws::data_protocol::tests::schema_for_feed_picks_lite_for_lite_data_type ... ok
[INFO] [stdout] test ws::data_protocol::tests::extract_hsm_key_pulls_claim_from_jwt ... ok
[INFO] [stdout] test ws::data_protocol::tests::extract_hsm_key_rejects_token_without_claim ... ok
[INFO] [stdout] test ws::data_protocol::tests::parse_datafeed_decodes_captured_sbin_snapshot ... ok
[INFO] [stdout] test ws::data_symbols::tests::fytoken_rejects_short_token ... ok
[INFO] [stdout] test ws::data_symbols::tests::fytoken_rejects_unknown_segment ... ok
[INFO] [stdout] test ws::data_protocol::tests::parse_envelope_round_trips_subscribe_ack_shape ... ok
[INFO] [stdout] test ws::data_protocol::tests::channel_resume_has_only_bitmap_field ... ok
[INFO] [stdout] test ws::data_symbols::tests::fytoken_decodes_to_sf_topic_for_equity_symbol_update ... ok
[INFO] [stdout] test ws::data_symbols::tests::fytoken_rejects_depth_for_index ... ok
[INFO] [stdout] test ws::data::tests::topic_kind_classifier_matches_documented_prefixes ... ok
[INFO] [stdout] test ws::data_symbols::tests::fytoken_decodes_to_if_topic_for_index_symbol_update ... ok
[INFO] [stdout] test ws::data_protocol::tests::parse_envelope_rejects_truncated_field ... ok
[INFO] [stdout] test ws::data_protocol::tests::subscribe_layout_for_one_hsm_symbol ... ok
[INFO] [stderr]      Running tests/contract_auth.rs (/opt/rustwide/target/debug/deps/contract_auth-6ce33fbb6337a19a)
[INFO] [stdout] test ws::manager::tests::websocket_authorization_preserves_full_token_values ... ok
[INFO] [stdout] test ws::data::tests::from_stream_extracts_hsm_key_from_client_token ... ok
[INFO] [stdout] test ws::manager::tests::websocket_authorization_prefixes_token_only_values ... ok
[INFO] [stdout] 
[INFO] [stdout] test result: ok. 32 passed; 0 failed; 0 ignored; 0 measured; 0 filtered out; finished in 0.02s
[INFO] [stdout] 
[INFO] [stdout] 
[INFO] [stdout] running 14 tests
[INFO] [stdout] test auth_code_query_fixture_records_documented_params ... ok
[INFO] [stdout] test auth_request_debug_output_redacts_sensitive_values ... ok
[INFO] [stdout] test common_success_status_fixture_matches_model ... ok
[INFO] [stdout] test logout_success_fixture_matches_api_status ... ok
[INFO] [stdout] test common_error_status_fixture_matches_model ... ok
[INFO] [stdout] test refresh_token_success_fixture_allows_missing_refresh_token ... ok
[INFO] [stdout] test validate_authcode_success_fixture_matches_model ... ok
[INFO] [stdout] test access_token_response_debug_output_redacts_tokens ... ok
[INFO] [stdout] test validate_authcode_error_fixture_deserializes_without_tokens ... ok
[INFO] [stdout] test generate_auth_code_request_defaults_to_code_response_type ... ok
[INFO] [stdout] test validate_authcode_request_fixture_matches_model ... ok
[INFO] [stdout] test refresh_token_request_fixture_matches_model ... ok
[INFO] [stdout] test app_id_hash_uses_documented_sha256_input ... ok
[INFO] [stdout] test app_id_hash_requires_secret_key ... ok
[INFO] [stdout] 
[INFO] [stdout] test result: ok. 14 passed; 0 failed; 0 ignored; 0 measured; 0 filtered out; finished in 0.02s
[INFO] [stdout] 
[INFO] [stderr]      Running tests/contract_rest_phase.rs (/opt/rustwide/target/debug/deps/contract_rest_phase-68b71004992a585e)
[INFO] [stdout] 
[INFO] [stdout] running 3 tests
[INFO] [stderr]      Running tests/contract_transactions.rs (/opt/rustwide/target/debug/deps/contract_transactions-b27a637d073cb1e4)
[INFO] [stdout] test smart_order_fixtures_match_models ... ok
[INFO] [stdout] test market_data_broker_alert_and_postback_fixtures_match_models ... ok
[INFO] [stdout] test position_margin_and_edis_fixtures_match_models ... ok
[INFO] [stdout] 
[INFO] [stdout] test result: ok. 3 passed; 0 failed; 0 ignored; 0 measured; 0 filtered out; finished in 0.05s
[INFO] [stdout] 
[INFO] [stdout] 
[INFO] [stdout] running 29 tests
[INFO] [stdout] test modify_gtt_order_request_fixture_matches_model ... ok
[INFO] [stdout] test gtt_order_request_fixtures_match_model ... ok
[INFO] [stdout] test async_multi_order_action_response_fixtures_match_model ... ok
[INFO] [stdout] test gtt_action_response_fixtures_match_model ... ok
[INFO] [stdout] test modify_order_request_fixtures_match_model ... ok
[INFO] [stdout] test cancel_gtt_order_request_fixture_matches_model ... ok
[INFO] [stdout] test gtt_orderbook_success_fixture_matches_model ... ok
[INFO] [stdout] test cancel_order_request_fixtures_match_model ... ok
[INFO] [stdout] test multi_modify_request_fixtures_match_model ... ok
[INFO] [stdout] test place_async_request_fixture_matches_model ... ok
[INFO] [stdout] test place_multi_async_success_fixture_matches_model ... ok
[INFO] [stdout] test multi_order_action_response_fixtures_match_model ... ok
[INFO] [stdout] test multi_cancel_request_fixtures_match_model ... ok
[INFO] [stdout] test place_async_success_fixture_matches_model ... ok
[INFO] [stdout] test place_multi_sync_success_fixture_matches_model ... ok
[INFO] [stdout] test place_multileg_sync_success_fixture_matches_model ... ok
[INFO] [stdout] test place_multi_sync_request_fixture_matches_model ... ok
[INFO] [stdout] test order_history_query_fixture_records_documented_filters ... ok
[INFO] [stdout] test place_sync_request_fixture_matches_model ... ok
[INFO] [stdout] test trade_history_query_fixture_records_documented_filters ... ok
[INFO] [stdout] test place_multileg_sync_request_fixture_matches_model ... ok
[INFO] [stdout] test positions_success_fixture_matches_model ... ok
[INFO] [stdout] test order_history_success_fixture_matches_model ... ok
[INFO] [stdout] test orderbook_success_fixture_matches_model ... ok
[INFO] [stdout] test async_order_action_response_fixtures_match_model ... ok
[INFO] [stdout] test tradebook_success_fixture_matches_model ... ok
[INFO] [stdout] test trade_history_success_fixture_matches_model ... ok
[INFO] [stdout] test place_sync_success_fixture_matches_model ... ok
[INFO] [stdout] test single_order_action_response_fixtures_match_model ... ok
[INFO] [stderr]      Running tests/contract_user.rs (/opt/rustwide/target/debug/deps/contract_user-e9f0312846525c2c)
[INFO] [stdout] 
[INFO] [stdout] test result: ok. 29 passed; 0 failed; 0 ignored; 0 measured; 0 filtered out; finished in 0.02s
[INFO] [stdout] 
[INFO] [stdout] 
[INFO] [stdout] running 3 tests
[INFO] [stdout] test funds_success_fixture_matches_model ... ok
[INFO] [stdout] test profile_success_fixture_matches_model ... ok
[INFO] [stderr]      Running tests/contract_ws.rs (/opt/rustwide/target/debug/deps/contract_ws-598f182abefac7ea)
[INFO] [stdout] test holdings_success_fixture_matches_model ... ok
[INFO] [stdout] 
[INFO] [stdout] test result: ok. 3 passed; 0 failed; 0 ignored; 0 measured; 0 filtered out; finished in 0.03s
[INFO] [stdout] 
[INFO] [stdout] 
[INFO] [stdout] running 17 tests
[INFO] [stdout] test malformed_frames_return_errors ... ok
[INFO] [stdout] test order_socket_subscribe_and_unsubscribe_commands_match_docs ... ok
[INFO] [stdout] test tbt_switch_channel_command_serializes_camel_case_and_accepts_sdk_aliases ... ok
[INFO] [stdout] test data_socket_event_fixtures_route_to_typed_variants ... ok
[INFO] [stdout] test data_socket_subscribe_commands_serialize_to_documented_json ... ok
[INFO] [stdout] test tbt_socket_connection_config_and_ping_match_docs ... ok
[INFO] [stdout] test tbt_error_packet_decodes_to_error_variant ... ok
[INFO] [stdout] test data_socket_queue_process_interval_enforces_documented_bounds ... ok
[INFO] [stdout] test data_socket_control_events_parse_to_control_variants ... ok
[INFO] [stdout] test data_socket_unsubscribe_command_preserves_symbols_and_data_type ... ok
[INFO] [stdout] test order_socket_connection_config_and_ping_match_docs ... ok
[INFO] [stdout] test tbt_protobuf_socket_message_and_depth_snapshot_decode ... ok
[INFO] [stdout] test tbt_subscribe_and_unsubscribe_depth_commands_match_docs ... ok
[INFO] [stdout] test data_socket_lite_mode_config_and_event_fixture_are_supported ... ok
[INFO] [stdout] test data_socket_connection_config_matches_documented_defaults ... ok
[INFO] [stdout] test order_socket_control_events_parse_to_control_variants ... ok
[INFO] [stdout] test order_socket_domain_event_fixtures_route_to_typed_variants ... ok
[INFO] [stdout] 
[INFO] [stdout] test result: ok. 17 passed; 0 failed; 0 ignored; 0 measured; 0 filtered out; finished in 0.01s
[INFO] [stdout] 
[INFO] [stderr]      Running tests/live_rest.rs (/opt/rustwide/target/debug/deps/live_rest-c4dffc5c0be57f8d)
[INFO] [stdout] 
[INFO] [stdout] running 0 tests
[INFO] [stdout] 
[INFO] [stdout] test result: ok. 0 passed; 0 failed; 0 ignored; 0 measured; 0 filtered out; finished in 0.00s
[INFO] [stdout] 
[INFO] [stderr]      Running tests/live_ws.rs (/opt/rustwide/target/debug/deps/live_ws-07cd6a68db0aa130)
[INFO] [stdout] 
[INFO] [stdout] running 0 tests
[INFO] [stdout] 
[INFO] [stdout] test result: ok. 0 passed; 0 failed; 0 ignored; 0 measured; 0 filtered out; finished in 0.00s
[INFO] [stdout] 
[INFO] [stderr]      Running tests/mock_auth.rs (/opt/rustwide/target/debug/deps/mock_auth-defb9e3c3fc62bf6)
[INFO] [stdout] 
[INFO] [stdout] running 5 tests
[INFO] [stdout] test auth_service_builds_documented_auth_code_url ... ok
[INFO] [stdout] test logout_requires_access_token ... ok
[INFO] [stdout] test logout_posts_with_documented_authorization_header ... ok
[INFO] [stdout] test refresh_access_token_posts_documented_body ... ok
[INFO] [stdout] test validate_auth_code_posts_documented_body ... ok
[INFO] [stdout] 
[INFO] [stdout] test result: ok. 5 passed; 0 failed; 0 ignored; 0 measured; 0 filtered out; finished in 0.01s
[INFO] [stdout] 
[INFO] [stderr]      Running tests/mock_rest_phase.rs (/opt/rustwide/target/debug/deps/mock_rest_phase-baef10ff7c4c984e)
[INFO] [stdout] 
[INFO] [stdout] running 4 tests
[INFO] [stdout] test broker_data_and_edis_endpoints_use_documented_bases ... ok
[INFO] [stdout] test market_data_and_alert_endpoints_use_documented_shapes ... ok
[INFO] [stdout] test positions_and_margin_endpoints_use_documented_methods_paths_and_bodies ... ok
[INFO] [stdout] test smart_order_endpoints_use_documented_methods_paths_and_bodies ... ok
[INFO] [stdout] 
[INFO] [stdout] test result: ok. 4 passed; 0 failed; 0 ignored; 0 measured; 0 filtered out; finished in 0.02s
[INFO] [stdout] 
[INFO] [stderr]      Running tests/mock_transactions.rs (/opt/rustwide/target/debug/deps/mock_transactions-58cc9483f8184d2a)
[INFO] [stdout] 
[INFO] [stdout] running 33 tests
[INFO] [stdout] test modify_sync_patches_documented_body_with_authorization_header ... ok
[INFO] [stdout] test gtt_place_single_posts_documented_body_with_authorization_header ... ok
[INFO] [stdout] test gtt_place_oco_posts_documented_body_with_authorization_header ... ok
[INFO] [stdout] test gtt_orderbook_gets_with_documented_authorization_header ... ok
[INFO] [stdout] test gtt_cancel_deletes_documented_body_with_authorization_header ... ok
[INFO] [stdout] test cancel_multi_async_deletes_documented_body_with_authorization_header ... ok
[INFO] [stdout] test gtt_place_single_rejects_oco_body_before_http ... ok
[INFO] [stdout] test order_history_filters_with_documented_query_params ... ok
[INFO] [stdout] test gtt_modify_patches_documented_body_with_authorization_header ... ok
[INFO] [stdout] test modify_multi_sync_patches_documented_body_with_authorization_header ... ok
[INFO] [stdout] test place_multi_sync_rejects_more_than_ten_orders_before_http ... ok
[INFO] [stdout] test orders_filter_by_order_tag_query_param ... ok
[INFO] [stdout] test cancel_sync_by_id_deletes_documented_path_with_authorization_header ... ok
[INFO] [stdout] test orderbook_gets_with_documented_authorization_header ... ok
[INFO] [stdout] test cancel_sync_deletes_documented_body_with_authorization_header ... ok
[INFO] [stdout] test place_multileg_sync_rejects_three_leg_without_leg3_before_http ... ok
[INFO] [stdout] test modify_multi_async_patches_documented_body_with_authorization_header ... ok
[INFO] [stdout] test cancel_async_deletes_documented_body_with_authorization_header ... ok
[INFO] [stdout] test place_multi_async_posts_documented_body_with_authorization_header ... ok
[INFO] [stdout] test gtt_place_oco_requires_leg2_before_http ... ok
[INFO] [stdout] test orders_filter_by_id_query_param ... ok
[INFO] [stdout] test cancel_multi_sync_deletes_documented_body_with_authorization_header ... ok
[INFO] [stdout] test modify_async_patches_documented_body_with_authorization_header ... ok
[INFO] [stdout] test order_history_gets_with_documented_authorization_header ... ok
[INFO] [stdout] test place_multi_sync_posts_documented_body_with_authorization_header ... ok
[INFO] [stdout] test place_multileg_sync_posts_documented_body_with_authorization_header ... ok
[INFO] [stdout] test place_async_posts_documented_body_with_authorization_header ... ok
[INFO] [stdout] test tradebook_filters_by_order_tag_query_param ... ok
[INFO] [stdout] test place_sync_posts_documented_body_with_authorization_header ... ok
[INFO] [stdout] test tradebook_gets_with_documented_authorization_header ... ok
[INFO] [stdout] test positions_gets_with_documented_authorization_header ... ok
[INFO] [stdout] test trade_history_gets_with_documented_authorization_header ... ok
[INFO] [stdout] test trade_history_filters_with_documented_query_params ... ok
[INFO] [stdout] 
[INFO] [stdout] test result: ok. 33 passed; 0 failed; 0 ignored; 0 measured; 0 filtered out; finished in 0.04s
[INFO] [stdout] 
[INFO] [stderr]      Running tests/mock_user.rs (/opt/rustwide/target/debug/deps/mock_user-7fcf9bae1f1341db)
[INFO] [stdout] 
[INFO] [stdout] running 6 tests
[INFO] [stdout] test profile_requires_access_token ... ok
[INFO] [stdout] test profile_gets_with_documented_authorization_header ... ok
[INFO] [stdout] test funds_gets_with_documented_authorization_header ... ok
[INFO] [stdout] test non_success_non_json_responses_are_returned_as_broker_errors ... ok
[INFO] [stdout] test broker_error_envelopes_are_returned_as_errors ... ok
[INFO] [stdout] test holdings_gets_with_documented_authorization_header ... ok
[INFO] [stdout] 
[INFO] [stdout] test result: ok. 6 passed; 0 failed; 0 ignored; 0 measured; 0 filtered out; finished in 0.01s
[INFO] [stdout] 
[INFO] [stderr]      Running tests/mock_ws_manager.rs (/opt/rustwide/target/debug/deps/mock_ws_manager-d87ab6c7f61cee23)
[INFO] [stdout] 
[INFO] [stdout] running 12 tests
[INFO] [stdout] test reconnect_policy_is_bounded ... ok
[INFO] [stdout] test data_manager_pongs_pings_between_binary_frames ... ok
[INFO] [stdout] test data_manager_decodes_captured_binary_snapshot ... ok
[INFO] [stdout] test data_manager_decodes_synthetic_update_and_sends_ack ... ok
[INFO] [stdout] test malformed_frames_return_errors_without_panicking ... ok
[INFO] [stdout] test order_manager_rejects_undocumented_actions ... ok
[INFO] [stdout] test tbt_manager_enforces_documented_depth_limits ... ok
[INFO] [stdout] test order_manager_accepts_documented_sdk_action_aliases ... ok
[INFO] [stdout] test tbt_manager_sends_commands_and_decodes_binary_events ... ok
[INFO] [stdout] test order_manager_sends_commands_tracks_replay_and_yields_events ... ok
[INFO] [stdout] test data_manager_rejects_subscribe_request_over_5000_symbols ... ok
[INFO] [stdout] test live_connect_requires_access_token_before_network_io ... FAILED
[INFO] [stdout] 
[INFO] [stdout] failures:
[INFO] [stdout] 
[INFO] [stdout] ---- live_connect_requires_access_token_before_network_io stdout ----
[INFO] [stdout] 
[INFO] [stdout] thread 'live_connect_requires_access_token_before_network_io' (3354) panicked at tests/mock_ws_manager.rs:26:5:
[INFO] [stdout] assertion failed: matches!(error, FyersError::MissingConfig { field: "access_token" })
[INFO] [stdout] stack backtrace:
[INFO] [stdout]    0:     0x562d4ecac841 - std[70759c8f55707aa4]::backtrace_rs::backtrace::libunwind::trace
[INFO] [stdout]                                at /rustc/dfb0accb7f508ae8be965d8629557221c889dd98/library/std/src/../../backtrace/src/backtrace/libunwind.rs:117:9
[INFO] [stdout]    1:     0x562d4ecac841 - std[70759c8f55707aa4]::backtrace_rs::backtrace::trace_unsynchronized::<std[70759c8f55707aa4]::sys::backtrace::_print_fmt::{closure#1}>
[INFO] [stdout]                                at /rustc/dfb0accb7f508ae8be965d8629557221c889dd98/library/std/src/../../backtrace/src/backtrace/mod.rs:66:14
[INFO] [stdout]    2:     0x562d4ecac841 - std[70759c8f55707aa4]::sys::backtrace::_print_fmt
[INFO] [stdout]                                at /rustc/dfb0accb7f508ae8be965d8629557221c889dd98/library/std/src/sys/backtrace.rs:74:9
[INFO] [stdout]    3:     0x562d4ecac841 - <<std[70759c8f55707aa4]::sys::backtrace::BacktraceLock>::print::DisplayBacktrace as core[df12db4294e9bfd3]::fmt::Display>::fmt
[INFO] [stdout]                                at /rustc/dfb0accb7f508ae8be965d8629557221c889dd98/library/std/src/sys/backtrace.rs:44:26
[INFO] [stdout]    4:     0x562d4ecc38da - <core[df12db4294e9bfd3]::fmt::rt::Argument>::fmt
[INFO] [stdout]                                at /rustc/dfb0accb7f508ae8be965d8629557221c889dd98/library/core/src/fmt/rt.rs:152:76
[INFO] [stdout]    5:     0x562d4ecc38da - core[df12db4294e9bfd3]::fmt::write
[INFO] [stdout]    6:     0x562d4ecb18cc - core[df12db4294e9bfd3]::io::write::default_write_fmt::<alloc[2182bb758b4b3781]::vec::Vec<u8>>
[INFO] [stdout]                                at /rustc/dfb0accb7f508ae8be965d8629557221c889dd98/library/core/src/io/write.rs:402:11
[INFO] [stdout]    7:     0x562d4ecb18cc - <alloc[2182bb758b4b3781]::vec::Vec<u8> as core[df12db4294e9bfd3]::io::write::Write>::write_fmt
[INFO] [stdout]                                at /rustc/dfb0accb7f508ae8be965d8629557221c889dd98/library/core/src/io/write.rs:335:13
[INFO] [stdout]    8:     0x562d4ec87516 - <std[70759c8f55707aa4]::sys::backtrace::BacktraceLock>::print
[INFO] [stdout]                                at /rustc/dfb0accb7f508ae8be965d8629557221c889dd98/library/std/src/sys/backtrace.rs:47:9
[INFO] [stdout]    9:     0x562d4ec87516 - std[70759c8f55707aa4]::panicking::default_hook::{closure#0}
[INFO] [stdout]                                at /rustc/dfb0accb7f508ae8be965d8629557221c889dd98/library/std/src/panicking.rs:292:27
[INFO] [stdout]   10:     0x562d4eca43f9 - std[70759c8f55707aa4]::panicking::default_hook
[INFO] [stdout]                                at /rustc/dfb0accb7f508ae8be965d8629557221c889dd98/library/std/src/panicking.rs:316:9
[INFO] [stdout]   11:     0x562d4e55b430 - <alloc[2182bb758b4b3781]::boxed::Box<dyn for<'a, 'b> core[df12db4294e9bfd3]::ops::function::Fn<(&'a std[70759c8f55707aa4]::panic::PanicHookInfo<'b>,), Output = ()> + core[df12db4294e9bfd3]::marker::Send + core[df12db4294e9bfd3]::marker::Sync> as core[df12db4294e9bfd3]::ops::function::Fn<(&std[70759c8f55707aa4]::panic::PanicHookInfo,)>>::call
[INFO] [stdout]                                at /rustc/dfb0accb7f508ae8be965d8629557221c889dd98/library/alloc/src/boxed.rs:2334:9
[INFO] [stdout]   12:     0x562d4e55b430 - test[9d35eded1c95d3be]::test_main_inner::<test[9d35eded1c95d3be]::test_main_static::{closure#0}>::{closure#0}
[INFO] [stdout]                                at /rustc/dfb0accb7f508ae8be965d8629557221c889dd98/library/test/src/lib.rs:155:21
[INFO] [stdout]   13:     0x562d4eca4722 - <alloc[2182bb758b4b3781]::boxed::Box<dyn for<'a, 'b> core[df12db4294e9bfd3]::ops::function::Fn<(&'a std[70759c8f55707aa4]::panic::PanicHookInfo<'b>,), Output = ()> + core[df12db4294e9bfd3]::marker::Send + core[df12db4294e9bfd3]::marker::Sync> as core[df12db4294e9bfd3]::ops::function::Fn<(&std[70759c8f55707aa4]::panic::PanicHookInfo,)>>::call
[INFO] [stdout]                                at /rustc/dfb0accb7f508ae8be965d8629557221c889dd98/library/alloc/src/boxed.rs:2334:9
[INFO] [stdout]   14:     0x562d4eca4722 - std[70759c8f55707aa4]::panicking::panic_with_hook
[INFO] [stdout]                                at /rustc/dfb0accb7f508ae8be965d8629557221c889dd98/library/std/src/panicking.rs:823:13
[INFO] [stdout]   15:     0x562d4ec875f4 - std[70759c8f55707aa4]::panicking::panic_handler::{closure#0}
[INFO] [stdout]                                at /rustc/dfb0accb7f508ae8be965d8629557221c889dd98/library/std/src/panicking.rs:681:13
[INFO] [stdout]   16:     0x562d4ec800d9 - std[70759c8f55707aa4]::sys::backtrace::__rust_end_short_backtrace::<std[70759c8f55707aa4]::panicking::panic_handler::{closure#0}, !>
[INFO] [stdout]                                at /rustc/dfb0accb7f508ae8be965d8629557221c889dd98/library/std/src/sys/backtrace.rs:182:18
[INFO] [stdout]   17:     0x562d4ec883ad - __rustc[8fa7c3cbc660c2b3]::rust_begin_unwind
[INFO] [stdout]                                at /rustc/dfb0accb7f508ae8be965d8629557221c889dd98/library/std/src/panicking.rs:679:5
[INFO] [stdout]   18:     0x562d4ecc412c - core[df12db4294e9bfd3]::panicking::panic_fmt
[INFO] [stdout]                                at /rustc/dfb0accb7f508ae8be965d8629557221c889dd98/library/core/src/panicking.rs:80:14
[INFO] [stdout]   19:     0x562d4ecc40f2 - core[df12db4294e9bfd3]::panicking::panic
[INFO] [stdout]                                at /rustc/dfb0accb7f508ae8be965d8629557221c889dd98/library/core/src/panicking.rs:150:5
[INFO] [stdout]   20:     0x562d4e50ebff - mock_ws_manager[8dcbfc977e4cd45]::live_connect_requires_access_token_before_network_io::{closure#0}
[INFO] [stdout]                                at /opt/rustwide/workdir/tests/mock_ws_manager.rs:26:5
[INFO] [stdout]   21:     0x562d4e51bc52 - <core[df12db4294e9bfd3]::pin::Pin<&mut dyn core[df12db4294e9bfd3]::future::future::Future<Output = ()>> as core[df12db4294e9bfd3]::future::future::Future>::poll
[INFO] [stdout]                                at /rustc/dfb0accb7f508ae8be965d8629557221c889dd98/library/core/src/future/future.rs:133:9
[INFO] [stdout]   22:     0x562d4e51bccd - <core[df12db4294e9bfd3]::pin::Pin<&mut core[df12db4294e9bfd3]::pin::Pin<&mut dyn core[df12db4294e9bfd3]::future::future::Future<Output = ()>>> as core[df12db4294e9bfd3]::future::future::Future>::poll
[INFO] [stdout]                                at /rustc/dfb0accb7f508ae8be965d8629557221c889dd98/library/core/src/future/future.rs:133:9
[INFO] [stdout]   23:     0x562d4e5297ed - <tokio[958c0db673e59fda]::runtime::scheduler::current_thread::CoreGuard>::block_on::<core[df12db4294e9bfd3]::pin::Pin<&mut core[df12db4294e9bfd3]::pin::Pin<&mut dyn core[df12db4294e9bfd3]::future::future::Future<Output = ()>>>>::{closure#0}::{closure#0}::{closure#0}
[INFO] [stdout]                                at /opt/rustwide/cargo-home/registry/src/index.crates.io-1949cf8c6b5b557f/tokio-1.52.1/src/runtime/scheduler/current_thread/mod.rs:778:70
[INFO] [stdout]   24:     0x562d4e529715 - tokio[958c0db673e59fda]::task::coop::with_budget::<core[df12db4294e9bfd3]::task::poll::Poll<()>, <tokio[958c0db673e59fda]::runtime::scheduler::current_thread::CoreGuard>::block_on<core[df12db4294e9bfd3]::pin::Pin<&mut core[df12db4294e9bfd3]::pin::Pin<&mut dyn core[df12db4294e9bfd3]::future::future::Future<Output = ()>>>>::{closure#0}::{closure#0}::{closure#0}>
[INFO] [stdout]                                at /opt/rustwide/cargo-home/registry/src/index.crates.io-1949cf8c6b5b557f/tokio-1.52.1/src/task/coop/mod.rs:167:5
[INFO] [stdout]   25:     0x562d4e529715 - tokio[958c0db673e59fda]::task::coop::budget::<core[df12db4294e9bfd3]::task::poll::Poll<()>, <tokio[958c0db673e59fda]::runtime::scheduler::current_thread::CoreGuard>::block_on<core[df12db4294e9bfd3]::pin::Pin<&mut core[df12db4294e9bfd3]::pin::Pin<&mut dyn core[df12db4294e9bfd3]::future::future::Future<Output = ()>>>>::{closure#0}::{closure#0}::{closure#0}>
[INFO] [stdout]                                at /opt/rustwide/cargo-home/registry/src/index.crates.io-1949cf8c6b5b557f/tokio-1.52.1/src/task/coop/mod.rs:133:5
[INFO] [stdout]   26:     0x562d4e529715 - <tokio[958c0db673e59fda]::runtime::scheduler::current_thread::CoreGuard>::block_on::<core[df12db4294e9bfd3]::pin::Pin<&mut core[df12db4294e9bfd3]::pin::Pin<&mut dyn core[df12db4294e9bfd3]::future::future::Future<Output = ()>>>>::{closure#0}::{closure#0}
[INFO] [stdout]                                at /opt/rustwide/cargo-home/registry/src/index.crates.io-1949cf8c6b5b557f/tokio-1.52.1/src/runtime/scheduler/current_thread/mod.rs:778:25
[INFO] [stdout]   27:     0x562d4e524b92 - <tokio[958c0db673e59fda]::runtime::scheduler::current_thread::Context>::enter::<core[df12db4294e9bfd3]::task::poll::Poll<()>, <tokio[958c0db673e59fda]::runtime::scheduler::current_thread::CoreGuard>::block_on<core[df12db4294e9bfd3]::pin::Pin<&mut core[df12db4294e9bfd3]::pin::Pin<&mut dyn core[df12db4294e9bfd3]::future::future::Future<Output = ()>>>>::{closure#0}::{closure#0}>
[INFO] [stdout]                                at /opt/rustwide/cargo-home/registry/src/index.crates.io-1949cf8c6b5b557f/tokio-1.52.1/src/runtime/scheduler/current_thread/mod.rs:451:19
[INFO] [stdout]   28:     0x562d4e5286dd - <tokio[958c0db673e59fda]::runtime::scheduler::current_thread::CoreGuard>::block_on::<core[df12db4294e9bfd3]::pin::Pin<&mut core[df12db4294e9bfd3]::pin::Pin<&mut dyn core[df12db4294e9bfd3]::future::future::Future<Output = ()>>>>::{closure#0}
[INFO] [stdout]                                at /opt/rustwide/cargo-home/registry/src/index.crates.io-1949cf8c6b5b557f/tokio-1.52.1/src/runtime/scheduler/current_thread/mod.rs:777:44
[INFO] [stdout]   29:     0x562d4e527984 - <tokio[958c0db673e59fda]::runtime::scheduler::current_thread::CoreGuard>::enter::<<tokio[958c0db673e59fda]::runtime::scheduler::current_thread::CoreGuard>::block_on<core[df12db4294e9bfd3]::pin::Pin<&mut core[df12db4294e9bfd3]::pin::Pin<&mut dyn core[df12db4294e9bfd3]::future::future::Future<Output = ()>>>>::{closure#0}, core[df12db4294e9bfd3]::option::Option<()>>::{closure#0}
[INFO] [stdout]                                at /opt/rustwide/cargo-home/registry/src/index.crates.io-1949cf8c6b5b557f/tokio-1.52.1/src/runtime/scheduler/current_thread/mod.rs:865:68
[INFO] [stdout]   30:     0x562d4e53498b - <tokio[958c0db673e59fda]::runtime::context::scoped::Scoped<tokio[958c0db673e59fda]::runtime::scheduler::Context>>::set::<<tokio[958c0db673e59fda]::runtime::scheduler::current_thread::CoreGuard>::enter<<tokio[958c0db673e59fda]::runtime::scheduler::current_thread::CoreGuard>::block_on<core[df12db4294e9bfd3]::pin::Pin<&mut core[df12db4294e9bfd3]::pin::Pin<&mut dyn core[df12db4294e9bfd3]::future::future::Future<Output = ()>>>>::{closure#0}, core[df12db4294e9bfd3]::option::Option<()>>::{closure#0}, (alloc[2182bb758b4b3781]::boxed::Box<tokio[958c0db673e59fda]::runtime::scheduler::current_thread::Core>, core[df12db4294e9bfd3]::option::Option<()>)>
[INFO] [stdout]                                at /opt/rustwide/cargo-home/registry/src/index.crates.io-1949cf8c6b5b557f/tokio-1.52.1/src/runtime/context/scoped.rs:40:9
[INFO] [stdout]   31:     0x562d4e544e89 - tokio[958c0db673e59fda]::runtime::context::set_scheduler::<(alloc[2182bb758b4b3781]::boxed::Box<tokio[958c0db673e59fda]::runtime::scheduler::current_thread::Core>, core[df12db4294e9bfd3]::option::Option<()>), <tokio[958c0db673e59fda]::runtime::scheduler::current_thread::CoreGuard>::enter<<tokio[958c0db673e59fda]::runtime::scheduler::current_thread::CoreGuard>::block_on<core[df12db4294e9bfd3]::pin::Pin<&mut core[df12db4294e9bfd3]::pin::Pin<&mut dyn core[df12db4294e9bfd3]::future::future::Future<Output = ()>>>>::{closure#0}, core[df12db4294e9bfd3]::option::Option<()>>::{closure#0}>::{closure#0}
[INFO] [stdout]                                at /opt/rustwide/cargo-home/registry/src/index.crates.io-1949cf8c6b5b557f/tokio-1.52.1/src/runtime/context.rs:181:38
[INFO] [stdout]   32:     0x562d4e51d15f - <std[70759c8f55707aa4]::thread::local::LocalKey<tokio[958c0db673e59fda]::runtime::context::Context>>::try_with::<tokio[958c0db673e59fda]::runtime::context::set_scheduler<(alloc[2182bb758b4b3781]::boxed::Box<tokio[958c0db673e59fda]::runtime::scheduler::current_thread::Core>, core[df12db4294e9bfd3]::option::Option<()>), <tokio[958c0db673e59fda]::runtime::scheduler::current_thread::CoreGuard>::enter<<tokio[958c0db673e59fda]::runtime::scheduler::current_thread::CoreGuard>::block_on<core[df12db4294e9bfd3]::pin::Pin<&mut core[df12db4294e9bfd3]::pin::Pin<&mut dyn core[df12db4294e9bfd3]::future::future::Future<Output = ()>>>>::{closure#0}, core[df12db4294e9bfd3]::option::Option<()>>::{closure#0}>::{closure#0}, (alloc[2182bb758b4b3781]::boxed::Box<tokio[958c0db673e59fda]::runtime::scheduler::current_thread::Core>, core[df12db4294e9bfd3]::option::Option<()>)>
[INFO] [stdout]                                at /rustc/dfb0accb7f508ae8be965d8629557221c889dd98/library/std/src/thread/local.rs:463:12
[INFO] [stdout]   33:     0x562d4e51cd0e - <std[70759c8f55707aa4]::thread::local::LocalKey<tokio[958c0db673e59fda]::runtime::context::Context>>::with::<tokio[958c0db673e59fda]::runtime::context::set_scheduler<(alloc[2182bb758b4b3781]::boxed::Box<tokio[958c0db673e59fda]::runtime::scheduler::current_thread::Core>, core[df12db4294e9bfd3]::option::Option<()>), <tokio[958c0db673e59fda]::runtime::scheduler::current_thread::CoreGuard>::enter<<tokio[958c0db673e59fda]::runtime::scheduler::current_thread::CoreGuard>::block_on<core[df12db4294e9bfd3]::pin::Pin<&mut core[df12db4294e9bfd3]::pin::Pin<&mut dyn core[df12db4294e9bfd3]::future::future::Future<Output = ()>>>>::{closure#0}, core[df12db4294e9bfd3]::option::Option<()>>::{closure#0}>::{closure#0}, (alloc[2182bb758b4b3781]::boxed::Box<tokio[958c0db673e59fda]::runtime::scheduler::current_thread::Core>, core[df12db4294e9bfd3]::option::Option<()>)>
[INFO] [stdout]                                at /rustc/dfb0accb7f508ae8be965d8629557221c889dd98/library/std/src/thread/local.rs:427:20
[INFO] [stdout]   34:     0x562d4e54403d - tokio[958c0db673e59fda]::runtime::context::set_scheduler::<(alloc[2182bb758b4b3781]::boxed::Box<tokio[958c0db673e59fda]::runtime::scheduler::current_thread::Core>, core[df12db4294e9bfd3]::option::Option<()>), <tokio[958c0db673e59fda]::runtime::scheduler::current_thread::CoreGuard>::enter<<tokio[958c0db673e59fda]::runtime::scheduler::current_thread::CoreGuard>::block_on<core[df12db4294e9bfd3]::pin::Pin<&mut core[df12db4294e9bfd3]::pin::Pin<&mut dyn core[df12db4294e9bfd3]::future::future::Future<Output = ()>>>>::{closure#0}, core[df12db4294e9bfd3]::option::Option<()>>::{closure#0}>
[INFO] [stdout]                                at /opt/rustwide/cargo-home/registry/src/index.crates.io-1949cf8c6b5b557f/tokio-1.52.1/src/runtime/context.rs:181:17
[INFO] [stdout]   35:     0x562d4e525c00 - <tokio[958c0db673e59fda]::runtime::scheduler::current_thread::CoreGuard>::enter::<<tokio[958c0db673e59fda]::runtime::scheduler::current_thread::CoreGuard>::block_on<core[df12db4294e9bfd3]::pin::Pin<&mut core[df12db4294e9bfd3]::pin::Pin<&mut dyn core[df12db4294e9bfd3]::future::future::Future<Output = ()>>>>::{closure#0}, core[df12db4294e9bfd3]::option::Option<()>>
[INFO] [stdout]                                at /opt/rustwide/cargo-home/registry/src/index.crates.io-1949cf8c6b5b557f/tokio-1.52.1/src/runtime/scheduler/current_thread/mod.rs:865:27
[INFO] [stdout]   36:     0x562d4e525ef6 - <tokio[958c0db673e59fda]::runtime::scheduler::current_thread::CoreGuard>::block_on::<core[df12db4294e9bfd3]::pin::Pin<&mut core[df12db4294e9bfd3]::pin::Pin<&mut dyn core[df12db4294e9bfd3]::future::future::Future<Output = ()>>>>
[INFO] [stdout]                                at /opt/rustwide/cargo-home/registry/src/index.crates.io-1949cf8c6b5b557f/tokio-1.52.1/src/runtime/scheduler/current_thread/mod.rs:765:24
[INFO] [stdout]   37:     0x562d4e527590 - <tokio[958c0db673e59fda]::runtime::scheduler::current_thread::CurrentThread>::block_on::<core[df12db4294e9bfd3]::pin::Pin<&mut dyn core[df12db4294e9bfd3]::future::future::Future<Output = ()>>>::{closure#0}
[INFO] [stdout]                                at /opt/rustwide/cargo-home/registry/src/index.crates.io-1949cf8c6b5b557f/tokio-1.52.1/src/runtime/scheduler/current_thread/mod.rs:205:33
[INFO] [stdout]   38:     0x562d4e536b18 - tokio[958c0db673e59fda]::runtime::context::runtime::enter_runtime::<<tokio[958c0db673e59fda]::runtime::scheduler::current_thread::CurrentThread>::block_on<core[df12db4294e9bfd3]::pin::Pin<&mut dyn core[df12db4294e9bfd3]::future::future::Future<Output = ()>>>::{closure#0}, ()>
[INFO] [stdout]                                at /opt/rustwide/cargo-home/registry/src/index.crates.io-1949cf8c6b5b557f/tokio-1.52.1/src/runtime/context/runtime.rs:65:16
[INFO] [stdout]   39:     0x562d4e524754 - <tokio[958c0db673e59fda]::runtime::scheduler::current_thread::CurrentThread>::block_on::<core[df12db4294e9bfd3]::pin::Pin<&mut dyn core[df12db4294e9bfd3]::future::future::Future<Output = ()>>>
[INFO] [stdout]                                at /opt/rustwide/cargo-home/registry/src/index.crates.io-1949cf8c6b5b557f/tokio-1.52.1/src/runtime/scheduler/current_thread/mod.rs:193:9
[INFO] [stdout]   40:     0x562d4e51c71f - <tokio[958c0db673e59fda]::runtime::runtime::Runtime>::block_on_inner::<core[df12db4294e9bfd3]::pin::Pin<&mut dyn core[df12db4294e9bfd3]::future::future::Future<Output = ()>>>
[INFO] [stdout]                                at /opt/rustwide/cargo-home/registry/src/index.crates.io-1949cf8c6b5b557f/tokio-1.52.1/src/runtime/runtime.rs:371:52
[INFO] [stdout]   41:     0x562d4e51c86b - <tokio[958c0db673e59fda]::runtime::runtime::Runtime>::block_on::<core[df12db4294e9bfd3]::pin::Pin<&mut dyn core[df12db4294e9bfd3]::future::future::Future<Output = ()>>>
[INFO] [stdout]                                at /opt/rustwide/cargo-home/registry/src/index.crates.io-1949cf8c6b5b557f/tokio-1.52.1/src/runtime/runtime.rs:345:18
[INFO] [stdout]   42:     0x562d4e5147ad - mock_ws_manager[8dcbfc977e4cd45]::live_connect_requires_access_token_before_network_io
[INFO] [stdout]                                at /opt/rustwide/workdir/tests/mock_ws_manager.rs:31:7
[INFO] [stdout]   43:     0x562d4e508677 - mock_ws_manager[8dcbfc977e4cd45]::live_connect_requires_access_token_before_network_io::{closure#0}
[INFO] [stdout]                                at /opt/rustwide/workdir/tests/mock_ws_manager.rs:19:64
[INFO] [stdout]   44:     0x562d4e54e546 - <mock_ws_manager[8dcbfc977e4cd45]::live_connect_requires_access_token_before_network_io::{closure#0} as core[df12db4294e9bfd3]::ops::function::FnOnce<()>>::call_once
[INFO] [stdout]                                at /rustc/dfb0accb7f508ae8be965d8629557221c889dd98/library/core/src/ops/function.rs:250:5
[INFO] [stdout]   45:     0x562d4e54e71b - <fn() -> core[df12db4294e9bfd3]::result::Result<(), alloc[2182bb758b4b3781]::string::String> as core[df12db4294e9bfd3]::ops::function::FnOnce<()>>::call_once
[INFO] [stdout]                                at /rustc/dfb0accb7f508ae8be965d8629557221c889dd98/library/core/src/ops/function.rs:250:5
[INFO] [stdout]   46:     0x562d4e54e71b - test[9d35eded1c95d3be]::__rust_begin_short_backtrace::<core[df12db4294e9bfd3]::result::Result<(), alloc[2182bb758b4b3781]::string::String>, fn() -> core[df12db4294e9bfd3]::result::Result<(), alloc[2182bb758b4b3781]::string::String>>
[INFO] [stdout]                                at /rustc/dfb0accb7f508ae8be965d8629557221c889dd98/library/test/src/lib.rs:733:18
[INFO] [stdout]   47:     0x562d4e55bd85 - test[9d35eded1c95d3be]::run_test_in_process::{closure#0}
[INFO] [stdout]                                at /rustc/dfb0accb7f508ae8be965d8629557221c889dd98/library/test/src/lib.rs:756:74
[INFO] [stdout]   48:     0x562d4e55bd85 - <core[df12db4294e9bfd3]::panic::unwind_safe::AssertUnwindSafe<test[9d35eded1c95d3be]::run_test_in_process::{closure#0}> as core[df12db4294e9bfd3]::ops::function::FnOnce<()>>::call_once
[INFO] [stdout]                                at /rustc/dfb0accb7f508ae8be965d8629557221c889dd98/library/core/src/panic/unwind_safe.rs:275:9
[INFO] [stdout]   49:     0x562d4e55bd85 - std[70759c8f55707aa4]::panicking::catch_unwind::do_call::<core[df12db4294e9bfd3]::panic::unwind_safe::AssertUnwindSafe<test[9d35eded1c95d3be]::run_test_in_process::{closure#0}>, core[df12db4294e9bfd3]::result::Result<(), alloc[2182bb758b4b3781]::string::String>>
[INFO] [stdout]                                at /rustc/dfb0accb7f508ae8be965d8629557221c889dd98/library/std/src/panicking.rs:576:43
[INFO] [stdout]   50:     0x562d4e55bd85 - std[70759c8f55707aa4]::panicking::catch_unwind::<core[df12db4294e9bfd3]::result::Result<(), alloc[2182bb758b4b3781]::string::String>, core[df12db4294e9bfd3]::panic::unwind_safe::AssertUnwindSafe<test[9d35eded1c95d3be]::run_test_in_process::{closure#0}>>
[INFO] [stdout]                                at /rustc/dfb0accb7f508ae8be965d8629557221c889dd98/library/std/src/panicking.rs:544:19
[INFO] [stdout]   51:     0x562d4e55bd85 - std[70759c8f55707aa4]::panic::catch_unwind::<core[df12db4294e9bfd3]::panic::unwind_safe::AssertUnwindSafe<test[9d35eded1c95d3be]::run_test_in_process::{closure#0}>, core[df12db4294e9bfd3]::result::Result<(), alloc[2182bb758b4b3781]::string::String>>
[INFO] [stdout]                                at /rustc/dfb0accb7f508ae8be965d8629557221c889dd98/library/std/src/panic.rs:359:14
[INFO] [stdout]   52:     0x562d4e55bd85 - test[9d35eded1c95d3be]::run_test_in_process
[INFO] [stdout]                                at /rustc/dfb0accb7f508ae8be965d8629557221c889dd98/library/test/src/lib.rs:756:27
[INFO] [stdout]   53:     0x562d4e55bd85 - test[9d35eded1c95d3be]::run_test::{closure#0}
[INFO] [stdout]                                at /rustc/dfb0accb7f508ae8be965d8629557221c889dd98/library/test/src/lib.rs:677:43
[INFO] [stdout]   54:     0x562d4e555644 - test[9d35eded1c95d3be]::run_test::{closure#1}
[INFO] [stdout]                                at /rustc/dfb0accb7f508ae8be965d8629557221c889dd98/library/test/src/lib.rs:707:41
[INFO] [stdout]   55:     0x562d4e555644 - std[70759c8f55707aa4]::sys::backtrace::__rust_begin_short_backtrace::<test[9d35eded1c95d3be]::run_test::{closure#1}, ()>
[INFO] [stdout]                                at /rustc/dfb0accb7f508ae8be965d8629557221c889dd98/library/std/src/sys/backtrace.rs:166:18
[INFO] [stdout]   56:     0x562d4e55eee2 - std[70759c8f55707aa4]::thread::lifecycle::spawn_unchecked::<test[9d35eded1c95d3be]::run_test::{closure#1}, ()>::{closure#1}::{closure#0}
[INFO] [stdout]                                at /rustc/dfb0accb7f508ae8be965d8629557221c889dd98/library/std/src/thread/lifecycle.rs:70:13
[INFO] [stdout]   57:     0x562d4e55eee2 - <core[df12db4294e9bfd3]::panic::unwind_safe::AssertUnwindSafe<std[70759c8f55707aa4]::thread::lifecycle::spawn_unchecked<test[9d35eded1c95d3be]::run_test::{closure#1}, ()>::{closure#1}::{closure#0}> as core[df12db4294e9bfd3]::ops::function::FnOnce<()>>::call_once
[INFO] [stdout]                                at /rustc/dfb0accb7f508ae8be965d8629557221c889dd98/library/core/src/panic/unwind_safe.rs:275:9
[INFO] [stdout]   58:     0x562d4e55eee2 - std[70759c8f55707aa4]::panicking::catch_unwind::do_call::<core[df12db4294e9bfd3]::panic::unwind_safe::AssertUnwindSafe<std[70759c8f55707aa4]::thread::lifecycle::spawn_unchecked<test[9d35eded1c95d3be]::run_test::{closure#1}, ()>::{closure#1}::{closure#0}>, ()>
[INFO] [stdout]                                at /rustc/dfb0accb7f508ae8be965d8629557221c889dd98/library/std/src/panicking.rs:576:43
[INFO] [stdout]   59:     0x562d4e55eee2 - std[70759c8f55707aa4]::panicking::catch_unwind::<(), core[df12db4294e9bfd3]::panic::unwind_safe::AssertUnwindSafe<std[70759c8f55707aa4]::thread::lifecycle::spawn_unchecked<test[9d35eded1c95d3be]::run_test::{closure#1}, ()>::{closure#1}::{closure#0}>>
[INFO] [stdout]                                at /rustc/dfb0accb7f508ae8be965d8629557221c889dd98/library/std/src/panicking.rs:544:19
[INFO] [stdout]   60:     0x562d4e55eee2 - std[70759c8f55707aa4]::panic::catch_unwind::<core[df12db4294e9bfd3]::panic::unwind_safe::AssertUnwindSafe<std[70759c8f55707aa4]::thread::lifecycle::spawn_unchecked<test[9d35eded1c95d3be]::run_test::{closure#1}, ()>::{closure#1}::{closure#0}>, ()>
[INFO] [stdout]                                at /rustc/dfb0accb7f508ae8be965d8629557221c889dd98/library/std/src/panic.rs:359:14
[INFO] [stdout]   61:     0x562d4e55eee2 - std[70759c8f55707aa4]::thread::lifecycle::spawn_unchecked::<test[9d35eded1c95d3be]::run_test::{closure#1}, ()>::{closure#1}
[INFO] [stdout]                                at /rustc/dfb0accb7f508ae8be965d8629557221c889dd98/library/std/src/thread/lifecycle.rs:68:26
[INFO] [stdout]   62:     0x562d4e55eee2 - <std[70759c8f55707aa4]::thread::lifecycle::spawn_unchecked<test[9d35eded1c95d3be]::run_test::{closure#1}, ()>::{closure#1} as core[df12db4294e9bfd3]::ops::function::FnOnce<()>>::call_once::{shim:vtable#0}
[INFO] [stdout]                                at /rustc/dfb0accb7f508ae8be965d8629557221c889dd98/library/core/src/ops/function.rs:250:5
[INFO] [stdout]   63:     0x562d4ecab9f9 - <alloc[2182bb758b4b3781]::boxed::Box<dyn core[df12db4294e9bfd3]::ops::function::FnOnce<(), Output = ()> + core[df12db4294e9bfd3]::marker::Send> as core[df12db4294e9bfd3]::ops::function::FnOnce<()>>::call_once
[INFO] [stdout]                                at /rustc/dfb0accb7f508ae8be965d8629557221c889dd98/library/alloc/src/boxed.rs:2320:9
[INFO] [stdout]   64:     0x562d4ecab9f9 - <std[70759c8f55707aa4]::sys::thread::unix::Thread>::new::thread_start
[INFO] [stdout]                                at /rustc/dfb0accb7f508ae8be965d8629557221c889dd98/library/std/src/sys/thread/unix.rs:123:17
[INFO] [stdout]   65:     0x7ad5864b8dfa - <unknown>
[INFO] [stdout]   66:     0x7ad58654c3d4 - clone
[INFO] [stdout]   67:                0x0 - <unknown>
[INFO] [stdout] 
[INFO] [stdout] 
[INFO] [stdout] failures:
[INFO] [stdout]     live_connect_requires_access_token_before_network_io
[INFO] [stdout] 
[INFO] [stdout] test result: FAILED. 11 passed; 1 failed; 0 ignored; 0 measured; 0 filtered out; finished in 0.23s
[INFO] [stdout] 
[INFO] [stderr] error: test failed, to rerun pass `--test mock_ws_manager`
[INFO] running `Command { std: "docker" "inspect" "1c65a9d344602db1c3819574c30a2f977c20ea5e72a9587f20d2c58257b69ec7", kill_on_drop: false }`
[INFO] running `Command { std: "docker" "rm" "-f" "1c65a9d344602db1c3819574c30a2f977c20ea5e72a9587f20d2c58257b69ec7", kill_on_drop: false }`
[INFO] [stdout] 1c65a9d344602db1c3819574c30a2f977c20ea5e72a9587f20d2c58257b69ec7
