[INFO] cloning repository https://github.com/QuipNetwork/isingmark
[INFO] running `Command { std: "git" "-c" "credential.helper=" "-c" "credential.helper=/workspace/cargo-home/bin/git-credential-null" "clone" "--bare" "https://github.com/QuipNetwork/isingmark" "/workspace/cache/git-repos/https%3A%2F%2Fgithub.com%2FQuipNetwork%2Fisingmark", kill_on_drop: false }`
[INFO] [stderr] Cloning into bare repository '/workspace/cache/git-repos/https%3A%2F%2Fgithub.com%2FQuipNetwork%2Fisingmark'...
[INFO] running `Command { std: "git" "rev-parse" "HEAD", kill_on_drop: false }`
[INFO] [stdout] b56e31aef71d093f5094fcde1625e720af8f1634
[INFO] testing QuipNetwork/isingmark against 1.99.0-beta.8 for beta-1.100-2
[INFO] running `Command { std: "git" "clone" "/workspace/cache/git-repos/https%3A%2F%2Fgithub.com%2FQuipNetwork%2Fisingmark" "/workspace/builds/worker-2-tc1/source", kill_on_drop: false }`
[INFO] [stderr] Cloning into '/workspace/builds/worker-2-tc1/source'...
[INFO] [stderr] done.
[INFO] removed /workspace/builds/worker-2-tc1/source/rust-toolchain.toml
[INFO] started tweaking git repo https://github.com/QuipNetwork/isingmark
[INFO] finished tweaking git repo https://github.com/QuipNetwork/isingmark
[INFO] tweaked toml for git repo https://github.com/QuipNetwork/isingmark written to /workspace/builds/worker-2-tc1/source/Cargo.toml
[INFO] validating manifest of git repo https://github.com/QuipNetwork/isingmark on toolchain 1.99.0-beta.8
[INFO] running `Command { std: CARGO_HOME="/workspace/cargo-home" RUSTUP_HOME="/workspace/rustup-home" "/workspace/cargo-home/bin/cargo" "+1.99.0-beta.8" "metadata" "--manifest-path" "Cargo.toml" "--no-deps", kill_on_drop: false }`
[INFO] crate git repo https://github.com/QuipNetwork/isingmark already has a lockfile, it will not be regenerated
[INFO] running `Command { std: CARGO_HOME="/workspace/cargo-home" RUSTUP_HOME="/workspace/rustup-home" "/workspace/cargo-home/bin/cargo" "+1.99.0-beta.8" "fetch" "--manifest-path" "Cargo.toml", kill_on_drop: false }`
[INFO] [stderr] warning: Cargo.toml: `lints.clippy.allow-attributes` is deprecated in favor of `lints.clippy.allow_attributes` and will not work in a future edition
[INFO] [stderr] warning: Cargo.toml: `lints.clippy.await-holding-lock` is deprecated in favor of `lints.clippy.await_holding_lock` and will not work in a future edition
[INFO] [stderr] warning: Cargo.toml: `lints.clippy.mem-forget` is deprecated in favor of `lints.clippy.mem_forget` and will not work in a future edition
[INFO] [stderr] warning: Cargo.toml: `lints.clippy.panic-in-result-fn` is deprecated in favor of `lints.clippy.panic_in_result_fn` and will not work in a future edition
[INFO] [stderr] warning: Cargo.toml: `lints.clippy.print-stderr` is deprecated in favor of `lints.clippy.print_stderr` and will not work in a future edition
[INFO] [stderr] warning: Cargo.toml: `lints.clippy.print-stdout` is deprecated in favor of `lints.clippy.print_stdout` and will not work in a future edition
[INFO] [stderr] warning: Cargo.toml: `lints.clippy.unwrap-used` is deprecated in favor of `lints.clippy.unwrap_used` and will not work in a future edition
[INFO] [stderr] warning: Cargo.toml: `lints.rust.unsafe-code` is deprecated in favor of `lints.rust.unsafe_code` and will not work in a future edition
[INFO] [stderr] warning: `isingmark` (manifest) generated 8 warnings
[INFO] [stderr]     Updating git repository `https://gitlab.com/quip.network/quip-miner.git`
[INFO] [stderr]     Updating crates.io index
[INFO] [stderr]     Blocking waiting for file lock on package cache
[INFO] [stderr]  Downloading crates ...
[INFO] [stderr]   Downloaded zerocopy-derive v0.8.55
[INFO] [stderr]   Downloaded either v1.17.0
[INFO] [stderr]   Downloaded yeslogic-fontconfig-sys v6.0.1
[INFO] [stderr]   Downloaded konst_macro_rules v0.2.19
[INFO] [stderr]   Downloaded float-ord v0.3.2
[INFO] [stderr]   Downloaded wio v0.2.2
[INFO] [stderr]   Downloaded dlib v0.5.3
[INFO] [stderr]   Downloaded libredox v0.1.19
[INFO] [stderr]   Downloaded plotters-bitmap v0.3.7
[INFO] [stderr]   Downloaded dwrote v0.11.5
[INFO] [stderr]   Downloaded core-text v20.1.0
[INFO] [stderr]   Downloaded encoding_rs_io v0.1.8
[INFO] [stderr]   Downloaded arraydeque v0.5.1
[INFO] [stderr]   Downloaded annotate-snippets v0.12.16
[INFO] [stderr]   Downloaded clap v4.6.5
[INFO] [stderr]   Downloaded font-kit v0.14.3
[INFO] [stderr]   Downloaded const_format v0.2.36
[INFO] [stderr]   Downloaded konst v0.2.20
[INFO] [stderr]   Downloaded granit-parser v1.0.0
[INFO] [stderr]   Downloaded ttf-parser v0.20.0
[INFO] [stderr]   Downloaded clap_builder v4.6.5
[INFO] [stderr]   Downloaded bitvec v1.1.1
[INFO] [stderr]   Downloaded zerocopy v0.8.55
[INFO] [stderr]   Downloaded serde-saphyr v1.0.0
[INFO] [stderr]   Downloaded gif v0.12.0
[INFO] [stderr]   Downloaded jpeg-decoder v0.3.2
[INFO] [stderr]   Downloaded freetype-sys v0.20.1
[INFO] running `Command { std: "docker" "create" "-v" "/var/lib/crater-agent-workspace/builds/worker-2-tc1/source:/opt/rustwide/workdir:ro,Z" "-v" "/var/lib/crater-agent-workspace/builds/worker-2-tc1/target:/opt/rustwide/target:rw,Z" "-v" "/var/lib/crater-agent-workspace/cargo-home:/opt/rustwide/cargo-home:ro,Z" "-v" "/var/lib/crater-agent-workspace/rustup-home:/opt/rustwide/rustup-home:ro,Z" "-m" "1610612736" "--network" "none" "ghcr.io/rust-lang/crates-build-env/linux@sha256:3111399a4047eeb3a02b7a90e478d715f38a8c6669b5c4b49d30a17385265909" "sleep" "infinity", kill_on_drop: false }`
[INFO] [stdout] af82998f45d1a393025274f1e15b8a9b9facd3de9af2cf082e8c239eba38cde9
[INFO] running `Command { std: "docker" "start" "af82998f45d1a393025274f1e15b8a9b9facd3de9af2cf082e8c239eba38cde9", kill_on_drop: false }`
[INFO] running `Command { std: "docker" "inspect" "af82998f45d1a393025274f1e15b8a9b9facd3de9af2cf082e8c239eba38cde9", kill_on_drop: false }`
[INFO] running `Command { std: "docker" "exec" "-e" "SOURCE_DIR=/opt/rustwide/workdir" "-e" "CARGO_HOME=/opt/rustwide/cargo-home" "-e" "RUSTUP_HOME=/opt/rustwide/rustup-home" "-e" "CARGO_TARGET_DIR=/opt/rustwide/target" "-w" "/opt/rustwide/workdir" "--user" "0:0" "af82998f45d1a393025274f1e15b8a9b9facd3de9af2cf082e8c239eba38cde9" "/opt/rustwide/cargo-home/bin/cargo" "+1.99.0-beta.8" "metadata" "--no-deps" "--format-version=1", kill_on_drop: false }`
[INFO] running `Command { std: "docker" "inspect" "af82998f45d1a393025274f1e15b8a9b9facd3de9af2cf082e8c239eba38cde9", kill_on_drop: false }`
[INFO] running `Command { std: "docker" "exec" "-e" "SOURCE_DIR=/opt/rustwide/workdir" "-e" "CARGO_HOME=/opt/rustwide/cargo-home" "-e" "RUSTUP_HOME=/opt/rustwide/rustup-home" "-e" "CARGO_TARGET_DIR=/opt/rustwide/target" "-e" "CARGO_INCREMENTAL=0" "-e" "RUST_BACKTRACE=full" "-e" "RUSTFLAGS=--cap-lints=warn" "-e" "RUSTDOCFLAGS=--cap-lints=warn" "-w" "/opt/rustwide/workdir" "--user" "0:0" "af82998f45d1a393025274f1e15b8a9b9facd3de9af2cf082e8c239eba38cde9" "/opt/rustwide/cargo-home/bin/cargo" "+1.99.0-beta.8" "build" "--frozen" "--message-format=json", kill_on_drop: false }`
[INFO] [stderr] warning: Cargo.toml: `lints.clippy.allow-attributes` is deprecated in favor of `lints.clippy.allow_attributes` and will not work in a future edition
[INFO] [stderr] warning: Cargo.toml: `lints.clippy.await-holding-lock` is deprecated in favor of `lints.clippy.await_holding_lock` and will not work in a future edition
[INFO] [stderr] warning: Cargo.toml: `lints.clippy.mem-forget` is deprecated in favor of `lints.clippy.mem_forget` and will not work in a future edition
[INFO] [stderr] warning: Cargo.toml: `lints.clippy.panic-in-result-fn` is deprecated in favor of `lints.clippy.panic_in_result_fn` and will not work in a future edition
[INFO] [stderr] warning: Cargo.toml: `lints.clippy.print-stderr` is deprecated in favor of `lints.clippy.print_stderr` and will not work in a future edition
[INFO] [stderr] warning: Cargo.toml: `lints.clippy.print-stdout` is deprecated in favor of `lints.clippy.print_stdout` and will not work in a future edition
[INFO] [stderr] warning: Cargo.toml: `lints.clippy.unwrap-used` is deprecated in favor of `lints.clippy.unwrap_used` and will not work in a future edition
[INFO] [stderr] warning: Cargo.toml: `lints.rust.unsafe-code` is deprecated in favor of `lints.rust.unsafe_code` and will not work in a future edition
[INFO] [stderr] warning: `isingmark` (manifest) generated 8 warnings
[INFO] [stderr]    Compiling libc v0.2.189
[INFO] [stderr]    Compiling futures-core v0.3.33
[INFO] [stderr]    Compiling proc-macro2 v1.0.107
[INFO] [stderr]    Compiling anyhow v1.0.104
[INFO] [stderr]    Compiling either v1.17.0
[INFO] [stderr]    Compiling http v1.5.0
[INFO] [stderr]    Compiling indexmap v2.14.0
[INFO] [stderr]    Compiling serde_core v1.0.229
[INFO] [stderr]    Compiling futures-task v0.3.33
[INFO] [stderr]    Compiling itertools v0.14.0
[INFO] [stderr]    Compiling quote v1.0.47
[INFO] [stderr]    Compiling futures-util v0.3.33
[INFO] [stderr]    Compiling syn v2.0.119
[INFO] [stderr]    Compiling syn v3.0.3
[INFO] [stderr]    Compiling zerocopy v0.8.55
[INFO] [stderr]    Compiling futures-sink v0.3.33
[INFO] [stderr]    Compiling getrandom v0.4.3
[INFO] [stderr]    Compiling rustix v1.1.4
[INFO] [stderr]    Compiling http-body v1.1.0
[INFO] [stderr]    Compiling errno v0.3.14
[INFO] [stderr]    Compiling mio v1.2.2
[INFO] [stderr]    Compiling signal-hook-registry v1.4.8
[INFO] [stderr]    Compiling socket2 v0.6.5
[INFO] [stderr]    Compiling bitflags v2.13.1
[INFO] [stderr]    Compiling linux-raw-sys v0.12.1
[INFO] [stderr]    Compiling bytes v1.12.1
[INFO] [stderr]    Compiling regex-syntax v0.8.11
[INFO] [stderr]    Compiling prettyplease v0.2.37
[INFO] [stderr]    Compiling getrandom v0.2.17
[INFO] [stderr]    Compiling fixedbitset v0.5.7
[INFO] [stderr]    Compiling serde v1.0.229
[INFO] [stderr]    Compiling fastrand v2.5.0
[INFO] [stderr]    Compiling petgraph v0.7.1
[INFO] [stderr]    Compiling rand_core v0.6.4
[INFO] [stderr]    Compiling futures-channel v0.3.33
[INFO] [stderr]    Compiling indexmap v1.9.3
[INFO] [stderr]    Compiling log v0.4.33
[INFO] [stderr]    Compiling multimap v0.10.1
[INFO] [stderr]    Compiling http-body-util v0.1.4
[INFO] [stderr]    Compiling cc v1.4.0
[INFO] [stderr]    Compiling regex-automata v0.4.16
[INFO] [stderr]    Compiling tempfile v3.27.0
[INFO] [stderr]    Compiling tower v0.5.3
[INFO] [stderr]    Compiling socket2 v0.5.10
[INFO] [stderr]    Compiling arrayvec v0.7.8
[INFO] [stderr]    Compiling constant_time_eq v0.4.2
[INFO] [stderr]    Compiling blake3 v1.8.5
[INFO] [stderr]    Compiling konst_macro_rules v0.2.19
[INFO] [stderr]    Compiling tokio-macros v2.7.2
[INFO] [stderr]    Compiling serde_derive v1.0.229
[INFO] [stderr]    Compiling async-trait v0.1.91
[INFO] [stderr]    Compiling arrayref v0.3.9
[INFO] [stderr]    Compiling tokio v1.53.1
[INFO] [stderr]    Compiling clap_builder v4.6.5
[INFO] [stderr]    Compiling regex v1.13.1
[INFO] [stderr]    Compiling axum-core v0.4.5
[INFO] [stderr]    Compiling const_format_proc_macros v0.2.34
[INFO] [stderr]    Compiling konst v0.2.20
[INFO] [stderr]    Compiling prost-derive v0.13.5
[INFO] [stderr]    Compiling tracing-attributes v0.1.31
[INFO] [stderr]    Compiling ppv-lite86 v0.2.21
[INFO] [stderr]    Compiling pin-project-internal v1.1.13
[INFO] [stderr]    Compiling rand_chacha v0.3.1
[INFO] [stderr]    Compiling rand v0.8.7
[INFO] [stderr]    Compiling tracing v0.1.44
[INFO] [stderr]    Compiling prost v0.13.5
[INFO] [stderr]    Compiling pin-project v1.1.13
[INFO] [stderr]    Compiling async-stream-impl v0.3.6
[INFO] [stderr]    Compiling clap_derive v4.6.4
[INFO] [stderr]    Compiling prost-types v0.13.5
[INFO] [stderr]    Compiling async-stream v0.3.6
[INFO] [stderr]    Compiling parity-scale-codec v3.7.5
[INFO] [stderr]    Compiling serde_json v1.0.151
[INFO] [stderr]    Compiling arraydeque v0.5.1
[INFO] [stderr]    Compiling annotate-snippets v0.12.16
[INFO] [stderr]    Compiling digest v0.10.7
[INFO] [stderr]    Compiling granit-parser v1.0.0
[INFO] [stderr]    Compiling encoding_rs_io v0.1.8
[INFO] [stderr]    Compiling const_format v0.2.36
[INFO] [stderr]    Compiling impl-trait-for-tuples v0.2.3
[INFO] [stderr]    Compiling prost-build v0.13.5
[INFO] [stderr]    Compiling axum v0.7.9
[INFO] [stderr]    Compiling byte-slice-cast v1.2.3
[INFO] [stderr]    Compiling clap v4.6.5
[INFO] [stderr]    Compiling serde-saphyr v1.0.0
[INFO] [stderr]    Compiling tonic-build v0.12.3
[INFO] [stderr]    Compiling blake2 v0.10.6
[INFO] [stderr]    Compiling tokio-util v0.7.19
[INFO] [stderr]    Compiling tokio-stream v0.1.19
[INFO] [stderr]    Compiling quip-proto v0.3.0 (https://gitlab.com/quip.network/quip-miner.git?rev=e667365bef7efbf91ff0d4c988fcfc648e6cc9b6#e667365b)
[INFO] [stderr]    Compiling h2 v0.4.15
[INFO] [stderr]    Compiling tower v0.4.13
[INFO] [stderr]    Compiling hyper v1.11.0
[INFO] [stderr]    Compiling hyper-util v0.1.20
[INFO] [stderr]    Compiling hyper-timeout v0.5.2
[INFO] [stderr]    Compiling tonic v0.12.3
[INFO] [stderr]    Compiling quip-protocol v0.3.0 (https://gitlab.com/quip.network/quip-miner.git?rev=e667365bef7efbf91ff0d4c988fcfc648e6cc9b6#e667365b)
[INFO] [stderr]    Compiling quip-miner-core v0.3.0 (https://gitlab.com/quip.network/quip-miner.git?rev=e667365bef7efbf91ff0d4c988fcfc648e6cc9b6#e667365b)
[INFO] [stderr]    Compiling isingmark v0.1.0 (/opt/rustwide/workdir)
[INFO] [stderr]     Finished `dev` profile [unoptimized + debuginfo] target(s) in 2m 04s
[INFO] running `Command { std: "docker" "inspect" "af82998f45d1a393025274f1e15b8a9b9facd3de9af2cf082e8c239eba38cde9", kill_on_drop: false }`
[INFO] running `Command { std: "docker" "exec" "-e" "SOURCE_DIR=/opt/rustwide/workdir" "-e" "CARGO_HOME=/opt/rustwide/cargo-home" "-e" "RUSTUP_HOME=/opt/rustwide/rustup-home" "-e" "CARGO_TARGET_DIR=/opt/rustwide/target" "-e" "CARGO_INCREMENTAL=0" "-e" "RUST_BACKTRACE=full" "-e" "RUSTFLAGS=--cap-lints=warn" "-e" "RUSTDOCFLAGS=--cap-lints=warn" "-w" "/opt/rustwide/workdir" "--user" "0:0" "af82998f45d1a393025274f1e15b8a9b9facd3de9af2cf082e8c239eba38cde9" "/opt/rustwide/cargo-home/bin/cargo" "+1.99.0-beta.8" "test" "--frozen" "--no-run" "--message-format=json", kill_on_drop: false }`
[INFO] [stderr] warning: Cargo.toml: `lints.clippy.allow-attributes` is deprecated in favor of `lints.clippy.allow_attributes` and will not work in a future edition
[INFO] [stderr] warning: Cargo.toml: `lints.clippy.await-holding-lock` is deprecated in favor of `lints.clippy.await_holding_lock` and will not work in a future edition
[INFO] [stderr] warning: Cargo.toml: `lints.clippy.mem-forget` is deprecated in favor of `lints.clippy.mem_forget` and will not work in a future edition
[INFO] [stderr] warning: Cargo.toml: `lints.clippy.panic-in-result-fn` is deprecated in favor of `lints.clippy.panic_in_result_fn` and will not work in a future edition
[INFO] [stderr] warning: Cargo.toml: `lints.clippy.print-stderr` is deprecated in favor of `lints.clippy.print_stderr` and will not work in a future edition
[INFO] [stderr] warning: Cargo.toml: `lints.clippy.print-stdout` is deprecated in favor of `lints.clippy.print_stdout` and will not work in a future edition
[INFO] [stderr] warning: Cargo.toml: `lints.clippy.unwrap-used` is deprecated in favor of `lints.clippy.unwrap_used` and will not work in a future edition
[INFO] [stderr] warning: Cargo.toml: `lints.rust.unsafe-code` is deprecated in favor of `lints.rust.unsafe_code` and will not work in a future edition
[INFO] [stderr] warning: `isingmark` (manifest) generated 8 warnings
[INFO] [stderr]    Compiling bitflags v2.13.1
[INFO] [stderr]    Compiling fastrand v2.5.0
[INFO] [stderr]    Compiling getrandom v0.4.3
[INFO] [stderr]    Compiling rustix v1.1.4
[INFO] [stderr]    Compiling tempfile v3.27.0
[INFO] [stderr]    Compiling prost-build v0.13.5
[INFO] [stderr]    Compiling tonic-build v0.12.3
[INFO] [stderr]    Compiling quip-proto v0.3.0 (https://gitlab.com/quip.network/quip-miner.git?rev=e667365bef7efbf91ff0d4c988fcfc648e6cc9b6#e667365b)
[INFO] [stderr]    Compiling quip-protocol v0.3.0 (https://gitlab.com/quip.network/quip-miner.git?rev=e667365bef7efbf91ff0d4c988fcfc648e6cc9b6#e667365b)
[INFO] [stderr]    Compiling quip-miner-core v0.3.0 (https://gitlab.com/quip.network/quip-miner.git?rev=e667365bef7efbf91ff0d4c988fcfc648e6cc9b6#e667365b)
[INFO] [stderr]    Compiling isingmark v0.1.0 (/opt/rustwide/workdir)
[INFO] [stderr]     Finished `test` profile [unoptimized + debuginfo] target(s) in 48.10s
[INFO] running `Command { std: "docker" "inspect" "af82998f45d1a393025274f1e15b8a9b9facd3de9af2cf082e8c239eba38cde9", kill_on_drop: false }`
[INFO] running `Command { std: "docker" "exec" "-e" "SOURCE_DIR=/opt/rustwide/workdir" "-e" "CARGO_HOME=/opt/rustwide/cargo-home" "-e" "RUSTUP_HOME=/opt/rustwide/rustup-home" "-e" "CARGO_TARGET_DIR=/opt/rustwide/target" "-e" "CARGO_INCREMENTAL=0" "-e" "RUST_BACKTRACE=full" "-e" "RUSTFLAGS=--cap-lints=warn" "-e" "RUSTDOCFLAGS=--cap-lints=warn" "-w" "/opt/rustwide/workdir" "--user" "0:0" "af82998f45d1a393025274f1e15b8a9b9facd3de9af2cf082e8c239eba38cde9" "/opt/rustwide/cargo-home/bin/cargo" "+1.99.0-beta.8" "test" "--frozen", kill_on_drop: false }`
[INFO] [stderr] warning: Cargo.toml: `lints.clippy.allow-attributes` is deprecated in favor of `lints.clippy.allow_attributes` and will not work in a future edition
[INFO] [stderr] warning: Cargo.toml: `lints.clippy.await-holding-lock` is deprecated in favor of `lints.clippy.await_holding_lock` and will not work in a future edition
[INFO] [stderr] warning: Cargo.toml: `lints.clippy.mem-forget` is deprecated in favor of `lints.clippy.mem_forget` and will not work in a future edition
[INFO] [stderr] warning: Cargo.toml: `lints.clippy.panic-in-result-fn` is deprecated in favor of `lints.clippy.panic_in_result_fn` and will not work in a future edition
[INFO] [stderr] warning: Cargo.toml: `lints.clippy.print-stderr` is deprecated in favor of `lints.clippy.print_stderr` and will not work in a future edition
[INFO] [stderr] warning: Cargo.toml: `lints.clippy.print-stdout` is deprecated in favor of `lints.clippy.print_stdout` and will not work in a future edition
[INFO] [stderr] warning: Cargo.toml: `lints.clippy.unwrap-used` is deprecated in favor of `lints.clippy.unwrap_used` and will not work in a future edition
[INFO] [stderr] warning: Cargo.toml: `lints.rust.unsafe-code` is deprecated in favor of `lints.rust.unsafe_code` and will not work in a future edition
[INFO] [stderr] warning: `isingmark` (manifest) generated 8 warnings
[INFO] [stderr]     Finished `test` profile [unoptimized + debuginfo] target(s) in 0.38s
[INFO] [stderr]      Running unittests src/lib.rs (/opt/rustwide/target/debug/deps/isingmark-be8c844d0502183b)
[INFO] [stdout] 
[INFO] [stdout] running 238 tests
[INFO] [stdout] test backend::registry::path_resolution_tests::resolve_skips_non_executable_and_absent_dirs_to_find_first_executable_match ... ok
[INFO] [stdout] test backend::registry::path_resolution_tests::resolve_returns_none_when_no_directory_has_the_binary ... ok
[INFO] [stdout] test backend::registry::tests::builtin_registry_from_wires_path_resolution_to_each_entrys_bin_name ... ok
[INFO] [stdout] test backend::session::tests::abandon_in_flight_emits_one_record_per_duplicate_id_entry ... ok
[INFO] [stdout] test backend::session::tests::duration_ms_converts_whole_milliseconds ... ok
[INFO] [stdout] test backend::session::tests::edge_positions_drops_an_edge_with_an_unknown_endpoint_instead_of_panicking ... ok
[INFO] [stdout] test backend::session::tests::hex_encode_is_lowercase_no_separator ... ok
[INFO] [stdout] test backend::registry::tests::with_node_capacity_is_a_no_op_without_a_flag ... ok
[INFO] [stdout] test backend::registry::tests::with_node_capacity_appends_the_flag_for_cuda ... ok
[INFO] [stdout] test backend::registry::tests::only_the_cuda_backends_declare_a_node_capacity_flag ... ok
[INFO] [stdout] test backend::registry::tests::with_node_capacity_leaves_an_explicit_flag_alone ... ok
[INFO] [stdout] test backend::registry::tests::missing_from_path_falls_back_to_bare_binary_name ... ok
[INFO] [stdout] test backend::registry::tests::builtin_registry_has_the_fourteen_expected_entries_in_order ... ok
[INFO] [stdout] test backend::session::tests::reject_reason_text_reports_unknown_values_without_panicking ... ok
[INFO] [stdout] test backend::session::tests::reject_reason_text_uses_the_wire_enum_name ... ok
[INFO] [stdout] test backend::session::tests::milli_round_scales_and_rounds ... ok
[INFO] [stdout] test backend::session::tests::maybe_shutdown_stays_false_while_duplicate_id_entry_outstanding ... ok
[INFO] [stdout] test cli::tests::a_full_valid_comparative_invocation_parses ... ok
[INFO] [stdout] test cli::tests::a_full_valid_compare_invocation_parses ... ok
[INFO] [stdout] test cli::tests::a_full_valid_throughput_invocation_parses ... ok
[INFO] [stdout] test cli::tests::a_full_valid_ttt_invocation_parses ... ok
[INFO] [stdout] test cli::tests::a_full_valid_sweep_invocation_parses ... ok
[INFO] [stdout] test cli::tests::both_topology_sources_together_are_rejected ... ok
[INFO] [stdout] test cli::tests::comparative_explicit_hardness_flag_is_rejected ... ok
[INFO] [stdout] test cli::tests::comparative_config_file_supplies_target_file_when_flag_absent ... ok
[INFO] [stdout] test cli::tests::comparative_max_iterations_zero_is_rejected_at_parse_time ... ok
[INFO] [stdout] test cli::tests::a_full_valid_scaling_invocation_parses ... ok
[INFO] [stdout] test cli::tests::a_full_valid_reproducibility_invocation_parses ... ok
[INFO] [stdout] test cli::tests::comparative_num_jobs_zero_is_rejected_at_parse_time ... ok
[INFO] [stdout] test cli::tests::hardness_nan_is_rejected ... ok
[INFO] [stdout] test cli::tests::comparative_into_config_carries_every_field_through ... ok
[INFO] [stdout] test cli::tests::compare_requires_both_file_flags ... ok
[INFO] [stdout] test cli::tests::comparative_target_file_is_required ... ok
[INFO] [stdout] test cli::tests::missing_topology_source_is_rejected ... ok
[INFO] [stdout] test backend::session::tests::take_front_pairs_first_result_with_earlier_dispatch_instant ... ok
[INFO] [stdout] test cli::tests::hardness_above_one_is_rejected ... ok
[INFO] [stdout] test cli::tests::into_config_carries_every_field_through ... ok
[INFO] [stdout] test cli::tests::reproducibility_into_config_defaults_hardness_b_to_hardness ... ok
[INFO] [stdout] test cli::tests::reproducibility_hardness_b_can_be_set_independently ... ok
[INFO] [stdout] test cli::tests::scaling_does_not_accept_a_topology_source ... ok
[INFO] [stdout] test cli::tests::invalid_duration_is_rejected ... ok
[INFO] [stdout] test cli::tests::scaling_config_file_supplies_sizes_when_flag_absent ... ok
[INFO] [stdout] test cli::tests::reproducibility_into_config_carries_an_explicit_hardness_b_through ... ok
[INFO] [stdout] test cli::tests::reproducibility_config_file_supplies_fields_when_flags_absent ... ok
[INFO] [stdout] test cli::tests::sweep_config_file_supplies_param_grid_when_flag_absent ... ok
[INFO] [stdout] test cli::tests::scaling_sizes_is_required ... ok
[INFO] [stdout] test cli::tests::scaling_into_config_carries_every_field_through ... ok
[INFO] [stdout] test cli::tests::sweep_param_grid_zero_value_is_rejected_at_parse_time ... ok
[INFO] [stdout] test cli::tests::scaling_invalid_sizes_are_rejected_at_parse_time_naming_the_value ... ok
[INFO] [stdout] test cli::tests::throughput_config_file_supplies_hardness_when_flag_absent ... ok
[INFO] [stdout] test cli::tests::sweep_num_jobs_zero_is_rejected_at_parse_time ... ok
[INFO] [stdout] test cli::tests::sweep_into_config_carries_every_field_through ... ok
[INFO] [stdout] test cli::tests::throughput_explicit_flag_overrides_config_file_backend ... ok
[INFO] [stdout] test cli::tests::sweep_explicit_hardness_flag_is_rejected ... ok
[INFO] [stdout] test cli::tests::throughput_explicit_flag_overrides_config_file_hardness ... ok
[INFO] [stdout] test cli::tests::ttt_explicit_hardness_flag_is_rejected ... ok
[INFO] [stdout] test cli::tests::ttt_config_file_supplies_energy_targets_when_flag_absent ... ok
[INFO] [stdout] test cli::tests::ttt_into_config_carries_every_field_through ... ok
[INFO] [stdout] test cli::tests::ttt_energy_targets_are_converted_from_natural_to_milli_units ... ok
[INFO] [stdout] test cli::tests::ttt_max_time_s_negative_and_non_finite_are_rejected_at_parse_time ... ok
[INFO] [stdout] test cli::tests::ttt_max_time_s_zero_is_rejected_at_parse_time ... ok
[INFO] [stdout] test cli::tests::unknown_backend_is_rejected_and_lists_valid_names ... ok
[INFO] [stdout] test cli::tests::ttt_num_trials_zero_is_rejected_at_parse_time ... ok
[INFO] [stdout] test cli::tests::ttt_malformed_energy_targets_is_rejected_at_parse_time ... ok
[INFO] [stdout] test config::tests::load_config_accepts_a_partial_file ... ok
[INFO] [stdout] test cli::tests::missing_backend_is_rejected_naming_flag_and_no_config ... ok
[INFO] [stdout] test config::tests::load_config_rejects_hardness_outside_unit_interval ... ok
[INFO] [stdout] test config::tests::merge_does_not_prefer_file_over_flag ... ok
[INFO] [stdout] test config::tests::load_config_rejects_param_curve_min_greater_than_max_naming_pair ... ok
[INFO] [stdout] test config::tests::merge_flag_beats_file_beats_default_with_distinct_values ... ok
[INFO] [stdout] test config::tests::missing_config_file_is_io_error ... ok
[INFO] [stdout] test config::tests::load_config_rejects_non_finite_hardness ... ok
[INFO] [stdout] test config::tests::validate_file_config_rejects_min_gt_max_by_variant ... ok
[INFO] [stdout] test config::tests::load_config_rejects_unknown_key_naming_the_key ... ok
[INFO] [stdout] test config::tests::load_config_rejects_param_curve_anneal_min_greater_than_max ... ok
[INFO] [stdout] test config::tests::load_config_rejects_unknown_key_under_param_curve ... ok
[INFO] [stdout] test config::tests::merge_file_beats_default_when_flag_absent ... ok
[INFO] [stdout] test config::tests::validate_param_curve_accepts_equal_bounds ... ok
[INFO] [stdout] test config::tests::zero_bound_warns_but_load_succeeds ... ok
[INFO] [stdout] test config::tests::merge_default_when_flag_and_file_absent ... ok
[INFO] [stdout] test corpus::tests::a_short_nonce_names_the_line ... ok
[INFO] [stdout] test corpus::tests::an_unknown_name_lists_the_bundled_corpora ... ok
[INFO] [stdout] test backend::session::tests::push_record_and_snapshot_records_recover_a_poisoned_lock_instead_of_discarding_data ... ok
[INFO] [stdout] test corpus::tests::a_non_hex_nonce_names_the_line ... ok
[INFO] [stdout] test corpus::tests::blank_lines_are_skipped ... ok
[INFO] [stdout] test corpus::tests::an_empty_corpus_is_rejected ... ok
[INFO] [stdout] test corpus::tests::chain_result_is_keyed_by_job_id ... ok
[INFO] [stdout] test corpus::tests::malformed_json_names_the_line ... ok
[INFO] [stdout] test corpus::tests::draw_lengths_and_values_follow_the_paired_topology ... ok
[INFO] [stdout] test modes::comparative::tests::finite_or_null_passes_through_a_finite_value ... ok
[INFO] [stdout] test modes::comparative::tests::finite_or_null_renders_infinity_as_null ... ok
[INFO] [stdout] test modes::comparative::tests::iter_dir_name_uses_generation_order ... ok
[INFO] [stdout] test modes::comparative::tests::milli_to_f64_divides_by_one_thousand ... ok
[INFO] [stdout] test modes::comparative::tests::validate_hardness_accepts_the_closed_unit_interval_and_rejects_everything_else ... ok
[INFO] [stdout] test modes::compare::tests::format_comparison_table_contains_sample_and_skipped_counts ... ok
[INFO] [stdout] test modes::compare::tests::format_comparison_table_places_means_under_correct_headers ... ok
[INFO] [stdout] test modes::reproducibility::tests::differs_p_threshold_is_the_conventional_0_05 ... ok
[INFO] [stdout] test modes::reproducibility::tests::milli_to_f64_divides_by_one_thousand ... ok
[INFO] [stdout] test modes::reproducibility::tests::which_batch_is_unusable_names_the_empty_side ... ok
[INFO] [stdout] test modes::scaling::tests::attempt_pairing_can_produce_a_disconnected_graph ... ok
[INFO] [stdout] test modes::scaling::tests::combine_hex_hashes_does_not_collide_across_different_partitions_of_the_same_bytes ... ok
[INFO] [stdout] test modes::scaling::tests::combine_hex_hashes_is_deterministic_and_order_sensitive ... ok
[INFO] [stdout] test modes::scaling::tests::combine_hex_hashes_of_no_hashes_is_a_stable_nonempty_value ... ok
[INFO] [stdout] test modes::scaling::tests::deterministic_rng_below_never_reaches_or_exceeds_bound ... ok
[INFO] [stdout] test modes::scaling::tests::deterministic_rng_different_keys_yield_different_sequences ... ok
[INFO] [stdout] test modes::scaling::tests::deterministic_rng_same_key_yields_the_same_sequence ... ok
[INFO] [stdout] test modes::scaling::tests::generate_3_regular_edges_produces_a_genuinely_3_regular_simple_graph ... ok
[INFO] [stdout] test modes::scaling::tests::generate_3_regular_edges_retries_past_a_disconnected_first_attempt ... ok
[INFO] [stdout] test corpus::tests::a_bundled_corpus_paired_with_the_wrong_topology_is_rejected ... ok
[INFO] [stdout] test modes::scaling::tests::generate_topology_differs_across_seeds_and_across_sizes ... ok
[INFO] [stdout] test modes::scaling::tests::generate_topology_is_deterministic_given_seed_and_nodes ... ok
[INFO] [stdout] test modes::scaling::tests::generate_topology_satisfies_load_topologys_own_invariants ... ok
[INFO] [stdout] test modes::scaling::tests::is_connected_rejects_two_disjoint_components ... ok
[INFO] [stdout] test modes::scaling::tests::parse_one_scaling_size_accepts_valid_sizes ... ok
[INFO] [stdout] test modes::scaling::tests::is_connected_accepts_a_connected_graph ... ok
[INFO] [stdout] test modes::scaling::tests::parse_one_scaling_size_rejects_an_empty_entry ... ok
[INFO] [stdout] test modes::scaling::tests::parse_one_scaling_size_rejects_non_numeric_entries ... ok
[INFO] [stdout] test modes::scaling::tests::parse_one_scaling_size_rejects_odd_and_too_small_sizes_naming_the_value ... ok
[INFO] [stdout] test modes::scaling::tests::size_dir_name_uses_the_raw_node_count ... ok
[INFO] [stdout] test modes::scaling::tests::validate_sizes_accepts_distinct_valid_sizes ... ok
[INFO] [stdout] test modes::scaling::tests::validate_sizes_rejects_a_duplicate_value ... ok
[INFO] [stdout] test modes::scaling::tests::validate_sizes_accepts_the_smallest_valid_size ... ok
[INFO] [stdout] test modes::scaling::tests::validate_sizes_rejects_an_empty_list ... ok
[INFO] [stdout] test modes::scaling::tests::validate_sizes_rejects_odd_sizes ... ok
[INFO] [stdout] test modes::sweep::tests::build_cells_computes_the_full_cartesian_product_in_generation_order ... ok
[INFO] [stdout] test modes::scaling::tests::validate_sizes_rejects_sizes_below_four ... ok
[INFO] [stdout] test modes::sweep::tests::build_cells_rejects_an_empty_num_reads_dimension ... ok
[INFO] [stdout] test modes::sweep::tests::build_cells_rejects_an_empty_second_dimension ... ok
[INFO] [stdout] test modes::sweep::tests::build_cells_rejects_num_sweeps_for_an_annealing_backend ... ok
[INFO] [stdout] test modes::sweep::tests::build_cells_uses_num_reads_and_anneal_time_us_for_an_annealing_backend ... ok
[INFO] [stdout] test modes::sweep::tests::cell_dir_name_disambiguates_cells_sharing_a_second_dimension_value_via_index ... ok
[INFO] [stdout] test modes::sweep::tests::cell_dir_name_for_annealing_uses_anneal_time_us_not_sweeps ... ok
[INFO] [stdout] test modes::sweep::tests::parse_param_grid_accepts_an_empty_dimension ... ok
[INFO] [stdout] test modes::sweep::tests::parse_param_grid_parses_a_full_valid_grid ... ok
[INFO] [stdout] test modes::sweep::tests::parse_param_grid_rejects_a_negative_value ... ok
[INFO] [stdout] test modes::sweep::tests::parse_param_grid_rejects_a_value_exceeding_u32 ... ok
[INFO] [stdout] test modes::sweep::tests::parse_param_grid_rejects_a_zero_value_in_any_dimension ... ok
[INFO] [stdout] test modes::sweep::tests::parse_param_grid_rejects_an_unknown_key ... ok
[INFO] [stdout] test modes::sweep::tests::parse_param_grid_rejects_malformed_json ... ok
[INFO] [stdout] test modes::tests::file_loads_a_topology_spec_from_disk ... ok
[INFO] [stdout] test modes::tests::hex_encode_is_lowercase_no_separator ... ok
[INFO] [stdout] test modes::sweep::tests::build_cells_rejects_anneal_time_us_for_a_sweeping_backend ... ok
[INFO] [stdout] test modes::tests::preset_loads_the_named_fixture ... ok
[INFO] [stdout] test modes::throughput::tests::default_param_curve_resolves_known_values_at_half_hardness ... ok
[INFO] [stdout] test modes::throughput::tests::jobs_per_min_is_zero_when_no_wall_time_elapsed ... ok
[INFO] [stdout] test modes::throughput::tests::jobs_per_min_scales_jobs_over_measured_minutes ... ok
[INFO] [stdout] test modes::throughput::tests::parse_duration_accepts_fractional_values ... ok
[INFO] [stdout] test modes::throughput::tests::parse_duration_accepts_seconds_minutes_and_hours ... ok
[INFO] [stdout] test modes::throughput::tests::parse_duration_rejects_a_bare_unit_with_no_number ... ok
[INFO] [stdout] test modes::tests::label_uses_the_preset_name_or_the_files_own_path_text ... ok
[INFO] [stdout] test modes::throughput::tests::parse_duration_rejects_a_multi_byte_character_in_the_numeric_part ... ok
[INFO] [stdout] test modes::throughput::tests::parse_duration_rejects_a_multi_byte_suffix_instead_of_panicking ... ok
[INFO] [stdout] test modes::throughput::tests::parse_duration_rejects_an_empty_string ... ok
[INFO] [stdout] test modes::throughput::tests::parse_duration_rejects_an_unknown_unit_suffix ... ok
[INFO] [stdout] test modes::throughput::tests::prepare_records_file_accepts_an_existing_but_empty_file ... ok
[INFO] [stdout] test modes::throughput::tests::prepare_records_file_creates_an_empty_file_when_absent ... ok
[INFO] [stdout] test modes::throughput::tests::prepare_records_file_errors_when_the_file_already_has_data ... ok
[INFO] [stdout] test modes::throughput::tests::unique_sock_path_never_repeats_across_calls ... ok
[INFO] [stdout] test modes::throughput::tests::parse_duration_rejects_negative_and_non_finite_values ... ok
[INFO] [stdout] test modes::ttt::tests::median_and_p99_of_empty_slice_is_none_none ... ok
[INFO] [stdout] test modes::ttt::tests::median_and_p99_sorts_before_computing_percentiles ... ok
[INFO] [stdout] test modes::ttt::tests::natural_to_milli_rounds_to_the_nearest_integer ... ok
[INFO] [stdout] test modes::ttt::tests::natural_to_milli_scales_by_one_thousand ... ok
[INFO] [stdout] test modes::ttt::tests::parse_energy_targets_accepts_fractional_and_positive_values ... ok
[INFO] [stdout] test modes::ttt::tests::parse_energy_targets_converts_natural_units_to_milli ... ok
[INFO] [stdout] test modes::ttt::tests::parse_energy_targets_rejects_an_empty_entry_in_a_list ... ok
[INFO] [stdout] test modes::ttt::tests::parse_energy_targets_rejects_an_empty_string ... ok
[INFO] [stdout] test modes::ttt::tests::parse_energy_targets_rejects_non_finite_entries ... ok
[INFO] [stdout] test modes::ttt::tests::parse_energy_targets_rejects_non_numeric_entries ... ok
[INFO] [stdout] test modes::ttt::tests::parse_energy_targets_rejects_two_entries_converting_to_the_same_milli_target ... ok
[INFO] [stdout] test modes::ttt::tests::target_dir_name_uses_the_raw_milli_value_including_the_sign ... ok
[INFO] [stdout] test modes::ttt::tests::validate_targets_accepts_distinct_values ... ok
[INFO] [stdout] test modes::ttt::tests::validate_targets_rejects_a_duplicate_value ... ok
[INFO] [stdout] test modes::ttt::tests::validate_targets_rejects_an_empty_list ... ok
[INFO] [stdout] test modes::ttt::tests::wall_ms_to_seconds_divides_by_one_thousand ... ok
[INFO] [stdout] test params::tests::annealing_at_half_rounds_midpoint_to_nearest ... ok
[INFO] [stdout] test params::tests::annealing_at_one_hits_max_bounds_exactly ... ok
[INFO] [stdout] test params::tests::annealing_at_zero_hits_min_bounds_exactly ... ok
[INFO] [stdout] test params::tests::annealing_never_sets_num_sweeps ... ok
[INFO] [stdout] test params::tests::hardness_above_one_clamps_to_max ... ok
[INFO] [stdout] test params::tests::hardness_below_zero_clamps_to_min ... ok
[INFO] [stdout] test params::tests::nan_hardness_is_treated_as_zero ... ok
[INFO] [stdout] test params::tests::sweeping_at_half_rounds_midpoint_to_nearest ... ok
[INFO] [stdout] test params::tests::sweeping_at_one_hits_max_bounds_exactly ... ok
[INFO] [stdout] test params::tests::sweeping_at_zero_hits_min_bounds_exactly ... ok
[INFO] [stdout] test params::tests::sweeping_never_sets_anneal_time ... ok
[INFO] [stdout] test problem::tests::consecutive_jobs_under_fixed_seed_have_distinct_job_ids ... ok
[INFO] [stdout] test problem::tests::different_seeds_yield_different_job_ids ... ok
[INFO] [stdout] test problem::tests::h_and_j_are_drawn_from_the_allowed_sets_at_the_right_lengths ... ok
[INFO] [stdout] test problem::tests::salt_for_matches_blake3_of_seed_le_then_index_le ... ok
[INFO] [stdout] test problem::tests::yields_exactly_count_jobs_then_none ... ok
[INFO] [stdout] test problem::tests::same_seed_and_topology_yields_identical_jobs_across_instances ... ok
[INFO] [stdout] test record::tests::detect_on_linux_matches_independent_proc_reads ... ok
[INFO] [stdout] test record::tests::detect_never_panics_and_reports_a_platform ... ok
[INFO] [stdout] test record::tests::parse_proc_cpuinfo_model_extracts_model_name_line ... ok
[INFO] [stdout] test record::tests::parse_proc_cpuinfo_model_returns_none_when_absent ... ok
[INFO] [stdout] test record::tests::parse_proc_meminfo_gb_extracts_memtotal_line ... ok
[INFO] [stdout] test record::tests::parse_proc_meminfo_gb_returns_none_when_absent ... ok
[INFO] [stdout] test record::tests::parse_sysctl_bytes_gb_rejects_garbage ... ok
[INFO] [stdout] test record::tests::ram_gb_unknown_sentinel_is_negative ... ok
[INFO] [stdout] test record::tests::run_command_returns_none_for_missing_binary ... ok
[INFO] [stdout] test record::tests::parse_sysctl_bytes_gb_converts_bytes_to_gib ... ok
[INFO] [stdout] test record::tests::run_command_returns_none_for_nonzero_exit ... ok
[INFO] [stdout] test report::table::tests::format_ram_reports_unknown_for_the_negative_sentinel ... ok
[INFO] [stdout] test report::table::tests::jobs_per_min_line_is_omitted_when_config_does_not_carry_it ... ok
[INFO] [stdout] test report::table::tests::table_contains_every_summary_field_with_its_exact_value ... ok
[INFO] [stdout] test stats::aggregate::tests::describe_accepts_extreme_but_finite_sentinels ... ok
[INFO] [stdout] test stats::aggregate::tests::describe_matches_hand_derived_statistics ... ok
[INFO] [stdout] test stats::aggregate::tests::describe_of_empty_slice_is_none ... ok
[INFO] [stdout] test stats::aggregate::tests::describe_of_single_element_is_degenerate_not_a_panic ... ok
[INFO] [stdout] test stats::aggregate::tests::describe_rejects_infinity ... ok
[INFO] [stdout] test stats::aggregate::tests::describe_rejects_nan ... ok
[INFO] [stdout] test stats::aggregate::tests::percentile_at_zero_and_one_returns_the_endpoints ... ok
[INFO] [stdout] test stats::aggregate::tests::percentile_debug_asserts_on_an_unsorted_slice - should panic ... ok
[INFO] [stdout] test stats::aggregate::tests::percentile_median_of_four_matches_numpy ... ok
[INFO] [stdout] test stats::aggregate::tests::percentile_of_empty_slice_is_none ... ok
[INFO] [stdout] test stats::aggregate::tests::percentile_quarter_of_four_matches_numpy ... ok
[INFO] [stdout] test stats::aggregate::tests::percentile_rejects_non_finite_values_in_input ... ok
[INFO] [stdout] test stats::aggregate::tests::percentile_rejects_q_outside_unit_range ... ok
[INFO] [stdout] test stats::ks::tests::ks_distance_is_invariant_under_permutation ... ok
[INFO] [stdout] test stats::ks::tests::ks_distance_is_none_for_an_empty_slice ... ok
[INFO] [stdout] test stats::ks::tests::ks_distance_of_a_sample_against_itself_is_exactly_zero ... ok
[INFO] [stdout] test record::tests::run_command_trims_stdout ... ok
[INFO] [stdout] test stats::ks::tests::ks_distance_of_disjoint_samples_is_exactly_one ... ok
[INFO] [stdout] test stats::ks::tests::ks_distance_picks_the_max_not_the_mean_of_step_differences ... ok
[INFO] [stdout] test stats::ks::tests::ks_distance_partial_overlap_matches_hand_derivation ... ok
[INFO] [stdout] test stats::ks::tests::ks_distance_rejects_non_finite_values ... ok
[INFO] [stdout] test stats::ks::tests::ks_two_sample_p_is_invariant_under_permutation ... ok
[INFO] [stdout] test stats::ks::tests::ks_two_sample_p_on_disjoint_samples_is_below_0_01 ... ok
[INFO] [stdout] test stats::ks::tests::ks_two_sample_p_is_none_for_an_empty_slice ... ok
[INFO] [stdout] test stats::ks::tests::ks_two_sample_p_on_identical_samples_exceeds_0_05 ... ok
[INFO] [stdout] test stats::ks::tests::ks_two_sample_p_rejects_non_finite_values ... ok
[INFO] [stdout] test corpus::tests::job_id_is_the_nonce_and_graph_travels_as_a_topology_hash ... ok
[INFO] [stdout] test corpus::tests::a_bundled_corpus_paired_with_its_own_topology_is_accepted ... ok
[INFO] [stdout] test corpus::tests::replay_is_deterministic_across_instances ... ok
[INFO] [stdout] test corpus::tests::the_same_nonce_draws_a_different_problem_per_topology ... ok
[INFO] [stdout] test corpus::tests::yields_each_instance_once_in_file_order_then_none ... ok
[INFO] [stdout] test corpus::tests::every_bundled_corpus_loads_against_its_paired_fixture ... ok
[INFO] [stdout] 
[INFO] [stdout] test result: ok. 238 passed; 0 failed; 0 ignored; 0 measured; 0 filtered out; finished in 2.85s
[INFO] [stdout] 
[INFO] [stderr]      Running unittests src/main.rs (/opt/rustwide/target/debug/deps/isingmark-4dc72ecf85fb7b6f)
[INFO] [stdout] 
[INFO] [stdout] running 16 tests
[INFO] [stdout] test tests::no_warning_for_a_clean_completed_run ... ok
[INFO] [stdout] test tests::reproducibility_message_always_prints_both_hardness_values ... ok
[INFO] [stdout] test tests::reproducibility_message_prints_distinct_hardness_values_when_they_differ ... ok
[INFO] [stdout] test tests::reproducibility_message_renders_a_tiny_p_value_without_flattening_to_zero ... ok
[INFO] [stdout] test tests::reproducibility_message_renders_an_ordinary_p_value_in_scientific_notation ... ok
[INFO] [stdout] test tests::read_final_ks_distance_extracts_the_nested_config_field ... ok
[INFO] [stdout] test tests::format_ks_distance_renders_four_decimal_places ... ok
[INFO] [stdout] test tests::read_final_ks_distance_returns_none_for_a_missing_file ... ok
[INFO] [stdout] test tests::warns_when_the_handshake_never_completed ... ok
[INFO] [stdout] test tests::warns_with_the_exit_code_on_a_nonzero_exit_that_is_not_flagged_unresponsive ... ok
[INFO] [stdout] test tests::reproducibility_message_prints_differs_with_its_threshold ... ok
[INFO] [stdout] test tests::warning_includes_the_stderr_tail_when_present ... ok
[INFO] [stdout] test tests::read_final_ks_distance_returns_none_for_malformed_json ... ok
[INFO] [stdout] test tests::read_final_ks_distance_treats_a_present_null_as_none ... ok
[INFO] [stdout] test tests::format_ks_distance_renders_none_as_not_applicable ... ok
[INFO] [stderr]      Running unittests src/bin/isingmark-fake-miner.rs (/opt/rustwide/target/debug/deps/isingmark_fake_miner-f4762601ba72b702)
[INFO] [stdout] test tests::warns_with_the_exit_code_when_the_miner_goes_unresponsive ... ok
[INFO] [stdout] 
[INFO] [stdout] test result: ok. 16 passed; 0 failed; 0 ignored; 0 measured; 0 filtered out; finished in 0.01s
[INFO] [stdout] 
[INFO] [stderr]      Running tests/config.rs (/opt/rustwide/target/debug/deps/config-9c3fa73ce7324df0)
[INFO] [stdout] 
[INFO] [stdout] running 0 tests
[INFO] [stdout] 
[INFO] [stdout] test result: ok. 0 passed; 0 failed; 0 ignored; 0 measured; 0 filtered out; finished in 0.00s
[INFO] [stdout] 
[INFO] [stdout] 
[INFO] [stdout] running 18 tests
[INFO] [stdout] test empty_file_config_deserializes ... ok
[INFO] [stdout] test cli_path_flag_backend_beats_file_backend ... ok
[INFO] [stdout] test cli_path_default_hardness_when_neither_flag_nor_file ... ok
[INFO] [stdout] test cli_path_flag_overrides_file_hardness ... ok
[INFO] [stdout] test clap_does_not_inject_default_hardness_so_file_can_win ... ok
[INFO] [stdout] test cli_path_file_param_curve_reaches_resolved_job_params ... ok
[INFO] [stdout] test load_config_io_error_for_missing_path ... ok
[INFO] [stdout] test cli_path_flag_topology_beats_file_topology ... ok
[INFO] [stdout] test missing_backend_after_merge_names_flag_and_config_path ... ok
[INFO] [stdout] test non_finite_hardness_rejected_by_variant ... ok
[INFO] [stdout] test param_curve_anneal_min_gt_max_rejected_naming_anneal ... ok
[INFO] [stdout] test every_shipped_example_config_parses ... ok
[INFO] [stdout] test merge_three_layers_with_distinct_values ... ok
[INFO] [stdout] test param_curve_min_gt_max_rejected_by_variant ... ok
[INFO] [stderr]      Running tests/fetch_miners_select_version.rs (/opt/rustwide/target/debug/deps/fetch_miners_select_version-72e62c0130e21db2)
[INFO] [stdout] test cli_path_file_hardness_reaches_throughput_config ... ok
[INFO] [stdout] test zero_bound_warns_and_load_succeeds ... ok
[INFO] [stdout] test param_curve_unknown_nested_key_rejected_naming_the_key ... ok
[INFO] [stdout] test unknown_key_error_contains_the_key ... ok
[INFO] [stdout] 
[INFO] [stdout] test result: ok. 18 passed; 0 failed; 0 ignored; 0 measured; 0 filtered out; finished in 0.13s
[INFO] [stdout] 
[INFO] [stdout] 
[INFO] [stdout] running 14 tests
[INFO] [stdout] test select_version_major_prerelease_beats_older_stable ... ok
[INFO] [stdout] test select_version_prefers_stable_over_prerelease_when_both_allowed ... ok
[INFO] [stdout] test select_version_mixed_set_picks_highest_core_prerelease ... ok
[INFO] [stdout] test select_version_prerelease_alone_rejected_when_stable_only ... ok
[INFO] [stdout] test select_version_prerelease_suffix_numeric_across_double_digits ... ok
[INFO] [stdout] test select_version_release_outranks_prerelease_on_same_core ... ok
[INFO] [stdout] test select_version_same_core_stable_still_beats_prerelease_when_allowed ... ok
[INFO] [stdout] test select_version_higher_core_prerelease_beats_lower_stable ... ok
[INFO] [stdout] test select_version_prerelease_alone_allowed ... ok
[INFO] [stdout] test select_version_minor_is_numeric_not_lexical ... ok
[INFO] [stdout] test select_version_numeric_prerelease_suffix_not_lexical ... ok
[INFO] [stdout] test select_version_higher_core_prerelease_beats_lower_stable_arg_order ... ok
[INFO] [stdout] test select_version_stable_only_still_picks_stable_when_present ... ok
[INFO] [stdout] test select_version_stable_only_excludes_prerelease_not_demotes ... ok
[INFO] [stdout] 
[INFO] [stdout] test result: ok. 14 passed; 0 failed; 0 ignored; 0 measured; 0 filtered out; finished in 0.14s
[INFO] [stdout] 
[INFO] [stderr]      Running tests/mode_comparative.rs (/opt/rustwide/target/debug/deps/mode_comparative-63e01dfcb14520f3)
[INFO] [stdout] 
[INFO] [stdout] running 12 tests
[INFO] [stdout] test hermetic_comparative_rejects_a_missing_target_file ... ok
[INFO] [stdout] test hermetic_comparative_rejects_a_target_file_with_no_passed_records ... ok
[INFO] [stdout] test hermetic_comparative_rejects_zero_max_iterations ... ok
[INFO] [stdout] test hermetic_comparative_output_dir_conflict_check_is_eager_before_any_iteration_runs ... ok
[INFO] [stdout] test hermetic_comparative_totals_aggregate_across_every_iteration ... ok
[INFO] [stdout] test hermetic_comparative_recovers_a_second_well_separated_hardness ... ok
[INFO] [stdout] test hermetic_comparative_refuses_to_reuse_an_output_dir_with_existing_iter_records ... ok
[INFO] [stdout] test hermetic_comparative_every_iteration_replays_the_identical_job_sequence ... ok
[INFO] [stdout] test hermetic_comparative_recovers_hardness_within_tolerance_of_the_reference ... ok
[INFO] [stdout] test hermetic_comparative_reports_a_large_ks_distance_for_an_unmatchable_reference ... ok
[INFO] [stdout] test hermetic_comparative_stops_once_the_bracket_narrows_below_the_threshold ... ok
[INFO] [stdout] test hermetic_comparative_surfaces_the_target_files_own_skipped_lines ... ok
[INFO] [stderr]      Running tests/mode_compare.rs (/opt/rustwide/target/debug/deps/mode_compare-fc6d194a3946550a)
[INFO] [stdout] 
[INFO] [stdout] test result: ok. 12 passed; 0 failed; 0 ignored; 0 measured; 0 filtered out; finished in 1.02s
[INFO] [stdout] 
[INFO] [stdout] 
[INFO] [stdout] running 18 tests
[INFO] [stdout] test all_failed_passed_false_still_empty_compare_file_not_unparseable ... ok
[INFO] [stdout] test comparing_a_file_with_itself_gives_ks_zero_and_high_p ... ok
[INFO] [stdout] test format_comparison_table_carries_asymmetric_counts ... ok
[INFO] [stdout] test all_unparseable_lines_return_compare_file_unparseable_with_count ... ok
[INFO] [stdout] test file_of_only_failed_records_returns_empty_compare_file ... ok
[INFO] [stdout] test passed_false_rejected_false_is_still_excluded ... ok
[INFO] [stdout] test empty_file_returns_empty_compare_file ... ok
[INFO] [stdout] test mixed_valid_and_unparseable_still_succeeds_with_skipped_count ... ok
[INFO] [stdout] test format_table_places_each_mean_under_the_right_header ... ok
[INFO] [stdout] test nonexistent_file_returns_compare_file_unreadable ... ok
[INFO] [stdout] test report_std_matches_hand_derived_population_std ... ok
[INFO] [stdout] test passed_filter_excludes_failed_records_from_the_mean ... ok
[INFO] [stdout] test partial_overlap_ks_is_the_hand_derived_intermediate_value ... ok
[INFO] [stdout] test comparing_disjoint_asymmetric_files_gives_large_ks_and_tiny_p ... ok
[INFO] [stdout] test report_percentiles_match_hand_derived_passed_energies ... ok
[INFO] [stdout] test report_fields_are_internally_consistent ... ok
[INFO] [stdout] test skipped_lines_from_corrupt_input_reach_the_report ... ok
[INFO] [stdout] test compare_cli_maps_file_a_and_file_b_to_the_correct_table_sides ... ok
[INFO] [stderr]      Running tests/mode_reproducibility.rs (/opt/rustwide/target/debug/deps/mode_reproducibility-c6d1fedec17a364a)
[INFO] [stdout] 
[INFO] [stdout] test result: ok. 18 passed; 0 failed; 0 ignored; 0 measured; 0 filtered out; finished in 0.05s
[INFO] [stdout] 
[INFO] [stdout] 
[INFO] [stdout] running 6 tests
[INFO] [stdout] test hermetic_reproducibility_output_dir_conflict_check_is_eager_before_either_run ... ok
[INFO] [stdout] test hermetic_reproducibility_summary_carries_the_comparison_outcome ... ok
[INFO] [stdout] test hermetic_reproducibility_refuses_to_reuse_an_output_dir_with_existing_records ... ok
[INFO] [stdout] test hermetic_reproducibility_both_runs_replay_the_identical_job_sequence ... ok
[INFO] [stderr]      Running tests/mode_scaling.rs (/opt/rustwide/target/debug/deps/mode_scaling-e3ae7719f03eb7f2)
[INFO] [stdout] test hermetic_reproducibility_identical_runs_report_differs_false ... ok
[INFO] [stdout] test hermetic_reproducibility_genuinely_different_hardness_reports_differs_true ... ok
[INFO] [stdout] 
[INFO] [stdout] test result: ok. 6 passed; 0 failed; 0 ignored; 0 measured; 0 filtered out; finished in 0.26s
[INFO] [stdout] 
[INFO] [stdout] 
[INFO] [stdout] running 10 tests
[INFO] [stdout] test hermetic_scaling_output_dir_conflict_check_is_eager_before_any_size_runs ... ok
[INFO] [stdout] test hermetic_scaling_rejects_a_size_that_cannot_be_3_regular ... ok
[INFO] [stdout] test hermetic_scaling_rejects_an_empty_size_list ... ok
[INFO] [stdout] test hermetic_scaling_rejects_a_duplicate_size ... ok
[INFO] [stdout] test hermetic_scaling_produces_one_group_per_size_with_the_right_node_count ... ok
[INFO] [stdout] test hermetic_scaling_refuses_to_reuse_an_output_dir_with_existing_size_records ... ok
[INFO] [stdout] test hermetic_scaling_summary_reports_the_right_edge_count_per_size ... ok
[INFO] [stdout] test hermetic_scaling_generates_distinct_topologies_per_size ... ok
[INFO] [stdout] test hermetic_scaling_top_level_topology_block_is_a_real_aggregate_not_zeros ... ok
[INFO] [stdout] test hermetic_scaling_is_deterministic_across_separate_runs ... ok
[INFO] [stdout] 
[INFO] [stdout] test result: ok. 10 passed; 0 failed; 0 ignored; 0 measured; 0 filtered out; finished in 0.09s
[INFO] [stdout] 
[INFO] [stderr]      Running tests/mode_sweep.rs (/opt/rustwide/target/debug/deps/mode_sweep-c2b0d0d3b813b443)
[INFO] [stdout] 
[INFO] [stdout] running 10 tests
[INFO] [stdout] test hermetic_sweep_rejects_an_inapplicable_grid_dimension ... ok
[INFO] [stdout] test hermetic_sweep_output_dir_conflict_check_is_eager_before_any_cell_runs ... ok
[INFO] [stdout] test hermetic_sweep_rejects_an_empty_grid ... ok
[INFO] [stdout] test hermetic_sweep_corpus_draws_at_most_num_jobs ... ok
[INFO] [stdout] test hermetic_sweep_corpus_caps_num_jobs_at_the_corpus_length ... ok
[INFO] [stdout] test hermetic_sweep_produces_one_file_per_cell_with_matching_reads_and_sweeps ... ok
[INFO] [stdout] test hermetic_sweep_corpus_replays_the_same_instances_in_every_cell ... ok
[INFO] [stdout] test hermetic_sweep_refuses_to_reuse_an_output_dir_with_existing_cell_records ... ok
[INFO] [stdout] test hermetic_sweep_supports_an_annealing_backend_and_reads_still_match_per_cell ... ok
[INFO] [stdout] test hermetic_sweep_summary_aggregates_totals_and_lists_every_cell ... ok
[INFO] [stdout] 
[INFO] [stdout] test result: ok. 10 passed; 0 failed; 0 ignored; 0 measured; 0 filtered out; finished in 0.14s
[INFO] [stdout] 
[INFO] [stderr]      Running tests/mode_throughput.rs (/opt/rustwide/target/debug/deps/mode_throughput-920ed1625503031c)
[INFO] [stdout] 
[INFO] [stdout] running 16 tests
[INFO] [stdout] test hermetic_throughput_corpus_run_records_its_source_in_the_summary ... ok
[INFO] [stdout] test hermetic_throughput_corpus_run_dispatches_exactly_the_corpus_instances ... ok
[INFO] [stdout] test hermetic_throughput_rejects_a_bundled_corpus_on_the_wrong_topology ... ok
[INFO] [stdout] test hermetic_throughput_summary_jobs_per_min_uses_measured_wall_time_not_requested_duration ... ok
[INFO] [stdout] test hermetic_throughput_different_seeds_draw_disjoint_job_sets ... ok
[INFO] [stdout] test hermetic_throughput_refuses_to_reuse_an_output_dir_with_existing_records ... ok
[INFO] [stdout] test hermetic_throughput_seeded_run_reports_no_corpus ... ok
[INFO] [stdout] test hermetic_throughput_unknown_corpus_name_lists_the_bundled_corpora ... ok
[INFO] [stdout] test hermetic_throughput_run_draws_distinct_deterministic_jobs_across_batches ... ok
[INFO] [stdout] test hermetic_throughput_run_against_the_fake_miner_produces_jsonl_and_summary ... ok
[INFO] [stdout] test hermetic_throughput_summary_config_reports_resolved_params_for_the_requested_hardness ... ok
[INFO] [stdout] test quip_cpu_sa_throughput_conformance ... FAILED
[INFO] [stdout] test hermetic_throughput_summary_topology_counts_are_independently_correct ... ok
[INFO] [stdout] test hermetic_throughput_summary_totals_distinguish_passed_from_rejected ... ok
[INFO] [stdout] test hermetic_throughput_surfaces_miner_failure_state_when_it_never_handshakes ... ok
[INFO] [stdout] test hermetic_throughput_replays_the_bundled_chain_h0_corpus ... ok
[INFO] [stdout] 
[INFO] [stdout] failures:
[INFO] [stdout] 
[INFO] [stdout] ---- quip_cpu_sa_throughput_conformance stdout ----
[INFO] [stdout] 
[INFO] [stdout] thread 'quip_cpu_sa_throughput_conformance' (5469) panicked at tests/mode_throughput.rs:381:9:
[INFO] [stdout] quip-cpu-sa was not found on $PATH (looked for quip-cpu-sa). This test requires the real miner binary by default; set ISINGMARK_ALLOW_MISSING_MINERS=1 to opt out on a machine without the miner binaries installed.
[INFO] [stdout] stack backtrace:
[INFO] [stdout]    0:     0x5793dcb80501 - std[70759c8f55707aa4]::backtrace_rs::backtrace::libunwind::trace
[INFO] [stdout]                                at /rustc/dfb0accb7f508ae8be965d8629557221c889dd98/library/std/src/../../backtrace/src/backtrace/libunwind.rs:117:9
[INFO] [stdout]    1:     0x5793dcb80501 - std[70759c8f55707aa4]::backtrace_rs::backtrace::trace_unsynchronized::<std[70759c8f55707aa4]::sys::backtrace::_print_fmt::{closure#1}>
[INFO] [stdout]                                at /rustc/dfb0accb7f508ae8be965d8629557221c889dd98/library/std/src/../../backtrace/src/backtrace/mod.rs:66:14
[INFO] [stdout]    2:     0x5793dcb80501 - std[70759c8f55707aa4]::sys::backtrace::_print_fmt
[INFO] [stdout]                                at /rustc/dfb0accb7f508ae8be965d8629557221c889dd98/library/std/src/sys/backtrace.rs:74:9
[INFO] [stdout]    3:     0x5793dcb80501 - <<std[70759c8f55707aa4]::sys::backtrace::BacktraceLock>::print::DisplayBacktrace as core[df12db4294e9bfd3]::fmt::Display>::fmt
[INFO] [stdout]                                at /rustc/dfb0accb7f508ae8be965d8629557221c889dd98/library/std/src/sys/backtrace.rs:44:26
[INFO] [stdout]    4:     0x5793dcb967ba - <core[df12db4294e9bfd3]::fmt::rt::Argument>::fmt
[INFO] [stdout]                                at /rustc/dfb0accb7f508ae8be965d8629557221c889dd98/library/core/src/fmt/rt.rs:152:76
[INFO] [stdout]    5:     0x5793dcb967ba - core[df12db4294e9bfd3]::fmt::write
[INFO] [stdout]    6:     0x5793dcb8516c - core[df12db4294e9bfd3]::io::write::default_write_fmt::<alloc[2182bb758b4b3781]::vec::Vec<u8>>
[INFO] [stdout]                                at /rustc/dfb0accb7f508ae8be965d8629557221c889dd98/library/core/src/io/write.rs:402:11
[INFO] [stdout]    7:     0x5793dcb8516c - <alloc[2182bb758b4b3781]::vec::Vec<u8> as core[df12db4294e9bfd3]::io::write::Write>::write_fmt
[INFO] [stdout]                                at /rustc/dfb0accb7f508ae8be965d8629557221c889dd98/library/core/src/io/write.rs:335:13
[INFO] [stdout]    8:     0x5793dcb5a146 - <std[70759c8f55707aa4]::sys::backtrace::BacktraceLock>::print
[INFO] [stdout]                                at /rustc/dfb0accb7f508ae8be965d8629557221c889dd98/library/std/src/sys/backtrace.rs:47:9
[INFO] [stdout]    9:     0x5793dcb5a146 - std[70759c8f55707aa4]::panicking::default_hook::{closure#0}
[INFO] [stdout]                                at /rustc/dfb0accb7f508ae8be965d8629557221c889dd98/library/std/src/panicking.rs:292:27
[INFO] [stdout]   10:     0x5793dcb77a79 - std[70759c8f55707aa4]::panicking::default_hook
[INFO] [stdout]                                at /rustc/dfb0accb7f508ae8be965d8629557221c889dd98/library/std/src/panicking.rs:316:9
[INFO] [stdout]   11:     0x5793dc71c230 - <alloc[2182bb758b4b3781]::boxed::Box<dyn for<'a, 'b> core[df12db4294e9bfd3]::ops::function::Fn<(&'a std[70759c8f55707aa4]::panic::PanicHookInfo<'b>,), Output = ()> + core[df12db4294e9bfd3]::marker::Send + core[df12db4294e9bfd3]::marker::Sync> as core[df12db4294e9bfd3]::ops::function::Fn<(&std[70759c8f55707aa4]::panic::PanicHookInfo,)>>::call
[INFO] [stdout]                                at /rustc/dfb0accb7f508ae8be965d8629557221c889dd98/library/alloc/src/boxed.rs:2334:9
[INFO] [stdout]   12:     0x5793dc71c230 - test[9d35eded1c95d3be]::test_main_inner::<test[9d35eded1c95d3be]::test_main_static::{closure#0}>::{closure#0}
[INFO] [stdout]                                at /rustc/dfb0accb7f508ae8be965d8629557221c889dd98/library/test/src/lib.rs:155:21
[INFO] [stdout]   13:     0x5793dcb77da2 - <alloc[2182bb758b4b3781]::boxed::Box<dyn for<'a, 'b> core[df12db4294e9bfd3]::ops::function::Fn<(&'a std[70759c8f55707aa4]::panic::PanicHookInfo<'b>,), Output = ()> + core[df12db4294e9bfd3]::marker::Send + core[df12db4294e9bfd3]::marker::Sync> as core[df12db4294e9bfd3]::ops::function::Fn<(&std[70759c8f55707aa4]::panic::PanicHookInfo,)>>::call
[INFO] [stdout]                                at /rustc/dfb0accb7f508ae8be965d8629557221c889dd98/library/alloc/src/boxed.rs:2334:9
[INFO] [stdout]   14:     0x5793dcb77da2 - std[70759c8f55707aa4]::panicking::panic_with_hook
[INFO] [stdout]                                at /rustc/dfb0accb7f508ae8be965d8629557221c889dd98/library/std/src/panicking.rs:823:13
[INFO] [stdout]   15:     0x5793dcb5a1f2 - std[70759c8f55707aa4]::panicking::panic_handler::{closure#0}
[INFO] [stdout]                                at /rustc/dfb0accb7f508ae8be965d8629557221c889dd98/library/std/src/panicking.rs:688:13
[INFO] [stdout]   16:     0x5793dcb52c99 - std[70759c8f55707aa4]::sys::backtrace::__rust_end_short_backtrace::<std[70759c8f55707aa4]::panicking::panic_handler::{closure#0}, !>
[INFO] [stdout]                                at /rustc/dfb0accb7f508ae8be965d8629557221c889dd98/library/std/src/sys/backtrace.rs:182:18
[INFO] [stdout]   17:     0x5793dcb5aded - __rustc[8fa7c3cbc660c2b3]::rust_begin_unwind
[INFO] [stdout]                                at /rustc/dfb0accb7f508ae8be965d8629557221c889dd98/library/std/src/panicking.rs:679:5
[INFO] [stdout]   18:     0x5793dcb96fdc - core[df12db4294e9bfd3]::panicking::panic_fmt
[INFO] [stdout]                                at /rustc/dfb0accb7f508ae8be965d8629557221c889dd98/library/core/src/panicking.rs:80:14
[INFO] [stdout]   19:     0x5793dc6ee8ad - mode_throughput[b1cdaa26de8589c0]::quip_cpu_sa_throughput_conformance::{closure#0}
[INFO] [stdout]                                at /opt/rustwide/workdir/tests/mode_throughput.rs:381:9
[INFO] [stdout]   20:     0x5793dc6e24e2 - <core[df12db4294e9bfd3]::pin::Pin<&mut dyn core[df12db4294e9bfd3]::future::future::Future<Output = ()>> as core[df12db4294e9bfd3]::future::future::Future>::poll
[INFO] [stdout]                                at /rustc/dfb0accb7f508ae8be965d8629557221c889dd98/library/core/src/future/future.rs:133:9
[INFO] [stdout]   21:     0x5793dc6e255d - <core[df12db4294e9bfd3]::pin::Pin<&mut core[df12db4294e9bfd3]::pin::Pin<&mut dyn core[df12db4294e9bfd3]::future::future::Future<Output = ()>>> as core[df12db4294e9bfd3]::future::future::Future>::poll
[INFO] [stdout]                                at /rustc/dfb0accb7f508ae8be965d8629557221c889dd98/library/core/src/future/future.rs:133:9
[INFO] [stdout]   22:     0x5793dc6feb3d - <tokio[d150f41798013fc9]::runtime::scheduler::current_thread::CoreGuard>::block_on::<core[df12db4294e9bfd3]::pin::Pin<&mut core[df12db4294e9bfd3]::pin::Pin<&mut dyn core[df12db4294e9bfd3]::future::future::Future<Output = ()>>>>::{closure#0}::{closure#0}::{closure#0}
[INFO] [stdout]                                at /opt/rustwide/cargo-home/registry/src/index.crates.io-1949cf8c6b5b557f/tokio-1.53.1/src/runtime/scheduler/current_thread/mod.rs:830:70
[INFO] [stdout]   23:     0x5793dc6fea75 - tokio[d150f41798013fc9]::task::coop::with_budget::<core[df12db4294e9bfd3]::task::poll::Poll<()>, <tokio[d150f41798013fc9]::runtime::scheduler::current_thread::CoreGuard>::block_on<core[df12db4294e9bfd3]::pin::Pin<&mut core[df12db4294e9bfd3]::pin::Pin<&mut dyn core[df12db4294e9bfd3]::future::future::Future<Output = ()>>>>::{closure#0}::{closure#0}::{closure#0}>
[INFO] [stdout]                                at /opt/rustwide/cargo-home/registry/src/index.crates.io-1949cf8c6b5b557f/tokio-1.53.1/src/task/coop/mod.rs:167:5
[INFO] [stdout]   24:     0x5793dc6fea75 - tokio[d150f41798013fc9]::task::coop::budget::<core[df12db4294e9bfd3]::task::poll::Poll<()>, <tokio[d150f41798013fc9]::runtime::scheduler::current_thread::CoreGuard>::block_on<core[df12db4294e9bfd3]::pin::Pin<&mut core[df12db4294e9bfd3]::pin::Pin<&mut dyn core[df12db4294e9bfd3]::future::future::Future<Output = ()>>>>::{closure#0}::{closure#0}::{closure#0}>
[INFO] [stdout]                                at /opt/rustwide/cargo-home/registry/src/index.crates.io-1949cf8c6b5b557f/tokio-1.53.1/src/task/coop/mod.rs:133:5
[INFO] [stdout]   25:     0x5793dc6fea75 - <tokio[d150f41798013fc9]::runtime::scheduler::current_thread::CoreGuard>::block_on::<core[df12db4294e9bfd3]::pin::Pin<&mut core[df12db4294e9bfd3]::pin::Pin<&mut dyn core[df12db4294e9bfd3]::future::future::Future<Output = ()>>>>::{closure#0}::{closure#0}
[INFO] [stdout]                                at /opt/rustwide/cargo-home/registry/src/index.crates.io-1949cf8c6b5b557f/tokio-1.53.1/src/runtime/scheduler/current_thread/mod.rs:830:25
[INFO] [stdout]   26:     0x5793dc6faa02 - <tokio[d150f41798013fc9]::runtime::scheduler::current_thread::Context>::enter::<core[df12db4294e9bfd3]::task::poll::Poll<()>, <tokio[d150f41798013fc9]::runtime::scheduler::current_thread::CoreGuard>::block_on<core[df12db4294e9bfd3]::pin::Pin<&mut core[df12db4294e9bfd3]::pin::Pin<&mut dyn core[df12db4294e9bfd3]::future::future::Future<Output = ()>>>>::{closure#0}::{closure#0}>
[INFO] [stdout]                                at /opt/rustwide/cargo-home/registry/src/index.crates.io-1949cf8c6b5b557f/tokio-1.53.1/src/runtime/scheduler/current_thread/mod.rs:488:19
[INFO] [stdout]   27:     0x5793dc6fdf2d - <tokio[d150f41798013fc9]::runtime::scheduler::current_thread::CoreGuard>::block_on::<core[df12db4294e9bfd3]::pin::Pin<&mut core[df12db4294e9bfd3]::pin::Pin<&mut dyn core[df12db4294e9bfd3]::future::future::Future<Output = ()>>>>::{closure#0}
[INFO] [stdout]                                at /opt/rustwide/cargo-home/registry/src/index.crates.io-1949cf8c6b5b557f/tokio-1.53.1/src/runtime/scheduler/current_thread/mod.rs:829:44
[INFO] [stdout]   28:     0x5793dc6fd1c4 - <tokio[d150f41798013fc9]::runtime::scheduler::current_thread::CoreGuard>::enter::<<tokio[d150f41798013fc9]::runtime::scheduler::current_thread::CoreGuard>::block_on<core[df12db4294e9bfd3]::pin::Pin<&mut core[df12db4294e9bfd3]::pin::Pin<&mut dyn core[df12db4294e9bfd3]::future::future::Future<Output = ()>>>>::{closure#0}, core[df12db4294e9bfd3]::option::Option<()>>::{closure#0}
[INFO] [stdout]                                at /opt/rustwide/cargo-home/registry/src/index.crates.io-1949cf8c6b5b557f/tokio-1.53.1/src/runtime/scheduler/current_thread/mod.rs:906:68
[INFO] [stdout]   29:     0x5793dc6da9db - <tokio[d150f41798013fc9]::runtime::context::scoped::Scoped<tokio[d150f41798013fc9]::runtime::scheduler::Context>>::set::<<tokio[d150f41798013fc9]::runtime::scheduler::current_thread::CoreGuard>::enter<<tokio[d150f41798013fc9]::runtime::scheduler::current_thread::CoreGuard>::block_on<core[df12db4294e9bfd3]::pin::Pin<&mut core[df12db4294e9bfd3]::pin::Pin<&mut dyn core[df12db4294e9bfd3]::future::future::Future<Output = ()>>>>::{closure#0}, core[df12db4294e9bfd3]::option::Option<()>>::{closure#0}, (alloc[2182bb758b4b3781]::boxed::Box<tokio[d150f41798013fc9]::runtime::scheduler::current_thread::Core>, core[df12db4294e9bfd3]::option::Option<()>)>
[INFO] [stdout]                                at /opt/rustwide/cargo-home/registry/src/index.crates.io-1949cf8c6b5b557f/tokio-1.53.1/src/runtime/context/scoped.rs:40:9
[INFO] [stdout]   30:     0x5793dc701f69 - tokio[d150f41798013fc9]::runtime::context::set_scheduler::<(alloc[2182bb758b4b3781]::boxed::Box<tokio[d150f41798013fc9]::runtime::scheduler::current_thread::Core>, core[df12db4294e9bfd3]::option::Option<()>), <tokio[d150f41798013fc9]::runtime::scheduler::current_thread::CoreGuard>::enter<<tokio[d150f41798013fc9]::runtime::scheduler::current_thread::CoreGuard>::block_on<core[df12db4294e9bfd3]::pin::Pin<&mut core[df12db4294e9bfd3]::pin::Pin<&mut dyn core[df12db4294e9bfd3]::future::future::Future<Output = ()>>>>::{closure#0}, core[df12db4294e9bfd3]::option::Option<()>>::{closure#0}>::{closure#0}
[INFO] [stdout]                                at /opt/rustwide/cargo-home/registry/src/index.crates.io-1949cf8c6b5b557f/tokio-1.53.1/src/runtime/context.rs:187:38
[INFO] [stdout]   31:     0x5793dc6db0ff - <std[70759c8f55707aa4]::thread::local::LocalKey<tokio[d150f41798013fc9]::runtime::context::Context>>::try_with::<tokio[d150f41798013fc9]::runtime::context::set_scheduler<(alloc[2182bb758b4b3781]::boxed::Box<tokio[d150f41798013fc9]::runtime::scheduler::current_thread::Core>, core[df12db4294e9bfd3]::option::Option<()>), <tokio[d150f41798013fc9]::runtime::scheduler::current_thread::CoreGuard>::enter<<tokio[d150f41798013fc9]::runtime::scheduler::current_thread::CoreGuard>::block_on<core[df12db4294e9bfd3]::pin::Pin<&mut core[df12db4294e9bfd3]::pin::Pin<&mut dyn core[df12db4294e9bfd3]::future::future::Future<Output = ()>>>>::{closure#0}, core[df12db4294e9bfd3]::option::Option<()>>::{closure#0}>::{closure#0}, (alloc[2182bb758b4b3781]::boxed::Box<tokio[d150f41798013fc9]::runtime::scheduler::current_thread::Core>, core[df12db4294e9bfd3]::option::Option<()>)>
[INFO] [stdout]                                at /rustc/dfb0accb7f508ae8be965d8629557221c889dd98/library/std/src/thread/local.rs:463:12
[INFO] [stdout]   32:     0x5793dc6dacae - <std[70759c8f55707aa4]::thread::local::LocalKey<tokio[d150f41798013fc9]::runtime::context::Context>>::with::<tokio[d150f41798013fc9]::runtime::context::set_scheduler<(alloc[2182bb758b4b3781]::boxed::Box<tokio[d150f41798013fc9]::runtime::scheduler::current_thread::Core>, core[df12db4294e9bfd3]::option::Option<()>), <tokio[d150f41798013fc9]::runtime::scheduler::current_thread::CoreGuard>::enter<<tokio[d150f41798013fc9]::runtime::scheduler::current_thread::CoreGuard>::block_on<core[df12db4294e9bfd3]::pin::Pin<&mut core[df12db4294e9bfd3]::pin::Pin<&mut dyn core[df12db4294e9bfd3]::future::future::Future<Output = ()>>>>::{closure#0}, core[df12db4294e9bfd3]::option::Option<()>>::{closure#0}>::{closure#0}, (alloc[2182bb758b4b3781]::boxed::Box<tokio[d150f41798013fc9]::runtime::scheduler::current_thread::Core>, core[df12db4294e9bfd3]::option::Option<()>)>
[INFO] [stdout]                                at /rustc/dfb0accb7f508ae8be965d8629557221c889dd98/library/std/src/thread/local.rs:427:20
[INFO] [stdout]   33:     0x5793dc700b1d - tokio[d150f41798013fc9]::runtime::context::set_scheduler::<(alloc[2182bb758b4b3781]::boxed::Box<tokio[d150f41798013fc9]::runtime::scheduler::current_thread::Core>, core[df12db4294e9bfd3]::option::Option<()>), <tokio[d150f41798013fc9]::runtime::scheduler::current_thread::CoreGuard>::enter<<tokio[d150f41798013fc9]::runtime::scheduler::current_thread::CoreGuard>::block_on<core[df12db4294e9bfd3]::pin::Pin<&mut core[df12db4294e9bfd3]::pin::Pin<&mut dyn core[df12db4294e9bfd3]::future::future::Future<Output = ()>>>>::{closure#0}, core[df12db4294e9bfd3]::option::Option<()>>::{closure#0}>
[INFO] [stdout]                                at /opt/rustwide/cargo-home/registry/src/index.crates.io-1949cf8c6b5b557f/tokio-1.53.1/src/runtime/context.rs:187:17
[INFO] [stdout]   34:     0x5793dc6fc2a0 - <tokio[d150f41798013fc9]::runtime::scheduler::current_thread::CoreGuard>::enter::<<tokio[d150f41798013fc9]::runtime::scheduler::current_thread::CoreGuard>::block_on<core[df12db4294e9bfd3]::pin::Pin<&mut core[df12db4294e9bfd3]::pin::Pin<&mut dyn core[df12db4294e9bfd3]::future::future::Future<Output = ()>>>>::{closure#0}, core[df12db4294e9bfd3]::option::Option<()>>
[INFO] [stdout]                                at /opt/rustwide/cargo-home/registry/src/index.crates.io-1949cf8c6b5b557f/tokio-1.53.1/src/runtime/scheduler/current_thread/mod.rs:906:27
[INFO] [stdout]   35:     0x5793dc6fc596 - <tokio[d150f41798013fc9]::runtime::scheduler::current_thread::CoreGuard>::block_on::<core[df12db4294e9bfd3]::pin::Pin<&mut core[df12db4294e9bfd3]::pin::Pin<&mut dyn core[df12db4294e9bfd3]::future::future::Future<Output = ()>>>>
[INFO] [stdout]                                at /opt/rustwide/cargo-home/registry/src/index.crates.io-1949cf8c6b5b557f/tokio-1.53.1/src/runtime/scheduler/current_thread/mod.rs:817:24
[INFO] [stdout]   36:     0x5793dc6fce70 - <tokio[d150f41798013fc9]::runtime::scheduler::current_thread::CurrentThread>::block_on::<core[df12db4294e9bfd3]::pin::Pin<&mut dyn core[df12db4294e9bfd3]::future::future::Future<Output = ()>>>::{closure#0}
[INFO] [stdout]                                at /opt/rustwide/cargo-home/registry/src/index.crates.io-1949cf8c6b5b557f/tokio-1.53.1/src/runtime/scheduler/current_thread/mod.rs:218:33
[INFO] [stdout]   37:     0x5793dc6de098 - tokio[d150f41798013fc9]::runtime::context::runtime::enter_runtime::<<tokio[d150f41798013fc9]::runtime::scheduler::current_thread::CurrentThread>::block_on<core[df12db4294e9bfd3]::pin::Pin<&mut dyn core[df12db4294e9bfd3]::future::future::Future<Output = ()>>>::{closure#0}, ()>
[INFO] [stdout]                                at /opt/rustwide/cargo-home/registry/src/index.crates.io-1949cf8c6b5b557f/tokio-1.53.1/src/runtime/context/runtime.rs:65:16
[INFO] [stdout]   38:     0x5793dc6fa5c4 - <tokio[d150f41798013fc9]::runtime::scheduler::current_thread::CurrentThread>::block_on::<core[df12db4294e9bfd3]::pin::Pin<&mut dyn core[df12db4294e9bfd3]::future::future::Future<Output = ()>>>
[INFO] [stdout]                                at /opt/rustwide/cargo-home/registry/src/index.crates.io-1949cf8c6b5b557f/tokio-1.53.1/src/runtime/scheduler/current_thread/mod.rs:206:9
[INFO] [stdout]   39:     0x5793dc7000ff - <tokio[d150f41798013fc9]::runtime::runtime::Runtime>::block_on_inner::<core[df12db4294e9bfd3]::pin::Pin<&mut dyn core[df12db4294e9bfd3]::future::future::Future<Output = ()>>>
[INFO] [stdout]                                at /opt/rustwide/cargo-home/registry/src/index.crates.io-1949cf8c6b5b557f/tokio-1.53.1/src/runtime/runtime.rs:374:52
[INFO] [stdout]   40:     0x5793dc70024b - <tokio[d150f41798013fc9]::runtime::runtime::Runtime>::block_on::<core[df12db4294e9bfd3]::pin::Pin<&mut dyn core[df12db4294e9bfd3]::future::future::Future<Output = ()>>>
[INFO] [stdout]                                at /opt/rustwide/cargo-home/registry/src/index.crates.io-1949cf8c6b5b557f/tokio-1.53.1/src/runtime/runtime.rs:343:18
[INFO] [stdout]   41:     0x5793dc6f88d0 - mode_throughput[b1cdaa26de8589c0]::quip_cpu_sa_throughput_conformance
[INFO] [stdout]                                at /opt/rustwide/workdir/tests/mode_throughput.rs:418:6
[INFO] [stdout]   42:     0x5793dc6ee1e7 - mode_throughput[b1cdaa26de8589c0]::quip_cpu_sa_throughput_conformance::{closure#0}
[INFO] [stdout]                                at /opt/rustwide/workdir/tests/mode_throughput.rs:373:46
[INFO] [stdout]   43:     0x5793dc6e37f6 - <mode_throughput[b1cdaa26de8589c0]::quip_cpu_sa_throughput_conformance::{closure#0} as core[df12db4294e9bfd3]::ops::function::FnOnce<()>>::call_once
[INFO] [stdout]                                at /rustc/dfb0accb7f508ae8be965d8629557221c889dd98/library/core/src/ops/function.rs:250:5
[INFO] [stdout]   44:     0x5793dc70f51b - <fn() -> core[df12db4294e9bfd3]::result::Result<(), alloc[2182bb758b4b3781]::string::String> as core[df12db4294e9bfd3]::ops::function::FnOnce<()>>::call_once
[INFO] [stdout]                                at /rustc/dfb0accb7f508ae8be965d8629557221c889dd98/library/core/src/ops/function.rs:250:5
[INFO] [stdout]   45:     0x5793dc70f51b - test[9d35eded1c95d3be]::__rust_begin_short_backtrace::<core[df12db4294e9bfd3]::result::Result<(), alloc[2182bb758b4b3781]::string::String>, fn() -> core[df12db4294e9bfd3]::result::Result<(), alloc[2182bb758b4b3781]::string::String>>
[INFO] [stdout]                                at /rustc/dfb0accb7f508ae8be965d8629557221c889dd98/library/test/src/lib.rs:733:18
[INFO] [stdout]   46:     0x5793dc71cb85 - test[9d35eded1c95d3be]::run_test_in_process::{closure#0}
[INFO] [stdout]                                at /rustc/dfb0accb7f508ae8be965d8629557221c889dd98/library/test/src/lib.rs:756:74
[INFO] [stdout]   47:     0x5793dc71cb85 - <core[df12db4294e9bfd3]::panic::unwind_safe::AssertUnwindSafe<test[9d35eded1c95d3be]::run_test_in_process::{closure#0}> as core[df12db4294e9bfd3]::ops::function::FnOnce<()>>::call_once
[INFO] [stdout]                                at /rustc/dfb0accb7f508ae8be965d8629557221c889dd98/library/core/src/panic/unwind_safe.rs:275:9
[INFO] [stdout]   48:     0x5793dc71cb85 - std[70759c8f55707aa4]::panicking::catch_unwind::do_call::<core[df12db4294e9bfd3]::panic::unwind_safe::AssertUnwindSafe<test[9d35eded1c95d3be]::run_test_in_process::{closure#0}>, core[df12db4294e9bfd3]::result::Result<(), alloc[2182bb758b4b3781]::string::String>>
[INFO] [stdout]                                at /rustc/dfb0accb7f508ae8be965d8629557221c889dd98/library/std/src/panicking.rs:576:43
[INFO] [stdout]   49:     0x5793dc71cb85 - std[70759c8f55707aa4]::panicking::catch_unwind::<core[df12db4294e9bfd3]::result::Result<(), alloc[2182bb758b4b3781]::string::String>, core[df12db4294e9bfd3]::panic::unwind_safe::AssertUnwindSafe<test[9d35eded1c95d3be]::run_test_in_process::{closure#0}>>
[INFO] [stdout]                                at /rustc/dfb0accb7f508ae8be965d8629557221c889dd98/library/std/src/panicking.rs:544:19
[INFO] [stdout]   50:     0x5793dc71cb85 - std[70759c8f55707aa4]::panic::catch_unwind::<core[df12db4294e9bfd3]::panic::unwind_safe::AssertUnwindSafe<test[9d35eded1c95d3be]::run_test_in_process::{closure#0}>, core[df12db4294e9bfd3]::result::Result<(), alloc[2182bb758b4b3781]::string::String>>
[INFO] [stdout]                                at /rustc/dfb0accb7f508ae8be965d8629557221c889dd98/library/std/src/panic.rs:359:14
[INFO] [stdout]   51:     0x5793dc71cb85 - test[9d35eded1c95d3be]::run_test_in_process
[INFO] [stdout]                                at /rustc/dfb0accb7f508ae8be965d8629557221c889dd98/library/test/src/lib.rs:756:27
[INFO] [stdout]   52:     0x5793dc71cb85 - test[9d35eded1c95d3be]::run_test::{closure#0}
[INFO] [stdout]                                at /rustc/dfb0accb7f508ae8be965d8629557221c889dd98/library/test/src/lib.rs:677:43
[INFO] [stdout]   53:     0x5793dc716444 - test[9d35eded1c95d3be]::run_test::{closure#1}
[INFO] [stdout]                                at /rustc/dfb0accb7f508ae8be965d8629557221c889dd98/library/test/src/lib.rs:707:41
[INFO] [stdout]   54:     0x5793dc716444 - std[70759c8f55707aa4]::sys::backtrace::__rust_begin_short_backtrace::<test[9d35eded1c95d3be]::run_test::{closure#1}, ()>
[INFO] [stdout]                                at /rustc/dfb0accb7f508ae8be965d8629557221c889dd98/library/std/src/sys/backtrace.rs:166:18
[INFO] [stdout]   55:     0x5793dc71fce2 - std[70759c8f55707aa4]::thread::lifecycle::spawn_unchecked::<test[9d35eded1c95d3be]::run_test::{closure#1}, ()>::{closure#1}::{closure#0}
[INFO] [stdout]                                at /rustc/dfb0accb7f508ae8be965d8629557221c889dd98/library/std/src/thread/lifecycle.rs:70:13
[INFO] [stdout]   56:     0x5793dc71fce2 - <core[df12db4294e9bfd3]::panic::unwind_safe::AssertUnwindSafe<std[70759c8f55707aa4]::thread::lifecycle::spawn_unchecked<test[9d35eded1c95d3be]::run_test::{closure#1}, ()>::{closure#1}::{closure#0}> as core[df12db4294e9bfd3]::ops::function::FnOnce<()>>::call_once
[INFO] [stdout]                                at /rustc/dfb0accb7f508ae8be965d8629557221c889dd98/library/core/src/panic/unwind_safe.rs:275:9
[INFO] [stdout]   57:     0x5793dc71fce2 - std[70759c8f55707aa4]::panicking::catch_unwind::do_call::<core[df12db4294e9bfd3]::panic::unwind_safe::AssertUnwindSafe<std[70759c8f55707aa4]::thread::lifecycle::spawn_unchecked<test[9d35eded1c95d3be]::run_test::{closure#1}, ()>::{closure#1}::{closure#0}>, ()>
[INFO] [stdout]                                at /rustc/dfb0accb7f508ae8be965d8629557221c889dd98/library/std/src/panicking.rs:576:43
[INFO] [stdout]   58:     0x5793dc71fce2 - std[70759c8f55707aa4]::panicking::catch_unwind::<(), core[df12db4294e9bfd3]::panic::unwind_safe::AssertUnwindSafe<std[70759c8f55707aa4]::thread::lifecycle::spawn_unchecked<test[9d35eded1c95d3be]::run_test::{closure#1}, ()>::{closure#1}::{closure#0}>>
[INFO] [stdout]                                at /rustc/dfb0accb7f508ae8be965d8629557221c889dd98/library/std/src/panicking.rs:544:19
[INFO] [stdout]   59:     0x5793dc71fce2 - std[70759c8f55707aa4]::panic::catch_unwind::<core[df12db4294e9bfd3]::panic::unwind_safe::AssertUnwindSafe<std[70759c8f55707aa4]::thread::lifecycle::spawn_unchecked<test[9d35eded1c95d3be]::run_test::{closure#1}, ()>::{closure#1}::{closure#0}>, ()>
[INFO] [stdout]                                at /rustc/dfb0accb7f508ae8be965d8629557221c889dd98/library/std/src/panic.rs:359:14
[INFO] [stdout]   60:     0x5793dc71fce2 - std[70759c8f55707aa4]::thread::lifecycle::spawn_unchecked::<test[9d35eded1c95d3be]::run_test::{closure#1}, ()>::{closure#1}
[INFO] [stdout]                                at /rustc/dfb0accb7f508ae8be965d8629557221c889dd98/library/std/src/thread/lifecycle.rs:68:26
[INFO] [stdout]   61:     0x5793dc71fce2 - <std[70759c8f55707aa4]::thread::lifecycle::spawn_unchecked<test[9d35eded1c95d3be]::run_test::{closure#1}, ()>::{closure#1} as core[df12db4294e9bfd3]::ops::function::FnOnce<()>>::call_once::{shim:vtable#0}
[INFO] [stdout]                                at /rustc/dfb0accb7f508ae8be965d8629557221c889dd98/library/core/src/ops/function.rs:250:5
[INFO] [stdout]   62:     0x5793dcb7f839 - <alloc[2182bb758b4b3781]::boxed::Box<dyn core[df12db4294e9bfd3]::ops::function::FnOnce<(), Output = ()> + core[df12db4294e9bfd3]::marker::Send> as core[df12db4294e9bfd3]::ops::function::FnOnce<()>>::call_once
[INFO] [stdout]                                at /rustc/dfb0accb7f508ae8be965d8629557221c889dd98/library/alloc/src/boxed.rs:2320:9
[INFO] [stdout]   63:     0x5793dcb7f839 - <std[70759c8f55707aa4]::sys::thread::unix::Thread>::new::thread_start
[INFO] [stdout]                                at /rustc/dfb0accb7f508ae8be965d8629557221c889dd98/library/std/src/sys/thread/unix.rs:123:17
[INFO] [stdout]   64:     0x738c631d9dfa - <unknown>
[INFO] [stdout]   65:     0x738c6326d3d4 - clone
[INFO] [stdout]   66:                0x0 - <unknown>
[INFO] [stdout] 
[INFO] [stdout] 
[INFO] [stdout] failures:
[INFO] [stdout]     quip_cpu_sa_throughput_conformance
[INFO] [stdout] 
[INFO] [stdout] test result: FAILED. 15 passed; 1 failed; 0 ignored; 0 measured; 0 filtered out; finished in 3.50s
[INFO] [stdout] 
[INFO] [stderr] error: test failed, to rerun pass `--test mode_throughput`
[INFO] running `Command { std: "docker" "inspect" "af82998f45d1a393025274f1e15b8a9b9facd3de9af2cf082e8c239eba38cde9", kill_on_drop: false }`
[INFO] running `Command { std: "docker" "rm" "-f" "af82998f45d1a393025274f1e15b8a9b9facd3de9af2cf082e8c239eba38cde9", kill_on_drop: false }`
[INFO] [stdout] af82998f45d1a393025274f1e15b8a9b9facd3de9af2cf082e8c239eba38cde9
