[INFO] cloning repository https://github.com/Mr-Tanmoy/TechScript
[INFO] running `Command { std: "git" "-c" "credential.helper=" "-c" "credential.helper=/workspace/cargo-home/bin/git-credential-null" "clone" "--bare" "https://github.com/Mr-Tanmoy/TechScript" "/workspace/cache/git-repos/https%3A%2F%2Fgithub.com%2FMr-Tanmoy%2FTechScript", kill_on_drop: false }`
[INFO] [stderr] Cloning into bare repository '/workspace/cache/git-repos/https%3A%2F%2Fgithub.com%2FMr-Tanmoy%2FTechScript'...
[INFO] running `Command { std: "git" "rev-parse" "HEAD", kill_on_drop: false }`
[INFO] [stdout] 3a82fd047fafdef09667693599c576ee90cf5ba0
[INFO] testing Mr-Tanmoy/TechScript against 1.99.0-beta.8 for beta-1.100-2
[INFO] running `Command { std: "git" "clone" "/workspace/cache/git-repos/https%3A%2F%2Fgithub.com%2FMr-Tanmoy%2FTechScript" "/workspace/builds/worker-5-tc1/source", kill_on_drop: false }`
[INFO] [stderr] Cloning into '/workspace/builds/worker-5-tc1/source'...
[INFO] [stderr] done.
[INFO] started tweaking git repo https://github.com/Mr-Tanmoy/TechScript
[INFO] finished tweaking git repo https://github.com/Mr-Tanmoy/TechScript
[INFO] tweaked toml for git repo https://github.com/Mr-Tanmoy/TechScript written to /workspace/builds/worker-5-tc1/source/Cargo.toml
[INFO] validating manifest of git repo https://github.com/Mr-Tanmoy/TechScript on toolchain 1.99.0-beta.8
[INFO] running `Command { std: CARGO_HOME="/workspace/cargo-home" RUSTUP_HOME="/workspace/rustup-home" "/workspace/cargo-home/bin/cargo" "+1.99.0-beta.8" "metadata" "--manifest-path" "Cargo.toml" "--no-deps", kill_on_drop: false }`
[INFO] crate git repo https://github.com/Mr-Tanmoy/TechScript already has a lockfile, it will not be regenerated
[INFO] running `Command { std: CARGO_HOME="/workspace/cargo-home" RUSTUP_HOME="/workspace/rustup-home" "/workspace/cargo-home/bin/cargo" "+1.99.0-beta.8" "fetch" "--manifest-path" "Cargo.toml", kill_on_drop: false }`
[INFO] [stderr]     Updating crates.io index
[INFO] [stderr]  Downloading crates ...
[INFO] [stderr]   Downloaded tower-lsp-macros v0.9.0
[INFO] [stderr]   Downloaded enumflags2_derive v0.7.12
[INFO] [stderr]   Downloaded zip v0.6.6
[INFO] [stderr]   Downloaded time-macros v0.2.31
[INFO] [stderr]   Downloaded anyhow v1.0.103
[INFO] [stderr]   Downloaded zvariant_utils v3.5.0
[INFO] [stderr]   Downloaded endi v1.1.1
[INFO] [stderr]   Downloaded windows-version v0.1.7
[INFO] [stderr]   Downloaded mac-notification-sys v0.6.15
[INFO] [stderr]   Downloaded ghash v0.5.1
[INFO] [stderr]   Downloaded chunked_transfer v1.5.0
[INFO] [stderr]   Downloaded hashlink v0.9.1
[INFO] [stderr]   Downloaded uds_windows v1.2.1
[INFO] [stderr]   Downloaded bcrypt v0.15.1
[INFO] [stderr]   Downloaded logos-derive v0.14.4
[INFO] [stderr]   Downloaded nibble_vec v0.1.0
[INFO] [stderr]   Downloaded endian-type v0.1.2
[INFO] [stderr]   Downloaded auto_impl v1.3.0
[INFO] [stderr]   Downloaded enumflags2 v0.7.12
[INFO] [stderr]   Downloaded zbus_names v4.3.4
[INFO] [stderr]   Downloaded async-broadcast v0.7.2
[INFO] [stderr]   Downloaded tower-lsp v0.20.0
[INFO] [stderr]   Downloaded zbus_macros v5.18.0
[INFO] [stderr]   Downloaded polyval v0.6.2
[INFO] [stderr]   Downloaded zvariant_derive v5.13.1
[INFO] [stderr]   Downloaded ascii v1.1.0
[INFO] [stderr]   Downloaded tauri-winrt-notification v0.7.3
[INFO] [stderr]   Downloaded crossbeam-deque v0.8.7
[INFO] [stderr]   Downloaded crossbeam-epoch v0.9.20
[INFO] [stderr]   Downloaded logos-codegen v0.14.4
[INFO] [stderr]   Downloaded socket2 v0.6.4
[INFO] [stderr]   Downloaded tiny_http v0.12.0
[INFO] [stderr]   Downloaded winres v0.1.12
[INFO] [stderr]   Downloaded llvm-sys v180.0.0
[INFO] [stderr]   Downloaded qrcode v0.14.1
[INFO] [stderr]   Downloaded bytemuck v1.25.1
[INFO] [stderr]   Downloaded notify-rust v4.18.0
[INFO] [stderr]   Downloaded zvariant v5.13.1
[INFO] [stderr]   Downloaded toml_edit v0.25.13+spec-1.1.0
[INFO] [stderr]   Downloaded calamine v0.24.0
[INFO] [stderr]   Downloaded lsp-types v0.94.1
[INFO] [stderr]   Downloaded regex-lite v0.1.9
[INFO] [stderr]   Downloaded ureq v2.12.1
[INFO] [stderr]   Downloaded rustyline v14.0.0
[INFO] [stderr]   Downloaded mio v1.2.1
[INFO] [stderr]   Downloaded png v0.17.16
[INFO] [stderr]   Downloaded ttf-parser v0.19.2
[INFO] [stderr]   Downloaded aes-gcm v0.10.3
[INFO] [stderr]   Downloaded rusqlite v0.31.0
[INFO] [stderr]   Downloaded quick-xml v0.31.0
[INFO] [stderr]   Downloaded pom v3.4.0
[INFO] [stderr]   Downloaded zbus v5.18.0
[INFO] [stderr]   Downloaded webpki-roots v1.0.8
[INFO] [stderr]   Downloaded aws-lc-rs v1.17.3
[INFO] [stderr]   Downloaded radix_trie v0.2.1
[INFO] [stderr]   Downloaded nix v0.28.0
[INFO] [stderr]   Downloaded jpeg-decoder v0.3.2
[INFO] [stderr]   Downloaded logos v0.14.4
[INFO] [stderr]   Downloaded tiff v0.9.1
[INFO] [stderr]   Downloaded printpdf v0.7.0
[INFO] [stderr]   Downloaded libsqlite3-sys v0.28.0
[INFO] [stderr]   Downloaded lopdf v0.31.0
[INFO] [stderr]   Downloaded image v0.24.9
[INFO] [stderr]   Downloaded aws-lc-sys v0.43.0
[INFO] running `Command { std: "docker" "create" "-v" "/var/lib/crater-agent-workspace/builds/worker-5-tc1/source:/opt/rustwide/workdir:ro,Z" "-v" "/var/lib/crater-agent-workspace/builds/worker-5-tc1/target:/opt/rustwide/target:rw,Z" "-v" "/var/lib/crater-agent-workspace/cargo-home:/opt/rustwide/cargo-home:ro,Z" "-v" "/var/lib/crater-agent-workspace/rustup-home:/opt/rustwide/rustup-home:ro,Z" "-m" "1610612736" "--network" "none" "ghcr.io/rust-lang/crates-build-env/linux@sha256:3111399a4047eeb3a02b7a90e478d715f38a8c6669b5c4b49d30a17385265909" "sleep" "infinity", kill_on_drop: false }`
[INFO] [stdout] 89a21f6bbe4ed730000461e1949dce447295699f05ac3ecf974ec6c986f138bc
[INFO] running `Command { std: "docker" "start" "89a21f6bbe4ed730000461e1949dce447295699f05ac3ecf974ec6c986f138bc", kill_on_drop: false }`
[INFO] running `Command { std: "docker" "inspect" "89a21f6bbe4ed730000461e1949dce447295699f05ac3ecf974ec6c986f138bc", kill_on_drop: false }`
[INFO] running `Command { std: "docker" "exec" "-e" "SOURCE_DIR=/opt/rustwide/workdir" "-e" "CARGO_HOME=/opt/rustwide/cargo-home" "-e" "RUSTUP_HOME=/opt/rustwide/rustup-home" "-e" "CARGO_TARGET_DIR=/opt/rustwide/target" "-w" "/opt/rustwide/workdir" "--user" "0:0" "89a21f6bbe4ed730000461e1949dce447295699f05ac3ecf974ec6c986f138bc" "/opt/rustwide/cargo-home/bin/cargo" "+1.99.0-beta.8" "metadata" "--no-deps" "--format-version=1", kill_on_drop: false }`
[INFO] running `Command { std: "docker" "inspect" "89a21f6bbe4ed730000461e1949dce447295699f05ac3ecf974ec6c986f138bc", kill_on_drop: false }`
[INFO] running `Command { std: "docker" "exec" "-e" "SOURCE_DIR=/opt/rustwide/workdir" "-e" "CARGO_HOME=/opt/rustwide/cargo-home" "-e" "RUSTUP_HOME=/opt/rustwide/rustup-home" "-e" "CARGO_TARGET_DIR=/opt/rustwide/target" "-e" "CARGO_INCREMENTAL=0" "-e" "RUST_BACKTRACE=full" "-e" "RUSTFLAGS=--cap-lints=warn" "-e" "RUSTDOCFLAGS=--cap-lints=warn" "-w" "/opt/rustwide/workdir" "--user" "0:0" "89a21f6bbe4ed730000461e1949dce447295699f05ac3ecf974ec6c986f138bc" "/opt/rustwide/cargo-home/bin/cargo" "+1.99.0-beta.8" "build" "--frozen" "--message-format=json", kill_on_drop: false }`
[INFO] [stderr]    Compiling proc-macro2 v1.0.106
[INFO] [stderr]    Compiling quote v1.0.46
[INFO] [stderr]    Compiling libc v0.2.186
[INFO] [stderr]    Compiling serde v1.0.228
[INFO] [stderr]    Compiling shlex v2.0.1
[INFO] [stderr]    Compiling serde_core v1.0.228
[INFO] [stderr]    Compiling typenum v1.20.1
[INFO] [stderr]    Compiling crossbeam-utils v0.8.22
[INFO] [stderr]    Compiling subtle v2.6.1
[INFO] [stderr]    Compiling autocfg v1.5.1
[INFO] [stderr]    Compiling memchr v2.8.3
[INFO] [stderr]    Compiling smallvec v1.15.2
[INFO] [stderr]    Compiling syn v2.0.119
[INFO] [stderr]    Compiling generic-array v0.14.7
[INFO] [stderr]    Compiling hashbrown v0.17.1
[INFO] [stderr]    Compiling bitflags v2.13.0
[INFO] [stderr]    Compiling simd-adler32 v0.3.10
[INFO] [stderr]    Compiling jobserver v0.1.35
[INFO] [stderr]    Compiling zerocopy v0.8.54
[INFO] [stderr]    Compiling miniz_oxide v0.8.9
[INFO] [stderr]    Compiling cc v1.2.67
[INFO] [stderr]    Compiling winnow v1.0.4
[INFO] [stderr]    Compiling concurrent-queue v2.5.0
[INFO] [stderr]    Compiling rustix v1.1.4
[INFO] [stderr]    Compiling block-buffer v0.10.4
[INFO] [stderr]    Compiling num-traits v0.2.19
[INFO] [stderr]    Compiling flate2 v1.1.9
[INFO] [stderr]    Compiling getrandom v0.2.17
[INFO] [stderr]    Compiling log v0.4.33
[INFO] [stderr]    Compiling rand_core v0.6.4
[INFO] [stderr]    Compiling linux-raw-sys v0.12.1
[INFO] [stderr]    Compiling crypto-common v0.1.7
[INFO] [stderr]    Compiling indexmap v2.14.0
[INFO] [stderr]    Compiling inout v0.1.4
[INFO] [stderr]    Compiling digest v0.10.7
[INFO] [stderr]    Compiling toml_datetime v1.1.1+spec-1.1.0
[INFO] [stderr]    Compiling cipher v0.4.4
[INFO] [stderr]    Compiling fastrand v2.5.0
[INFO] [stderr]    Compiling crossbeam-epoch v0.9.20
[INFO] [stderr]    Compiling toml_parser v1.1.2+spec-1.1.0
[INFO] [stderr]    Compiling zstd-sys v2.0.16+zstd.1.5.7
[INFO] [stderr]    Compiling bzip2-sys v0.1.13+1.0.8
[INFO] [stderr]    Compiling errno v0.3.14
[INFO] [stderr]    Compiling event-listener v5.4.1
[INFO] [stderr]    Compiling zmij v1.0.23
[INFO] [stderr]    Compiling crossbeam-deque v0.8.7
[INFO] [stderr]    Compiling event-listener-strategy v0.5.4
[INFO] [stderr]    Compiling signal-hook-registry v1.4.8
[INFO] [stderr]    Compiling ring v0.17.14
[INFO] [stderr]    Compiling toml_edit v0.25.13+spec-1.1.0
[INFO] [stderr]    Compiling futures-lite v2.6.1
[INFO] [stderr]    Compiling ahash v0.8.12
[INFO] [stderr]    Compiling endi v1.1.1
[INFO] [stderr]    Compiling time-core v0.1.9
[INFO] [stderr]    Compiling num-conv v0.2.2
[INFO] [stderr]    Compiling rayon-core v1.13.0
[INFO] [stderr]    Compiling deranged v0.5.8
[INFO] [stderr]    Compiling bytemuck v1.25.1
[INFO] [stderr]    Compiling serde_json v1.0.150
[INFO] [stderr]    Compiling proc-macro-crate v3.5.0
[INFO] [stderr]    Compiling hmac v0.12.1
[INFO] [stderr]    Compiling async-io v2.6.0
[INFO] [stderr]    Compiling percent-encoding v2.3.2
[INFO] [stderr]    Compiling zstd-safe v5.0.2+zstd.1.5.2
[INFO] [stderr]    Compiling form_urlencoded v1.2.2
[INFO] [stderr]    Compiling synstructure v0.13.2
[INFO] [stderr]    Compiling time v0.3.53
[INFO] [stderr]    Compiling aes v0.8.4
[INFO] [stderr]    Compiling libm v0.2.16
[INFO] [stderr]    Compiling weezl v0.1.12
[INFO] [stderr]    Compiling getrandom v0.4.3
[INFO] [stderr]    Compiling base64ct v1.8.3
[INFO] [stderr]    Compiling async-channel v2.5.0
[INFO] [stderr]    Compiling password-hash v0.4.2
[INFO] [stderr]    Compiling lzma-sys v0.1.20
[INFO] [stderr]    Compiling serde_derive v1.0.228
[INFO] [stderr]    Compiling zerofrom-derive v0.1.7
[INFO] [stderr]    Compiling yoke-derive v0.8.2
[INFO] [stderr]    Compiling displaydoc v0.2.6
[INFO] [stderr]    Compiling zerovec-derive v0.11.3
[INFO] [stderr]    Compiling zerocopy-derive v0.8.54
[INFO] [stderr]    Compiling zeroize_derive v1.5.0
[INFO] [stderr]    Compiling zerofrom v0.1.8
[INFO] [stderr]    Compiling yoke v0.8.3
[INFO] [stderr]    Compiling zeroize v1.9.0
[INFO] [stderr]    Compiling zerotrie v0.2.4
[INFO] [stderr]    Compiling enumflags2_derive v0.7.12
[INFO] [stderr]    Compiling rustls-pki-types v1.15.0
[INFO] [stderr]    Compiling zerovec v0.11.6
[INFO] [stderr]    Compiling polling v3.11.0
[INFO] [stderr]    Compiling tinystr v0.8.3
[INFO] [stderr]    Compiling potential_utf v0.1.5
[INFO] [stderr]    Compiling icu_collections v2.2.0
[INFO] [stderr]    Compiling icu_locale_core v2.2.0
[INFO] [stderr]    Compiling tracing-attributes v0.1.31
[INFO] [stderr]    Compiling icu_provider v2.2.0
[INFO] [stderr]    Compiling techscript_common v2.0.0 (/opt/rustwide/workdir/compiler/common)
[INFO] [stderr]    Compiling zvariant_utils v3.5.0
[INFO] [stderr]    Compiling icu_properties v2.2.0
[INFO] [stderr]    Compiling icu_normalizer v2.2.0
[INFO] [stderr]    Compiling techscript_syntax v2.0.0 (/opt/rustwide/workdir/compiler/syntax)
[INFO] [stderr]    Compiling zvariant_derive v5.13.1
[INFO] [stderr]    Compiling techscript_errors v2.0.0 (/opt/rustwide/workdir/compiler/errors)
[INFO] [stderr]    Compiling enumflags2 v0.7.12
[INFO] [stderr]    Compiling toml_datetime v0.6.11
[INFO] [stderr]    Compiling serde_spanned v0.6.9
[INFO] [stderr]    Compiling serde_repr v0.1.20
[INFO] [stderr]    Compiling sha2 v0.10.9
[INFO] [stderr]    Compiling sha1 v0.10.7
[INFO] [stderr]    Compiling zvariant v5.13.1
[INFO] [stderr]    Compiling idna_adapter v1.2.2
[INFO] [stderr]    Compiling tracing-core v0.1.36
[INFO] [stderr]    Compiling idna v1.1.0
[INFO] [stderr]    Compiling pulp v0.22.3
[INFO] [stderr]    Compiling vcpkg v0.2.15
[INFO] [stderr]    Compiling rustls v0.23.42
[INFO] [stderr]    Compiling winnow v0.7.15
[INFO] [stderr]    Compiling url v2.5.8
[INFO] [stderr]    Compiling toml_write v0.1.2
[INFO] [stderr]    Compiling regex-automata v0.4.16
[INFO] [stderr]    Compiling either v1.16.0
[INFO] [stderr]    Compiling zstd-safe v7.2.4
[INFO] [stderr]    Compiling piper v0.2.5
[INFO] [stderr]    Compiling rayon v1.12.0
[INFO] [stderr]    Compiling libsqlite3-sys v0.28.0
[INFO] [stderr]    Compiling tracing v0.1.44
[INFO] [stderr]    Compiling bstr v1.13.0
[INFO] [stderr]    Compiling pbkdf2 v0.11.0
[INFO] [stderr]    Compiling techscript_ast v2.0.0 (/opt/rustwide/workdir/compiler/ast)
[INFO] [stderr]    Compiling rustls-webpki v0.103.13
[INFO] [stderr]    Compiling hashbrown v0.14.5
[INFO] [stderr]    Compiling toml_edit v0.22.27
[INFO] [stderr]    Compiling zbus_names v4.3.4
[INFO] [stderr]    Compiling async-signal v0.2.14
[INFO] [stderr]    Compiling webpki-roots v1.0.8
[INFO] [stderr]    Compiling async-trait v0.1.89
[INFO] [stderr]    Compiling bzip2 v0.4.4
[INFO] [stderr]    Compiling num-complex v0.4.6
[INFO] [stderr]    Compiling async-lock v3.4.2
[INFO] [stderr]    Compiling universal-hash v0.5.1
[INFO] [stderr]    Compiling raw-cpuid v11.6.0
[INFO] [stderr]    Compiling opaque-debug v0.3.1
[INFO] [stderr]    Compiling getrandom v0.3.4
[INFO] [stderr]    Compiling constant_time_eq v0.1.5
[INFO] [stderr]    Compiling reborrow v0.5.5
[INFO] [stderr]    Compiling pxfm v0.1.30
[INFO] [stderr]    Compiling pulp-wasm-simd-flag v0.1.1
[INFO] [stderr]    Compiling crc-catalog v2.5.0
[INFO] [stderr]    Compiling async-process v2.5.0
[INFO] [stderr]    Compiling crc v3.4.0
[INFO] [stderr]    Compiling polyval v0.6.2
[INFO] [stderr]    Compiling zbus_macros v5.18.0
[INFO] [stderr]    Compiling uuid v1.24.0
[INFO] [stderr]    Compiling toml v0.8.23
[INFO] [stderr]    Compiling webpki-roots v0.26.11
[INFO] [stderr]    Compiling jpeg-decoder v0.3.2
[INFO] [stderr]    Compiling zstd v0.11.2+zstd.1.5.2
[INFO] [stderr]    Compiling zip v0.6.6
[INFO] [stderr]    Compiling ppv-lite86 v0.2.21
[INFO] [stderr]    Compiling half v2.7.1
[INFO] [stderr]    Compiling moxcms v0.8.1
[INFO] [stderr]    Compiling pom v3.4.0
[INFO] [stderr]    Compiling blocking v1.6.2
[INFO] [stderr]    Compiling async-recursion v1.1.1
[INFO] [stderr]    Compiling thiserror-impl v2.0.18
[INFO] [stderr]    Compiling async-executor v1.14.0
[INFO] [stderr]    Compiling async-broadcast v0.7.2
[INFO] [stderr]    Compiling ordered-stream v0.2.0
[INFO] [stderr]    Compiling zune-inflate v0.2.54
[INFO] [stderr]    Compiling fdeflate v0.3.7
[INFO] [stderr]    Compiling zip v2.4.2
[INFO] [stderr]    Compiling bumpalo v3.20.3
[INFO] [stderr]    Compiling lebe v0.5.3
[INFO] [stderr]    Compiling bit_field v0.10.3
[INFO] [stderr]    Compiling linked-hash-map v0.5.6
[INFO] [stderr]    Compiling color_quant v1.1.0
[INFO] [stderr]    Compiling ttf-parser v0.19.2
[INFO] [stderr]    Compiling chrono v0.4.45
[INFO] [stderr]    Compiling lopdf v0.31.0
[INFO] [stderr]    Compiling gif v0.13.3
[INFO] [stderr]    Compiling zopfli v0.8.3
[INFO] [stderr]    Compiling exr v1.74.2
[INFO] [stderr]    Compiling owned_ttf_parser v0.19.0
[INFO] [stderr]    Compiling ureq v2.12.1
[INFO] [stderr]    Compiling thiserror v2.0.18
[INFO] [stderr]    Compiling png v0.17.16
[INFO] [stderr]    Compiling zbus v5.18.0
[INFO] [stderr]    Compiling image v0.25.10
[INFO] [stderr]    Compiling rand_chacha v0.3.1
[INFO] [stderr]    Compiling zstd v0.13.3
[INFO] [stderr]    Compiling tiff v0.9.1
[INFO] [stderr]    Compiling xz2 v0.1.7
[INFO] [stderr]    Compiling ghash v0.5.1
[INFO] [stderr]    Compiling lzma-rs v0.3.0
[INFO] [stderr]    Compiling hashlink v0.9.1
[INFO] [stderr]    Compiling xattr v1.6.1
[INFO] [stderr]    Compiling quick-xml v0.31.0
[INFO] [stderr]    Compiling codepage v0.1.2
[INFO] [stderr]    Compiling pbkdf2 v0.12.2
[INFO] [stderr]    Compiling bzip2 v0.5.2
[INFO] [stderr]    Compiling qoi v0.4.1
[INFO] [stderr]    Compiling blowfish v0.9.1
[INFO] [stderr]    Compiling ctr v0.9.2
[INFO] [stderr]    Compiling aead v0.5.2
[INFO] [stderr]    Compiling filetime v0.2.29
[INFO] [stderr]    Compiling csv-core v0.1.13
[INFO] [stderr]    Compiling fallible-iterator v0.3.0
[INFO] [stderr]    Compiling deflate64 v0.1.12
[INFO] [stderr]    Compiling constant_time_eq v0.3.1
[INFO] [stderr]    Compiling chunked_transfer v1.5.0
[INFO] [stderr]    Compiling fallible-streaming-iterator v0.1.9
[INFO] [stderr]    Compiling ascii v1.1.0
[INFO] [stderr]    Compiling csv v1.4.0
[INFO] [stderr]    Compiling calamine v0.24.0
[INFO] [stderr]    Compiling tiny_http v0.12.0
[INFO] [stderr]    Compiling tar v0.4.46
[INFO] [stderr]    Compiling aes-gcm v0.10.3
[INFO] [stderr]    Compiling bcrypt v0.15.1
[INFO] [stderr]    Compiling image v0.24.9
[INFO] [stderr]    Compiling qrcode v0.14.1
[INFO] [stderr]    Compiling rusqlite v0.31.0
[INFO] [stderr]    Compiling rand v0.8.7
[INFO] [stderr]    Compiling printpdf v0.7.0
[INFO] [stderr]    Compiling techscript_runtime v2.0.0 (/opt/rustwide/workdir/runtime/runtime)
[INFO] [stderr]    Compiling sha-1 v0.10.1
[INFO] [stderr]    Compiling notify-rust v4.18.0
[INFO] [stderr]    Compiling techscript_module_resolver v2.0.0 (/opt/rustwide/workdir/compiler/module_resolver)
[INFO] [stderr]    Compiling beef v0.5.2
[INFO] [stderr]    Compiling regex-syntax v0.8.11
[INFO] [stderr]    Compiling anyhow v1.0.103
[INFO] [stderr]    Compiling parking_lot_core v0.9.12
[INFO] [stderr]    Compiling cfg_aliases v0.1.1
[INFO] [stderr]    Compiling nix v0.28.0
[INFO] [stderr]    Compiling futures-channel v0.3.32
[INFO] [stderr]    Compiling techscript_parser v2.0.0 (/opt/rustwide/workdir/compiler/parser)
[INFO] [stderr]    Compiling toml v0.5.11
[INFO] [stderr]    Compiling futures-macro v0.3.32
[INFO] [stderr]    Compiling clap_derive v4.6.1
[INFO] [stderr]    Compiling futures-util v0.3.32
[INFO] [stderr]    Compiling clap_builder v4.6.0
[INFO] [stderr]    Compiling winres v0.1.12
[INFO] [stderr]    Compiling parking_lot v0.12.5
[INFO] [stderr]    Compiling bincode v1.3.3
[INFO] [stderr]    Compiling logos-codegen v0.14.4
[INFO] [stderr]    Compiling tokio-macros v2.7.0
[INFO] [stderr]    Compiling techscript_stdlib v2.0.0 (/opt/rustwide/workdir/stdlib)
[INFO] [stderr]    Compiling pin-project-internal v1.1.13
[INFO] [stderr]    Compiling socket2 v0.6.4
[INFO] [stderr]    Compiling mio v1.2.1
[INFO] [stderr]    Compiling nibble_vec v0.1.0
[INFO] [stderr]    Compiling logos-derive v0.14.4
[INFO] [stderr]    Compiling endian-type v0.1.2
[INFO] [stderr]    Compiling bytes v1.12.1
[INFO] [stderr]    Compiling dirs-sys v0.4.1
[INFO] [stderr]    Compiling techscript_semantic v2.0.0 (/opt/rustwide/workdir/compiler/semantic)
[INFO] [stderr]    Compiling logos v0.14.4
[INFO] [stderr]    Compiling techscript_ir v2.0.0 (/opt/rustwide/workdir/compiler/ir)
[INFO] [stderr]    Compiling techscript_lexer v2.0.0 (/opt/rustwide/workdir/compiler/lexer)
[INFO] [stderr]    Compiling tokio v1.52.3
[INFO] [stderr]    Compiling techscript_interpreter v2.0.0 (/opt/rustwide/workdir/runtime/interpreter)
[INFO] [stderr]    Compiling radix_trie v0.2.1
[INFO] [stderr]    Compiling pin-project v1.1.13
[INFO] [stderr]    Compiling techscript_builtins v2.0.0 (/opt/rustwide/workdir/runtime/builtins)
[INFO] [stderr]    Compiling clap v4.6.1
[INFO] [stderr]    Compiling techscript_cli v2.0.0 (/opt/rustwide/workdir/cli)
[INFO] [stderr]    Compiling fd-lock v4.0.4
[INFO] [stderr]    Compiling techscript_bytecode v2.0.0 (/opt/rustwide/workdir/compiler/bytecode)
[INFO] [stderr]    Compiling unicode-width v0.1.14
[INFO] [stderr]    Compiling unicode-segmentation v1.13.3
[INFO] [stderr]    Compiling tower v0.4.13
[INFO] [stderr]    Compiling techscript_llvm_backend v2.0.0 (/opt/rustwide/workdir/compiler/llvm_backend)
[INFO] [stderr]    Compiling techscript_vm v2.0.0 (/opt/rustwide/workdir/runtime/vm)
[INFO] [stderr]    Compiling techscript_optimizer v2.0.0 (/opt/rustwide/workdir/compiler/optimizer)
[INFO] [stderr]    Compiling clap_complete v4.6.7
[INFO] [stderr]    Compiling techscript_formatter v2.0.0 (/opt/rustwide/workdir/tools/formatter)
[INFO] [stderr]    Compiling techscript_linter v2.0.0 (/opt/rustwide/workdir/tools/linter)
[INFO] [stderr]    Compiling futures v0.3.32
[INFO] [stderr]    Compiling dirs v5.0.1
[INFO] [stderr]    Compiling techscript_package_manager v2.0.0 (/opt/rustwide/workdir/tools/package-manager)
[INFO] [stderr]    Compiling dashmap v5.5.3
[INFO] [stderr]    Compiling colored v2.2.0
[INFO] [stderr]    Compiling rustyline v14.0.0
[INFO] [stderr]    Compiling lsp-types v0.94.1
[INFO] [stderr]    Compiling tower-lsp-macros v0.9.0
[INFO] [stderr]    Compiling auto_impl v1.3.0
[INFO] [stderr]    Compiling techscript_native_runtime v2.0.0 (/opt/rustwide/workdir/runtime/native_runtime)
[INFO] [stderr]    Compiling num_cpus v1.17.0
[INFO] [stderr]    Compiling techscript_gc v2.0.0 (/opt/rustwide/workdir/runtime/gc)
[INFO] [stderr]    Compiling techscript_packager v2.0.0 (/opt/rustwide/workdir/tools/packager)
[INFO] [stderr]    Compiling tokio-util v0.7.18
[INFO] [stderr]    Compiling tower-lsp v0.20.0
[INFO] [stderr]    Compiling techscript_lsp v2.0.0 (/opt/rustwide/workdir/tools/lsp)
[INFO] [stderr]     Finished `dev` profile [unoptimized + debuginfo] target(s) in 5m 43s
[INFO] running `Command { std: "docker" "inspect" "89a21f6bbe4ed730000461e1949dce447295699f05ac3ecf974ec6c986f138bc", kill_on_drop: false }`
[INFO] running `Command { std: "docker" "exec" "-e" "SOURCE_DIR=/opt/rustwide/workdir" "-e" "CARGO_HOME=/opt/rustwide/cargo-home" "-e" "RUSTUP_HOME=/opt/rustwide/rustup-home" "-e" "CARGO_TARGET_DIR=/opt/rustwide/target" "-e" "CARGO_INCREMENTAL=0" "-e" "RUST_BACKTRACE=full" "-e" "RUSTFLAGS=--cap-lints=warn" "-e" "RUSTDOCFLAGS=--cap-lints=warn" "-w" "/opt/rustwide/workdir" "--user" "0:0" "89a21f6bbe4ed730000461e1949dce447295699f05ac3ecf974ec6c986f138bc" "/opt/rustwide/cargo-home/bin/cargo" "+1.99.0-beta.8" "test" "--frozen" "--no-run" "--message-format=json", kill_on_drop: false }`
[INFO] [stderr]    Compiling techscript_gc v2.0.0 (/opt/rustwide/workdir/runtime/gc)
[INFO] [stderr]    Compiling techscript_cli v2.0.0 (/opt/rustwide/workdir/cli)
[INFO] [stderr]    Compiling techscript_lsp v2.0.0 (/opt/rustwide/workdir/tools/lsp)
[INFO] [stderr]    Compiling techscript_linter v2.0.0 (/opt/rustwide/workdir/tools/linter)
[INFO] [stderr]    Compiling techscript_formatter v2.0.0 (/opt/rustwide/workdir/tools/formatter)
[INFO] [stderr]    Compiling techscript_vm v2.0.0 (/opt/rustwide/workdir/runtime/vm)
[INFO] [stderr]    Compiling techscript_package_manager v2.0.0 (/opt/rustwide/workdir/tools/package-manager)
[INFO] [stderr]    Compiling techscript_llvm_backend v2.0.0 (/opt/rustwide/workdir/compiler/llvm_backend)
[INFO] [stderr]    Compiling techscript_builtins v2.0.0 (/opt/rustwide/workdir/runtime/builtins)
[INFO] [stderr]    Compiling techscript_interpreter v2.0.0 (/opt/rustwide/workdir/runtime/interpreter)
[INFO] [stderr]    Compiling techscript_optimizer v2.0.0 (/opt/rustwide/workdir/compiler/optimizer)
[INFO] [stderr]    Compiling techscript_semantic v2.0.0 (/opt/rustwide/workdir/compiler/semantic)
[INFO] [stderr]    Compiling techscript_bytecode v2.0.0 (/opt/rustwide/workdir/compiler/bytecode)
[INFO] [stderr]    Compiling techscript_parser v2.0.0 (/opt/rustwide/workdir/compiler/parser)
[INFO] [stderr]    Compiling techscript_lexer v2.0.0 (/opt/rustwide/workdir/compiler/lexer)
[INFO] [stderr]    Compiling techscript_ir v2.0.0 (/opt/rustwide/workdir/compiler/ir)
[INFO] [stderr]    Compiling techscript_packager v2.0.0 (/opt/rustwide/workdir/tools/packager)
[INFO] [stderr]    Compiling techscript_stdlib v2.0.0 (/opt/rustwide/workdir/stdlib)
[INFO] [stderr]    Compiling techscript_runtime v2.0.0 (/opt/rustwide/workdir/runtime/runtime)
[INFO] [stderr]    Compiling techscript_ast v2.0.0 (/opt/rustwide/workdir/compiler/ast)
[INFO] [stderr]    Compiling techscript_syntax v2.0.0 (/opt/rustwide/workdir/compiler/syntax)
[INFO] [stderr]    Compiling techscript_common v2.0.0 (/opt/rustwide/workdir/compiler/common)
[INFO] [stderr]    Compiling techscript_module_resolver v2.0.0 (/opt/rustwide/workdir/compiler/module_resolver)
[INFO] [stderr]    Compiling techscript_errors v2.0.0 (/opt/rustwide/workdir/compiler/errors)
[INFO] [stderr]    Compiling techscript_native_runtime v2.0.0 (/opt/rustwide/workdir/runtime/native_runtime)
[INFO] [stderr]     Finished `test` profile [unoptimized + debuginfo] target(s) in 41.55s
[INFO] running `Command { std: "docker" "inspect" "89a21f6bbe4ed730000461e1949dce447295699f05ac3ecf974ec6c986f138bc", kill_on_drop: false }`
[INFO] running `Command { std: "docker" "exec" "-e" "SOURCE_DIR=/opt/rustwide/workdir" "-e" "CARGO_HOME=/opt/rustwide/cargo-home" "-e" "RUSTUP_HOME=/opt/rustwide/rustup-home" "-e" "CARGO_TARGET_DIR=/opt/rustwide/target" "-e" "CARGO_INCREMENTAL=0" "-e" "RUST_BACKTRACE=full" "-e" "RUSTFLAGS=--cap-lints=warn" "-e" "RUSTDOCFLAGS=--cap-lints=warn" "-w" "/opt/rustwide/workdir" "--user" "0:0" "89a21f6bbe4ed730000461e1949dce447295699f05ac3ecf974ec6c986f138bc" "/opt/rustwide/cargo-home/bin/cargo" "+1.99.0-beta.8" "test" "--frozen", kill_on_drop: false }`
[INFO] [stderr]     Finished `test` profile [unoptimized + debuginfo] target(s) in 0.65s
[INFO] [stderr]      Running unittests src/lib.rs (/opt/rustwide/target/debug/deps/techscript_ast-924eb78b8d225b8d)
[INFO] [stderr]      Running tests/ast_tests.rs (/opt/rustwide/target/debug/deps/ast_tests-72f4bb34e418e0a0)
[INFO] [stdout] 
[INFO] [stdout] running 0 tests
[INFO] [stdout] 
[INFO] [stdout] test result: ok. 0 passed; 0 failed; 0 ignored; 0 measured; 0 filtered out; finished in 0.00s
[INFO] [stdout] 
[INFO] [stdout] 
[INFO] [stdout] running 5 tests
[INFO] [stdout] test test_ast_serialization ... ok
[INFO] [stdout] test test_ast_enum_decl ... ok
[INFO] [stdout] test test_ast_struct_decl ... ok
[INFO] [stdout] test test_ast_construction_and_equality ... ok
[INFO] [stderr]      Running unittests src/lib.rs (/opt/rustwide/target/debug/deps/techscript_builtins-5834cee270a972d7)
[INFO] [stdout] test test_ast_assignment_expression ... ok
[INFO] [stdout] 
[INFO] [stdout] test result: ok. 5 passed; 0 failed; 0 ignored; 0 measured; 0 filtered out; finished in 0.01s
[INFO] [stdout] 
[INFO] [stdout] 
[INFO] [stdout] running 0 tests
[INFO] [stdout] 
[INFO] [stdout] test result: ok. 0 passed; 0 failed; 0 ignored; 0 measured; 0 filtered out; finished in 0.00s
[INFO] [stdout] 
[INFO] [stderr]      Running tests/builtins_tests.rs (/opt/rustwide/target/debug/deps/builtins_tests-368a1ea615a6bca9)
[INFO] [stdout] 
[INFO] [stdout] running 1 test
[INFO] [stdout] test test_builtins_len ... ok
[INFO] [stdout] 
[INFO] [stdout] test result: ok. 1 passed; 0 failed; 0 ignored; 0 measured; 0 filtered out; finished in 0.00s
[INFO] [stdout] 
[INFO] [stderr]      Running unittests src/lib.rs (/opt/rustwide/target/debug/deps/techscript_bytecode-82b965da6e37a485)
[INFO] [stdout] 
[INFO] [stdout] running 0 tests
[INFO] [stdout] 
[INFO] [stdout] test result: ok. 0 passed; 0 failed; 0 ignored; 0 measured; 0 filtered out; finished in 0.00s
[INFO] [stdout] 
[INFO] [stderr]      Running tests/bytecode_tests.rs (/opt/rustwide/target/debug/deps/bytecode_tests-e819f02450292a8c)
[INFO] [stdout] 
[INFO] [stdout] running 4 tests
[INFO] [stdout] test test_bytecode_compilation_and_validation ... ok
[INFO] [stdout] test test_bytecode_constant_deduplication ... ok
[INFO] [stdout] test test_bytecode_disassembler ... ok
[INFO] [stdout] test test_bytecode_serialization_roundtrip ... ok
[INFO] [stdout] 
[INFO] [stdout] test result: ok. 4 passed; 0 failed; 0 ignored; 0 measured; 0 filtered out; finished in 0.03s
[INFO] [stdout] 
[INFO] [stderr]      Running unittests src/lib.rs (/opt/rustwide/target/debug/deps/techscript_cli-e42cfb51ef95f0d1)
[INFO] [stdout] 
[INFO] [stdout] running 10 tests
[INFO] [stdout] test commands::migrate::tests::test_post_process_fstring_prefix ... ok
[INFO] [stdout] test commands::migrate::tests::test_post_process_import_to_use ... ok
[INFO] [stdout] test commands::migrate::tests::test_post_process_model_to_class ... ok
[INFO] [stdout] test commands::migrate::tests::test_post_process_each_to_for ... ok
[INFO] [stdout] test commands::migrate::tests::test_post_process_println_to_say ... ok
[INFO] [stdout] test commands::migrate::tests::test_migrate_conditionals ... ok
[INFO] [stdout] test commands::migrate::tests::test_migrate_function_and_return ... ok
[INFO] [stdout] test commands::migrate::tests::test_migrate_variable_declarations ... ok
[INFO] [stderr]      Running unittests src/bin/benchmark.rs (/opt/rustwide/target/debug/deps/benchmark-d9e676c7e1d0b7fe)
[INFO] [stdout] test commands::migrate::tests::test_migrate_try_catch ... ok
[INFO] [stdout] test commands::migrate::tests::test_post_process_stdlib_prefix ... ok
[INFO] [stdout] 
[INFO] [stdout] test result: ok. 10 passed; 0 failed; 0 ignored; 0 measured; 0 filtered out; finished in 0.01s
[INFO] [stdout] 
[INFO] [stdout] 
[INFO] [stdout] running 0 tests
[INFO] [stdout] 
[INFO] [stdout] test result: ok. 0 passed; 0 failed; 0 ignored; 0 measured; 0 filtered out; finished in 0.00s
[INFO] [stdout] 
[INFO] [stderr]      Running unittests src/main.rs (/opt/rustwide/target/debug/deps/tsc-c5a2eb6f66ac37f6)
[INFO] [stdout] 
[INFO] [stdout] running 0 tests
[INFO] [stdout] 
[INFO] [stdout] test result: ok. 0 passed; 0 failed; 0 ignored; 0 measured; 0 filtered out; finished in 0.00s
[INFO] [stdout] 
[INFO] [stderr]      Running tests/cli_snapshot_tests.rs (/opt/rustwide/target/debug/deps/cli_snapshot_tests-a080f13664948ae6)
[INFO] [stdout] 
[INFO] [stdout] running 3 tests
[INFO] [stdout] test test_cli_version_output ... ok
[INFO] [stdout] test test_cli_fuzzy_suggestions ... ok
[INFO] [stdout] test test_cli_doctor_output ... ok
[INFO] [stderr]      Running tests/cli_tests.rs (/opt/rustwide/target/debug/deps/cli_tests-4b50692ed7bb0a41)
[INFO] [stdout] 
[INFO] [stdout] test result: ok. 3 passed; 0 failed; 0 ignored; 0 measured; 0 filtered out; finished in 0.08s
[INFO] [stdout] 
[INFO] [stdout] 
[INFO] [stdout] running 3 tests
[INFO] [stdout] test test_cli_parsing ... ok
[INFO] [stdout] test test_cli_emit_commands ... ok
[INFO] [stdout] test test_cli_native_options ... ok
[INFO] [stdout] 
[INFO] [stdout] test result: ok. 3 passed; 0 failed; 0 ignored; 0 measured; 0 filtered out; finished in 0.01s
[INFO] [stdout] 
[INFO] [stderr]      Running tests/e2e_tests.rs (/opt/rustwide/target/debug/deps/e2e_tests-8ab413265c827084)
[INFO] [stdout] 
[INFO] [stdout] running 7 tests
[INFO] [stdout] test test_e2e_hello_world ... ok
[INFO] [stdout] test test_e2e_collections_lists_and_maps ... ok
[INFO] [stdout] test test_e2e_fs_sandboxing_denied ... ok
[INFO] [stdout] test test_e2e_calculator ... ok
[INFO] [stdout] test test_e2e_json_parsing ... ok
[INFO] [stdout] test test_e2e_recursive_fibonacci ... ok
[INFO] [stdout] test test_e2e_fs_sandboxing_granted ... FAILED
[INFO] [stdout] 
[INFO] [stdout] failures:
[INFO] [stdout] 
[INFO] [stdout] ---- test_e2e_fs_sandboxing_granted stdout ----
[INFO] [stdout] 
[INFO] [stdout] thread 'test_e2e_fs_sandboxing_granted' (5413) panicked at cli/tests/e2e_tests.rs:157:5:
[INFO] [stdout] assertion `left == right` failed
[INFO] [stdout]   left: "failed"
[INFO] [stdout]  right: "sandboxed_hello"
[INFO] [stdout] stack backtrace:
[INFO] [stdout]    0:     0x588b7d09b741 - std[70759c8f55707aa4]::backtrace_rs::backtrace::libunwind::trace
[INFO] [stdout]                                at /rustc/dfb0accb7f508ae8be965d8629557221c889dd98/library/std/src/../../backtrace/src/backtrace/libunwind.rs:117:9
[INFO] [stdout]    1:     0x588b7d09b741 - std[70759c8f55707aa4]::backtrace_rs::backtrace::trace_unsynchronized::<std[70759c8f55707aa4]::sys::backtrace::_print_fmt::{closure#1}>
[INFO] [stdout]                                at /rustc/dfb0accb7f508ae8be965d8629557221c889dd98/library/std/src/../../backtrace/src/backtrace/mod.rs:66:14
[INFO] [stdout]    2:     0x588b7d09b741 - std[70759c8f55707aa4]::sys::backtrace::_print_fmt
[INFO] [stdout]                                at /rustc/dfb0accb7f508ae8be965d8629557221c889dd98/library/std/src/sys/backtrace.rs:74:9
[INFO] [stdout]    3:     0x588b7d09b741 - <<std[70759c8f55707aa4]::sys::backtrace::BacktraceLock>::print::DisplayBacktrace as core[df12db4294e9bfd3]::fmt::Display>::fmt
[INFO] [stdout]                                at /rustc/dfb0accb7f508ae8be965d8629557221c889dd98/library/std/src/sys/backtrace.rs:44:26
[INFO] [stdout]    4:     0x588b7d0b622a - <core[df12db4294e9bfd3]::fmt::rt::Argument>::fmt
[INFO] [stdout]                                at /rustc/dfb0accb7f508ae8be965d8629557221c889dd98/library/core/src/fmt/rt.rs:152:76
[INFO] [stdout]    5:     0x588b7d0b622a - core[df12db4294e9bfd3]::fmt::write
[INFO] [stdout]    6:     0x588b7d0a0d6c - core[df12db4294e9bfd3]::io::write::default_write_fmt::<alloc[2182bb758b4b3781]::vec::Vec<u8>>
[INFO] [stdout]                                at /rustc/dfb0accb7f508ae8be965d8629557221c889dd98/library/core/src/io/write.rs:402:11
[INFO] [stdout]    7:     0x588b7d0a0d6c - <alloc[2182bb758b4b3781]::vec::Vec<u8> as core[df12db4294e9bfd3]::io::write::Write>::write_fmt
[INFO] [stdout]                                at /rustc/dfb0accb7f508ae8be965d8629557221c889dd98/library/core/src/io/write.rs:335:13
[INFO] [stdout]    8:     0x588b7d071f86 - <std[70759c8f55707aa4]::sys::backtrace::BacktraceLock>::print
[INFO] [stdout]                                at /rustc/dfb0accb7f508ae8be965d8629557221c889dd98/library/std/src/sys/backtrace.rs:47:9
[INFO] [stdout]    9:     0x588b7d071f86 - std[70759c8f55707aa4]::panicking::default_hook::{closure#0}
[INFO] [stdout]                                at /rustc/dfb0accb7f508ae8be965d8629557221c889dd98/library/std/src/panicking.rs:292:27
[INFO] [stdout]   10:     0x588b7d091459 - std[70759c8f55707aa4]::panicking::default_hook
[INFO] [stdout]                                at /rustc/dfb0accb7f508ae8be965d8629557221c889dd98/library/std/src/panicking.rs:316:9
[INFO] [stdout]   11:     0x588b7cffe040 - <alloc[2182bb758b4b3781]::boxed::Box<dyn for<'a, 'b> core[df12db4294e9bfd3]::ops::function::Fn<(&'a std[70759c8f55707aa4]::panic::PanicHookInfo<'b>,), Output = ()> + core[df12db4294e9bfd3]::marker::Send + core[df12db4294e9bfd3]::marker::Sync> as core[df12db4294e9bfd3]::ops::function::Fn<(&std[70759c8f55707aa4]::panic::PanicHookInfo,)>>::call
[INFO] [stdout]                                at /rustc/dfb0accb7f508ae8be965d8629557221c889dd98/library/alloc/src/boxed.rs:2334:9
[INFO] [stdout]   12:     0x588b7cffe040 - test[9d35eded1c95d3be]::test_main_inner::<test[9d35eded1c95d3be]::test_main_static::{closure#0}>::{closure#0}
[INFO] [stdout]                                at /rustc/dfb0accb7f508ae8be965d8629557221c889dd98/library/test/src/lib.rs:155:21
[INFO] [stdout]   13:     0x588b7d091782 - <alloc[2182bb758b4b3781]::boxed::Box<dyn for<'a, 'b> core[df12db4294e9bfd3]::ops::function::Fn<(&'a std[70759c8f55707aa4]::panic::PanicHookInfo<'b>,), Output = ()> + core[df12db4294e9bfd3]::marker::Send + core[df12db4294e9bfd3]::marker::Sync> as core[df12db4294e9bfd3]::ops::function::Fn<(&std[70759c8f55707aa4]::panic::PanicHookInfo,)>>::call
[INFO] [stdout]                                at /rustc/dfb0accb7f508ae8be965d8629557221c889dd98/library/alloc/src/boxed.rs:2334:9
[INFO] [stdout]   14:     0x588b7d091782 - std[70759c8f55707aa4]::panicking::panic_with_hook
[INFO] [stdout]                                at /rustc/dfb0accb7f508ae8be965d8629557221c889dd98/library/std/src/panicking.rs:823:13
[INFO] [stdout]   15:     0x588b7d072032 - std[70759c8f55707aa4]::panicking::panic_handler::{closure#0}
[INFO] [stdout]                                at /rustc/dfb0accb7f508ae8be965d8629557221c889dd98/library/std/src/panicking.rs:688:13
[INFO] [stdout]   16:     0x588b7d06a6a9 - std[70759c8f55707aa4]::sys::backtrace::__rust_end_short_backtrace::<std[70759c8f55707aa4]::panicking::panic_handler::{closure#0}, !>
[INFO] [stdout]                                at /rustc/dfb0accb7f508ae8be965d8629557221c889dd98/library/std/src/sys/backtrace.rs:182:18
[INFO] [stdout]   17:     0x588b7d0731dd - __rustc[8fa7c3cbc660c2b3]::rust_begin_unwind
[INFO] [stdout]                                at /rustc/dfb0accb7f508ae8be965d8629557221c889dd98/library/std/src/panicking.rs:679:5
[INFO] [stdout]   18:     0x588b7d0b6a4c - core[df12db4294e9bfd3]::panicking::panic_fmt
[INFO] [stdout]                                at /rustc/dfb0accb7f508ae8be965d8629557221c889dd98/library/core/src/panicking.rs:80:14
[INFO] [stdout]   19:     0x588b7d0b68e3 - core[df12db4294e9bfd3]::panicking::assert_failed_inner
[INFO] [stdout]                                at /rustc/dfb0accb7f508ae8be965d8629557221c889dd98/library/core/src/panicking.rs:452:17
[INFO] [stdout]   20:     0x588b7c09e2ad - core[df12db4294e9bfd3]::panicking::assert_failed::<alloc[2182bb758b4b3781]::string::String, &str>
[INFO] [stdout]                                at /rustc/dfb0accb7f508ae8be965d8629557221c889dd98/library/core/src/panicking.rs:407:5
[INFO] [stdout]   21:     0x588b7c0a0db9 - e2e_tests[c3745f7d6eb0f9df]::test_e2e_fs_sandboxing_granted
[INFO] [stdout]                                at /opt/rustwide/workdir/cli/tests/e2e_tests.rs:157:5
[INFO] [stdout]   22:     0x588b7c09ea87 - e2e_tests[c3745f7d6eb0f9df]::test_e2e_fs_sandboxing_granted::{closure#0}
[INFO] [stdout]                                at /opt/rustwide/workdir/cli/tests/e2e_tests.rs:143:36
[INFO] [stdout]   23:     0x588b7c0a3306 - <e2e_tests[c3745f7d6eb0f9df]::test_e2e_fs_sandboxing_granted::{closure#0} as core[df12db4294e9bfd3]::ops::function::FnOnce<()>>::call_once
[INFO] [stdout]                                at /rustc/dfb0accb7f508ae8be965d8629557221c889dd98/library/core/src/ops/function.rs:250:5
[INFO] [stdout]   24:     0x588b7cff132b - <fn() -> core[df12db4294e9bfd3]::result::Result<(), alloc[2182bb758b4b3781]::string::String> as core[df12db4294e9bfd3]::ops::function::FnOnce<()>>::call_once
[INFO] [stdout]                                at /rustc/dfb0accb7f508ae8be965d8629557221c889dd98/library/core/src/ops/function.rs:250:5
[INFO] [stdout]   25:     0x588b7cff132b - test[9d35eded1c95d3be]::__rust_begin_short_backtrace::<core[df12db4294e9bfd3]::result::Result<(), alloc[2182bb758b4b3781]::string::String>, fn() -> core[df12db4294e9bfd3]::result::Result<(), alloc[2182bb758b4b3781]::string::String>>
[INFO] [stdout]                                at /rustc/dfb0accb7f508ae8be965d8629557221c889dd98/library/test/src/lib.rs:733:18
[INFO] [stdout]   26:     0x588b7cffe995 - test[9d35eded1c95d3be]::run_test_in_process::{closure#0}
[INFO] [stdout]                                at /rustc/dfb0accb7f508ae8be965d8629557221c889dd98/library/test/src/lib.rs:756:74
[INFO] [stdout]   27:     0x588b7cffe995 - <core[df12db4294e9bfd3]::panic::unwind_safe::AssertUnwindSafe<test[9d35eded1c95d3be]::run_test_in_process::{closure#0}> as core[df12db4294e9bfd3]::ops::function::FnOnce<()>>::call_once
[INFO] [stdout]                                at /rustc/dfb0accb7f508ae8be965d8629557221c889dd98/library/core/src/panic/unwind_safe.rs:275:9
[INFO] [stdout]   28:     0x588b7cffe995 - std[70759c8f55707aa4]::panicking::catch_unwind::do_call::<core[df12db4294e9bfd3]::panic::unwind_safe::AssertUnwindSafe<test[9d35eded1c95d3be]::run_test_in_process::{closure#0}>, core[df12db4294e9bfd3]::result::Result<(), alloc[2182bb758b4b3781]::string::String>>
[INFO] [stdout]                                at /rustc/dfb0accb7f508ae8be965d8629557221c889dd98/library/std/src/panicking.rs:576:43
[INFO] [stdout]   29:     0x588b7cffe995 - std[70759c8f55707aa4]::panicking::catch_unwind::<core[df12db4294e9bfd3]::result::Result<(), alloc[2182bb758b4b3781]::string::String>, core[df12db4294e9bfd3]::panic::unwind_safe::AssertUnwindSafe<test[9d35eded1c95d3be]::run_test_in_process::{closure#0}>>
[INFO] [stdout]                                at /rustc/dfb0accb7f508ae8be965d8629557221c889dd98/library/std/src/panicking.rs:544:19
[INFO] [stdout]   30:     0x588b7cffe995 - std[70759c8f55707aa4]::panic::catch_unwind::<core[df12db4294e9bfd3]::panic::unwind_safe::AssertUnwindSafe<test[9d35eded1c95d3be]::run_test_in_process::{closure#0}>, core[df12db4294e9bfd3]::result::Result<(), alloc[2182bb758b4b3781]::string::String>>
[INFO] [stdout]                                at /rustc/dfb0accb7f508ae8be965d8629557221c889dd98/library/std/src/panic.rs:359:14
[INFO] [stdout]   31:     0x588b7cffe995 - test[9d35eded1c95d3be]::run_test_in_process
[INFO] [stdout]                                at /rustc/dfb0accb7f508ae8be965d8629557221c889dd98/library/test/src/lib.rs:756:27
[INFO] [stdout]   32:     0x588b7cffe995 - test[9d35eded1c95d3be]::run_test::{closure#0}
[INFO] [stdout]                                at /rustc/dfb0accb7f508ae8be965d8629557221c889dd98/library/test/src/lib.rs:677:43
[INFO] [stdout]   33:     0x588b7cff8254 - test[9d35eded1c95d3be]::run_test::{closure#1}
[INFO] [stdout]                                at /rustc/dfb0accb7f508ae8be965d8629557221c889dd98/library/test/src/lib.rs:707:41
[INFO] [stdout]   34:     0x588b7cff8254 - std[70759c8f55707aa4]::sys::backtrace::__rust_begin_short_backtrace::<test[9d35eded1c95d3be]::run_test::{closure#1}, ()>
[INFO] [stdout]                                at /rustc/dfb0accb7f508ae8be965d8629557221c889dd98/library/std/src/sys/backtrace.rs:166:18
[INFO] [stdout]   35:     0x588b7d001af2 - std[70759c8f55707aa4]::thread::lifecycle::spawn_unchecked::<test[9d35eded1c95d3be]::run_test::{closure#1}, ()>::{closure#1}::{closure#0}
[INFO] [stdout]                                at /rustc/dfb0accb7f508ae8be965d8629557221c889dd98/library/std/src/thread/lifecycle.rs:70:13
[INFO] [stdout]   36:     0x588b7d001af2 - <core[df12db4294e9bfd3]::panic::unwind_safe::AssertUnwindSafe<std[70759c8f55707aa4]::thread::lifecycle::spawn_unchecked<test[9d35eded1c95d3be]::run_test::{closure#1}, ()>::{closure#1}::{closure#0}> as core[df12db4294e9bfd3]::ops::function::FnOnce<()>>::call_once
[INFO] [stdout]                                at /rustc/dfb0accb7f508ae8be965d8629557221c889dd98/library/core/src/panic/unwind_safe.rs:275:9
[INFO] [stdout]   37:     0x588b7d001af2 - std[70759c8f55707aa4]::panicking::catch_unwind::do_call::<core[df12db4294e9bfd3]::panic::unwind_safe::AssertUnwindSafe<std[70759c8f55707aa4]::thread::lifecycle::spawn_unchecked<test[9d35eded1c95d3be]::run_test::{closure#1}, ()>::{closure#1}::{closure#0}>, ()>
[INFO] [stdout]                                at /rustc/dfb0accb7f508ae8be965d8629557221c889dd98/library/std/src/panicking.rs:576:43
[INFO] [stdout]   38:     0x588b7d001af2 - std[70759c8f55707aa4]::panicking::catch_unwind::<(), core[df12db4294e9bfd3]::panic::unwind_safe::AssertUnwindSafe<std[70759c8f55707aa4]::thread::lifecycle::spawn_unchecked<test[9d35eded1c95d3be]::run_test::{closure#1}, ()>::{closure#1}::{closure#0}>>
[INFO] [stdout]                                at /rustc/dfb0accb7f508ae8be965d8629557221c889dd98/library/std/src/panicking.rs:544:19
[INFO] [stdout]   39:     0x588b7d001af2 - std[70759c8f55707aa4]::panic::catch_unwind::<core[df12db4294e9bfd3]::panic::unwind_safe::AssertUnwindSafe<std[70759c8f55707aa4]::thread::lifecycle::spawn_unchecked<test[9d35eded1c95d3be]::run_test::{closure#1}, ()>::{closure#1}::{closure#0}>, ()>
[INFO] [stdout]                                at /rustc/dfb0accb7f508ae8be965d8629557221c889dd98/library/std/src/panic.rs:359:14
[INFO] [stdout]   40:     0x588b7d001af2 - std[70759c8f55707aa4]::thread::lifecycle::spawn_unchecked::<test[9d35eded1c95d3be]::run_test::{closure#1}, ()>::{closure#1}
[INFO] [stdout]                                at /rustc/dfb0accb7f508ae8be965d8629557221c889dd98/library/std/src/thread/lifecycle.rs:68:26
[INFO] [stdout]   41:     0x588b7d001af2 - <std[70759c8f55707aa4]::thread::lifecycle::spawn_unchecked<test[9d35eded1c95d3be]::run_test::{closure#1}, ()>::{closure#1} as core[df12db4294e9bfd3]::ops::function::FnOnce<()>>::call_once::{shim:vtable#0}
[INFO] [stdout]                                at /rustc/dfb0accb7f508ae8be965d8629557221c889dd98/library/core/src/ops/function.rs:250:5
[INFO] [stdout]   42:     0x588b7d09a249 - <alloc[2182bb758b4b3781]::boxed::Box<dyn core[df12db4294e9bfd3]::ops::function::FnOnce<(), Output = ()> + core[df12db4294e9bfd3]::marker::Send> as core[df12db4294e9bfd3]::ops::function::FnOnce<()>>::call_once
[INFO] [stdout]                                at /rustc/dfb0accb7f508ae8be965d8629557221c889dd98/library/alloc/src/boxed.rs:2320:9
[INFO] [stdout]   43:     0x588b7d09a249 - <std[70759c8f55707aa4]::sys::thread::unix::Thread>::new::thread_start
[INFO] [stdout]                                at /rustc/dfb0accb7f508ae8be965d8629557221c889dd98/library/std/src/sys/thread/unix.rs:123:17
[INFO] [stdout]   44:     0x732d8d836dfa - <unknown>
[INFO] [stdout]   45:     0x732d8d8ca3d4 - clone
[INFO] [stdout]   46:                0x0 - <unknown>
[INFO] [stdout] 
[INFO] [stdout] 
[INFO] [stdout] failures:
[INFO] [stdout]     test_e2e_fs_sandboxing_granted
[INFO] [stdout] 
[INFO] [stdout] test result: FAILED. 6 passed; 1 failed; 0 ignored; 0 measured; 0 filtered out; finished in 0.36s
[INFO] [stdout] 
[INFO] [stderr] error: test failed, to rerun pass `-p techscript_cli --test e2e_tests`
[INFO] running `Command { std: "docker" "inspect" "89a21f6bbe4ed730000461e1949dce447295699f05ac3ecf974ec6c986f138bc", kill_on_drop: false }`
[INFO] running `Command { std: "docker" "rm" "-f" "89a21f6bbe4ed730000461e1949dce447295699f05ac3ecf974ec6c986f138bc", kill_on_drop: false }`
[INFO] [stdout] 89a21f6bbe4ed730000461e1949dce447295699f05ac3ecf974ec6c986f138bc
