[INFO] cloning repository https://github.com/Inokinoki/rgba
[INFO] running `Command { std: "git" "-c" "credential.helper=" "-c" "credential.helper=/workspace/cargo-home/bin/git-credential-null" "clone" "--bare" "https://github.com/Inokinoki/rgba" "/workspace/cache/git-repos/https%3A%2F%2Fgithub.com%2FInokinoki%2Frgba", kill_on_drop: false }`
[INFO] [stderr] Cloning into bare repository '/workspace/cache/git-repos/https%3A%2F%2Fgithub.com%2FInokinoki%2Frgba'...
[INFO] running `Command { std: "git" "rev-parse" "HEAD", kill_on_drop: false }`
[INFO] [stdout] 159ce284f62a9754d2099d1b13cb94a5c1061f7f
[INFO] testing Inokinoki/rgba against 1.100.0-beta.1 for beta-1.100-2
[INFO] running `Command { std: "git" "clone" "/workspace/cache/git-repos/https%3A%2F%2Fgithub.com%2FInokinoki%2Frgba" "/workspace/builds/worker-0-tc2/source", kill_on_drop: false }`
[INFO] [stderr] Cloning into '/workspace/builds/worker-0-tc2/source'...
[INFO] [stderr] done.
[INFO] started tweaking git repo https://github.com/Inokinoki/rgba
[INFO] finished tweaking git repo https://github.com/Inokinoki/rgba
[INFO] tweaked toml for git repo https://github.com/Inokinoki/rgba written to /workspace/builds/worker-0-tc2/source/Cargo.toml
[INFO] validating manifest of git repo https://github.com/Inokinoki/rgba on toolchain 1.100.0-beta.1
[INFO] running `Command { std: CARGO_HOME="/workspace/cargo-home" RUSTUP_HOME="/workspace/rustup-home" "/workspace/cargo-home/bin/cargo" "+1.100.0-beta.1" "metadata" "--manifest-path" "Cargo.toml" "--no-deps", kill_on_drop: false }`
[INFO] crate git repo https://github.com/Inokinoki/rgba already has a lockfile, it will not be regenerated
[INFO] running `Command { std: CARGO_HOME="/workspace/cargo-home" RUSTUP_HOME="/workspace/rustup-home" "/workspace/cargo-home/bin/cargo" "+1.100.0-beta.1" "fetch" "--manifest-path" "Cargo.toml", kill_on_drop: false }`
[INFO] running `Command { std: "docker" "create" "-v" "/var/lib/crater-agent-workspace/builds/worker-0-tc2/source:/opt/rustwide/workdir:ro,Z" "-v" "/var/lib/crater-agent-workspace/builds/worker-0-tc2/target:/opt/rustwide/target:rw,Z" "-v" "/var/lib/crater-agent-workspace/cargo-home:/opt/rustwide/cargo-home:ro,Z" "-v" "/var/lib/crater-agent-workspace/rustup-home:/opt/rustwide/rustup-home:ro,Z" "-m" "1610612736" "--network" "none" "ghcr.io/rust-lang/crates-build-env/linux@sha256:3111399a4047eeb3a02b7a90e478d715f38a8c6669b5c4b49d30a17385265909" "sleep" "infinity", kill_on_drop: false }`
[INFO] [stdout] 93346cc6674897cf7fc0da228dff7035917e2b171a1adaf3a6bd53205c7c14fc
[INFO] running `Command { std: "docker" "start" "93346cc6674897cf7fc0da228dff7035917e2b171a1adaf3a6bd53205c7c14fc", kill_on_drop: false }`
[INFO] running `Command { std: "docker" "inspect" "93346cc6674897cf7fc0da228dff7035917e2b171a1adaf3a6bd53205c7c14fc", kill_on_drop: false }`
[INFO] running `Command { std: "docker" "exec" "-e" "SOURCE_DIR=/opt/rustwide/workdir" "-e" "CARGO_HOME=/opt/rustwide/cargo-home" "-e" "RUSTUP_HOME=/opt/rustwide/rustup-home" "-e" "CARGO_TARGET_DIR=/opt/rustwide/target" "-w" "/opt/rustwide/workdir" "--user" "0:0" "93346cc6674897cf7fc0da228dff7035917e2b171a1adaf3a6bd53205c7c14fc" "/opt/rustwide/cargo-home/bin/cargo" "+1.100.0-beta.1" "metadata" "--no-deps" "--format-version=1", kill_on_drop: false }`
[INFO] running `Command { std: "docker" "inspect" "93346cc6674897cf7fc0da228dff7035917e2b171a1adaf3a6bd53205c7c14fc", kill_on_drop: false }`
[INFO] running `Command { std: "docker" "exec" "-e" "SOURCE_DIR=/opt/rustwide/workdir" "-e" "CARGO_HOME=/opt/rustwide/cargo-home" "-e" "RUSTUP_HOME=/opt/rustwide/rustup-home" "-e" "CARGO_TARGET_DIR=/opt/rustwide/target" "-e" "CARGO_INCREMENTAL=0" "-e" "RUST_BACKTRACE=full" "-e" "RUSTFLAGS=--cap-lints=warn" "-e" "RUSTDOCFLAGS=--cap-lints=warn" "-w" "/opt/rustwide/workdir" "--user" "0:0" "93346cc6674897cf7fc0da228dff7035917e2b171a1adaf3a6bd53205c7c14fc" "/opt/rustwide/cargo-home/bin/cargo" "+1.100.0-beta.1" "build" "--frozen" "--message-format=json", kill_on_drop: false }`
[INFO] [stderr]    Compiling bitflags v2.12.1
[INFO] [stderr]    Compiling rgba v0.1.0 (/opt/rustwide/workdir)
[INFO] [stdout] warning: unnecessary parentheses around assigned value
[INFO] [stdout]   --> src/lib.rs:38:13
[INFO] [stdout]    |
[INFO] [stdout] 38 |     let r = ((c & 0x1F) as u32 + ((31 - (c & 0x1F) as u32) * ey) / 16);
[INFO] [stdout]    |             ^                                                        ^
[INFO] [stdout]    |
[INFO] [stdout]    = note: `#[warn(unused_parens)]` (part of `#[warn(unused)]`) on by default
[INFO] [stdout] help: remove these parentheses
[INFO] [stdout]    |
[INFO] [stdout] 38 -     let r = ((c & 0x1F) as u32 + ((31 - (c & 0x1F) as u32) * ey) / 16);
[INFO] [stdout] 38 +     let r = (c & 0x1F) as u32 + ((31 - (c & 0x1F) as u32) * ey) / 16;
[INFO] [stdout]    |
[INFO] [stdout] 
[INFO] [stdout] 
[INFO] [stdout] warning: unnecessary parentheses around assigned value
[INFO] [stdout]   --> src/lib.rs:39:13
[INFO] [stdout]    |
[INFO] [stdout] 39 |     let g = (((c >> 5) & 0x1F) as u32 + ((31 - ((c >> 5) & 0x1F) as u32) * ey) / 16);
[INFO] [stdout]    |             ^                                                                      ^
[INFO] [stdout]    |
[INFO] [stdout] help: remove these parentheses
[INFO] [stdout]    |
[INFO] [stdout] 39 -     let g = (((c >> 5) & 0x1F) as u32 + ((31 - ((c >> 5) & 0x1F) as u32) * ey) / 16);
[INFO] [stdout] 39 +     let g = ((c >> 5) & 0x1F) as u32 + ((31 - ((c >> 5) & 0x1F) as u32) * ey) / 16;
[INFO] [stdout]    |
[INFO] [stdout] 
[INFO] [stdout] 
[INFO] [stdout] warning: unnecessary parentheses around assigned value
[INFO] [stdout]   --> src/lib.rs:40:13
[INFO] [stdout]    |
[INFO] [stdout] 40 |     let b = (((c >> 10) & 0x1F) as u32 + ((31 - ((c >> 10) & 0x1F) as u32) * ey) / 16);
[INFO] [stdout]    |             ^                                                                        ^
[INFO] [stdout]    |
[INFO] [stdout] help: remove these parentheses
[INFO] [stdout]    |
[INFO] [stdout] 40 -     let b = (((c >> 10) & 0x1F) as u32 + ((31 - ((c >> 10) & 0x1F) as u32) * ey) / 16);
[INFO] [stdout] 40 +     let b = ((c >> 10) & 0x1F) as u32 + ((31 - ((c >> 10) & 0x1F) as u32) * ey) / 16;
[INFO] [stdout]    |
[INFO] [stdout] 
[INFO] [stdout] 
[INFO] [stdout] warning: unused variable: `mem`
[INFO] [stdout]    --> src/cpu.rs:229:38
[INFO] [stdout]     |
[INFO] [stdout] 229 |     pub fn take_interrupt(&mut self, mem: &mut super::Memory) -> bool {
[INFO] [stdout]     |                                      ^^^ help: if this is intentional, prefix it with an underscore: `_mem`
[INFO] [stdout]     |
[INFO] [stdout]     = note: `#[warn(unused_variables)]` (part of `#[warn(unused)]`) on by default
[INFO] [stdout] 
[INFO] [stdout] 
[INFO] [stdout] warning: unused variable: `mem`
[INFO] [stdout]    --> src/cpu.rs:666:60
[INFO] [stdout]     |
[INFO] [stdout] 666 |     fn execute_arm_data_processing(&mut self, opcode: u32, mem: &mut super::Memory) -> u32 {
[INFO] [stdout]     |                                                            ^^^ help: if this is intentional, prefix it with an underscore: `_mem`
[INFO] [stdout] 
[INFO] [stdout] 
[INFO] [stdout] warning: unused variable: `swi_num_lower`
[INFO] [stdout]     --> src/cpu.rs:1625:13
[INFO] [stdout]      |
[INFO] [stdout] 1625 |         let swi_num_lower = (opcode & 0xFF) as u32;
[INFO] [stdout]      |             ^^^^^^^^^^^^^ help: if this is intentional, prefix it with an underscore: `_swi_num_lower`
[INFO] [stdout] 
[INFO] [stdout] 
[INFO] [stdout] warning: unused variable: `dst_inc`
[INFO] [stdout]    --> src/dma.rs:226:13
[INFO] [stdout]     |
[INFO] [stdout] 226 |         let dst_inc = self.dst_increment;
[INFO] [stdout]     |             ^^^^^^^ help: if this is intentional, prefix it with an underscore: `_dst_inc`
[INFO] [stdout] 
[INFO] [stdout] 
[INFO] [stdout] warning: unused variable: `src_inc`
[INFO] [stdout]    --> src/dma.rs:227:13
[INFO] [stdout]     |
[INFO] [stdout] 227 |         let src_inc = self.src_increment;
[INFO] [stdout]     |             ^^^^^^^ help: if this is intentional, prefix it with an underscore: `_src_inc`
[INFO] [stdout] 
[INFO] [stdout] 
[INFO] [stdout] warning: unreachable pattern
[INFO] [stdout]    --> src/flash.rs:200:13
[INFO] [stdout]     |
[INFO] [stdout] 200 |             _ => {
[INFO] [stdout]     |             ^ no value can reach this
[INFO] [stdout]     |
[INFO] [stdout] note: multiple earlier patterns match some of the same values
[INFO] [stdout]    --> src/flash.rs:200:13
[INFO] [stdout]     |
[INFO] [stdout] 110 |             FlashState::Idle => {
[INFO] [stdout]     |             ---------------- matches some of the same values
[INFO] [stdout] ...
[INFO] [stdout] 115 |             FlashState::CmdSequence1 => {
[INFO] [stdout]     |             ------------------------ matches some of the same values
[INFO] [stdout] ...
[INFO] [stdout] 122 |             FlashState::CmdSequence2 => match val {
[INFO] [stdout]     |             ------------------------ matches some of the same values
[INFO] [stdout] ...
[INFO] [stdout] 150 |             FlashState::CmdSelect => match val {
[INFO] [stdout]     |             --------------------- matches some of the same values
[INFO] [stdout] ...
[INFO] [stdout] 200 |             _ => {
[INFO] [stdout]     |             ^ ...and 4 other patterns collectively make this unreachable
[INFO] [stdout]     = note: `#[warn(unreachable_patterns)]` (part of `#[warn(unused)]`) on by default
[INFO] [stdout] 
[INFO] [stdout] 
[INFO] [stdout] warning: unused variable: `mode`
[INFO] [stdout]     --> src/ppu.rs:1737:13
[INFO] [stdout]      |
[INFO] [stdout] 1737 |         let mode = (snapshot.dispcnt & 0x7) as u8;
[INFO] [stdout]      |             ^^^^ help: if this is intentional, prefix it with an underscore: `_mode`
[INFO] [stdout] 
[INFO] [stdout] 
[INFO] [stdout] warning: value assigned to `first_priority` is never read
[INFO] [stdout]     --> src/lib.rs:1111:29
[INFO] [stdout]      |
[INFO] [stdout] 1111 | ...                   first_priority = priority;
[INFO] [stdout]      |                       ^^^^^^^^^^^^^^^^^^^^^^^^^
[INFO] [stdout]      |
[INFO] [stdout]      = help: maybe it is overwritten before being read?
[INFO] [stdout]      = note: `#[warn(unused_assignments)]` (part of `#[warn(unused)]`) on by default
[INFO] [stdout] 
[INFO] [stdout] 
[INFO] [stdout] warning: methods `embed_bios_font`, `dispatch_irq_handler`, `noop`, and `handle_intrwait_return` are never used
[INFO] [stdout]    --> src/lib.rs:161:8
[INFO] [stdout]     |
[INFO] [stdout]  62 | impl Gba {
[INFO] [stdout]     | -------- methods in this implementation
[INFO] [stdout] ...
[INFO] [stdout] 161 |     fn embed_bios_font(&mut self) {
[INFO] [stdout]     |        ^^^^^^^^^^^^^^^
[INFO] [stdout] ...
[INFO] [stdout] 877 |     fn dispatch_irq_handler(&mut self) {
[INFO] [stdout]     |        ^^^^^^^^^^^^^^^^^^^^
[INFO] [stdout] ...
[INFO] [stdout] 897 |     fn noop(&self) {}
[INFO] [stdout]     |        ^^^^
[INFO] [stdout] 898 |
[INFO] [stdout] 899 |     fn handle_intrwait_return(&mut self) {
[INFO] [stdout]     |        ^^^^^^^^^^^^^^^^^^^^^^
[INFO] [stdout]     |
[INFO] [stdout]     = note: `#[warn(dead_code)]` (part of `#[warn(unused)]`) on by default
[INFO] [stdout] 
[INFO] [stdout] 
[INFO] [stdout] warning: fields `banked_r0_irq`, `banked_r1_irq`, `banked_r2_irq`, `banked_r3_irq`, `arm_cache`, and `thumb_cache` are never read
[INFO] [stdout]   --> src/cpu.rs:59:5
[INFO] [stdout]    |
[INFO] [stdout] 50 | pub struct Cpu {
[INFO] [stdout]    |            --- fields in this struct
[INFO] [stdout] ...
[INFO] [stdout] 59 |     banked_r0_irq: u32,
[INFO] [stdout]    |     ^^^^^^^^^^^^^
[INFO] [stdout] 60 |     banked_r1_irq: u32,
[INFO] [stdout]    |     ^^^^^^^^^^^^^
[INFO] [stdout] 61 |     banked_r2_irq: u32,
[INFO] [stdout]    |     ^^^^^^^^^^^^^
[INFO] [stdout] 62 |     banked_r3_irq: u32,
[INFO] [stdout]    |     ^^^^^^^^^^^^^
[INFO] [stdout] ...
[INFO] [stdout] 85 |     arm_cache: [(u32, u32); 1024],   // (PC, opcode) pairs
[INFO] [stdout]    |     ^^^^^^^^^
[INFO] [stdout] 86 |     thumb_cache: [(u32, u16); 1024], // (PC, opcode) pairs
[INFO] [stdout]    |     ^^^^^^^^^^^
[INFO] [stdout] 
[INFO] [stdout] 
[INFO] [stdout] warning: methods `thumb_add_sub_imm` and `thumb_load_store_reg_offset` are never used
[INFO] [stdout]     --> src/cpu.rs:2190:8
[INFO] [stdout]      |
[INFO] [stdout]  100 | impl Cpu {
[INFO] [stdout]      | -------- methods in this implementation
[INFO] [stdout] ...
[INFO] [stdout] 2190 |     fn thumb_add_sub_imm(&mut self, opcode: u16) -> u32 {
[INFO] [stdout]      |        ^^^^^^^^^^^^^^^^^
[INFO] [stdout] ...
[INFO] [stdout] 2543 |     fn thumb_load_store_reg_offset(
[INFO] [stdout]      |        ^^^^^^^^^^^^^^^^^^^^^^^^^^^
[INFO] [stdout] 
[INFO] [stdout] 
[INFO] [stdout] warning: associated function `render_tile_pixel_from_snapshot` is never used
[INFO] [stdout]     --> src/ppu.rs:1730:8
[INFO] [stdout]      |
[INFO] [stdout] 1193 | impl Ppu {
[INFO] [stdout]      | -------- associated function in this implementation
[INFO] [stdout] ...
[INFO] [stdout] 1730 |     fn render_tile_pixel_from_snapshot(
[INFO] [stdout]      |        ^^^^^^^^^^^^^^^^^^^^^^^^^^^^^^^
[INFO] [stdout] 
[INFO] [stdout] 
[INFO] [stderr]     Finished `dev` profile [optimized + debuginfo] target(s) in 5.27s
[INFO] running `Command { std: "docker" "inspect" "93346cc6674897cf7fc0da228dff7035917e2b171a1adaf3a6bd53205c7c14fc", kill_on_drop: false }`
[INFO] running `Command { std: "docker" "exec" "-e" "SOURCE_DIR=/opt/rustwide/workdir" "-e" "CARGO_HOME=/opt/rustwide/cargo-home" "-e" "RUSTUP_HOME=/opt/rustwide/rustup-home" "-e" "CARGO_TARGET_DIR=/opt/rustwide/target" "-e" "CARGO_INCREMENTAL=0" "-e" "RUST_BACKTRACE=full" "-e" "RUSTFLAGS=--cap-lints=warn" "-e" "RUSTDOCFLAGS=--cap-lints=warn" "-w" "/opt/rustwide/workdir" "--user" "0:0" "93346cc6674897cf7fc0da228dff7035917e2b171a1adaf3a6bd53205c7c14fc" "/opt/rustwide/cargo-home/bin/cargo" "+1.100.0-beta.1" "test" "--frozen" "--no-run" "--message-format=json", kill_on_drop: false }`
[INFO] [stderr]    Compiling proc-macro2 v1.0.106
[INFO] [stderr]    Compiling quote v1.0.45
[INFO] [stderr]    Compiling unicode-ident v1.0.24
[INFO] [stderr]    Compiling crossbeam-utils v0.8.21
[INFO] [stderr]    Compiling serde_core v1.0.228
[INFO] [stderr]    Compiling zerocopy v0.8.50
[INFO] [stderr]    Compiling autocfg v1.5.1
[INFO] [stderr]    Compiling serde v1.0.228
[INFO] [stderr]    Compiling zmij v1.0.21
[INFO] [stderr]    Compiling libc v0.2.186
[INFO] [stderr]    Compiling either v1.16.0
[INFO] [stderr]    Compiling serde_json v1.0.150
[INFO] [stderr]    Compiling rayon-core v1.13.0
[INFO] [stderr]    Compiling cfg-if v1.0.4
[INFO] [stderr]    Compiling plotters-backend v0.3.7
[INFO] [stderr]    Compiling anstyle v1.0.14
[INFO] [stderr]    Compiling memchr v2.8.1
[INFO] [stderr]    Compiling ciborium-io v0.2.2
[INFO] [stderr]    Compiling regex-syntax v0.8.10
[INFO] [stderr]    Compiling clap_lex v1.1.0
[INFO] [stderr]    Compiling itoa v1.0.18
[INFO] [stderr]    Compiling same-file v1.0.6
[INFO] [stderr]    Compiling plotters-svg v0.3.7
[INFO] [stderr]    Compiling cast v0.3.0
[INFO] [stderr]    Compiling anes v0.1.6
[INFO] [stderr]    Compiling once_cell v1.21.4
[INFO] [stderr]    Compiling clap_builder v4.6.0
[INFO] [stderr]    Compiling itertools v0.10.5
[INFO] [stderr]    Compiling walkdir v2.5.0
[INFO] [stderr]    Compiling num-traits v0.2.19
[INFO] [stderr]    Compiling oorandom v11.1.5
[INFO] [stdout] warning: unnecessary parentheses around assigned value
[INFO] [stdout]   --> src/lib.rs:38:13
[INFO] [stdout]    |
[INFO] [stdout] 38 |     let r = ((c & 0x1F) as u32 + ((31 - (c & 0x1F) as u32) * ey) / 16);
[INFO] [stdout]    |             ^                                                        ^
[INFO] [stdout]    |
[INFO] [stdout]    = note: `#[warn(unused_parens)]` (part of `#[warn(unused)]`) on by default
[INFO] [stdout] help: remove these parentheses
[INFO] [stdout]    |
[INFO] [stdout] 38 -     let r = ((c & 0x1F) as u32 + ((31 - (c & 0x1F) as u32) * ey) / 16);
[INFO] [stdout] 38 +     let r = (c & 0x1F) as u32 + ((31 - (c & 0x1F) as u32) * ey) / 16;
[INFO] [stdout]    |
[INFO] [stdout] 
[INFO] [stdout] 
[INFO] [stdout] warning: unnecessary parentheses around assigned value
[INFO] [stdout]   --> src/lib.rs:39:13
[INFO] [stdout]    |
[INFO] [stdout] 39 |     let g = (((c >> 5) & 0x1F) as u32 + ((31 - ((c >> 5) & 0x1F) as u32) * ey) / 16);
[INFO] [stdout]    |             ^                                                                      ^
[INFO] [stdout]    |
[INFO] [stdout] help: remove these parentheses
[INFO] [stdout]    |
[INFO] [stdout] 39 -     let g = (((c >> 5) & 0x1F) as u32 + ((31 - ((c >> 5) & 0x1F) as u32) * ey) / 16);
[INFO] [stdout] 39 +     let g = ((c >> 5) & 0x1F) as u32 + ((31 - ((c >> 5) & 0x1F) as u32) * ey) / 16;
[INFO] [stdout]    |
[INFO] [stdout] 
[INFO] [stdout] 
[INFO] [stdout] warning: unnecessary parentheses around assigned value
[INFO] [stdout]   --> src/lib.rs:40:13
[INFO] [stdout]    |
[INFO] [stdout] 40 |     let b = (((c >> 10) & 0x1F) as u32 + ((31 - ((c >> 10) & 0x1F) as u32) * ey) / 16);
[INFO] [stdout]    |             ^                                                                        ^
[INFO] [stdout]    |
[INFO] [stdout] help: remove these parentheses
[INFO] [stdout]    |
[INFO] [stdout] 40 -     let b = (((c >> 10) & 0x1F) as u32 + ((31 - ((c >> 10) & 0x1F) as u32) * ey) / 16);
[INFO] [stdout] 40 +     let b = ((c >> 10) & 0x1F) as u32 + ((31 - ((c >> 10) & 0x1F) as u32) * ey) / 16;
[INFO] [stdout]    |
[INFO] [stdout] 
[INFO] [stdout] 
[INFO] [stdout] warning: unused variable: `mem`
[INFO] [stdout]    --> src/cpu.rs:229:38
[INFO] [stdout]     |
[INFO] [stdout] 229 |     pub fn take_interrupt(&mut self, mem: &mut super::Memory) -> bool {
[INFO] [stdout]     |                                      ^^^ help: if this is intentional, prefix it with an underscore: `_mem`
[INFO] [stdout]     |
[INFO] [stdout]     = note: `#[warn(unused_variables)]` (part of `#[warn(unused)]`) on by default
[INFO] [stdout] 
[INFO] [stdout] 
[INFO] [stdout] warning: unused variable: `mem`
[INFO] [stdout]    --> src/cpu.rs:666:60
[INFO] [stdout]     |
[INFO] [stdout] 666 |     fn execute_arm_data_processing(&mut self, opcode: u32, mem: &mut super::Memory) -> u32 {
[INFO] [stdout]     |                                                            ^^^ help: if this is intentional, prefix it with an underscore: `_mem`
[INFO] [stdout] 
[INFO] [stdout] 
[INFO] [stdout] warning: unused variable: `swi_num_lower`
[INFO] [stdout]     --> src/cpu.rs:1625:13
[INFO] [stdout]      |
[INFO] [stdout] 1625 |         let swi_num_lower = (opcode & 0xFF) as u32;
[INFO] [stdout]      |             ^^^^^^^^^^^^^ help: if this is intentional, prefix it with an underscore: `_swi_num_lower`
[INFO] [stdout] 
[INFO] [stdout] 
[INFO] [stdout] warning: unused variable: `dst_inc`
[INFO] [stdout]    --> src/dma.rs:226:13
[INFO] [stdout]     |
[INFO] [stdout] 226 |         let dst_inc = self.dst_increment;
[INFO] [stdout]     |             ^^^^^^^ help: if this is intentional, prefix it with an underscore: `_dst_inc`
[INFO] [stdout] 
[INFO] [stdout] 
[INFO] [stdout] warning: unused variable: `src_inc`
[INFO] [stdout]    --> src/dma.rs:227:13
[INFO] [stdout]     |
[INFO] [stdout] 227 |         let src_inc = self.src_increment;
[INFO] [stdout]     |             ^^^^^^^ help: if this is intentional, prefix it with an underscore: `_src_inc`
[INFO] [stdout] 
[INFO] [stdout] 
[INFO] [stdout] warning: unreachable pattern
[INFO] [stdout]    --> src/flash.rs:200:13
[INFO] [stdout]     |
[INFO] [stdout] 200 |             _ => {
[INFO] [stdout]     |             ^ no value can reach this
[INFO] [stdout]     |
[INFO] [stdout] note: multiple earlier patterns match some of the same values
[INFO] [stdout]    --> src/flash.rs:200:13
[INFO] [stdout]     |
[INFO] [stdout] 110 |             FlashState::Idle => {
[INFO] [stdout]     |             ---------------- matches some of the same values
[INFO] [stdout] ...
[INFO] [stdout] 115 |             FlashState::CmdSequence1 => {
[INFO] [stdout]     |             ------------------------ matches some of the same values
[INFO] [stdout] ...
[INFO] [stdout] 122 |             FlashState::CmdSequence2 => match val {
[INFO] [stdout]     |             ------------------------ matches some of the same values
[INFO] [stdout] ...
[INFO] [stdout] 150 |             FlashState::CmdSelect => match val {
[INFO] [stdout]     |             --------------------- matches some of the same values
[INFO] [stdout] ...
[INFO] [stdout] 200 |             _ => {
[INFO] [stdout]     |             ^ ...and 4 other patterns collectively make this unreachable
[INFO] [stdout]     = note: `#[warn(unreachable_patterns)]` (part of `#[warn(unused)]`) on by default
[INFO] [stdout] 
[INFO] [stdout] 
[INFO] [stdout] warning: unused variable: `mode`
[INFO] [stdout]     --> src/ppu.rs:1737:13
[INFO] [stdout]      |
[INFO] [stdout] 1737 |         let mode = (snapshot.dispcnt & 0x7) as u8;
[INFO] [stdout]      |             ^^^^ help: if this is intentional, prefix it with an underscore: `_mode`
[INFO] [stdout] 
[INFO] [stdout] 
[INFO] [stdout] warning: value assigned to `first_priority` is never read
[INFO] [stdout]     --> src/lib.rs:1111:29
[INFO] [stdout]      |
[INFO] [stdout] 1111 | ...                   first_priority = priority;
[INFO] [stdout]      |                       ^^^^^^^^^^^^^^^^^^^^^^^^^
[INFO] [stdout]      |
[INFO] [stdout]      = help: maybe it is overwritten before being read?
[INFO] [stdout]      = note: `#[warn(unused_assignments)]` (part of `#[warn(unused)]`) on by default
[INFO] [stdout] 
[INFO] [stdout] 
[INFO] [stdout] warning: methods `embed_bios_font`, `dispatch_irq_handler`, `noop`, and `handle_intrwait_return` are never used
[INFO] [stdout]    --> src/lib.rs:161:8
[INFO] [stdout]     |
[INFO] [stdout]  62 | impl Gba {
[INFO] [stdout]     | -------- methods in this implementation
[INFO] [stdout] ...
[INFO] [stdout] 161 |     fn embed_bios_font(&mut self) {
[INFO] [stdout]     |        ^^^^^^^^^^^^^^^
[INFO] [stdout] ...
[INFO] [stdout] 877 |     fn dispatch_irq_handler(&mut self) {
[INFO] [stdout]     |        ^^^^^^^^^^^^^^^^^^^^
[INFO] [stdout] ...
[INFO] [stdout] 897 |     fn noop(&self) {}
[INFO] [stdout]     |        ^^^^
[INFO] [stdout] 898 |
[INFO] [stdout] 899 |     fn handle_intrwait_return(&mut self) {
[INFO] [stdout]     |        ^^^^^^^^^^^^^^^^^^^^^^
[INFO] [stdout]     |
[INFO] [stdout]     = note: `#[warn(dead_code)]` (part of `#[warn(unused)]`) on by default
[INFO] [stdout] 
[INFO] [stdout] 
[INFO] [stdout] warning: fields `banked_r0_irq`, `banked_r1_irq`, `banked_r2_irq`, `banked_r3_irq`, `arm_cache`, and `thumb_cache` are never read
[INFO] [stdout]   --> src/cpu.rs:59:5
[INFO] [stdout]    |
[INFO] [stdout] 50 | pub struct Cpu {
[INFO] [stdout]    |            --- fields in this struct
[INFO] [stdout] ...
[INFO] [stdout] 59 |     banked_r0_irq: u32,
[INFO] [stdout]    |     ^^^^^^^^^^^^^
[INFO] [stdout] 60 |     banked_r1_irq: u32,
[INFO] [stdout]    |     ^^^^^^^^^^^^^
[INFO] [stdout] 61 |     banked_r2_irq: u32,
[INFO] [stdout]    |     ^^^^^^^^^^^^^
[INFO] [stdout] 62 |     banked_r3_irq: u32,
[INFO] [stdout]    |     ^^^^^^^^^^^^^
[INFO] [stdout] ...
[INFO] [stdout] 85 |     arm_cache: [(u32, u32); 1024],   // (PC, opcode) pairs
[INFO] [stdout]    |     ^^^^^^^^^
[INFO] [stdout] 86 |     thumb_cache: [(u32, u16); 1024], // (PC, opcode) pairs
[INFO] [stdout]    |     ^^^^^^^^^^^
[INFO] [stdout] 
[INFO] [stdout] 
[INFO] [stdout] warning: methods `thumb_add_sub_imm` and `thumb_load_store_reg_offset` are never used
[INFO] [stdout]     --> src/cpu.rs:2190:8
[INFO] [stdout]      |
[INFO] [stdout]  100 | impl Cpu {
[INFO] [stdout]      | -------- methods in this implementation
[INFO] [stdout] ...
[INFO] [stdout] 2190 |     fn thumb_add_sub_imm(&mut self, opcode: u16) -> u32 {
[INFO] [stdout]      |        ^^^^^^^^^^^^^^^^^
[INFO] [stdout] ...
[INFO] [stdout] 2543 |     fn thumb_load_store_reg_offset(
[INFO] [stdout]      |        ^^^^^^^^^^^^^^^^^^^^^^^^^^^
[INFO] [stdout] 
[INFO] [stdout] 
[INFO] [stdout] warning: associated function `render_tile_pixel_from_snapshot` is never used
[INFO] [stdout]     --> src/ppu.rs:1730:8
[INFO] [stdout]      |
[INFO] [stdout] 1193 | impl Ppu {
[INFO] [stdout]      | -------- associated function in this implementation
[INFO] [stdout] ...
[INFO] [stdout] 1730 |     fn render_tile_pixel_from_snapshot(
[INFO] [stdout]      |        ^^^^^^^^^^^^^^^^^^^^^^^^^^^^^^^
[INFO] [stdout] 
[INFO] [stdout] 
[INFO] [stderr]    Compiling crossbeam-epoch v0.9.18
[INFO] [stderr]    Compiling syn v2.0.117
[INFO] [stderr]    Compiling regex-automata v0.4.14
[INFO] [stderr]    Compiling crossbeam-deque v0.8.6
[INFO] [stderr]    Compiling is-terminal v0.4.17
[INFO] [stderr]    Compiling rayon v1.12.0
[INFO] [stderr]    Compiling criterion-plot v0.5.0
[INFO] [stderr]    Compiling plotters v0.3.7
[INFO] [stderr]    Compiling clap v4.6.1
[INFO] [stderr]    Compiling regex v1.12.3
[INFO] [stderr]    Compiling zerocopy-derive v0.8.50
[INFO] [stderr]    Compiling serde_derive v1.0.228
[INFO] [stderr]    Compiling tinytemplate v1.2.1
[INFO] [stderr]    Compiling half v2.7.1
[INFO] [stderr]    Compiling ciborium-ll v0.2.2
[INFO] [stderr]    Compiling ciborium v0.2.2
[INFO] [stderr]    Compiling criterion v0.5.1
[INFO] [stderr]    Compiling rgba v0.1.0 (/opt/rustwide/workdir)
[INFO] [stdout] warning: unused import: `Ppu`
[INFO] [stdout]  --> tests/integration.rs:5:30
[INFO] [stdout]   |
[INFO] [stdout] 5 | use rgba::{Gba, Cpu, Memory, Ppu};
[INFO] [stdout]   |                              ^^^
[INFO] [stdout]   |
[INFO] [stdout]   = note: `#[warn(unused_imports)]` (part of `#[warn(unused)]`) on by default
[INFO] [stdout] 
[INFO] [stdout] 
[INFO] [stdout] warning: unused variable: `apu`
[INFO] [stdout]   --> tests/apu_behavior.rs:10:9
[INFO] [stdout]    |
[INFO] [stdout] 10 |     let apu = Apu::new();
[INFO] [stdout]    |         ^^^ help: if this is intentional, prefix it with an underscore: `_apu`
[INFO] [stdout]    |
[INFO] [stdout]    = note: `#[warn(unused_variables)]` (part of `#[warn(unused)]`) on by default
[INFO] [stdout] 
[INFO] [stdout] 
[INFO] [stdout] warning: variable does not need to be mutable
[INFO] [stdout]   --> tests/cpu_behavior.rs:45:9
[INFO] [stdout]    |
[INFO] [stdout] 45 |     let mut mem = Memory::new();
[INFO] [stdout]    |         ----^^^
[INFO] [stdout]    |         |
[INFO] [stdout]    |         help: remove this `mut`
[INFO] [stdout]    |
[INFO] [stdout]    = note: `#[warn(unused_mut)]` (part of `#[warn(unused)]`) on by default
[INFO] [stdout] 
[INFO] [stdout] 
[INFO] [stdout] warning: unused variable: `mem`
[INFO] [stdout]   --> tests/cpu_behavior.rs:45:9
[INFO] [stdout]    |
[INFO] [stdout] 45 |     let mut mem = Memory::new();
[INFO] [stdout]    |         ^^^^^^^ help: if this is intentional, prefix it with an underscore: `_mem`
[INFO] [stdout]    |
[INFO] [stdout]    = note: `#[warn(unused_variables)]` (part of `#[warn(unused)]`) on by default
[INFO] [stdout] 
[INFO] [stdout] 
[INFO] [stdout] warning: unnecessary parentheses around assigned value
[INFO] [stdout]   --> src/lib.rs:38:13
[INFO] [stdout]    |
[INFO] [stdout] 38 |     let r = ((c & 0x1F) as u32 + ((31 - (c & 0x1F) as u32) * ey) / 16);
[INFO] [stdout]    |             ^                                                        ^
[INFO] [stdout]    |
[INFO] [stdout]    = note: `#[warn(unused_parens)]` (part of `#[warn(unused)]`) on by default
[INFO] [stdout] help: remove these parentheses
[INFO] [stdout]    |
[INFO] [stdout] 38 -     let r = ((c & 0x1F) as u32 + ((31 - (c & 0x1F) as u32) * ey) / 16);
[INFO] [stdout] 38 +     let r = (c & 0x1F) as u32 + ((31 - (c & 0x1F) as u32) * ey) / 16;
[INFO] [stdout]    |
[INFO] [stdout] 
[INFO] [stdout] 
[INFO] [stdout] warning: unnecessary parentheses around assigned value
[INFO] [stdout]   --> src/lib.rs:39:13
[INFO] [stdout]    |
[INFO] [stdout] 39 |     let g = (((c >> 5) & 0x1F) as u32 + ((31 - ((c >> 5) & 0x1F) as u32) * ey) / 16);
[INFO] [stdout]    |             ^                                                                      ^
[INFO] [stdout]    |
[INFO] [stdout] help: remove these parentheses
[INFO] [stdout]    |
[INFO] [stdout] 39 -     let g = (((c >> 5) & 0x1F) as u32 + ((31 - ((c >> 5) & 0x1F) as u32) * ey) / 16);
[INFO] [stdout] 39 +     let g = ((c >> 5) & 0x1F) as u32 + ((31 - ((c >> 5) & 0x1F) as u32) * ey) / 16;
[INFO] [stdout]    |
[INFO] [stdout] 
[INFO] [stdout] 
[INFO] [stdout] warning: unnecessary parentheses around assigned value
[INFO] [stdout]   --> src/lib.rs:40:13
[INFO] [stdout]    |
[INFO] [stdout] 40 |     let b = (((c >> 10) & 0x1F) as u32 + ((31 - ((c >> 10) & 0x1F) as u32) * ey) / 16);
[INFO] [stdout]    |             ^                                                                        ^
[INFO] [stdout]    |
[INFO] [stdout] help: remove these parentheses
[INFO] [stdout]    |
[INFO] [stdout] 40 -     let b = (((c >> 10) & 0x1F) as u32 + ((31 - ((c >> 10) & 0x1F) as u32) * ey) / 16);
[INFO] [stdout] 40 +     let b = ((c >> 10) & 0x1F) as u32 + ((31 - ((c >> 10) & 0x1F) as u32) * ey) / 16;
[INFO] [stdout]    |
[INFO] [stdout] 
[INFO] [stdout] 
[INFO] [stdout] warning: unused variable: `mem`
[INFO] [stdout]    --> src/cpu.rs:229:38
[INFO] [stdout]     |
[INFO] [stdout] 229 |     pub fn take_interrupt(&mut self, mem: &mut super::Memory) -> bool {
[INFO] [stdout]     |                                      ^^^ help: if this is intentional, prefix it with an underscore: `_mem`
[INFO] [stdout]     |
[INFO] [stdout]     = note: `#[warn(unused_variables)]` (part of `#[warn(unused)]`) on by default
[INFO] [stdout] 
[INFO] [stdout] 
[INFO] [stdout] warning: unused variable: `mem`
[INFO] [stdout]    --> src/cpu.rs:666:60
[INFO] [stdout]     |
[INFO] [stdout] 666 |     fn execute_arm_data_processing(&mut self, opcode: u32, mem: &mut super::Memory) -> u32 {
[INFO] [stdout]     |                                                            ^^^ help: if this is intentional, prefix it with an underscore: `_mem`
[INFO] [stdout] 
[INFO] [stdout] 
[INFO] [stdout] warning: unused variable: `swi_num_lower`
[INFO] [stdout]     --> src/cpu.rs:1625:13
[INFO] [stdout]      |
[INFO] [stdout] 1625 |         let swi_num_lower = (opcode & 0xFF) as u32;
[INFO] [stdout]      |             ^^^^^^^^^^^^^ help: if this is intentional, prefix it with an underscore: `_swi_num_lower`
[INFO] [stdout] 
[INFO] [stdout] 
[INFO] [stdout] warning: unused variable: `dst_inc`
[INFO] [stdout]    --> src/dma.rs:226:13
[INFO] [stdout]     |
[INFO] [stdout] 226 |         let dst_inc = self.dst_increment;
[INFO] [stdout]     |             ^^^^^^^ help: if this is intentional, prefix it with an underscore: `_dst_inc`
[INFO] [stdout] 
[INFO] [stdout] 
[INFO] [stdout] warning: unused variable: `src_inc`
[INFO] [stdout]    --> src/dma.rs:227:13
[INFO] [stdout]     |
[INFO] [stdout] 227 |         let src_inc = self.src_increment;
[INFO] [stdout]     |             ^^^^^^^ help: if this is intentional, prefix it with an underscore: `_src_inc`
[INFO] [stdout] 
[INFO] [stdout] 
[INFO] [stdout] warning: unreachable pattern
[INFO] [stdout]    --> src/flash.rs:200:13
[INFO] [stdout]     |
[INFO] [stdout] 200 |             _ => {
[INFO] [stdout]     |             ^ no value can reach this
[INFO] [stdout]     |
[INFO] [stdout] note: multiple earlier patterns match some of the same values
[INFO] [stdout]    --> src/flash.rs:200:13
[INFO] [stdout]     |
[INFO] [stdout] 110 |             FlashState::Idle => {
[INFO] [stdout]     |             ---------------- matches some of the same values
[INFO] [stdout] ...
[INFO] [stdout] 115 |             FlashState::CmdSequence1 => {
[INFO] [stdout]     |             ------------------------ matches some of the same values
[INFO] [stdout] ...
[INFO] [stdout] 122 |             FlashState::CmdSequence2 => match val {
[INFO] [stdout]     |             ------------------------ matches some of the same values
[INFO] [stdout] ...
[INFO] [stdout] 150 |             FlashState::CmdSelect => match val {
[INFO] [stdout]     |             --------------------- matches some of the same values
[INFO] [stdout] ...
[INFO] [stdout] 200 |             _ => {
[INFO] [stdout]     |             ^ ...and 4 other patterns collectively make this unreachable
[INFO] [stdout]     = note: `#[warn(unreachable_patterns)]` (part of `#[warn(unused)]`) on by default
[INFO] [stdout] 
[INFO] [stdout] 
[INFO] [stdout] warning: unused variable: `mode`
[INFO] [stdout]     --> src/ppu.rs:1737:13
[INFO] [stdout]      |
[INFO] [stdout] 1737 |         let mode = (snapshot.dispcnt & 0x7) as u8;
[INFO] [stdout]      |             ^^^^ help: if this is intentional, prefix it with an underscore: `_mode`
[INFO] [stdout] 
[INFO] [stdout] 
[INFO] [stdout] warning: value assigned to `first_priority` is never read
[INFO] [stdout]     --> src/lib.rs:1111:29
[INFO] [stdout]      |
[INFO] [stdout] 1111 | ...                   first_priority = priority;
[INFO] [stdout]      |                       ^^^^^^^^^^^^^^^^^^^^^^^^^
[INFO] [stdout]      |
[INFO] [stdout]      = help: maybe it is overwritten before being read?
[INFO] [stdout]      = note: `#[warn(unused_assignments)]` (part of `#[warn(unused)]`) on by default
[INFO] [stdout] 
[INFO] [stdout] 
[INFO] [stdout] warning: methods `embed_bios_font`, `dispatch_irq_handler`, `noop`, and `handle_intrwait_return` are never used
[INFO] [stdout]    --> src/lib.rs:161:8
[INFO] [stdout]     |
[INFO] [stdout]  62 | impl Gba {
[INFO] [stdout]     | -------- methods in this implementation
[INFO] [stdout] ...
[INFO] [stdout] 161 |     fn embed_bios_font(&mut self) {
[INFO] [stdout]     |        ^^^^^^^^^^^^^^^
[INFO] [stdout] ...
[INFO] [stdout] 877 |     fn dispatch_irq_handler(&mut self) {
[INFO] [stdout]     |        ^^^^^^^^^^^^^^^^^^^^
[INFO] [stdout] ...
[INFO] [stdout] 897 |     fn noop(&self) {}
[INFO] [stdout]     |        ^^^^
[INFO] [stdout] 898 |
[INFO] [stdout] 899 |     fn handle_intrwait_return(&mut self) {
[INFO] [stdout]     |        ^^^^^^^^^^^^^^^^^^^^^^
[INFO] [stdout]     |
[INFO] [stdout]     = note: `#[warn(dead_code)]` (part of `#[warn(unused)]`) on by default
[INFO] [stdout] 
[INFO] [stdout] 
[INFO] [stdout] warning: fields `banked_r0_irq`, `banked_r1_irq`, `banked_r2_irq`, `banked_r3_irq`, `arm_cache`, and `thumb_cache` are never read
[INFO] [stdout]   --> src/cpu.rs:59:5
[INFO] [stdout]    |
[INFO] [stdout] 50 | pub struct Cpu {
[INFO] [stdout]    |            --- fields in this struct
[INFO] [stdout] ...
[INFO] [stdout] 59 |     banked_r0_irq: u32,
[INFO] [stdout]    |     ^^^^^^^^^^^^^
[INFO] [stdout] 60 |     banked_r1_irq: u32,
[INFO] [stdout]    |     ^^^^^^^^^^^^^
[INFO] [stdout] 61 |     banked_r2_irq: u32,
[INFO] [stdout]    |     ^^^^^^^^^^^^^
[INFO] [stdout] 62 |     banked_r3_irq: u32,
[INFO] [stdout]    |     ^^^^^^^^^^^^^
[INFO] [stdout] ...
[INFO] [stdout] 85 |     arm_cache: [(u32, u32); 1024],   // (PC, opcode) pairs
[INFO] [stdout]    |     ^^^^^^^^^
[INFO] [stdout] 86 |     thumb_cache: [(u32, u16); 1024], // (PC, opcode) pairs
[INFO] [stdout]    |     ^^^^^^^^^^^
[INFO] [stdout] 
[INFO] [stdout] 
[INFO] [stdout] warning: methods `thumb_add_sub_imm` and `thumb_load_store_reg_offset` are never used
[INFO] [stdout]     --> src/cpu.rs:2190:8
[INFO] [stdout]      |
[INFO] [stdout]  100 | impl Cpu {
[INFO] [stdout]      | -------- methods in this implementation
[INFO] [stdout] ...
[INFO] [stdout] 2190 |     fn thumb_add_sub_imm(&mut self, opcode: u16) -> u32 {
[INFO] [stdout]      |        ^^^^^^^^^^^^^^^^^
[INFO] [stdout] ...
[INFO] [stdout] 2543 |     fn thumb_load_store_reg_offset(
[INFO] [stdout]      |        ^^^^^^^^^^^^^^^^^^^^^^^^^^^
[INFO] [stdout] 
[INFO] [stdout] 
[INFO] [stdout] warning: associated function `render_tile_pixel_from_snapshot` is never used
[INFO] [stdout]     --> src/ppu.rs:1730:8
[INFO] [stdout]      |
[INFO] [stdout] 1193 | impl Ppu {
[INFO] [stdout]      | -------- associated function in this implementation
[INFO] [stdout] ...
[INFO] [stdout] 1730 |     fn render_tile_pixel_from_snapshot(
[INFO] [stdout]      |        ^^^^^^^^^^^^^^^^^^^^^^^^^^^^^^^
[INFO] [stdout] 
[INFO] [stdout] 
[INFO] [stderr]     Finished `test` profile [optimized + debuginfo] target(s) in 1m 00s
[INFO] running `Command { std: "docker" "inspect" "93346cc6674897cf7fc0da228dff7035917e2b171a1adaf3a6bd53205c7c14fc", kill_on_drop: false }`
[INFO] running `Command { std: "docker" "exec" "-e" "SOURCE_DIR=/opt/rustwide/workdir" "-e" "CARGO_HOME=/opt/rustwide/cargo-home" "-e" "RUSTUP_HOME=/opt/rustwide/rustup-home" "-e" "CARGO_TARGET_DIR=/opt/rustwide/target" "-e" "CARGO_INCREMENTAL=0" "-e" "RUST_BACKTRACE=full" "-e" "RUSTFLAGS=--cap-lints=warn" "-e" "RUSTDOCFLAGS=--cap-lints=warn" "-w" "/opt/rustwide/workdir" "--user" "0:0" "93346cc6674897cf7fc0da228dff7035917e2b171a1adaf3a6bd53205c7c14fc" "/opt/rustwide/cargo-home/bin/cargo" "+1.100.0-beta.1" "test" "--frozen", kill_on_drop: false }`
[INFO] [stderr] warning: unnecessary parentheses around assigned value
[INFO] [stderr]   --> src/lib.rs:38:13
[INFO] [stderr]    |
[INFO] [stderr] 38 |     let r = ((c & 0x1F) as u32 + ((31 - (c & 0x1F) as u32) * ey) / 16);
[INFO] [stderr]    |             ^                                                        ^
[INFO] [stderr]    |
[INFO] [stderr]    = note: `#[warn(unused_parens)]` (part of `#[warn(unused)]`) on by default
[INFO] [stderr] help: remove these parentheses
[INFO] [stderr]    |
[INFO] [stderr] 38 -     let r = ((c & 0x1F) as u32 + ((31 - (c & 0x1F) as u32) * ey) / 16);
[INFO] [stderr] 38 +     let r = (c & 0x1F) as u32 + ((31 - (c & 0x1F) as u32) * ey) / 16;
[INFO] [stderr]    |
[INFO] [stderr] 
[INFO] [stderr] warning: unnecessary parentheses around assigned value
[INFO] [stderr]   --> src/lib.rs:39:13
[INFO] [stderr]    |
[INFO] [stderr] 39 |     let g = (((c >> 5) & 0x1F) as u32 + ((31 - ((c >> 5) & 0x1F) as u32) * ey) / 16);
[INFO] [stderr]    |             ^                                                                      ^
[INFO] [stderr]    |
[INFO] [stderr] help: remove these parentheses
[INFO] [stderr]    |
[INFO] [stderr] 39 -     let g = (((c >> 5) & 0x1F) as u32 + ((31 - ((c >> 5) & 0x1F) as u32) * ey) / 16);
[INFO] [stderr] 39 +     let g = ((c >> 5) & 0x1F) as u32 + ((31 - ((c >> 5) & 0x1F) as u32) * ey) / 16;
[INFO] [stderr]    |
[INFO] [stderr] 
[INFO] [stderr] warning: unnecessary parentheses around assigned value
[INFO] [stderr]   --> src/lib.rs:40:13
[INFO] [stderr]    |
[INFO] [stderr] 40 |     let b = (((c >> 10) & 0x1F) as u32 + ((31 - ((c >> 10) & 0x1F) as u32) * ey) / 16);
[INFO] [stderr]    |             ^                                                                        ^
[INFO] [stderr]    |
[INFO] [stderr] help: remove these parentheses
[INFO] [stderr]    |
[INFO] [stderr] 40 -     let b = (((c >> 10) & 0x1F) as u32 + ((31 - ((c >> 10) & 0x1F) as u32) * ey) / 16);
[INFO] [stderr] 40 +     let b = ((c >> 10) & 0x1F) as u32 + ((31 - ((c >> 10) & 0x1F) as u32) * ey) / 16;
[INFO] [stderr]    |
[INFO] [stderr] 
[INFO] [stderr] warning: unused variable: `mem`
[INFO] [stderr]    --> src/cpu.rs:229:38
[INFO] [stderr]     |
[INFO] [stderr] 229 |     pub fn take_interrupt(&mut self, mem: &mut super::Memory) -> bool {
[INFO] [stderr]     |                                      ^^^ help: if this is intentional, prefix it with an underscore: `_mem`
[INFO] [stderr]     |
[INFO] [stderr]     = note: `#[warn(unused_variables)]` (part of `#[warn(unused)]`) on by default
[INFO] [stderr] 
[INFO] [stderr] warning: unused variable: `mem`
[INFO] [stderr]    --> src/cpu.rs:666:60
[INFO] [stderr]     |
[INFO] [stderr] 666 |     fn execute_arm_data_processing(&mut self, opcode: u32, mem: &mut super::Memory) -> u32 {
[INFO] [stderr]     |                                                            ^^^ help: if this is intentional, prefix it with an underscore: `_mem`
[INFO] [stderr] 
[INFO] [stderr] warning: unused variable: `swi_num_lower`
[INFO] [stderr]     --> src/cpu.rs:1625:13
[INFO] [stderr]      |
[INFO] [stderr] 1625 |         let swi_num_lower = (opcode & 0xFF) as u32;
[INFO] [stderr]      |             ^^^^^^^^^^^^^ help: if this is intentional, prefix it with an underscore: `_swi_num_lower`
[INFO] [stderr] 
[INFO] [stderr] warning: unused variable: `dst_inc`
[INFO] [stderr]    --> src/dma.rs:226:13
[INFO] [stderr]     |
[INFO] [stderr] 226 |         let dst_inc = self.dst_increment;
[INFO] [stderr]     |             ^^^^^^^ help: if this is intentional, prefix it with an underscore: `_dst_inc`
[INFO] [stderr] 
[INFO] [stderr] warning: unused variable: `src_inc`
[INFO] [stderr]    --> src/dma.rs:227:13
[INFO] [stderr]     |
[INFO] [stderr] 227 |         let src_inc = self.src_increment;
[INFO] [stderr]     |             ^^^^^^^ help: if this is intentional, prefix it with an underscore: `_src_inc`
[INFO] [stderr] 
[INFO] [stderr] warning: unreachable pattern
[INFO] [stderr]    --> src/flash.rs:200:13
[INFO] [stderr]     |
[INFO] [stderr] 200 |             _ => {
[INFO] [stderr]     |             ^ no value can reach this
[INFO] [stderr]     |
[INFO] [stderr] note: multiple earlier patterns match some of the same values
[INFO] [stderr]    --> src/flash.rs:200:13
[INFO] [stderr]     |
[INFO] [stderr] 110 |             FlashState::Idle => {
[INFO] [stderr]     |             ---------------- matches some of the same values
[INFO] [stderr] ...
[INFO] [stderr] 115 |             FlashState::CmdSequence1 => {
[INFO] [stderr]     |             ------------------------ matches some of the same values
[INFO] [stderr] ...
[INFO] [stderr] 122 |             FlashState::CmdSequence2 => match val {
[INFO] [stderr]     |             ------------------------ matches some of the same values
[INFO] [stderr] ...
[INFO] [stderr] 150 |             FlashState::CmdSelect => match val {
[INFO] [stderr]     |             --------------------- matches some of the same values
[INFO] [stderr] ...
[INFO] [stderr] 200 |             _ => {
[INFO] [stderr]     |             ^ ...and 4 other patterns collectively make this unreachable
[INFO] [stderr]     = note: `#[warn(unreachable_patterns)]` (part of `#[warn(unused)]`) on by default
[INFO] [stderr] 
[INFO] [stderr] warning: unused variable: `mode`
[INFO] [stderr]     --> src/ppu.rs:1737:13
[INFO] [stderr]      |
[INFO] [stderr] 1737 |         let mode = (snapshot.dispcnt & 0x7) as u8;
[INFO] [stderr]      |             ^^^^ help: if this is intentional, prefix it with an underscore: `_mode`
[INFO] [stderr] 
[INFO] [stderr] warning: value assigned to `first_priority` is never read
[INFO] [stderr]     --> src/lib.rs:1111:29
[INFO] [stderr]      |
[INFO] [stderr] 1111 | ...                   first_priority = priority;
[INFO] [stderr]      |                       ^^^^^^^^^^^^^^^^^^^^^^^^^
[INFO] [stderr]      |
[INFO] [stderr]      = help: maybe it is overwritten before being read?
[INFO] [stderr]      = note: `#[warn(unused_assignments)]` (part of `#[warn(unused)]`) on by default
[INFO] [stderr] 
[INFO] [stderr] warning: methods `embed_bios_font`, `dispatch_irq_handler`, `noop`, and `handle_intrwait_return` are never used
[INFO] [stderr]    --> src/lib.rs:161:8
[INFO] [stderr]     |
[INFO] [stderr]  62 | impl Gba {
[INFO] [stderr]     | -------- methods in this implementation
[INFO] [stderr] ...
[INFO] [stderr] 161 |     fn embed_bios_font(&mut self) {
[INFO] [stderr]     |        ^^^^^^^^^^^^^^^
[INFO] [stderr] ...
[INFO] [stderr] 877 |     fn dispatch_irq_handler(&mut self) {
[INFO] [stderr]     |        ^^^^^^^^^^^^^^^^^^^^
[INFO] [stderr] ...
[INFO] [stderr] 897 |     fn noop(&self) {}
[INFO] [stderr]     |        ^^^^
[INFO] [stderr] 898 |
[INFO] [stderr] 899 |     fn handle_intrwait_return(&mut self) {
[INFO] [stderr]     |        ^^^^^^^^^^^^^^^^^^^^^^
[INFO] [stderr]     |
[INFO] [stderr]     = note: `#[warn(dead_code)]` (part of `#[warn(unused)]`) on by default
[INFO] [stderr] 
[INFO] [stderr] warning: fields `banked_r0_irq`, `banked_r1_irq`, `banked_r2_irq`, `banked_r3_irq`, `arm_cache`, and `thumb_cache` are never read
[INFO] [stderr]   --> src/cpu.rs:59:5
[INFO] [stderr]    |
[INFO] [stderr] 50 | pub struct Cpu {
[INFO] [stderr]    |            --- fields in this struct
[INFO] [stderr] ...
[INFO] [stderr] 59 |     banked_r0_irq: u32,
[INFO] [stderr]    |     ^^^^^^^^^^^^^
[INFO] [stderr] 60 |     banked_r1_irq: u32,
[INFO] [stderr]    |     ^^^^^^^^^^^^^
[INFO] [stderr] 61 |     banked_r2_irq: u32,
[INFO] [stderr]    |     ^^^^^^^^^^^^^
[INFO] [stderr] 62 |     banked_r3_irq: u32,
[INFO] [stderr]    |     ^^^^^^^^^^^^^
[INFO] [stderr] ...
[INFO] [stderr] 85 |     arm_cache: [(u32, u32); 1024],   // (PC, opcode) pairs
[INFO] [stderr]    |     ^^^^^^^^^
[INFO] [stderr] 86 |     thumb_cache: [(u32, u16); 1024], // (PC, opcode) pairs
[INFO] [stderr]    |     ^^^^^^^^^^^
[INFO] [stderr] 
[INFO] [stderr] warning: methods `thumb_add_sub_imm` and `thumb_load_store_reg_offset` are never used
[INFO] [stderr]     --> src/cpu.rs:2190:8
[INFO] [stderr]      |
[INFO] [stderr]  100 | impl Cpu {
[INFO] [stderr]      | -------- methods in this implementation
[INFO] [stderr] ...
[INFO] [stderr] 2190 |     fn thumb_add_sub_imm(&mut self, opcode: u16) -> u32 {
[INFO] [stderr]      |        ^^^^^^^^^^^^^^^^^
[INFO] [stderr] ...
[INFO] [stderr] 2543 |     fn thumb_load_store_reg_offset(
[INFO] [stderr]      |        ^^^^^^^^^^^^^^^^^^^^^^^^^^^
[INFO] [stderr] 
[INFO] [stderr] warning: associated function `render_tile_pixel_from_snapshot` is never used
[INFO] [stderr]     --> src/ppu.rs:1730:8
[INFO] [stderr]      |
[INFO] [stderr] 1193 | impl Ppu {
[INFO] [stderr]      | -------- associated function in this implementation
[INFO] [stderr] ...
[INFO] [stderr] 1730 |     fn render_tile_pixel_from_snapshot(
[INFO] [stderr]      |        ^^^^^^^^^^^^^^^^^^^^^^^^^^^^^^^
[INFO] [stderr] 
[INFO] [stderr] warning: `rgba` (lib) generated 15 warnings (run `cargo fix --lib -p rgba` to apply 9 suggestions)
[INFO] [stderr] warning: variable does not need to be mutable
[INFO] [stderr]   --> tests/cpu_behavior.rs:45:9
[INFO] [stderr]    |
[INFO] [stderr] 45 |     let mut mem = Memory::new();
[INFO] [stderr]    |         ----^^^
[INFO] [stderr]    |         |
[INFO] [stderr]    |         help: remove this `mut`
[INFO] [stderr]    |
[INFO] [stderr]    = note: `#[warn(unused_mut)]` (part of `#[warn(unused)]`) on by default
[INFO] [stderr] 
[INFO] [stderr] warning: unused variable: `mem`
[INFO] [stderr]   --> tests/cpu_behavior.rs:45:9
[INFO] [stderr]    |
[INFO] [stderr] 45 |     let mut mem = Memory::new();
[INFO] [stderr]    |         ^^^^^^^ help: if this is intentional, prefix it with an underscore: `_mem`
[INFO] [stderr]    |
[INFO] [stderr]    = note: `#[warn(unused_variables)]` (part of `#[warn(unused)]`) on by default
[INFO] [stderr] 
[INFO] [stderr] warning: unused import: `Ppu`
[INFO] [stderr]  --> tests/integration.rs:5:30
[INFO] [stderr]   |
[INFO] [stderr] 5 | use rgba::{Gba, Cpu, Memory, Ppu};
[INFO] [stderr]   |                              ^^^
[INFO] [stderr]   |
[INFO] [stderr]   = note: `#[warn(unused_imports)]` (part of `#[warn(unused)]`) on by default
[INFO] [stderr] 
[INFO] [stderr] warning: unused variable: `apu`
[INFO] [stderr]   --> tests/apu_behavior.rs:10:9
[INFO] [stderr]    |
[INFO] [stderr] 10 |     let apu = Apu::new();
[INFO] [stderr]    |         ^^^ help: if this is intentional, prefix it with an underscore: `_apu`
[INFO] [stderr]    |
[INFO] [stderr]    = note: `#[warn(unused_variables)]` (part of `#[warn(unused)]`) on by default
[INFO] [stderr] 
[INFO] [stderr] warning: `rgba` (test "cpu_behavior") generated 2 warnings (run `cargo fix --test "cpu_behavior" -p rgba` to apply 2 suggestions)
[INFO] [stderr] warning: `rgba` (test "integration") generated 1 warning (run `cargo fix --test "integration" -p rgba` to apply 1 suggestion)
[INFO] [stderr] warning: `rgba` (lib test) generated 15 warnings (15 duplicates)
[INFO] [stderr] warning: `rgba` (test "apu_behavior") generated 1 warning (run `cargo fix --test "apu_behavior" -p rgba` to apply 1 suggestion)
[INFO] [stderr]     Finished `test` profile [optimized + debuginfo] target(s) in 0.19s
[INFO] [stderr]      Running unittests src/lib.rs (/opt/rustwide/target/debug/build/rgba/fffca1147512bfc5/out/rgba-fffca1147512bfc5)
[INFO] [stdout] 
[INFO] [stdout] running 0 tests
[INFO] [stdout] 
[INFO] [stdout] test result: ok. 0 passed; 0 failed; 0 ignored; 0 measured; 0 filtered out; finished in 0.00s
[INFO] [stdout] 
[INFO] [stderr]      Running unittests src/main.rs (/opt/rustwide/target/debug/build/rgba/400a36f3fd4264d5/out/rgba-400a36f3fd4264d5)
[INFO] [stdout] 
[INFO] [stdout] running 0 tests
[INFO] [stdout] 
[INFO] [stdout] test result: ok. 0 passed; 0 failed; 0 ignored; 0 measured; 0 filtered out; finished in 0.00s
[INFO] [stdout] 
[INFO] [stderr]      Running tests/apu_behavior.rs (/opt/rustwide/target/debug/build/rgba/de50d16af70b4a63/out/apu_behavior-de50d16af70b4a63)
[INFO] [stderr]      Running tests/cpu_behavior.rs (/opt/rustwide/target/debug/build/rgba/bfddfb4d1dcf194a/out/cpu_behavior-bfddfb4d1dcf194a)
[INFO] [stdout] 
[INFO] [stdout] running 2 tests
[INFO] [stdout] test apu_initializes_with_no_sound_playing ... ok
[INFO] [stdout] test apu_reset_clears_all_state ... ok
[INFO] [stdout] 
[INFO] [stdout] test result: ok. 2 passed; 0 failed; 0 ignored; 0 measured; 0 filtered out; finished in 0.00s
[INFO] [stdout] 
[INFO] [stdout] 
[INFO] [stdout] running 10 tests
[INFO] [stdout] test cpu_reset_clears_state_and_prepares_for_execution ... ok
[INFO] [stdout] test arm_data_processing_instructions_modify_registers_and_flags ... ok
[INFO] [stdout] test cpu_instructions_take_correct_number_of_cycles ... ok
[INFO] [stdout] test cpu_switches_between_arm_and_thumb_modes ... ok
[INFO] [stdout] test cpu_multiply_instructions_perform_correct_calculations ... ok
[INFO] [stdout] test arm_memory_instructions_read_and_write_memory ... ok
[INFO] [stdout] test arm_branch_instructions_change_program_flow ... ok
[INFO] [stdout] test cpu_initializes_with_known_register_values ... ok
[INFO] [stdout] test cpu_can_switch_between_different_processor_modes ... ok
[INFO] [stdout] test cpu_sets_arithmetic_flags_based_on_operations ... ok
[INFO] [stderr]      Running tests/dma_behavior.rs (/opt/rustwide/target/debug/build/rgba/dea43f82d0070cdf/out/dma_behavior-dea43f82d0070cdf)
[INFO] [stdout] 
[INFO] [stdout] test result: ok. 10 passed; 0 failed; 0 ignored; 0 measured; 0 filtered out; finished in 0.02s
[INFO] [stdout] 
[INFO] [stdout] 
[INFO] [stdout] running 3 tests
[INFO] [stdout] test dma_can_transfer_data_between_memory_regions ... ok
[INFO] [stdout] test dma_channel_initializes_in_disabled_state ... ok
[INFO] [stdout] test dma_can_be_triggered_by_various_events ... ok
[INFO] [stdout] 
[INFO] [stdout] test result: ok. 3 passed; 0 failed; 0 ignored; 0 measured; 0 filtered out; finished in 0.01s
[INFO] [stdout] 
[INFO] [stderr]      Running tests/harvest_trace.rs (/opt/rustwide/target/debug/build/rgba/af350e19fb7755ad/out/harvest_trace-af350e19fb7755ad)
[INFO] [stdout] 
[INFO] [stdout] running 1 test
[INFO] [stderr] error: test failed, to rerun pass `--test harvest_trace`
[INFO] [stdout] test trace_harvest_moon ... FAILED
[INFO] [stdout] 
[INFO] [stdout] failures:
[INFO] [stdout] 
[INFO] [stdout] ---- trace_harvest_moon stdout ----
[INFO] [stdout] 
[INFO] [stdout] thread 'trace_harvest_moon' (1496) panicked at tests/harvest_trace.rs:6:44:
[INFO] [stdout] Failed to read ROM: Os { code: 2, kind: NotFound, message: "No such file or directory" }
[INFO] [stdout] stack backtrace:
[INFO] [stdout]    0:     0x584246cd7ff1 - std[617be2ca0a6fd877]::backtrace_rs::backtrace::libunwind::trace
[INFO] [stdout]                                at /rustc/e3feeb59cd1bdd011a2bfcc0747b55125d9b8527/library/std/src/../../backtrace/src/backtrace/libunwind.rs:117:9
[INFO] [stdout]    1:     0x584246cd7ff1 - std[617be2ca0a6fd877]::backtrace_rs::backtrace::trace_unsynchronized::<std[617be2ca0a6fd877]::sys::backtrace::_print_fmt::{closure#1}>
[INFO] [stdout]                                at /rustc/e3feeb59cd1bdd011a2bfcc0747b55125d9b8527/library/std/src/../../backtrace/src/backtrace/mod.rs:66:14
[INFO] [stdout]    2:     0x584246cd7ff1 - std[617be2ca0a6fd877]::sys::backtrace::_print_fmt
[INFO] [stdout]                                at /rustc/e3feeb59cd1bdd011a2bfcc0747b55125d9b8527/library/std/src/sys/backtrace.rs:74:9
[INFO] [stdout]    3:     0x584246cd7ff1 - <<std[617be2ca0a6fd877]::sys::backtrace::BacktraceLock>::print::DisplayBacktrace as core[a373ad73a504971]::fmt::Display>::fmt
[INFO] [stdout]                                at /rustc/e3feeb59cd1bdd011a2bfcc0747b55125d9b8527/library/std/src/sys/backtrace.rs:44:26
[INFO] [stdout]    4:     0x584246cebf1a - <core[a373ad73a504971]::fmt::rt::Argument>::fmt
[INFO] [stdout]                                at /rustc/e3feeb59cd1bdd011a2bfcc0747b55125d9b8527/library/core/src/fmt/rt.rs:152:76
[INFO] [stdout]    5:     0x584246cebf1a - core[a373ad73a504971]::fmt::write
[INFO] [stdout]    6:     0x584246cdc20c - core[a373ad73a504971]::io::write::default_write_fmt::<alloc[2e1b2a31b91974c5]::vec::Vec<u8>>
[INFO] [stdout]                                at /rustc/e3feeb59cd1bdd011a2bfcc0747b55125d9b8527/library/core/src/io/write.rs:402:11
[INFO] [stdout]    7:     0x584246cdc20c - <alloc[2e1b2a31b91974c5]::vec::Vec<u8> as core[a373ad73a504971]::io::write::Write>::write_fmt
[INFO] [stdout]                                at /rustc/e3feeb59cd1bdd011a2bfcc0747b55125d9b8527/library/core/src/io/write.rs:335:13
[INFO] [stdout]    8:     0x584246cb4146 - <std[617be2ca0a6fd877]::sys::backtrace::BacktraceLock>::print
[INFO] [stdout]                                at /rustc/e3feeb59cd1bdd011a2bfcc0747b55125d9b8527/library/std/src/sys/backtrace.rs:47:9
[INFO] [stdout]    9:     0x584246cb4146 - std[617be2ca0a6fd877]::panicking::default_hook::{closure#0}
[INFO] [stdout]                                at /rustc/e3feeb59cd1bdd011a2bfcc0747b55125d9b8527/library/std/src/panicking.rs:289:27
[INFO] [stdout]   10:     0x584246cd0379 - std[617be2ca0a6fd877]::panicking::default_hook
[INFO] [stdout]                                at /rustc/e3feeb59cd1bdd011a2bfcc0747b55125d9b8527/library/std/src/panicking.rs:313:9
[INFO] [stdout]   11:     0x584246c60cc0 - <alloc[2e1b2a31b91974c5]::boxed::Box<dyn for<'a, 'b> core[a373ad73a504971]::ops::function::Fn<(&'a std[617be2ca0a6fd877]::panic::PanicHookInfo<'b>,), Output = ()> + core[a373ad73a504971]::marker::Sync + core[a373ad73a504971]::marker::Send> as core[a373ad73a504971]::ops::function::Fn<(&std[617be2ca0a6fd877]::panic::PanicHookInfo,)>>::call
[INFO] [stdout]                                at /rustc/e3feeb59cd1bdd011a2bfcc0747b55125d9b8527/library/alloc/src/boxed.rs:2328:9
[INFO] [stdout]   12:     0x584246c60cc0 - test[aada8e7e76ba119b]::test_main_inner::{closure#0}
[INFO] [stdout]                                at /rustc/e3feeb59cd1bdd011a2bfcc0747b55125d9b8527/library/test/src/lib.rs:137:21
[INFO] [stdout]   13:     0x584246cd0532 - <alloc[2e1b2a31b91974c5]::boxed::Box<dyn for<'a, 'b> core[a373ad73a504971]::ops::function::Fn<(&'a std[617be2ca0a6fd877]::panic::PanicHookInfo<'b>,), Output = ()> + core[a373ad73a504971]::marker::Sync + core[a373ad73a504971]::marker::Send> as core[a373ad73a504971]::ops::function::Fn<(&std[617be2ca0a6fd877]::panic::PanicHookInfo,)>>::call
[INFO] [stdout]                                at /rustc/e3feeb59cd1bdd011a2bfcc0747b55125d9b8527/library/alloc/src/boxed.rs:2328:9
[INFO] [stdout]   14:     0x584246cd0532 - std[617be2ca0a6fd877]::panicking::panic_with_hook
[INFO] [stdout]                                at /rustc/e3feeb59cd1bdd011a2bfcc0747b55125d9b8527/library/std/src/panicking.rs:819:13
[INFO] [stdout]   15:     0x584246cb41f2 - std[617be2ca0a6fd877]::panicking::panic_handler::{closure#0}
[INFO] [stdout]                                at /rustc/e3feeb59cd1bdd011a2bfcc0747b55125d9b8527/library/std/src/panicking.rs:685:13
[INFO] [stdout]   16:     0x584246cacd79 - std[617be2ca0a6fd877]::sys::backtrace::__rust_end_short_backtrace::<std[617be2ca0a6fd877]::panicking::panic_handler::{closure#0}, !>
[INFO] [stdout]                                at /rustc/e3feeb59cd1bdd011a2bfcc0747b55125d9b8527/library/std/src/sys/backtrace.rs:182:18
[INFO] [stdout]   17:     0x584246cb4dfd - __rustc[ea4f61d10b84890b]::rust_begin_unwind
[INFO] [stdout]                                at /rustc/e3feeb59cd1bdd011a2bfcc0747b55125d9b8527/library/std/src/panicking.rs:676:5
[INFO] [stdout]   18:     0x584246cec64c - core[a373ad73a504971]::panicking::panic_fmt
[INFO] [stdout]                                at /rustc/e3feeb59cd1bdd011a2bfcc0747b55125d9b8527/library/core/src/panicking.rs:80:14
[INFO] [stdout]   19:     0x584246cec422 - core[a373ad73a504971]::result::unwrap_failed
[INFO] [stdout]                                at /rustc/e3feeb59cd1bdd011a2bfcc0747b55125d9b8527/library/core/src/result.rs:1870:5
[INFO] [stdout]   20:     0x584246c53fa9 - <core[a373ad73a504971]::result::Result<alloc[2e1b2a31b91974c5]::vec::Vec<u8>, core[a373ad73a504971]::io::error::Error>>::expect
[INFO] [stdout]                                at /rustc/e3feeb59cd1bdd011a2bfcc0747b55125d9b8527/library/core/src/result.rs:1184:23
[INFO] [stdout]   21:     0x584246c53fa9 - harvest_trace[57cad4090817d1c2]::trace_harvest_moon
[INFO] [stdout]                                at /opt/rustwide/workdir/tests/harvest_trace.rs:6:44
[INFO] [stdout]   22:     0x584246c53fa9 - harvest_trace[57cad4090817d1c2]::trace_harvest_moon::{closure#0}
[INFO] [stdout]                                at /opt/rustwide/workdir/tests/harvest_trace.rs:4:24
[INFO] [stdout]   23:     0x584246c53fa9 - <harvest_trace[57cad4090817d1c2]::trace_harvest_moon::{closure#0} as core[a373ad73a504971]::ops::function::FnOnce<()>>::call_once
[INFO] [stdout]                                at /rustc/e3feeb59cd1bdd011a2bfcc0747b55125d9b8527/library/core/src/ops/function.rs:250:5
[INFO] [stdout]   24:     0x584246c5410b - <fn() -> core[a373ad73a504971]::result::Result<(), alloc[2e1b2a31b91974c5]::string::String> as core[a373ad73a504971]::ops::function::FnOnce<()>>::call_once
[INFO] [stdout]                                at /rustc/e3feeb59cd1bdd011a2bfcc0747b55125d9b8527/library/core/src/ops/function.rs:250:5
[INFO] [stdout]   25:     0x584246c5410b - test[aada8e7e76ba119b]::__rust_begin_short_backtrace::<core[a373ad73a504971]::result::Result<(), alloc[2e1b2a31b91974c5]::string::String>, fn() -> core[a373ad73a504971]::result::Result<(), alloc[2e1b2a31b91974c5]::string::String>>
[INFO] [stdout]                                at /rustc/e3feeb59cd1bdd011a2bfcc0747b55125d9b8527/library/test/src/lib.rs:701:18
[INFO] [stdout]   26:     0x584246c612e5 - test[aada8e7e76ba119b]::run_test_in_process::{closure#0}
[INFO] [stdout]                                at /rustc/e3feeb59cd1bdd011a2bfcc0747b55125d9b8527/library/test/src/lib.rs:724:74
[INFO] [stdout]   27:     0x584246c612e5 - <core[a373ad73a504971]::panic::unwind_safe::AssertUnwindSafe<test[aada8e7e76ba119b]::run_test_in_process::{closure#0}> as core[a373ad73a504971]::ops::function::FnOnce<()>>::call_once
[INFO] [stdout]                                at /rustc/e3feeb59cd1bdd011a2bfcc0747b55125d9b8527/library/core/src/panic/unwind_safe.rs:275:9
[INFO] [stdout]   28:     0x584246c612e5 - std[617be2ca0a6fd877]::panicking::catch_unwind::do_call::<core[a373ad73a504971]::panic::unwind_safe::AssertUnwindSafe<test[aada8e7e76ba119b]::run_test_in_process::{closure#0}>, core[a373ad73a504971]::result::Result<(), alloc[2e1b2a31b91974c5]::string::String>>
[INFO] [stdout]                                at /rustc/e3feeb59cd1bdd011a2bfcc0747b55125d9b8527/library/std/src/panicking.rs:573:43
[INFO] [stdout]   29:     0x584246c612e5 - std[617be2ca0a6fd877]::panicking::catch_unwind::<core[a373ad73a504971]::result::Result<(), alloc[2e1b2a31b91974c5]::string::String>, core[a373ad73a504971]::panic::unwind_safe::AssertUnwindSafe<test[aada8e7e76ba119b]::run_test_in_process::{closure#0}>>
[INFO] [stdout]                                at /rustc/e3feeb59cd1bdd011a2bfcc0747b55125d9b8527/library/std/src/panicking.rs:541:19
[INFO] [stdout]   30:     0x584246c612e5 - std[617be2ca0a6fd877]::panic::catch_unwind::<core[a373ad73a504971]::panic::unwind_safe::AssertUnwindSafe<test[aada8e7e76ba119b]::run_test_in_process::{closure#0}>, core[a373ad73a504971]::result::Result<(), alloc[2e1b2a31b91974c5]::string::String>>
[INFO] [stdout]                                at /rustc/e3feeb59cd1bdd011a2bfcc0747b55125d9b8527/library/std/src/panic.rs:359:14
[INFO] [stdout]   31:     0x584246c612e5 - test[aada8e7e76ba119b]::run_test_in_process
[INFO] [stdout]                                at /rustc/e3feeb59cd1bdd011a2bfcc0747b55125d9b8527/library/test/src/lib.rs:724:27
[INFO] [stdout]   32:     0x584246c612e5 - test[aada8e7e76ba119b]::run_test::{closure#0}
[INFO] [stdout]                                at /rustc/e3feeb59cd1bdd011a2bfcc0747b55125d9b8527/library/test/src/lib.rs:645:43
[INFO] [stdout]   33:     0x584246c5abd4 - test[aada8e7e76ba119b]::run_test::{closure#1}
[INFO] [stdout]                                at /rustc/e3feeb59cd1bdd011a2bfcc0747b55125d9b8527/library/test/src/lib.rs:675:41
[INFO] [stdout]   34:     0x584246c5abd4 - std[617be2ca0a6fd877]::sys::backtrace::__rust_begin_short_backtrace::<test[aada8e7e76ba119b]::run_test::{closure#1}, ()>
[INFO] [stdout]                                at /rustc/e3feeb59cd1bdd011a2bfcc0747b55125d9b8527/library/std/src/sys/backtrace.rs:166:18
[INFO] [stdout]   35:     0x584246c64372 - std[617be2ca0a6fd877]::thread::lifecycle::spawn_unchecked::<test[aada8e7e76ba119b]::run_test::{closure#1}, ()>::{closure#1}::{closure#0}
[INFO] [stdout]                                at /rustc/e3feeb59cd1bdd011a2bfcc0747b55125d9b8527/library/std/src/thread/lifecycle.rs:70:13
[INFO] [stdout]   36:     0x584246c64372 - <core[a373ad73a504971]::panic::unwind_safe::AssertUnwindSafe<std[617be2ca0a6fd877]::thread::lifecycle::spawn_unchecked<test[aada8e7e76ba119b]::run_test::{closure#1}, ()>::{closure#1}::{closure#0}> as core[a373ad73a504971]::ops::function::FnOnce<()>>::call_once
[INFO] [stdout]                                at /rustc/e3feeb59cd1bdd011a2bfcc0747b55125d9b8527/library/core/src/panic/unwind_safe.rs:275:9
[INFO] [stdout]   37:     0x584246c64372 - std[617be2ca0a6fd877]::panicking::catch_unwind::do_call::<core[a373ad73a504971]::panic::unwind_safe::AssertUnwindSafe<std[617be2ca0a6fd877]::thread::lifecycle::spawn_unchecked<test[aada8e7e76ba119b]::run_test::{closure#1}, ()>::{closure#1}::{closure#0}>, ()>
[INFO] [stdout]                                at /rustc/e3feeb59cd1bdd011a2bfcc0747b55125d9b8527/library/std/src/panicking.rs:573:43
[INFO] [stdout]   38:     0x584246c64372 - std[617be2ca0a6fd877]::panicking::catch_unwind::<(), core[a373ad73a504971]::panic::unwind_safe::AssertUnwindSafe<std[617be2ca0a6fd877]::thread::lifecycle::spawn_unchecked<test[aada8e7e76ba119b]::run_test::{closure#1}, ()>::{closure#1}::{closure#0}>>
[INFO] [stdout]                                at /rustc/e3feeb59cd1bdd011a2bfcc0747b55125d9b8527/library/std/src/panicking.rs:541:19
[INFO] [stdout]   39:     0x584246c64372 - std[617be2ca0a6fd877]::panic::catch_unwind::<core[a373ad73a504971]::panic::unwind_safe::AssertUnwindSafe<std[617be2ca0a6fd877]::thread::lifecycle::spawn_unchecked<test[aada8e7e76ba119b]::run_test::{closure#1}, ()>::{closure#1}::{closure#0}>, ()>
[INFO] [stdout]                                at /rustc/e3feeb59cd1bdd011a2bfcc0747b55125d9b8527/library/std/src/panic.rs:359:14
[INFO] [stdout]   40:     0x584246c64372 - std[617be2ca0a6fd877]::thread::lifecycle::spawn_unchecked::<test[aada8e7e76ba119b]::run_test::{closure#1}, ()>::{closure#1}
[INFO] [stdout]                                at /rustc/e3feeb59cd1bdd011a2bfcc0747b55125d9b8527/library/std/src/thread/lifecycle.rs:68:26
[INFO] [stdout]   41:     0x584246c64372 - <std[617be2ca0a6fd877]::thread::lifecycle::spawn_unchecked<test[aada8e7e76ba119b]::run_test::{closure#1}, ()>::{closure#1} as core[a373ad73a504971]::ops::function::FnOnce<()>>::call_once::{shim:vtable#0}
[INFO] [stdout]                                at /rustc/e3feeb59cd1bdd011a2bfcc0747b55125d9b8527/library/core/src/ops/function.rs:250:5
[INFO] [stdout]   42:     0x584246cd753f - <alloc[2e1b2a31b91974c5]::boxed::Box<dyn core[a373ad73a504971]::ops::function::FnOnce<(), Output = ()> + core[a373ad73a504971]::marker::Send> as core[a373ad73a504971]::ops::function::FnOnce<()>>::call_once
[INFO] [stdout]                                at /rustc/e3feeb59cd1bdd011a2bfcc0747b55125d9b8527/library/alloc/src/boxed.rs:2314:9
[INFO] [stdout]   43:     0x584246cd753f - <std[617be2ca0a6fd877]::sys::thread::unix::Thread>::new::thread_start
[INFO] [stdout]                                at /rustc/e3feeb59cd1bdd011a2bfcc0747b55125d9b8527/library/std/src/sys/thread/unix.rs:127:17
[INFO] [stdout]   44:     0x73c4a8166dfa - <unknown>
[INFO] [stdout]   45:     0x73c4a81fa3d4 - clone
[INFO] [stdout]   46:                0x0 - <unknown>
[INFO] [stdout] 
[INFO] [stdout] 
[INFO] [stdout] failures:
[INFO] [stdout]     trace_harvest_moon
[INFO] [stdout] 
[INFO] [stdout] test result: FAILED. 0 passed; 1 failed; 0 ignored; 0 measured; 0 filtered out; finished in 0.03s
[INFO] [stdout] 
[INFO] running `Command { std: "docker" "inspect" "93346cc6674897cf7fc0da228dff7035917e2b171a1adaf3a6bd53205c7c14fc", kill_on_drop: false }`
[INFO] running `Command { std: "docker" "rm" "-f" "93346cc6674897cf7fc0da228dff7035917e2b171a1adaf3a6bd53205c7c14fc", kill_on_drop: false }`
[INFO] [stdout] 93346cc6674897cf7fc0da228dff7035917e2b171a1adaf3a6bd53205c7c14fc
