[INFO] cloning repository https://github.com/Davincible/bulls-vs-unicorns
[INFO] running `Command { std: "git" "-c" "credential.helper=" "-c" "credential.helper=/workspace/cargo-home/bin/git-credential-null" "clone" "--bare" "https://github.com/Davincible/bulls-vs-unicorns" "/workspace/cache/git-repos/https%3A%2F%2Fgithub.com%2FDavincible%2Fbulls-vs-unicorns", kill_on_drop: false }`
[INFO] [stderr] Cloning into bare repository '/workspace/cache/git-repos/https%3A%2F%2Fgithub.com%2FDavincible%2Fbulls-vs-unicorns'...
[INFO] running `Command { std: "git" "rev-parse" "HEAD", kill_on_drop: false }`
[INFO] [stdout] 498cbff21c534d9d5f3ba2a8b77204404f60ddc5
[INFO] testing Davincible/bulls-vs-unicorns against 1.99.0-beta.8 for beta-1.100-2
[INFO] running `Command { std: "git" "clone" "/workspace/cache/git-repos/https%3A%2F%2Fgithub.com%2FDavincible%2Fbulls-vs-unicorns" "/workspace/builds/worker-1-tc1/source", kill_on_drop: false }`
[INFO] [stderr] Cloning into '/workspace/builds/worker-1-tc1/source'...
[INFO] [stderr] done.
[INFO] removed /workspace/builds/worker-1-tc1/source/.cargo/config.toml
[INFO] started tweaking git repo https://github.com/Davincible/bulls-vs-unicorns
[INFO] finished tweaking git repo https://github.com/Davincible/bulls-vs-unicorns
[INFO] tweaked toml for git repo https://github.com/Davincible/bulls-vs-unicorns written to /workspace/builds/worker-1-tc1/source/Cargo.toml
[INFO] validating manifest of git repo https://github.com/Davincible/bulls-vs-unicorns on toolchain 1.99.0-beta.8
[INFO] running `Command { std: CARGO_HOME="/workspace/cargo-home" RUSTUP_HOME="/workspace/rustup-home" "/workspace/cargo-home/bin/cargo" "+1.99.0-beta.8" "metadata" "--manifest-path" "Cargo.toml" "--no-deps", kill_on_drop: false }`
[INFO] crate git repo https://github.com/Davincible/bulls-vs-unicorns already has a lockfile, it will not be regenerated
[INFO] running `Command { std: CARGO_HOME="/workspace/cargo-home" RUSTUP_HOME="/workspace/rustup-home" "/workspace/cargo-home/bin/cargo" "+1.99.0-beta.8" "fetch" "--manifest-path" "Cargo.toml", kill_on_drop: false }`
[INFO] [stderr] warning: profiles for the non root package will be ignored, specify profiles at the workspace root:
[INFO] [stderr] package:   /workspace/builds/worker-1-tc1/source/programs/bulls-arena/Cargo.toml
[INFO] [stderr] workspace: /workspace/builds/worker-1-tc1/source/Cargo.toml
[INFO] [stderr]     Updating crates.io index
[INFO] [stderr]  Downloading crates ...
[INFO] [stderr]   Downloaded solana-hash v4.6.0
[INFO] [stderr]   Downloaded wincode-derive v0.5.0
[INFO] [stderr]   Downloaded anchor-lang v1.0.2
[INFO] [stderr]   Downloaded solana-address v2.7.0
[INFO] [stderr]   Downloaded solana-sysvar v3.1.1
[INFO] [stderr]   Downloaded solana-invoke v0.5.0
[INFO] [stderr]   Downloaded wincode v0.6.0
[INFO] [stderr]   Downloaded solana-loader-v3-interface v6.1.1
[INFO] [stderr]   Downloaded solana-rent v4.4.0
[INFO] [stderr]   Downloaded solana-rent v3.1.0
[INFO] [stderr]   Downloaded solana-fee-calculator v3.3.0
[INFO] [stderr]   Downloaded anchor-lang-idl-spec v0.1.0
[INFO] [stderr]   Downloaded anchor-attribute-access-control v1.1.2
[INFO] [stderr]   Downloaded solana-define-syscall v3.0.0
[INFO] [stderr]   Downloaded anchor-attribute-error v1.1.2
[INFO] [stderr]   Downloaded session-keys-macros v3.1.1
[INFO] [stderr]   Downloaded anchor-derive-serde v1.1.2
[INFO] [stderr]   Downloaded anchor-lang-idl v0.1.4
[INFO] [stderr]   Downloaded anchor-derive-accounts v1.1.2
[INFO] [stderr]   Downloaded anchor-attribute-constant v1.1.2
[INFO] [stderr]   Downloaded anchor-attribute-account v1.1.2
[INFO] [stderr]   Downloaded solana-epoch-schedule v3.3.0
[INFO] [stderr]   Downloaded solana-feature-gate-interface v3.1.0
[INFO] [stderr]   Downloaded anchor-attribute-event v1.1.2
[INFO] [stderr]   Downloaded session-keys-macros-attribute v3.1.1
[INFO] [stderr]   Downloaded borsh v1.8.0
[INFO] [stderr]   Downloaded solana-svm-log-collector v3.1.14
[INFO] [stderr]   Downloaded solana-hash v3.1.0
[INFO] [stderr]   Downloaded solana-svm-timings v3.1.14
[INFO] [stderr]   Downloaded solana-svm-measure v3.1.14
[INFO] [stderr]   Downloaded anchor-derive-space v1.1.2
[INFO] [stderr]   Downloaded const-crypto v0.3.0
[INFO] [stderr]   Downloaded anchor-attribute-program v1.1.2
[INFO] [stderr]   Downloaded solana-transaction v3.1.0
[INFO] [stderr]   Downloaded solana-pubkey v4.3.0
[INFO] [stderr]   Downloaded keccak-const v0.2.0
[INFO] [stderr]   Downloaded solana-signature v3.5.1
[INFO] [stderr]   Downloaded find-msvc-tools v0.1.10
[INFO] [stderr]   Downloaded solana-stake-interface v2.0.2
[INFO] [stderr]   Downloaded session-keys v3.1.1
[INFO] [stderr]   Downloaded solana-transaction-context v3.1.14
[INFO] [stderr]   Downloaded solana-svm-type-overrides v3.1.14
[INFO] [stderr]   Downloaded solana-svm-transaction v3.1.14
[INFO] [stderr]   Downloaded enum-iterator v1.5.0
[INFO] [stderr]   Downloaded solana-svm-feature-set v3.1.14
[INFO] [stderr]   Downloaded num v0.2.1
[INFO] [stderr]   Downloaded solana-svm-callback v3.1.14
[INFO] [stderr]   Downloaded num-rational v0.2.4
[INFO] [stderr]   Downloaded borsh-derive v1.8.0
[INFO] [stderr]   Downloaded cargo_toml v0.22.3
[INFO] [stderr]   Downloaded solana-message v3.1.0
[INFO] [stderr]   Downloaded solana-system-program v3.1.14
[INFO] [stderr]   Downloaded percentage v0.1.0
[INFO] [stderr]   Downloaded toml v0.9.12+spec-1.1.0
[INFO] [stderr]   Downloaded solana-fee-structure v3.0.0
[INFO] [stderr]   Downloaded num-complex v0.2.4
[INFO] [stderr]   Downloaded agave-feature-set v3.1.14
[INFO] [stderr]   Downloaded anchor-syn v1.1.2
[INFO] [stderr]   Downloaded solana-program-runtime v3.1.14
[INFO] [stderr]   Downloaded solana-packet v3.0.0
[INFO] [stderr]   Downloaded solana-nonce-account v3.0.0
[INFO] [stderr]   Downloaded solana-loader-v4-interface v3.1.0
[INFO] [stderr]   Downloaded solana-fee v3.1.14
[INFO] [stderr]   Downloaded solana-compute-budget-instruction v3.1.14
[INFO] [stderr]   Downloaded solana-builtins-default-costs v3.1.14
[INFO] [stderr]   Downloaded cc v1.4.1
[INFO] [stderr]   Downloaded solana-compute-budget v3.1.14
[INFO] [stderr]   Downloaded solana-vote-program v3.1.14
[INFO] [stderr]   Downloaded solana-vote-interface v4.0.4
[INFO] [stderr]   Downloaded solana-loader-v4-program v3.1.14
[INFO] [stderr]   Downloaded solana-bpf-loader-program v3.1.14
[INFO] [stderr]   Downloaded agave-syscalls v3.1.14
[INFO] [stderr]   Downloaded solana-sbpf v0.13.1
[INFO] [stderr]   Downloaded num-bigint v0.2.6
[INFO] [stderr]   Downloaded blake3 v1.8.6
[INFO] [stderr]   Downloaded solana-ed25519 v0.2.3
[INFO] [stderr]   Downloaded litesvm v0.11.0
[INFO] [stderr]   Downloaded solana-poseidon v3.1.14
[INFO] [stderr]   Downloaded light-poseidon v0.4.0
[INFO] [stderr]   Downloaded enum-ordinalize v4.4.2
[INFO] [stderr]   Downloaded enum-ordinalize-derive v4.4.2
[INFO] [stderr]   Downloaded ark-serialize-derive v0.5.0
[INFO] [stderr]   Downloaded ark-bn254 v0.5.0
[INFO] [stderr]   Downloaded ark-ec v0.5.0
[INFO] [stderr]   Downloaded ark-poly v0.5.0
[INFO] [stderr]   Downloaded solana-bn254 v3.2.1
[INFO] [stderr]   Downloaded solana-curve25519 v3.1.14
[INFO] [stderr]   Downloaded solana-big-mod-exp v3.0.0
[INFO] [stderr]   Downloaded solana-compute-budget-program v3.1.14
[INFO] [stderr]   Downloaded solana-zk-token-proof-program v3.1.14
[INFO] [stderr]   Downloaded solana-builtins v3.1.14
[INFO] [stderr]   Downloaded aes-gcm-siv v0.11.1
[INFO] [stderr]   Downloaded solana-zk-elgamal-proof-program v3.1.14
[INFO] [stderr]   Downloaded solana-zk-token-sdk v3.1.14
[INFO] [stderr]   Downloaded agave-reserved-account-keys v3.1.14
[INFO] [stderr]   Downloaded ephemeral-rollups-sdk v0.16.2
[INFO] [stderr]   Downloaded solana-program-error v2.2.2
[INFO] [stderr]   Downloaded solana-pubkey v2.4.0
[INFO] [stderr]   Downloaded solana-sha256-hasher v2.3.0
[INFO] [stderr]   Downloaded solana-hash v2.3.0
[INFO] [stderr]   Downloaded solana-sanitize v2.2.1
[INFO] [stderr]   Downloaded solana-atomic-u64 v2.2.1
[INFO] [stderr]   Downloaded five8 v0.2.1
[INFO] [stderr]   Downloaded five8_core v0.1.2
[INFO] [stderr]   Downloaded solana-define-syscall v2.3.0
[INFO] [stderr]   Downloaded solana-decode-error v2.3.0
[INFO] [stderr]   Downloaded five8_const v0.1.4
[INFO] [stderr]   Downloaded solana-system-interface v1.0.0
[INFO] [stderr]   Downloaded solana-stake-interface v1.2.1
[INFO] [stderr]   Downloaded solana-msg v2.2.1
[INFO] [stderr]   Downloaded solana-program v2.3.0
[INFO] [stderr]   Downloaded solana-vote-interface v2.2.6
[INFO] [stderr]   Downloaded solana-slot-history v2.2.1
[INFO] [stderr]   Downloaded solana-bincode v2.2.1
[INFO] [stderr]   Downloaded solana-loader-v2-interface v2.2.1
[INFO] [stderr]   Downloaded solana-keccak-hasher v2.2.1
[INFO] [stderr]   Downloaded solana-address-lookup-table-interface v2.2.2
[INFO] [stderr]   Downloaded solana-blake3-hasher v2.2.1
[INFO] [stderr]   Downloaded solana-big-mod-exp v2.2.1
[INFO] [stderr]   Downloaded solana-zk-sdk v4.0.0
[INFO] [stderr]   Downloaded solana-instruction v2.3.3
[INFO] [stderr]   Downloaded solana-program v3.0.0
[INFO] [stderr]   Downloaded solana-example-mocks v3.0.0
[INFO] [stderr]   Downloaded solana-short-vec v2.2.1
[INFO] [stderr]   Downloaded solana-serialize-utils v2.2.1
[INFO] [stderr]   Downloaded solana-serde-varint v2.2.2
[INFO] [stderr]   Downloaded solana-sdk-ids v2.2.1
[INFO] [stderr]   Downloaded solana-rent v2.2.1
[INFO] [stderr]   Downloaded solana-sysvar-id v2.2.1
[INFO] [stderr]   Downloaded solana-sdk-macro v2.2.1
[INFO] [stderr]   Downloaded solana-clock v2.2.3
[INFO] [stderr]   Downloaded solana-sysvar v2.3.0
[INFO] [stderr]   Downloaded solana-cpi v2.2.1
[INFO] [stderr]   Downloaded solana-stable-layout v2.2.1
[INFO] [stderr]   Downloaded solana-account-info v2.3.0
[INFO] [stderr]   Downloaded solana-program-memory v2.3.1
[INFO] [stderr]   Downloaded solana-slot-hashes v2.2.1
[INFO] [stderr]   Downloaded solana-program-entrypoint v2.3.0
[INFO] [stderr]   Downloaded solana-last-restart-slot v2.2.1
[INFO] [stderr]   Downloaded solana-instructions-sysvar v2.2.2
[INFO] [stderr]   Downloaded solana-fee-calculator v2.2.1
[INFO] [stderr]   Downloaded solana-epoch-schedule v2.2.1
[INFO] [stderr]   Downloaded solana-epoch-rewards v2.2.1
[INFO] [stderr]   Downloaded solana-secp256k1-recover v2.2.1
[INFO] [stderr]   Downloaded solana-program-pack v2.2.1
[INFO] [stderr]   Downloaded solana-program-option v2.2.1
[INFO] [stderr]   Downloaded solana-nonce v2.2.1
[INFO] [stderr]   Downloaded solana-native-token v2.3.0
[INFO] [stderr]   Downloaded solana-message v2.4.0
[INFO] [stderr]   Downloaded solana-transaction-error v2.2.1
[INFO] [stderr]   Downloaded solana-loader-v4-interface v2.2.1
[INFO] [stderr]   Downloaded solana-loader-v3-interface v5.0.0
[INFO] [stderr]   Downloaded solana-feature-gate-interface v2.2.2
[INFO] [stderr]   Downloaded solana-account v2.2.1
[INFO] [stderr]   Downloaded solana-example-mocks v2.2.1
[INFO] [stderr]   Downloaded magicblock-magic-program-api v0.10.1
[INFO] [stderr]   Downloaded strum v0.28.0
[INFO] [stderr]   Downloaded strum_macros v0.28.0
[INFO] [stderr]   Downloaded rkyv v0.7.46
[INFO] [stderr]   Downloaded uuid v1.24.0
[INFO] [stderr]   Downloaded rkyv_derive v0.7.46
[INFO] [stderr]   Downloaded pinocchio-log v0.5.1
[INFO] [stderr]   Downloaded ephemeral-rollups-sdk-attribute-delegate v0.16.2
[INFO] [stderr]   Downloaded ephemeral-rollups-sdk-attribute-commit v0.16.2
[INFO] [stderr]   Downloaded ephemeral-rollups-sdk-attribute-action v0.16.2
[INFO] [stderr]   Downloaded magicblock-delegation-program-api v3.1.0
[INFO] [stderr]   Downloaded pinocchio-system v0.5.0
[INFO] [stderr]   Downloaded pinocchio v0.10.2
[INFO] [stderr]   Downloaded solana-instruction-view v1.0.0
[INFO] [stderr]   Downloaded solana-account-view v1.0.0
[INFO] [stderr]   Downloaded pinocchio-pubkey v0.3.0
[INFO] [stderr]   Downloaded pinocchio v0.9.3
[INFO] [stderr]   Downloaded pinocchio-log-macro v0.5.0
[INFO] [stderr]   Downloaded ephemeral-vrf-sdk-vrf-macro v0.4.1
[INFO] [stderr]   Downloaded ephemeral-vrf-sdk v0.4.1
[INFO] [stderr]   Downloaded ephemeral-rollups-sdk-attribute-ephemeral-accounts v0.16.2
[INFO] [stderr]   Downloaded ephemeral-rollups-sdk-attribute-ephemeral v0.16.2
[INFO] running `Command { std: "docker" "create" "-v" "/var/lib/crater-agent-workspace/builds/worker-1-tc1/source:/opt/rustwide/workdir:ro,Z" "-v" "/var/lib/crater-agent-workspace/builds/worker-1-tc1/target:/opt/rustwide/target:rw,Z" "-v" "/var/lib/crater-agent-workspace/cargo-home:/opt/rustwide/cargo-home:ro,Z" "-v" "/var/lib/crater-agent-workspace/rustup-home:/opt/rustwide/rustup-home:ro,Z" "-m" "1610612736" "--network" "none" "ghcr.io/rust-lang/crates-build-env/linux@sha256:3111399a4047eeb3a02b7a90e478d715f38a8c6669b5c4b49d30a17385265909" "sleep" "infinity", kill_on_drop: false }`
[INFO] [stdout] b33d67c66c80599a34cd93b44c245387d027dfd4850b16857bf5df07a170d1ef
[INFO] running `Command { std: "docker" "start" "b33d67c66c80599a34cd93b44c245387d027dfd4850b16857bf5df07a170d1ef", kill_on_drop: false }`
[INFO] running `Command { std: "docker" "inspect" "b33d67c66c80599a34cd93b44c245387d027dfd4850b16857bf5df07a170d1ef", kill_on_drop: false }`
[INFO] running `Command { std: "docker" "exec" "-e" "SOURCE_DIR=/opt/rustwide/workdir" "-e" "CARGO_HOME=/opt/rustwide/cargo-home" "-e" "RUSTUP_HOME=/opt/rustwide/rustup-home" "-e" "CARGO_TARGET_DIR=/opt/rustwide/target" "-w" "/opt/rustwide/workdir" "--user" "0:0" "b33d67c66c80599a34cd93b44c245387d027dfd4850b16857bf5df07a170d1ef" "/opt/rustwide/cargo-home/bin/cargo" "+1.99.0-beta.8" "metadata" "--no-deps" "--format-version=1", kill_on_drop: false }`
[INFO] running `Command { std: "docker" "inspect" "b33d67c66c80599a34cd93b44c245387d027dfd4850b16857bf5df07a170d1ef", kill_on_drop: false }`
[INFO] running `Command { std: "docker" "exec" "-e" "SOURCE_DIR=/opt/rustwide/workdir" "-e" "CARGO_HOME=/opt/rustwide/cargo-home" "-e" "RUSTUP_HOME=/opt/rustwide/rustup-home" "-e" "CARGO_TARGET_DIR=/opt/rustwide/target" "-e" "CARGO_INCREMENTAL=0" "-e" "RUST_BACKTRACE=full" "-e" "RUSTFLAGS=--cap-lints=warn" "-e" "RUSTDOCFLAGS=--cap-lints=warn" "-w" "/opt/rustwide/workdir" "--user" "0:0" "b33d67c66c80599a34cd93b44c245387d027dfd4850b16857bf5df07a170d1ef" "/opt/rustwide/cargo-home/bin/cargo" "+1.99.0-beta.8" "build" "--frozen" "--message-format=json", kill_on_drop: false }`
[INFO] [stderr] warning: profiles for the non root package will be ignored, specify profiles at the workspace root:
[INFO] [stderr] package:   /opt/rustwide/workdir/programs/bulls-arena/Cargo.toml
[INFO] [stderr] workspace: /opt/rustwide/workdir/Cargo.toml
[INFO] [stderr]    Compiling proc-macro2 v1.0.107
[INFO] [stderr]    Compiling typenum v1.20.1
[INFO] [stderr]    Compiling serde_core v1.0.229
[INFO] [stderr]    Compiling zeroize v1.9.0
[INFO] [stderr]    Compiling generic-array v0.14.7
[INFO] [stderr]    Compiling serde v1.0.229
[INFO] [stderr]    Compiling libc v0.2.189
[INFO] [stderr]    Compiling subtle v2.6.1
[INFO] [stderr]    Compiling const-oid v0.9.6
[INFO] [stderr]    Compiling equivalent v1.0.2
[INFO] [stderr]    Compiling winnow v1.0.4
[INFO] [stderr]    Compiling hashbrown v0.17.1
[INFO] [stderr]    Compiling toml_datetime v1.1.1+spec-1.1.0
[INFO] [stderr]    Compiling cfg_aliases v0.2.2
[INFO] [stderr]    Compiling borsh v1.8.0
[INFO] [stderr]    Compiling once_cell v1.21.4
[INFO] [stderr]    Compiling semver v1.0.28
[INFO] [stderr]    Compiling num-traits v0.2.19
[INFO] [stderr]    Compiling rustc_version v0.4.1
[INFO] [stderr]    Compiling indexmap v2.14.0
[INFO] [stderr]    Compiling quote v1.0.47
[INFO] [stderr]    Compiling syn v3.0.3
[INFO] [stderr]    Compiling syn v2.0.119
[INFO] [stderr]    Compiling toml_parser v1.1.3+spec-1.1.0
[INFO] [stderr]    Compiling curve25519-dalek v4.1.3
[INFO] [stderr]    Compiling syn v1.0.109
[INFO] [stderr]    Compiling getrandom v0.2.17
[INFO] [stderr]    Compiling rand_core v0.6.4
[INFO] [stderr]    Compiling toml_edit v0.25.13+spec-1.1.0
[INFO] [stderr]    Compiling block-buffer v0.10.4
[INFO] [stderr]    Compiling crypto-common v0.1.7
[INFO] [stderr]    Compiling five8_core v1.0.0
[INFO] [stderr]    Compiling digest v0.10.7
[INFO] [stderr]    Compiling solana-sanitize v3.0.1
[INFO] [stderr]    Compiling five8 v1.0.0
[INFO] [stderr]    Compiling solana-atomic-u64 v3.0.1
[INFO] [stderr]    Compiling sha2 v0.10.9
[INFO] [stderr]    Compiling zerocopy v0.8.56
[INFO] [stderr]    Compiling sha2-const-stable v0.1.0
[INFO] [stderr]    Compiling five8_const v1.0.0
[INFO] [stderr]    Compiling proc-macro-crate v3.5.0
[INFO] [stderr]    Compiling five8_core v0.1.2
[INFO] [stderr]    Compiling ahash v0.8.12
[INFO] [stderr]    Compiling five8 v0.2.1
[INFO] [stderr]    Compiling solana-sanitize v2.2.1
[INFO] [stderr]    Compiling solana-atomic-u64 v2.2.1
[INFO] [stderr]    Compiling bs58 v0.5.1
[INFO] [stderr]    Compiling memchr v2.8.3
[INFO] [stderr]    Compiling five8_const v0.1.4
[INFO] [stderr]    Compiling solana-decode-error v2.3.0
[INFO] [stderr]    Compiling serde_json v1.0.151
[INFO] [stderr]    Compiling hybrid-array v0.4.14
[INFO] [stderr]    Compiling cpufeatures v0.3.0
[INFO] [stderr]    Compiling serde_derive v1.0.229
[INFO] [stderr]    Compiling bytemuck_derive v1.12.0
[INFO] [stderr]    Compiling crypto-common v0.2.2
[INFO] [stderr]    Compiling block-buffer v0.12.1
[INFO] [stderr]    Compiling log v0.4.33
[INFO] [stderr]    Compiling anyhow v1.0.104
[INFO] [stderr]    Compiling feature-probe v0.1.1
[INFO] [stderr]    Compiling bv v0.11.1
[INFO] [stderr]    Compiling bytemuck v1.25.2
[INFO] [stderr]    Compiling solana-program-memory v3.1.0
[INFO] [stderr]    Compiling const-oid v0.10.2
[INFO] [stderr]    Compiling unicode-segmentation v1.13.3
[INFO] [stderr]    Compiling find-msvc-tools v0.1.10
[INFO] [stderr]    Compiling digest v0.11.3
[INFO] [stderr]    Compiling borsh-derive-internal v0.10.4
[INFO] [stderr]    Compiling borsh-schema-derive-internal v0.10.4
[INFO] [stderr]    Compiling heck v0.3.3
[INFO] [stderr]    Compiling sha2 v0.11.0
[INFO] [stderr]    Compiling cc v1.4.1
[INFO] [stderr]    Compiling cmov v0.5.4
[INFO] [stderr]    Compiling solana-msg v3.1.0
[INFO] [stderr]    Compiling arrayref v0.3.9
[INFO] [stderr]    Compiling der v0.7.10
[INFO] [stderr]    Compiling ctutils v0.4.2
[INFO] [stderr]    Compiling solana-msg v2.2.1
[INFO] [stderr]    Compiling crunchy v0.2.4
[INFO] [stderr]    Compiling solana-define-syscall v4.0.1
[INFO] [stderr]    Compiling thiserror v2.0.19
[INFO] [stderr]    Compiling thiserror-impl v2.0.19
[INFO] [stderr]    Compiling serde_bytes v0.11.19
[INFO] [stderr]    Compiling borsh-derive v1.8.0
[INFO] [stderr]    Compiling curve25519-dalek-derive v0.1.1
[INFO] [stderr]    Compiling hashbrown v0.13.2
[INFO] [stderr]    Compiling solana-sdk-macro v3.0.1
[INFO] [stderr]    Compiling thiserror-impl v1.0.69
[INFO] [stderr]    Compiling solana-sdk-macro v2.2.1
[INFO] [stderr]    Compiling blake3 v1.8.6
[INFO] [stderr]    Compiling arrayvec v0.7.8
[INFO] [stderr]    Compiling keccak v0.1.6
[INFO] [stderr]    Compiling constant_time_eq v0.4.2
[INFO] [stderr]    Compiling bincode v1.3.3
[INFO] [stderr]    Compiling toml v0.5.11
[INFO] [stderr]    Compiling solana-hash v2.3.0
[INFO] [stderr]    Compiling solana-sha256-hasher v2.3.0
[INFO] [stderr]    Compiling solana-fee-calculator v3.3.0
[INFO] [stderr]    Compiling sha3 v0.10.9
[INFO] [stderr]    Compiling spki v0.7.3
[INFO] [stderr]    Compiling thiserror v1.0.69
[INFO] [stderr]    Compiling anchor-syn v1.1.2
[INFO] [stderr]    Compiling ff v0.13.1
[INFO] [stderr]    Compiling base16ct v0.2.0
[INFO] [stderr]    Compiling solana-program-memory v2.3.1
[INFO] [stderr]    Compiling group v0.13.0
[INFO] [stderr]    Compiling sec1 v0.7.3
[INFO] [stderr]    Compiling pkcs8 v0.10.2
[INFO] [stderr]    Compiling digest v0.9.0
[INFO] [stderr]    Compiling hmac v0.12.1
[INFO] [stderr]    Compiling crypto-bigint v0.5.5
[INFO] [stderr]    Compiling num-integer v0.1.46
[INFO] [stderr]    Compiling rfc6979 v0.4.0
[INFO] [stderr]    Compiling libsecp256k1-core v0.2.2
[INFO] [stderr]    Compiling proc-macro-crate v0.1.5
[INFO] [stderr]    Compiling solana-hash v4.6.0
[INFO] [stderr]    Compiling solana-program-error v3.0.1
[INFO] [stderr]    Compiling solana-sha256-hasher v3.1.0
[INFO] [stderr]    Compiling num-bigint v0.4.8
[INFO] [stderr]    Compiling solana-instruction-error v2.5.0
[INFO] [stderr]    Compiling solana-address v2.7.0
[INFO] [stderr]    Compiling solana-program-pack v3.1.0
[INFO] [stderr]    Compiling ppv-lite86 v0.2.21
[INFO] [stderr]    Compiling borsh-derive v0.10.4
[INFO] [stderr]    Compiling signature v2.2.0
[INFO] [stderr]    Compiling solana-pubkey v4.3.0
[INFO] [stderr]    Compiling solana-sdk-ids v3.1.0
[INFO] [stderr]    Compiling solana-instruction v3.5.0
[INFO] [stderr]    Compiling borsh v0.10.4
[INFO] [stderr]    Compiling solana-sysvar-id v3.1.0
[INFO] [stderr]    Compiling solana-get-sysvar v1.0.0
[INFO] [stderr]    Compiling solana-account-info v3.1.1
[INFO] [stderr]    Compiling solana-address v1.1.0
[INFO] [stderr]    Compiling solana-clock v3.2.0
[INFO] [stderr]    Compiling solana-slot-hashes v3.2.0
[INFO] [stderr]    Compiling solana-program-entrypoint v3.1.1
[INFO] [stderr]    Compiling solana-pubkey v3.0.0
[INFO] [stderr]    Compiling solana-epoch-schedule v3.3.0
[INFO] [stderr]    Compiling solana-system-interface v2.0.0
[INFO] [stderr]    Compiling solana-slot-history v3.2.0
[INFO] [stderr]    Compiling solana-last-restart-slot v3.2.0
[INFO] [stderr]    Compiling solana-epoch-rewards v3.2.0
[INFO] [stderr]    Compiling solana-rent v3.1.0
[INFO] [stderr]    Compiling solana-cpi v3.1.0
[INFO] [stderr]    Compiling solana-stable-layout v3.0.1
[INFO] [stderr]    Compiling solana-sysvar v3.1.1
[INFO] [stderr]    Compiling solana-serialize-utils v3.1.2
[INFO] [stderr]    Compiling elliptic-curve v0.13.8
[INFO] [stderr]    Compiling solana-instructions-sysvar v3.0.1
[INFO] [stderr]    Compiling solana-pubkey v2.4.0
[INFO] [stderr]    Compiling memoffset v0.9.1
[INFO] [stderr]    Compiling solana-instruction v2.3.3
[INFO] [stderr]    Compiling solana-sdk-ids v2.2.1
[INFO] [stderr]    Compiling solana-program-option v3.1.0
[INFO] [stderr]    Compiling keccak-const v0.2.0
[INFO] [stderr]    Compiling ecdsa v0.16.9
[INFO] [stderr]    Compiling solana-system-interface v3.3.0
[INFO] [stderr]    Compiling const-crypto v0.3.0
[INFO] [stderr]    Compiling solana-transaction-error v3.4.0
[INFO] [stderr]    Compiling solana-sysvar-id v2.2.1
[INFO] [stderr]    Compiling solana-program-error v2.2.2
[INFO] [stderr]    Compiling solana-system-interface v1.0.0
[INFO] [stderr]    Compiling solana-clock v2.2.3
[INFO] [stderr]    Compiling solana-account-info v2.3.0
[INFO] [stderr]    Compiling getrandom v0.1.16
[INFO] [stderr]    Compiling anchor-lang-idl-spec v0.1.0
[INFO] [stderr]    Compiling solana-short-vec v3.3.0
[INFO] [stderr]    Compiling rand_core v0.5.1
[INFO] [stderr]    Compiling solana-loader-v3-interface v6.1.1
[INFO] [stderr]    Compiling k256 v0.13.4
[INFO] [stderr]    Compiling solana-message v3.1.0
[INFO] [stderr]    Compiling solana-address-lookup-table-interface v3.2.0
[INFO] [stderr]    Compiling libsecp256k1-gen-genmult v0.2.1
[INFO] [stderr]    Compiling libsecp256k1-gen-ecmult v0.2.1
[INFO] [stderr]    Compiling solana-nonce v3.3.0
[INFO] [stderr]    Compiling solana-keccak-hasher v3.1.0
[INFO] [stderr]    Compiling solana-hash v3.1.0
[INFO] [stderr]    Compiling aho-corasick v1.1.5
[INFO] [stderr]    Compiling ahash v0.7.8
[INFO] [stderr]    Compiling solana-define-syscall v3.0.0
[INFO] [stderr]    Compiling regex-syntax v0.8.11
[INFO] [stderr]    Compiling solana-secp256k1-recover v3.3.0
[INFO] [stderr]    Compiling solana-invoke v0.5.0
[INFO] [stderr]    Compiling solana-example-mocks v3.0.0
[INFO] [stderr]    Compiling libsecp256k1 v0.6.0
[INFO] [stderr]    Compiling rand_chacha v0.2.2
[INFO] [stderr]    Compiling solana-rent v2.2.1
[INFO] [stderr]    Compiling anchor-lang-idl v0.1.4
[INFO] [stderr]    Compiling solana-slot-hashes v2.2.1
[INFO] [stderr]    Compiling solana-serialize-utils v2.2.1
[INFO] [stderr]    Compiling solana-big-mod-exp v3.0.0
[INFO] [stderr]    Compiling solana-stake-interface v2.0.2
[INFO] [stderr]    Compiling solana-feature-gate-interface v3.1.0
[INFO] [stderr]    Compiling solana-epoch-stake v3.0.1
[INFO] [stderr]    Compiling solana-account-view v1.0.0
[INFO] [stderr]    Compiling solana-blake3-hasher v3.1.0
[INFO] [stderr]    Compiling solana-borsh v3.0.2
[INFO] [stderr]    Compiling solana-fee-calculator v2.2.1
[INFO] [stderr]    Compiling solana-short-vec v2.2.1
[INFO] [stderr]    Compiling solana-serde-varint v3.0.1
[INFO] [stderr]    Compiling anchor-derive-space v1.1.2
[INFO] [stderr]    Compiling anchor-attribute-access-control v1.1.2
[INFO] [stderr]    Compiling block-buffer v0.9.0
[INFO] [stderr]    Compiling solana-native-token v3.0.0
[INFO] [stderr]    Compiling rustversion v1.0.23
[INFO] [stderr]    Compiling sha2 v0.9.9
[INFO] [stderr]    Compiling solana-program v3.0.0
[INFO] [stderr]    Compiling solana-instruction-view v1.0.0
[INFO] [stderr]    Compiling anchor-derive-serde v1.1.2
[INFO] [stderr]    Compiling anchor-attribute-event v1.1.2
[INFO] [stderr]    Compiling anchor-attribute-error v1.1.2
[INFO] [stderr]    Compiling anchor-attribute-constant v1.1.2
[INFO] [stderr]    Compiling anchor-derive-accounts v1.1.2
[INFO] [stderr]    Compiling anchor-attribute-account v1.1.2
[INFO] [stderr]    Compiling rand v0.7.3
[INFO] [stderr]    Compiling regex-automata v0.4.18
[INFO] [stderr]    Compiling solana-cpi v2.2.1
[INFO] [stderr]    Compiling solana-bincode v2.2.1
[INFO] [stderr]    Compiling solana-transaction-error v2.2.1
[INFO] [stderr]    Compiling ptr_meta_derive v0.1.4
[INFO] [stderr]    Compiling base64 v0.12.3
[INFO] [stderr]    Compiling rkyv v0.7.46
[INFO] [stderr]    Compiling ptr_meta v0.1.4
[INFO] [stderr]    Compiling strum_macros v0.28.0
[INFO] [stderr]    Compiling solana-message v2.4.0
[INFO] [stderr]    Compiling solana-stake-interface v1.2.1
[INFO] [stderr]    Compiling hashbrown v0.12.3
[INFO] [stderr]    Compiling pinocchio v0.10.2
[INFO] [stderr]    Compiling solana-nonce v2.2.1
[INFO] [stderr]    Compiling solana-instructions-sysvar v2.2.2
[INFO] [stderr]    Compiling solana-address-lookup-table-interface v2.2.2
[INFO] [stderr]    Compiling solana-program-entrypoint v2.3.0
[INFO] [stderr]    Compiling solana-account v2.2.1
[INFO] [stderr]    Compiling solana-epoch-schedule v2.2.1
[INFO] [stderr]    Compiling anchor-attribute-program v1.1.2
[INFO] [stderr]    Compiling solana-epoch-rewards v2.2.1
[INFO] [stderr]    Compiling solana-last-restart-slot v2.2.1
[INFO] [stderr]    Compiling solana-slot-history v2.2.1
[INFO] [stderr]    Compiling rand_chacha v0.3.1
[INFO] [stderr]    Compiling solana-keccak-hasher v2.2.1
[INFO] [stderr]    Compiling solana-serde-varint v2.2.2
[INFO] [stderr]    Compiling serde-big-array v0.5.1
[INFO] [stderr]    Compiling rkyv_derive v0.7.46
[INFO] [stderr]    Compiling num_enum_derive v0.7.6
[INFO] [stderr]    Compiling num-derive v0.4.2
[INFO] [stderr]    Compiling seahash v4.1.0
[INFO] [stderr]    Compiling regex v1.13.1
[INFO] [stderr]    Compiling pinocchio v0.9.3
[INFO] [stderr]    Compiling anchor-lang v1.0.2
[INFO] [stderr]    Compiling num_enum v0.7.6
[INFO] [stderr]    Compiling strum v0.28.0
[INFO] [stderr]    Compiling solana-signature v3.5.1
[INFO] [stderr]    Compiling solana-vote-interface v2.2.6
[INFO] [stderr]    Compiling rand v0.8.7
[INFO] [stderr]    Compiling solana-example-mocks v2.2.1
[INFO] [stderr]    Compiling pinocchio-pubkey v0.3.0
[INFO] [stderr]    Compiling solana-sysvar v2.3.0
[INFO] [stderr]    Compiling solana-feature-gate-interface v2.2.2
[INFO] [stderr]    Compiling pinocchio-log-macro v0.5.0
[INFO] [stderr]    Compiling pinocchio-system v0.5.0
[INFO] [stderr]    Compiling solana-loader-v4-interface v2.2.1
[INFO] [stderr]    Compiling solana-loader-v3-interface v5.0.0
[INFO] [stderr]    Compiling pinocchio-log v0.5.1
[INFO] [stderr]    Compiling solana-program-pack v2.2.1
[INFO] [stderr]    Compiling solana-stable-layout v2.2.1
[INFO] [stderr]    Compiling solana-loader-v2-interface v2.2.1
[INFO] [stderr]    Compiling solana-big-mod-exp v2.2.1
[INFO] [stderr]    Compiling solana-blake3-hasher v2.2.1
[INFO] [stderr]    Compiling ephemeral-vrf-sdk-vrf-macro v0.4.1
[INFO] [stderr]    Compiling session-keys-macros-attribute v3.1.1
[INFO] [stderr]    Compiling solana-program-option v2.2.1
[INFO] [stderr]    Compiling solana-native-token v2.3.0
[INFO] [stderr]    Compiling magicblock-magic-program-api v0.10.1
[INFO] [stderr]    Compiling ephemeral-rollups-sdk-attribute-action v0.16.2
[INFO] [stderr]    Compiling ephemeral-rollups-sdk-attribute-delegate v0.16.2
[INFO] [stderr]    Compiling ephemeral-vrf-sdk v0.4.1
[INFO] [stderr]    Compiling session-keys-macros v3.1.1
[INFO] [stderr]    Compiling ephemeral-rollups-sdk-attribute-ephemeral v0.16.2
[INFO] [stderr]    Compiling ephemeral-rollups-sdk-attribute-ephemeral-accounts v0.16.2
[INFO] [stderr]    Compiling ephemeral-rollups-sdk-attribute-commit v0.16.2
[INFO] [stderr]    Compiling base64ct v1.6.0
[INFO] [stderr]    Compiling solana-security-txt v1.1.3
[INFO] [stderr]    Compiling session-keys v3.1.1
[INFO] [stderr]    Compiling arena-state v0.1.0 (/opt/rustwide/workdir/crates/arena-state)
[INFO] [stderr]    Compiling solana-secp256k1-recover v2.2.1
[INFO] [stderr]    Compiling solana-program v2.3.0
[INFO] [stderr]    Compiling magicblock-delegation-program-api v3.1.0
[INFO] [stderr]    Compiling ephemeral-rollups-sdk v0.16.2
[INFO] [stderr]    Compiling bulls-arena v0.1.0 (/opt/rustwide/workdir/programs/bulls-arena)
[INFO] [stdout] warning: unexpected `cfg` condition value: `custom-heap`
[INFO] [stdout]     --> programs/bulls-arena/src/lib.rs:1616:1
[INFO] [stdout]      |
[INFO] [stdout] 1616 | #[program]
[INFO] [stdout]      | ^^^^^^^^^^
[INFO] [stdout]      |
[INFO] [stdout]      = note: expected values for `feature` are: `bench`, `cpi`, `default`, `idl-build`, `no-entrypoint`, `no-idl`, and `no-log-ix-name`
[INFO] [stdout]      = note: using a cfg inside a macro will use the cfgs from the destination crate and not the ones from the defining crate
[INFO] [stdout]      = help: try referring to `$crate::custom_heap_default` crate for guidance on how handle this unexpected cfg
[INFO] [stdout]      = note: see <https://doc.rust-lang.org/nightly/rustc/check-cfg/cargo-specifics.html> for more information about checking conditional configuration
[INFO] [stdout]      = note: `#[warn(unexpected_cfgs)]` on by default
[INFO] [stdout]      = note: this warning originates in the macro `$crate::custom_heap_default` which comes from the expansion of the attribute macro `program` (in Nightly builds, run with -Z macro-backtrace for more info)
[INFO] [stdout] 
[INFO] [stdout] 
[INFO] [stdout] warning: unexpected `cfg` condition value: `solana`
[INFO] [stdout]     --> programs/bulls-arena/src/lib.rs:1616:1
[INFO] [stdout]      |
[INFO] [stdout] 1616 | #[program]
[INFO] [stdout]      | ^^^^^^^^^^
[INFO] [stdout]      |
[INFO] [stdout]      = note: expected values for `target_os` are: `aix`, `amdhsa`, `android`, `cuda`, `cygwin`, `dragonfly`, `emscripten`, `espidf`, `freebsd`, `fuchsia`, `haiku`, `helenos`, `hermit`, `horizon`, `hurd`, `illumos`, `ios`, `l4re`, `linux`, `lynxos178`, `macos`, `managarm`, `motor`, `netbsd`, `none`, `nto`, `nuttx`, `openbsd`, `psp`, `psx`, `qnx`, `qurt`, `redox`, `rtems`, and `solaris` and 15 more
[INFO] [stdout]      = note: using a cfg inside a macro will use the cfgs from the destination crate and not the ones from the defining crate
[INFO] [stdout]      = help: try referring to `$crate::custom_heap_default` crate for guidance on how handle this unexpected cfg
[INFO] [stdout]      = note: see <https://doc.rust-lang.org/nightly/rustc/check-cfg/cargo-specifics.html> for more information about checking conditional configuration
[INFO] [stdout]      = note: this warning originates in the macro `$crate::custom_heap_default` which comes from the expansion of the attribute macro `program` (in Nightly builds, run with -Z macro-backtrace for more info)
[INFO] [stdout] 
[INFO] [stdout] 
[INFO] [stdout] warning: unexpected `cfg` condition value: `custom-panic`
[INFO] [stdout]     --> programs/bulls-arena/src/lib.rs:1616:1
[INFO] [stdout]      |
[INFO] [stdout] 1616 | #[program]
[INFO] [stdout]      | ^^^^^^^^^^
[INFO] [stdout]      |
[INFO] [stdout]      = note: expected values for `feature` are: `bench`, `cpi`, `default`, `idl-build`, `no-entrypoint`, `no-idl`, and `no-log-ix-name`
[INFO] [stdout]      = note: using a cfg inside a macro will use the cfgs from the destination crate and not the ones from the defining crate
[INFO] [stdout]      = help: try referring to `$crate::custom_panic_default` crate for guidance on how handle this unexpected cfg
[INFO] [stdout]      = note: see <https://doc.rust-lang.org/nightly/rustc/check-cfg/cargo-specifics.html> for more information about checking conditional configuration
[INFO] [stdout]      = note: this warning originates in the macro `$crate::custom_panic_default` which comes from the expansion of the attribute macro `program` (in Nightly builds, run with -Z macro-backtrace for more info)
[INFO] [stdout] 
[INFO] [stdout] 
[INFO] [stdout] warning: unexpected `cfg` condition value: `solana`
[INFO] [stdout]     --> programs/bulls-arena/src/lib.rs:1616:1
[INFO] [stdout]      |
[INFO] [stdout] 1616 | #[program]
[INFO] [stdout]      | ^^^^^^^^^^
[INFO] [stdout]      |
[INFO] [stdout]      = note: expected values for `target_os` are: `aix`, `amdhsa`, `android`, `cuda`, `cygwin`, `dragonfly`, `emscripten`, `espidf`, `freebsd`, `fuchsia`, `haiku`, `helenos`, `hermit`, `horizon`, `hurd`, `illumos`, `ios`, `l4re`, `linux`, `lynxos178`, `macos`, `managarm`, `motor`, `netbsd`, `none`, `nto`, `nuttx`, `openbsd`, `psp`, `psx`, `qnx`, `qurt`, `redox`, `rtems`, and `solaris` and 15 more
[INFO] [stdout]      = note: using a cfg inside a macro will use the cfgs from the destination crate and not the ones from the defining crate
[INFO] [stdout]      = help: try referring to `$crate::custom_panic_default` crate for guidance on how handle this unexpected cfg
[INFO] [stdout]      = note: see <https://doc.rust-lang.org/nightly/rustc/check-cfg/cargo-specifics.html> for more information about checking conditional configuration
[INFO] [stdout]      = note: this warning originates in the macro `$crate::custom_panic_default` which comes from the expansion of the attribute macro `program` (in Nightly builds, run with -Z macro-backtrace for more info)
[INFO] [stdout] 
[INFO] [stdout] 
[INFO] [stdout] warning: unexpected `cfg` condition value: `anchor-debug`
[INFO] [stdout]     --> programs/bulls-arena/src/lib.rs:1616:1
[INFO] [stdout]      |
[INFO] [stdout] 1616 | #[program]
[INFO] [stdout]      | ^^^^^^^^^^
[INFO] [stdout]      |
[INFO] [stdout]      = note: expected values for `feature` are: `bench`, `cpi`, `default`, `idl-build`, `no-entrypoint`, `no-idl`, and `no-log-ix-name`
[INFO] [stdout]      = note: using a cfg inside a attribute macro will use the cfgs from the destination crate and not the ones from the defining crate
[INFO] [stdout]      = help: try referring to `program` crate for guidance on how handle this unexpected cfg
[INFO] [stdout]      = note: see <https://doc.rust-lang.org/nightly/rustc/check-cfg/cargo-specifics.html> for more information about checking conditional configuration
[INFO] [stdout]      = note: this warning originates in the attribute macro `program` (in Nightly builds, run with -Z macro-backtrace for more info)
[INFO] [stdout] 
[INFO] [stdout] 
[INFO] [stdout] warning: unexpected `cfg` condition value: `anchor-debug`
[INFO] [stdout]     --> programs/bulls-arena/src/lib.rs:1615:1
[INFO] [stdout]      |
[INFO] [stdout] 1615 | #[ephemeral]
[INFO] [stdout]      | ^^^^^^^^^^^^
[INFO] [stdout]      |
[INFO] [stdout]      = note: expected values for `feature` are: `bench`, `cpi`, `default`, `idl-build`, `no-entrypoint`, `no-idl`, and `no-log-ix-name`
[INFO] [stdout]      = note: using a cfg inside a derive macro will use the cfgs from the destination crate and not the ones from the defining crate
[INFO] [stdout]      = help: try referring to `Accounts` crate for guidance on how handle this unexpected cfg
[INFO] [stdout]      = note: see <https://doc.rust-lang.org/nightly/rustc/check-cfg/cargo-specifics.html> for more information about checking conditional configuration
[INFO] [stdout]      = note: this warning originates in the derive macro `Accounts` (in Nightly builds, run with -Z macro-backtrace for more info)
[INFO] [stdout] 
[INFO] [stdout] 
[INFO] [stdout] warning: unexpected `cfg` condition value: `anchor-debug`
[INFO] [stdout]     --> programs/bulls-arena/src/lib.rs:2731:10
[INFO] [stdout]      |
[INFO] [stdout] 2731 | #[derive(Accounts)]
[INFO] [stdout]      |          ^^^^^^^^
[INFO] [stdout]      |
[INFO] [stdout]      = note: expected values for `feature` are: `bench`, `cpi`, `default`, `idl-build`, `no-entrypoint`, `no-idl`, and `no-log-ix-name`
[INFO] [stdout]      = note: using a cfg inside a derive macro will use the cfgs from the destination crate and not the ones from the defining crate
[INFO] [stdout]      = help: try referring to `Accounts` crate for guidance on how handle this unexpected cfg
[INFO] [stdout]      = note: see <https://doc.rust-lang.org/nightly/rustc/check-cfg/cargo-specifics.html> for more information about checking conditional configuration
[INFO] [stdout]      = note: this warning originates in the derive macro `Accounts` (in Nightly builds, run with -Z macro-backtrace for more info)
[INFO] [stdout] 
[INFO] [stdout] 
[INFO] [stdout] warning: unexpected `cfg` condition value: `anchor-debug`
[INFO] [stdout]     --> programs/bulls-arena/src/lib.rs:2742:10
[INFO] [stdout]      |
[INFO] [stdout] 2742 | #[derive(Accounts)]
[INFO] [stdout]      |          ^^^^^^^^
[INFO] [stdout]      |
[INFO] [stdout]      = note: expected values for `feature` are: `bench`, `cpi`, `default`, `idl-build`, `no-entrypoint`, `no-idl`, and `no-log-ix-name`
[INFO] [stdout]      = note: using a cfg inside a derive macro will use the cfgs from the destination crate and not the ones from the defining crate
[INFO] [stdout]      = help: try referring to `Accounts` crate for guidance on how handle this unexpected cfg
[INFO] [stdout]      = note: see <https://doc.rust-lang.org/nightly/rustc/check-cfg/cargo-specifics.html> for more information about checking conditional configuration
[INFO] [stdout]      = note: this warning originates in the derive macro `Accounts` (in Nightly builds, run with -Z macro-backtrace for more info)
[INFO] [stdout] 
[INFO] [stdout] 
[INFO] [stdout] warning: unexpected `cfg` condition value: `anchor-debug`
[INFO] [stdout]     --> programs/bulls-arena/src/lib.rs:2749:10
[INFO] [stdout]      |
[INFO] [stdout] 2749 | #[derive(Accounts)]
[INFO] [stdout]      |          ^^^^^^^^
[INFO] [stdout]      |
[INFO] [stdout]      = note: expected values for `feature` are: `bench`, `cpi`, `default`, `idl-build`, `no-entrypoint`, `no-idl`, and `no-log-ix-name`
[INFO] [stdout]      = note: using a cfg inside a derive macro will use the cfgs from the destination crate and not the ones from the defining crate
[INFO] [stdout]      = help: try referring to `Accounts` crate for guidance on how handle this unexpected cfg
[INFO] [stdout]      = note: see <https://doc.rust-lang.org/nightly/rustc/check-cfg/cargo-specifics.html> for more information about checking conditional configuration
[INFO] [stdout]      = note: this warning originates in the derive macro `Accounts` (in Nightly builds, run with -Z macro-backtrace for more info)
[INFO] [stdout] 
[INFO] [stdout] 
[INFO] [stdout] warning: unexpected `cfg` condition value: `anchor-debug`
[INFO] [stdout]     --> programs/bulls-arena/src/lib.rs:2803:10
[INFO] [stdout]      |
[INFO] [stdout] 2803 | #[derive(Accounts)]
[INFO] [stdout]      |          ^^^^^^^^
[INFO] [stdout]      |
[INFO] [stdout]      = note: expected values for `feature` are: `bench`, `cpi`, `default`, `idl-build`, `no-entrypoint`, `no-idl`, and `no-log-ix-name`
[INFO] [stdout]      = note: using a cfg inside a derive macro will use the cfgs from the destination crate and not the ones from the defining crate
[INFO] [stdout]      = help: try referring to `Accounts` crate for guidance on how handle this unexpected cfg
[INFO] [stdout]      = note: see <https://doc.rust-lang.org/nightly/rustc/check-cfg/cargo-specifics.html> for more information about checking conditional configuration
[INFO] [stdout]      = note: this warning originates in the derive macro `Accounts` (in Nightly builds, run with -Z macro-backtrace for more info)
[INFO] [stdout] 
[INFO] [stdout] 
[INFO] [stdout] warning: unexpected `cfg` condition value: `anchor-debug`
[INFO] [stdout]     --> programs/bulls-arena/src/lib.rs:2894:10
[INFO] [stdout]      |
[INFO] [stdout] 2894 | #[derive(Accounts)]
[INFO] [stdout]      |          ^^^^^^^^
[INFO] [stdout]      |
[INFO] [stdout]      = note: expected values for `feature` are: `bench`, `cpi`, `default`, `idl-build`, `no-entrypoint`, `no-idl`, and `no-log-ix-name`
[INFO] [stdout]      = note: using a cfg inside a derive macro will use the cfgs from the destination crate and not the ones from the defining crate
[INFO] [stdout]      = help: try referring to `Accounts` crate for guidance on how handle this unexpected cfg
[INFO] [stdout]      = note: see <https://doc.rust-lang.org/nightly/rustc/check-cfg/cargo-specifics.html> for more information about checking conditional configuration
[INFO] [stdout]      = note: this warning originates in the derive macro `Accounts` (in Nightly builds, run with -Z macro-backtrace for more info)
[INFO] [stdout] 
[INFO] [stdout] 
[INFO] [stdout] warning: unexpected `cfg` condition value: `anchor-debug`
[INFO] [stdout]     --> programs/bulls-arena/src/lib.rs:2906:10
[INFO] [stdout]      |
[INFO] [stdout] 2906 | #[derive(Accounts)]
[INFO] [stdout]      |          ^^^^^^^^
[INFO] [stdout]      |
[INFO] [stdout]      = note: expected values for `feature` are: `bench`, `cpi`, `default`, `idl-build`, `no-entrypoint`, `no-idl`, and `no-log-ix-name`
[INFO] [stdout]      = note: using a cfg inside a derive macro will use the cfgs from the destination crate and not the ones from the defining crate
[INFO] [stdout]      = help: try referring to `Accounts` crate for guidance on how handle this unexpected cfg
[INFO] [stdout]      = note: see <https://doc.rust-lang.org/nightly/rustc/check-cfg/cargo-specifics.html> for more information about checking conditional configuration
[INFO] [stdout]      = note: this warning originates in the derive macro `Accounts` (in Nightly builds, run with -Z macro-backtrace for more info)
[INFO] [stdout] 
[INFO] [stdout] 
[INFO] [stdout] warning: unexpected `cfg` condition value: `anchor-debug`
[INFO] [stdout]     --> programs/bulls-arena/src/lib.rs:2928:10
[INFO] [stdout]      |
[INFO] [stdout] 2928 | #[derive(Accounts)]
[INFO] [stdout]      |          ^^^^^^^^
[INFO] [stdout]      |
[INFO] [stdout]      = note: expected values for `feature` are: `bench`, `cpi`, `default`, `idl-build`, `no-entrypoint`, `no-idl`, and `no-log-ix-name`
[INFO] [stdout]      = note: using a cfg inside a derive macro will use the cfgs from the destination crate and not the ones from the defining crate
[INFO] [stdout]      = help: try referring to `Accounts` crate for guidance on how handle this unexpected cfg
[INFO] [stdout]      = note: see <https://doc.rust-lang.org/nightly/rustc/check-cfg/cargo-specifics.html> for more information about checking conditional configuration
[INFO] [stdout]      = note: this warning originates in the derive macro `Accounts` (in Nightly builds, run with -Z macro-backtrace for more info)
[INFO] [stdout] 
[INFO] [stdout] 
[INFO] [stdout] warning: unexpected `cfg` condition value: `anchor-debug`
[INFO] [stdout]     --> programs/bulls-arena/src/lib.rs:2942:10
[INFO] [stdout]      |
[INFO] [stdout] 2942 | #[derive(Accounts, Session)]
[INFO] [stdout]      |          ^^^^^^^^
[INFO] [stdout]      |
[INFO] [stdout]      = note: expected values for `feature` are: `bench`, `cpi`, `default`, `idl-build`, `no-entrypoint`, `no-idl`, and `no-log-ix-name`
[INFO] [stdout]      = note: using a cfg inside a derive macro will use the cfgs from the destination crate and not the ones from the defining crate
[INFO] [stdout]      = help: try referring to `Accounts` crate for guidance on how handle this unexpected cfg
[INFO] [stdout]      = note: see <https://doc.rust-lang.org/nightly/rustc/check-cfg/cargo-specifics.html> for more information about checking conditional configuration
[INFO] [stdout]      = note: this warning originates in the derive macro `Accounts` (in Nightly builds, run with -Z macro-backtrace for more info)
[INFO] [stdout] 
[INFO] [stdout] 
[INFO] [stdout] warning: unexpected `cfg` condition value: `anchor-debug`
[INFO] [stdout]     --> programs/bulls-arena/src/lib.rs:2973:10
[INFO] [stdout]      |
[INFO] [stdout] 2973 | #[derive(Accounts)]
[INFO] [stdout]      |          ^^^^^^^^
[INFO] [stdout]      |
[INFO] [stdout]      = note: expected values for `feature` are: `bench`, `cpi`, `default`, `idl-build`, `no-entrypoint`, `no-idl`, and `no-log-ix-name`
[INFO] [stdout]      = note: using a cfg inside a derive macro will use the cfgs from the destination crate and not the ones from the defining crate
[INFO] [stdout]      = help: try referring to `Accounts` crate for guidance on how handle this unexpected cfg
[INFO] [stdout]      = note: see <https://doc.rust-lang.org/nightly/rustc/check-cfg/cargo-specifics.html> for more information about checking conditional configuration
[INFO] [stdout]      = note: this warning originates in the derive macro `Accounts` (in Nightly builds, run with -Z macro-backtrace for more info)
[INFO] [stdout] 
[INFO] [stdout] 
[INFO] [stdout] warning: unexpected `cfg` condition value: `anchor-debug`
[INFO] [stdout]     --> programs/bulls-arena/src/lib.rs:2988:10
[INFO] [stdout]      |
[INFO] [stdout] 2988 | #[derive(Accounts, Session)]
[INFO] [stdout]      |          ^^^^^^^^
[INFO] [stdout]      |
[INFO] [stdout]      = note: expected values for `feature` are: `bench`, `cpi`, `default`, `idl-build`, `no-entrypoint`, `no-idl`, and `no-log-ix-name`
[INFO] [stdout]      = note: using a cfg inside a derive macro will use the cfgs from the destination crate and not the ones from the defining crate
[INFO] [stdout]      = help: try referring to `Accounts` crate for guidance on how handle this unexpected cfg
[INFO] [stdout]      = note: see <https://doc.rust-lang.org/nightly/rustc/check-cfg/cargo-specifics.html> for more information about checking conditional configuration
[INFO] [stdout]      = note: this warning originates in the derive macro `Accounts` (in Nightly builds, run with -Z macro-backtrace for more info)
[INFO] [stdout] 
[INFO] [stdout] 
[INFO] [stdout] warning: unexpected `cfg` condition value: `anchor-debug`
[INFO] [stdout]     --> programs/bulls-arena/src/lib.rs:3035:10
[INFO] [stdout]      |
[INFO] [stdout] 3035 | #[derive(Accounts)]
[INFO] [stdout]      |          ^^^^^^^^
[INFO] [stdout]      |
[INFO] [stdout]      = note: expected values for `feature` are: `bench`, `cpi`, `default`, `idl-build`, `no-entrypoint`, `no-idl`, and `no-log-ix-name`
[INFO] [stdout]      = note: using a cfg inside a derive macro will use the cfgs from the destination crate and not the ones from the defining crate
[INFO] [stdout]      = help: try referring to `Accounts` crate for guidance on how handle this unexpected cfg
[INFO] [stdout]      = note: see <https://doc.rust-lang.org/nightly/rustc/check-cfg/cargo-specifics.html> for more information about checking conditional configuration
[INFO] [stdout]      = note: this warning originates in the derive macro `Accounts` (in Nightly builds, run with -Z macro-backtrace for more info)
[INFO] [stdout] 
[INFO] [stdout] 
[INFO] [stdout] warning: unexpected `cfg` condition value: `anchor-debug`
[INFO] [stdout]     --> programs/bulls-arena/src/lib.rs:3055:10
[INFO] [stdout]      |
[INFO] [stdout] 3055 | #[derive(Accounts)]
[INFO] [stdout]      |          ^^^^^^^^
[INFO] [stdout]      |
[INFO] [stdout]      = note: expected values for `feature` are: `bench`, `cpi`, `default`, `idl-build`, `no-entrypoint`, `no-idl`, and `no-log-ix-name`
[INFO] [stdout]      = note: using a cfg inside a derive macro will use the cfgs from the destination crate and not the ones from the defining crate
[INFO] [stdout]      = help: try referring to `Accounts` crate for guidance on how handle this unexpected cfg
[INFO] [stdout]      = note: see <https://doc.rust-lang.org/nightly/rustc/check-cfg/cargo-specifics.html> for more information about checking conditional configuration
[INFO] [stdout]      = note: this warning originates in the derive macro `Accounts` (in Nightly builds, run with -Z macro-backtrace for more info)
[INFO] [stdout] 
[INFO] [stdout] 
[INFO] [stdout] warning: unexpected `cfg` condition value: `anchor-debug`
[INFO] [stdout]     --> programs/bulls-arena/src/lib.rs:3063:10
[INFO] [stdout]      |
[INFO] [stdout] 3063 | #[derive(Accounts)]
[INFO] [stdout]      |          ^^^^^^^^
[INFO] [stdout]      |
[INFO] [stdout]      = note: expected values for `feature` are: `bench`, `cpi`, `default`, `idl-build`, `no-entrypoint`, `no-idl`, and `no-log-ix-name`
[INFO] [stdout]      = note: using a cfg inside a derive macro will use the cfgs from the destination crate and not the ones from the defining crate
[INFO] [stdout]      = help: try referring to `Accounts` crate for guidance on how handle this unexpected cfg
[INFO] [stdout]      = note: see <https://doc.rust-lang.org/nightly/rustc/check-cfg/cargo-specifics.html> for more information about checking conditional configuration
[INFO] [stdout]      = note: this warning originates in the derive macro `Accounts` (in Nightly builds, run with -Z macro-backtrace for more info)
[INFO] [stdout] 
[INFO] [stdout] 
[INFO] [stderr]     Finished `dev` profile [unoptimized + debuginfo] target(s) in 2m 40s
[INFO] running `Command { std: "docker" "inspect" "b33d67c66c80599a34cd93b44c245387d027dfd4850b16857bf5df07a170d1ef", kill_on_drop: false }`
[INFO] running `Command { std: "docker" "exec" "-e" "SOURCE_DIR=/opt/rustwide/workdir" "-e" "CARGO_HOME=/opt/rustwide/cargo-home" "-e" "RUSTUP_HOME=/opt/rustwide/rustup-home" "-e" "CARGO_TARGET_DIR=/opt/rustwide/target" "-e" "CARGO_INCREMENTAL=0" "-e" "RUST_BACKTRACE=full" "-e" "RUSTFLAGS=--cap-lints=warn" "-e" "RUSTDOCFLAGS=--cap-lints=warn" "-w" "/opt/rustwide/workdir" "--user" "0:0" "b33d67c66c80599a34cd93b44c245387d027dfd4850b16857bf5df07a170d1ef" "/opt/rustwide/cargo-home/bin/cargo" "+1.99.0-beta.8" "test" "--frozen" "--no-run" "--message-format=json", kill_on_drop: false }`
[INFO] [stderr] warning: profiles for the non root package will be ignored, specify profiles at the workspace root:
[INFO] [stderr] package:   /opt/rustwide/workdir/programs/bulls-arena/Cargo.toml
[INFO] [stderr] workspace: /opt/rustwide/workdir/Cargo.toml
[INFO] [stderr]    Compiling syn v2.0.119
[INFO] [stderr]    Compiling subtle v2.6.1
[INFO] [stderr]    Compiling getrandom v0.2.17
[INFO] [stderr]    Compiling indexmap v2.14.0
[INFO] [stderr]    Compiling curve25519-dalek v4.1.3
[INFO] [stderr]    Compiling syn v1.0.109
[INFO] [stderr]    Compiling getrandom v0.3.4
[INFO] [stderr]    Compiling ahash v0.8.12
[INFO] [stderr]    Compiling rand_core v0.6.4
[INFO] [stderr]    Compiling memchr v2.8.3
[INFO] [stderr]    Compiling either v1.17.0
[INFO] [stderr]    Compiling foldhash v0.1.5
[INFO] [stderr]    Compiling rand_chacha v0.3.1
[INFO] [stderr]    Compiling hashbrown v0.15.5
[INFO] [stderr]    Compiling getrandom v0.4.3
[INFO] [stderr]    Compiling hashbrown v0.13.2
[INFO] [stderr]    Compiling rand_core v0.10.1
[INFO] [stderr]    Compiling rand v0.8.7
[INFO] [stderr]    Compiling serde_json v1.0.151
[INFO] [stderr]    Compiling toml_edit v0.25.13+spec-1.1.0
[INFO] [stderr]    Compiling solana-ed25519 v0.2.3
[INFO] [stderr]    Compiling rand v0.10.2
[INFO] [stderr]    Compiling sha2 v0.11.0
[INFO] [stderr]    Compiling num-traits v0.2.19
[INFO] [stderr]    Compiling num-bigint v0.2.6
[INFO] [stderr]    Compiling ff v0.13.1
[INFO] [stderr]    Compiling num-complex v0.2.4
[INFO] [stderr]    Compiling num-rational v0.2.4
[INFO] [stderr]    Compiling proc-macro-crate v3.5.0
[INFO] [stderr]    Compiling void v1.0.2
[INFO] [stderr]    Compiling unreachable v1.0.0
[INFO] [stderr]    Compiling num-integer v0.1.46
[INFO] [stderr]    Compiling group v0.13.0
[INFO] [stderr]    Compiling solana-svm-feature-set v3.1.14
[INFO] [stderr]    Compiling ascii v0.9.3
[INFO] [stderr]    Compiling num-bigint v0.4.8
[INFO] [stderr]    Compiling hash32 v0.3.1
[INFO] [stderr]    Compiling combine v3.8.1
[INFO] [stderr]    Compiling itertools v0.12.1
[INFO] [stderr]    Compiling num-iter v0.1.46
[INFO] [stderr]    Compiling enum-ordinalize-derive v4.4.2
[INFO] [stderr]    Compiling rustc-demangle v0.1.28
[INFO] [stderr]    Compiling enum-ordinalize v4.4.2
[INFO] [stderr]    Compiling getrandom v0.1.16
[INFO] [stderr]    Compiling ark-std v0.5.0
[INFO] [stderr]    Compiling solana-precompile-error v3.0.0
[INFO] [stderr]    Compiling solana-fee-structure v3.0.0
[INFO] [stderr]    Compiling num v0.2.1
[INFO] [stderr]    Compiling eager v0.1.0
[INFO] [stderr]    Compiling percentage v0.1.0
[INFO] [stderr]    Compiling rand_core v0.5.1
[INFO] [stderr]    Compiling solana-svm-type-overrides v3.1.14
[INFO] [stderr]    Compiling ark-std v0.4.0
[INFO] [stderr]    Compiling itertools v0.13.0
[INFO] [stderr]    Compiling solana-svm-log-collector v3.1.14
[INFO] [stderr]    Compiling solana-svm-measure v3.1.14
[INFO] [stderr]    Compiling rand_chacha v0.2.2
[INFO] [stderr]    Compiling itertools v0.10.5
[INFO] [stderr]    Compiling crypto-common v0.1.7
[INFO] [stderr]    Compiling digest v0.10.7
[INFO] [stderr]    Compiling borsh-schema-derive-internal v0.10.4
[INFO] [stderr]    Compiling borsh-derive-internal v0.10.4
[INFO] [stderr]    Compiling rand v0.7.3
[INFO] [stderr]    Compiling strsim v0.11.1
[INFO] [stderr]    Compiling ident_case v1.0.1
[INFO] [stderr]    Compiling sha2 v0.10.9
[INFO] [stderr]    Compiling darling_core v0.23.0
[INFO] [stderr]    Compiling qstring v0.7.2
[INFO] [stderr]    Compiling uriparse v0.6.4
[INFO] [stderr]    Compiling solana-packet v3.0.0
[INFO] [stderr]    Compiling rand_core v0.9.5
[INFO] [stderr]    Compiling derivation-path v0.2.0
[INFO] [stderr]    Compiling rand_chacha v0.9.0
[INFO] [stderr]    Compiling aho-corasick v1.1.5
[INFO] [stderr]    Compiling anchor-lang-idl v0.1.4
[INFO] [stderr]    Compiling solana-sbpf v0.13.1
[INFO] [stderr]    Compiling zeroize_derive v1.5.0
[INFO] [stderr]    Compiling borsh-derive v1.8.0
[INFO] [stderr]    Compiling curve25519-dalek-derive v0.1.1
[INFO] [stderr]    Compiling solana-sdk-macro v3.0.1
[INFO] [stderr]    Compiling zeroize v1.9.0
[INFO] [stderr]    Compiling generic-array v0.14.7
[INFO] [stderr]    Compiling borsh-derive v0.10.4
[INFO] [stderr]    Compiling thiserror-impl v1.0.69
[INFO] [stderr]    Compiling borsh v0.10.4
[INFO] [stderr]    Compiling block-buffer v0.10.4
[INFO] [stderr]    Compiling der v0.7.10
[INFO] [stderr]    Compiling crypto-bigint v0.5.5
[INFO] [stderr]    Compiling thiserror v1.0.69
[INFO] [stderr]    Compiling borsh v1.8.0
[INFO] [stderr]    Compiling signature v2.2.0
[INFO] [stderr]    Compiling ed25519 v2.2.3
[INFO] [stderr]    Compiling solana-sha256-hasher v2.3.0
[INFO] [stderr]    Compiling hmac v0.12.1
[INFO] [stderr]    Compiling sha3 v0.10.9
[INFO] [stderr]    Compiling rfc6979 v0.4.0
[INFO] [stderr]    Compiling spki v0.7.3
[INFO] [stderr]    Compiling solana-program-error v3.0.1
[INFO] [stderr]    Compiling solana-hash v4.6.0
[INFO] [stderr]    Compiling solana-sha256-hasher v3.1.0
[INFO] [stderr]    Compiling solana-instruction-error v2.5.0
[INFO] [stderr]    Compiling solana-pubkey v2.4.0
[INFO] [stderr]    Compiling solana-address v2.7.0
[INFO] [stderr]    Compiling solana-hash v3.1.0
[INFO] [stderr]    Compiling solana-transaction-error v3.4.0
[INFO] [stderr]    Compiling pkcs8 v0.10.2
[INFO] [stderr]    Compiling solana-pubkey v4.3.0
[INFO] [stderr]    Compiling solana-sdk-ids v3.1.0
[INFO] [stderr]    Compiling solana-instruction v3.5.0
[INFO] [stderr]    Compiling solana-sysvar-id v3.1.0
[INFO] [stderr]    Compiling solana-get-sysvar v1.0.0
[INFO] [stderr]    Compiling solana-address v1.1.0
[INFO] [stderr]    Compiling solana-account-info v3.1.1
[INFO] [stderr]    Compiling solana-pubkey v3.0.0
[INFO] [stderr]    Compiling solana-serialize-utils v3.1.2
[INFO] [stderr]    Compiling solana-clock v3.2.0
[INFO] [stderr]    Compiling solana-epoch-schedule v3.3.0
[INFO] [stderr]    Compiling solana-slot-hashes v3.2.0
[INFO] [stderr]    Compiling solana-program-entrypoint v3.1.1
[INFO] [stderr]    Compiling solana-rent v3.1.0
[INFO] [stderr]    Compiling solana-epoch-rewards v3.2.0
[INFO] [stderr]    Compiling solana-slot-history v3.2.0
[INFO] [stderr]    Compiling solana-last-restart-slot v3.2.0
[INFO] [stderr]    Compiling solana-system-interface v2.0.0
[INFO] [stderr]    Compiling solana-instructions-sysvar v3.0.1
[INFO] [stderr]    Compiling solana-cpi v3.1.0
[INFO] [stderr]    Compiling solana-stable-layout v3.0.1
[INFO] [stderr]    Compiling solana-system-interface v3.3.0
[INFO] [stderr]    Compiling solana-sysvar v3.1.1
[INFO] [stderr]    Compiling solana-instruction v2.3.3
[INFO] [stderr]    Compiling solana-message v3.1.0
[INFO] [stderr]    Compiling solana-signature v3.5.1
[INFO] [stderr]    Compiling solana-sdk-ids v2.2.1
[INFO] [stderr]    Compiling solana-signer v3.0.1
[INFO] [stderr]    Compiling sec1 v0.7.3
[INFO] [stderr]    Compiling solana-sysvar-id v2.2.1
[INFO] [stderr]    Compiling enum-iterator-derive v1.5.0
[INFO] [stderr]    Compiling solana-account v3.4.0
[INFO] [stderr]    Compiling solana-loader-v3-interface v6.1.1
[INFO] [stderr]    Compiling solana-stake-interface v2.0.2
[INFO] [stderr]    Compiling elliptic-curve v0.13.8
[INFO] [stderr]    Compiling anchor-syn v1.1.2
[INFO] [stderr]    Compiling solana-sdk-macro v2.2.1
[INFO] [stderr]    Compiling solana-transaction v3.1.0
[INFO] [stderr]    Compiling ecdsa v0.16.9
[INFO] [stderr]    Compiling ark-serialize-derive v0.5.0
[INFO] [stderr]    Compiling enum-iterator v1.5.0
[INFO] [stderr]    Compiling solana-svm-transaction v3.1.14
[INFO] [stderr]    Compiling ark-serialize v0.5.0
[INFO] [stderr]    Compiling solana-svm-callback v3.1.14
[INFO] [stderr]    Compiling solana-transaction-context v3.1.14
[INFO] [stderr]    Compiling k256 v0.13.4
[INFO] [stderr]    Compiling solana-keccak-hasher v3.1.0
[INFO] [stderr]    Compiling digest v0.9.0
[INFO] [stderr]    Compiling ark-serialize-derive v0.4.2
[INFO] [stderr]    Compiling educe v0.6.0
[INFO] [stderr]    Compiling num-derive v0.4.2
[INFO] [stderr]    Compiling ark-ff-asm v0.5.0
[INFO] [stderr]    Compiling ark-ff-macros v0.5.0
[INFO] [stderr]    Compiling solana-secp256k1-recover v3.3.0
[INFO] [stderr]    Compiling ark-serialize v0.4.2
[INFO] [stderr]    Compiling solana-nonce v3.3.0
[INFO] [stderr]    Compiling solana-blake3-hasher v3.1.0
[INFO] [stderr]    Compiling block-buffer v0.9.0
[INFO] [stderr]    Compiling ark-ff-macros v0.4.2
[INFO] [stderr]    Compiling ark-ff-asm v0.4.2
[INFO] [stderr]    Compiling derivative v2.2.0
[INFO] [stderr]    Compiling sha2 v0.9.9
[INFO] [stderr]    Compiling libsecp256k1-core v0.2.2
[INFO] [stderr]    Compiling solana-svm-timings v3.1.14
[INFO] [stderr]    Compiling solana-program-error v2.2.2
[INFO] [stderr]    Compiling solana-system-interface v1.0.0
[INFO] [stderr]    Compiling solana-program-runtime v3.1.14
[INFO] [stderr]    Compiling solana-program-pack v3.1.0
[INFO] [stderr]    Compiling pbkdf2 v0.11.0
[INFO] [stderr]    Compiling solana-seed-phrase v3.0.0
[INFO] [stderr]    Compiling solana-account-info v2.3.0
[INFO] [stderr]    Compiling solana-clock v2.2.3
[INFO] [stderr]    Compiling inout v0.1.4
[INFO] [stderr]    Compiling solana-rent v4.4.0
[INFO] [stderr]    Compiling agave-feature-set v3.1.14
[INFO] [stderr]    Compiling cipher v0.4.4
[INFO] [stderr]    Compiling solana-feature-gate-interface v3.1.0
[INFO] [stderr]    Compiling libsecp256k1 v0.6.0
[INFO] [stderr]    Compiling solana-curve25519 v3.1.14
[INFO] [stderr]    Compiling darling_macro v0.23.0
[INFO] [stderr]    Compiling darling v0.23.0
[INFO] [stderr]    Compiling ark-ff v0.5.0
[INFO] [stderr]    Compiling solana-invoke v0.5.0
[INFO] [stderr]    Compiling ark-ff v0.4.2
[INFO] [stderr]    Compiling solana-address-lookup-table-interface v3.2.0
[INFO] [stderr]    Compiling solana-bincode v3.1.0
[INFO] [stderr]    Compiling solana-borsh v3.0.2
[INFO] [stderr]    Compiling universal-hash v0.5.1
[INFO] [stderr]    Compiling anchor-attribute-access-control v1.1.2
[INFO] [stderr]    Compiling anchor-derive-space v1.1.2
[INFO] [stderr]    Compiling polyval v0.6.2
[INFO] [stderr]    Compiling serde_with_macros v3.22.0
[INFO] [stderr]    Compiling ctr v0.9.2
[INFO] [stderr]    Compiling aes v0.8.4
[INFO] [stderr]    Compiling aead v0.5.2
[INFO] [stderr]    Compiling solana-derivation-path v3.0.0
[INFO] [stderr]    Compiling regex-automata v0.4.18
[INFO] [stderr]    Compiling anchor-derive-serde v1.1.2
[INFO] [stderr]    Compiling anchor-attribute-event v1.1.2
[INFO] [stderr]    Compiling anchor-attribute-program v1.1.2
[INFO] [stderr]    Compiling anchor-attribute-error v1.1.2
[INFO] [stderr]    Compiling anchor-derive-accounts v1.1.2
[INFO] [stderr]    Compiling anchor-attribute-constant v1.1.2
[INFO] [stderr]    Compiling anchor-attribute-account v1.1.2
[INFO] [stderr]    Compiling serde_with v3.22.0
[INFO] [stderr]    Compiling aes-gcm-siv v0.11.1
[INFO] [stderr]    Compiling solana-seed-derivable v3.0.0
[INFO] [stderr]    Compiling solana-example-mocks v3.0.0
[INFO] [stderr]    Compiling solana-rent v2.2.1
[INFO] [stderr]    Compiling solana-slot-hashes v2.2.1
[INFO] [stderr]    Compiling solana-serialize-utils v2.2.1
[INFO] [stderr]    Compiling solana-loader-v4-interface v3.1.0
[INFO] [stderr]    Compiling solana-epoch-stake v3.0.1
[INFO] [stderr]    Compiling solana-account-view v1.0.0
[INFO] [stderr]    Compiling ed25519-dalek v2.2.0
[INFO] [stderr]    Compiling anchor-lang v1.0.2
[INFO] [stderr]    Compiling merlin v3.0.0
[INFO] [stderr]    Compiling qualifier_attr v0.2.2
[INFO] [stderr]    Compiling cfg_eval v0.1.2
[INFO] [stderr]    Compiling rand v0.9.5
[INFO] [stderr]    Compiling solana-vote-interface v4.0.4
[INFO] [stderr]    Compiling solana-instruction-view v1.0.0
[INFO] [stderr]    Compiling solana-program v3.0.0
[INFO] [stderr]    Compiling ahash v0.7.8
[INFO] [stderr]    Compiling solana-keypair v3.1.2
[INFO] [stderr]    Compiling regex v1.13.1
[INFO] [stderr]    Compiling solana-cpi v2.2.1
[INFO] [stderr]    Compiling solana-nonce-account v3.0.0
[INFO] [stderr]    Compiling solana-bincode v2.2.1
[INFO] [stderr]    Compiling solana-transaction-error v2.2.1
[INFO] [stderr]    Compiling ptr_meta_derive v0.1.4
[INFO] [stderr]    Compiling strum_macros v0.28.0
[INFO] [stderr]    Compiling solana-message v2.4.0
[INFO] [stderr]    Compiling solana-system-program v3.1.14
[INFO] [stderr]    Compiling ptr_meta v0.1.4
[INFO] [stderr]    Compiling solana-stake-interface v1.2.1
[INFO] [stderr]    Compiling solana-vote-program v3.1.14
[INFO] [stderr]    Compiling pinocchio-log-macro v0.5.0
[INFO] [stderr]    Compiling hashbrown v0.12.3
[INFO] [stderr]    Compiling ark-poly v0.5.0
[INFO] [stderr]    Compiling ark-poly v0.4.2
[INFO] [stderr]    Compiling pinocchio v0.10.2
[INFO] [stderr]    Compiling solana-nonce v2.2.1
[INFO] [stderr]    Compiling solana-instructions-sysvar v2.2.2
[INFO] [stderr]    Compiling solana-address-lookup-table-interface v2.2.2
[INFO] [stderr]    Compiling solana-compute-budget-program v3.1.14
[INFO] [stderr]    Compiling solana-account v2.2.1
[INFO] [stderr]    Compiling solana-program-entrypoint v2.3.0
[INFO] [stderr]    Compiling solana-epoch-rewards v2.2.1
[INFO] [stderr]    Compiling solana-last-restart-slot v2.2.1
[INFO] [stderr]    Compiling solana-epoch-schedule v2.2.1
[INFO] [stderr]    Compiling solana-slot-history v2.2.1
[INFO] [stderr]    Compiling solana-keccak-hasher v2.2.1
[INFO] [stderr]    Compiling rkyv_derive v0.7.46
[INFO] [stderr]    Compiling num_enum_derive v0.7.6
[INFO] [stderr]    Compiling solana-vote-interface v2.2.6
[INFO] [stderr]    Compiling solana-example-mocks v2.2.1
[INFO] [stderr]    Compiling solana-sysvar v2.3.0
[INFO] [stderr]    Compiling ark-ec v0.5.0
[INFO] [stderr]    Compiling ark-ec v0.4.2
[INFO] [stderr]    Compiling solana-feature-gate-interface v2.2.2
[INFO] [stderr]    Compiling pinocchio-system v0.5.0
[INFO] [stderr]    Compiling strum v0.28.0
[INFO] [stderr]    Compiling pinocchio-log v0.5.1
[INFO] [stderr]    Compiling solana-secp256k1-recover v2.2.1
[INFO] [stderr]    Compiling solana-zk-sdk v4.0.0
[INFO] [stderr]    Compiling solana-zk-token-sdk v3.1.14
[INFO] [stderr]    Compiling solana-loader-v4-interface v2.2.1
[INFO] [stderr]    Compiling solana-loader-v3-interface v5.0.0
[INFO] [stderr]    Compiling num_enum v0.7.6
[INFO] [stderr]    Compiling solana-program-pack v2.2.1
[INFO] [stderr]    Compiling solana-loader-v2-interface v2.2.1
[INFO] [stderr]    Compiling solana-stable-layout v2.2.1
[INFO] [stderr]    Compiling ephemeral-vrf-sdk-vrf-macro v0.4.1
[INFO] [stderr]    Compiling session-keys-macros-attribute v3.1.1
[INFO] [stderr]    Compiling ephemeral-vrf-sdk v0.4.1
[INFO] [stderr]    Compiling session-keys-macros v3.1.1
[INFO] [stderr]    Compiling arena-state v0.1.0 (/opt/rustwide/workdir/crates/arena-state)
[INFO] [stderr]    Compiling magicblock-magic-program-api v0.10.1
[INFO] [stderr]    Compiling solana-compute-budget v3.1.14
[INFO] [stderr]    Compiling rkyv v0.7.46
[INFO] [stderr]    Compiling ark-bn254 v0.5.0
[INFO] [stderr]    Compiling solana-compute-budget-interface v3.1.0
[INFO] [stderr]    Compiling solana-program v2.3.0
[INFO] [stderr]    Compiling ephemeral-rollups-sdk-attribute-action v0.16.2
[INFO] [stderr]    Compiling ark-bn254 v0.4.0
[INFO] [stderr]    Compiling ephemeral-rollups-sdk-attribute-commit v0.16.2
[INFO] [stderr]    Compiling light-poseidon v0.4.0
[INFO] [stderr]    Compiling solana-bn254 v3.2.1
[INFO] [stderr]    Compiling light-poseidon v0.2.0
[INFO] [stderr]    Compiling ephemeral-rollups-sdk-attribute-delegate v0.16.2
[INFO] [stderr]    Compiling ephemeral-rollups-sdk-attribute-ephemeral v0.16.2
[INFO] [stderr]    Compiling ephemeral-rollups-sdk-attribute-ephemeral-accounts v0.16.2
[INFO] [stderr]    Compiling session-keys v3.1.1
[INFO] [stderr]    Compiling solana-fee v3.1.14
[INFO] [stderr]    Compiling agave-reserved-account-keys v3.1.14
[INFO] [stderr]    Compiling itertools v0.14.0
[INFO] [stderr]    Compiling magicblock-delegation-program-api v3.1.0
[INFO] [stderr]    Compiling ansi_term v0.12.1
[INFO] [stderr]    Compiling solana-poseidon v3.1.14
[INFO] [stderr]    Compiling agave-syscalls v3.1.14
[INFO] [stderr]    Compiling solana-bpf-loader-program v3.1.14
[INFO] [stderr]    Compiling solana-zk-token-proof-program v3.1.14
[INFO] [stderr]    Compiling solana-zk-elgamal-proof-program v3.1.14
[INFO] [stderr]    Compiling ephemeral-rollups-sdk v0.16.2
[INFO] [stderr]    Compiling solana-loader-v4-program v3.1.14
[INFO] [stderr]    Compiling solana-builtins-default-costs v3.1.14
[INFO] [stderr]    Compiling solana-builtins v3.1.14
[INFO] [stderr]    Compiling solana-compute-budget-instruction v3.1.14
[INFO] [stderr]    Compiling litesvm v0.11.0
[INFO] [stderr]    Compiling bulls-arena v0.1.0 (/opt/rustwide/workdir/programs/bulls-arena)
[INFO] [stdout] warning: unexpected `cfg` condition value: `custom-heap`
[INFO] [stdout]     --> programs/bulls-arena/src/lib.rs:1616:1
[INFO] [stdout]      |
[INFO] [stdout] 1616 | #[program]
[INFO] [stdout]      | ^^^^^^^^^^
[INFO] [stdout]      |
[INFO] [stdout]      = note: expected values for `feature` are: `bench`, `cpi`, `default`, `idl-build`, `no-entrypoint`, `no-idl`, and `no-log-ix-name`
[INFO] [stdout]      = note: using a cfg inside a macro will use the cfgs from the destination crate and not the ones from the defining crate
[INFO] [stdout]      = help: try referring to `$crate::custom_heap_default` crate for guidance on how handle this unexpected cfg
[INFO] [stdout]      = note: see <https://doc.rust-lang.org/nightly/rustc/check-cfg/cargo-specifics.html> for more information about checking conditional configuration
[INFO] [stdout]      = note: `#[warn(unexpected_cfgs)]` on by default
[INFO] [stdout]      = note: this warning originates in the macro `$crate::custom_heap_default` which comes from the expansion of the attribute macro `program` (in Nightly builds, run with -Z macro-backtrace for more info)
[INFO] [stdout] 
[INFO] [stdout] 
[INFO] [stdout] warning: unexpected `cfg` condition value: `solana`
[INFO] [stdout]     --> programs/bulls-arena/src/lib.rs:1616:1
[INFO] [stdout]      |
[INFO] [stdout] 1616 | #[program]
[INFO] [stdout]      | ^^^^^^^^^^
[INFO] [stdout]      |
[INFO] [stdout]      = note: expected values for `target_os` are: `aix`, `amdhsa`, `android`, `cuda`, `cygwin`, `dragonfly`, `emscripten`, `espidf`, `freebsd`, `fuchsia`, `haiku`, `helenos`, `hermit`, `horizon`, `hurd`, `illumos`, `ios`, `l4re`, `linux`, `lynxos178`, `macos`, `managarm`, `motor`, `netbsd`, `none`, `nto`, `nuttx`, `openbsd`, `psp`, `psx`, `qnx`, `qurt`, `redox`, `rtems`, and `solaris` and 15 more
[INFO] [stdout]      = note: using a cfg inside a macro will use the cfgs from the destination crate and not the ones from the defining crate
[INFO] [stdout]      = help: try referring to `$crate::custom_heap_default` crate for guidance on how handle this unexpected cfg
[INFO] [stdout]      = note: see <https://doc.rust-lang.org/nightly/rustc/check-cfg/cargo-specifics.html> for more information about checking conditional configuration
[INFO] [stdout]      = note: this warning originates in the macro `$crate::custom_heap_default` which comes from the expansion of the attribute macro `program` (in Nightly builds, run with -Z macro-backtrace for more info)
[INFO] [stdout] 
[INFO] [stdout] 
[INFO] [stdout] warning: unexpected `cfg` condition value: `custom-panic`
[INFO] [stdout]     --> programs/bulls-arena/src/lib.rs:1616:1
[INFO] [stdout]      |
[INFO] [stdout] 1616 | #[program]
[INFO] [stdout]      | ^^^^^^^^^^
[INFO] [stdout]      |
[INFO] [stdout]      = note: expected values for `feature` are: `bench`, `cpi`, `default`, `idl-build`, `no-entrypoint`, `no-idl`, and `no-log-ix-name`
[INFO] [stdout]      = note: using a cfg inside a macro will use the cfgs from the destination crate and not the ones from the defining crate
[INFO] [stdout]      = help: try referring to `$crate::custom_panic_default` crate for guidance on how handle this unexpected cfg
[INFO] [stdout]      = note: see <https://doc.rust-lang.org/nightly/rustc/check-cfg/cargo-specifics.html> for more information about checking conditional configuration
[INFO] [stdout]      = note: this warning originates in the macro `$crate::custom_panic_default` which comes from the expansion of the attribute macro `program` (in Nightly builds, run with -Z macro-backtrace for more info)
[INFO] [stdout] 
[INFO] [stdout] 
[INFO] [stdout] warning: unexpected `cfg` condition value: `solana`
[INFO] [stdout]     --> programs/bulls-arena/src/lib.rs:1616:1
[INFO] [stdout]      |
[INFO] [stdout] 1616 | #[program]
[INFO] [stdout]      | ^^^^^^^^^^
[INFO] [stdout]      |
[INFO] [stdout]      = note: expected values for `target_os` are: `aix`, `amdhsa`, `android`, `cuda`, `cygwin`, `dragonfly`, `emscripten`, `espidf`, `freebsd`, `fuchsia`, `haiku`, `helenos`, `hermit`, `horizon`, `hurd`, `illumos`, `ios`, `l4re`, `linux`, `lynxos178`, `macos`, `managarm`, `motor`, `netbsd`, `none`, `nto`, `nuttx`, `openbsd`, `psp`, `psx`, `qnx`, `qurt`, `redox`, `rtems`, and `solaris` and 15 more
[INFO] [stdout]      = note: using a cfg inside a macro will use the cfgs from the destination crate and not the ones from the defining crate
[INFO] [stdout]      = help: try referring to `$crate::custom_panic_default` crate for guidance on how handle this unexpected cfg
[INFO] [stdout]      = note: see <https://doc.rust-lang.org/nightly/rustc/check-cfg/cargo-specifics.html> for more information about checking conditional configuration
[INFO] [stdout]      = note: this warning originates in the macro `$crate::custom_panic_default` which comes from the expansion of the attribute macro `program` (in Nightly builds, run with -Z macro-backtrace for more info)
[INFO] [stdout] 
[INFO] [stdout] 
[INFO] [stdout] warning: unexpected `cfg` condition value: `anchor-debug`
[INFO] [stdout]     --> programs/bulls-arena/src/lib.rs:1616:1
[INFO] [stdout]      |
[INFO] [stdout] 1616 | #[program]
[INFO] [stdout]      | ^^^^^^^^^^
[INFO] [stdout]      |
[INFO] [stdout]      = note: expected values for `feature` are: `bench`, `cpi`, `default`, `idl-build`, `no-entrypoint`, `no-idl`, and `no-log-ix-name`
[INFO] [stdout]      = note: using a cfg inside a attribute macro will use the cfgs from the destination crate and not the ones from the defining crate
[INFO] [stdout]      = help: try referring to `program` crate for guidance on how handle this unexpected cfg
[INFO] [stdout]      = note: see <https://doc.rust-lang.org/nightly/rustc/check-cfg/cargo-specifics.html> for more information about checking conditional configuration
[INFO] [stdout]      = note: this warning originates in the attribute macro `program` (in Nightly builds, run with -Z macro-backtrace for more info)
[INFO] [stdout] 
[INFO] [stdout] 
[INFO] [stdout] warning: unexpected `cfg` condition value: `anchor-debug`
[INFO] [stdout]     --> programs/bulls-arena/src/lib.rs:1615:1
[INFO] [stdout]      |
[INFO] [stdout] 1615 | #[ephemeral]
[INFO] [stdout]      | ^^^^^^^^^^^^
[INFO] [stdout]      |
[INFO] [stdout]      = note: expected values for `feature` are: `bench`, `cpi`, `default`, `idl-build`, `no-entrypoint`, `no-idl`, and `no-log-ix-name`
[INFO] [stdout]      = note: using a cfg inside a derive macro will use the cfgs from the destination crate and not the ones from the defining crate
[INFO] [stdout]      = help: try referring to `Accounts` crate for guidance on how handle this unexpected cfg
[INFO] [stdout]      = note: see <https://doc.rust-lang.org/nightly/rustc/check-cfg/cargo-specifics.html> for more information about checking conditional configuration
[INFO] [stdout]      = note: this warning originates in the derive macro `Accounts` (in Nightly builds, run with -Z macro-backtrace for more info)
[INFO] [stdout] 
[INFO] [stdout] 
[INFO] [stdout] warning: unexpected `cfg` condition value: `anchor-debug`
[INFO] [stdout]     --> programs/bulls-arena/src/lib.rs:2731:10
[INFO] [stdout]      |
[INFO] [stdout] 2731 | #[derive(Accounts)]
[INFO] [stdout]      |          ^^^^^^^^
[INFO] [stdout]      |
[INFO] [stdout]      = note: expected values for `feature` are: `bench`, `cpi`, `default`, `idl-build`, `no-entrypoint`, `no-idl`, and `no-log-ix-name`
[INFO] [stdout]      = note: using a cfg inside a derive macro will use the cfgs from the destination crate and not the ones from the defining crate
[INFO] [stdout]      = help: try referring to `Accounts` crate for guidance on how handle this unexpected cfg
[INFO] [stdout]      = note: see <https://doc.rust-lang.org/nightly/rustc/check-cfg/cargo-specifics.html> for more information about checking conditional configuration
[INFO] [stdout]      = note: this warning originates in the derive macro `Accounts` (in Nightly builds, run with -Z macro-backtrace for more info)
[INFO] [stdout] 
[INFO] [stdout] 
[INFO] [stdout] warning: unexpected `cfg` condition value: `anchor-debug`
[INFO] [stdout]     --> programs/bulls-arena/src/lib.rs:2742:10
[INFO] [stdout]      |
[INFO] [stdout] 2742 | #[derive(Accounts)]
[INFO] [stdout]      |          ^^^^^^^^
[INFO] [stdout]      |
[INFO] [stdout]      = note: expected values for `feature` are: `bench`, `cpi`, `default`, `idl-build`, `no-entrypoint`, `no-idl`, and `no-log-ix-name`
[INFO] [stdout]      = note: using a cfg inside a derive macro will use the cfgs from the destination crate and not the ones from the defining crate
[INFO] [stdout]      = help: try referring to `Accounts` crate for guidance on how handle this unexpected cfg
[INFO] [stdout]      = note: see <https://doc.rust-lang.org/nightly/rustc/check-cfg/cargo-specifics.html> for more information about checking conditional configuration
[INFO] [stdout]      = note: this warning originates in the derive macro `Accounts` (in Nightly builds, run with -Z macro-backtrace for more info)
[INFO] [stdout] 
[INFO] [stdout] 
[INFO] [stdout] warning: unexpected `cfg` condition value: `anchor-debug`
[INFO] [stdout]     --> programs/bulls-arena/src/lib.rs:2749:10
[INFO] [stdout]      |
[INFO] [stdout] 2749 | #[derive(Accounts)]
[INFO] [stdout]      |          ^^^^^^^^
[INFO] [stdout]      |
[INFO] [stdout]      = note: expected values for `feature` are: `bench`, `cpi`, `default`, `idl-build`, `no-entrypoint`, `no-idl`, and `no-log-ix-name`
[INFO] [stdout]      = note: using a cfg inside a derive macro will use the cfgs from the destination crate and not the ones from the defining crate
[INFO] [stdout]      = help: try referring to `Accounts` crate for guidance on how handle this unexpected cfg
[INFO] [stdout]      = note: see <https://doc.rust-lang.org/nightly/rustc/check-cfg/cargo-specifics.html> for more information about checking conditional configuration
[INFO] [stdout]      = note: this warning originates in the derive macro `Accounts` (in Nightly builds, run with -Z macro-backtrace for more info)
[INFO] [stdout] 
[INFO] [stdout] 
[INFO] [stdout] warning: unexpected `cfg` condition value: `anchor-debug`
[INFO] [stdout]     --> programs/bulls-arena/src/lib.rs:2803:10
[INFO] [stdout]      |
[INFO] [stdout] 2803 | #[derive(Accounts)]
[INFO] [stdout]      |          ^^^^^^^^
[INFO] [stdout]      |
[INFO] [stdout]      = note: expected values for `feature` are: `bench`, `cpi`, `default`, `idl-build`, `no-entrypoint`, `no-idl`, and `no-log-ix-name`
[INFO] [stdout]      = note: using a cfg inside a derive macro will use the cfgs from the destination crate and not the ones from the defining crate
[INFO] [stdout]      = help: try referring to `Accounts` crate for guidance on how handle this unexpected cfg
[INFO] [stdout]      = note: see <https://doc.rust-lang.org/nightly/rustc/check-cfg/cargo-specifics.html> for more information about checking conditional configuration
[INFO] [stdout]      = note: this warning originates in the derive macro `Accounts` (in Nightly builds, run with -Z macro-backtrace for more info)
[INFO] [stdout] 
[INFO] [stdout] 
[INFO] [stdout] warning: unexpected `cfg` condition value: `anchor-debug`
[INFO] [stdout]     --> programs/bulls-arena/src/lib.rs:2894:10
[INFO] [stdout]      |
[INFO] [stdout] 2894 | #[derive(Accounts)]
[INFO] [stdout]      |          ^^^^^^^^
[INFO] [stdout]      |
[INFO] [stdout]      = note: expected values for `feature` are: `bench`, `cpi`, `default`, `idl-build`, `no-entrypoint`, `no-idl`, and `no-log-ix-name`
[INFO] [stdout]      = note: using a cfg inside a derive macro will use the cfgs from the destination crate and not the ones from the defining crate
[INFO] [stdout]      = help: try referring to `Accounts` crate for guidance on how handle this unexpected cfg
[INFO] [stdout]      = note: see <https://doc.rust-lang.org/nightly/rustc/check-cfg/cargo-specifics.html> for more information about checking conditional configuration
[INFO] [stdout]      = note: this warning originates in the derive macro `Accounts` (in Nightly builds, run with -Z macro-backtrace for more info)
[INFO] [stdout] 
[INFO] [stdout] 
[INFO] [stdout] warning: unexpected `cfg` condition value: `anchor-debug`
[INFO] [stdout]     --> programs/bulls-arena/src/lib.rs:2906:10
[INFO] [stdout]      |
[INFO] [stdout] 2906 | #[derive(Accounts)]
[INFO] [stdout]      |          ^^^^^^^^
[INFO] [stdout]      |
[INFO] [stdout]      = note: expected values for `feature` are: `bench`, `cpi`, `default`, `idl-build`, `no-entrypoint`, `no-idl`, and `no-log-ix-name`
[INFO] [stdout]      = note: using a cfg inside a derive macro will use the cfgs from the destination crate and not the ones from the defining crate
[INFO] [stdout]      = help: try referring to `Accounts` crate for guidance on how handle this unexpected cfg
[INFO] [stdout]      = note: see <https://doc.rust-lang.org/nightly/rustc/check-cfg/cargo-specifics.html> for more information about checking conditional configuration
[INFO] [stdout]      = note: this warning originates in the derive macro `Accounts` (in Nightly builds, run with -Z macro-backtrace for more info)
[INFO] [stdout] 
[INFO] [stdout] 
[INFO] [stdout] warning: unexpected `cfg` condition value: `anchor-debug`
[INFO] [stdout]     --> programs/bulls-arena/src/lib.rs:2928:10
[INFO] [stdout]      |
[INFO] [stdout] 2928 | #[derive(Accounts)]
[INFO] [stdout]      |          ^^^^^^^^
[INFO] [stdout]      |
[INFO] [stdout]      = note: expected values for `feature` are: `bench`, `cpi`, `default`, `idl-build`, `no-entrypoint`, `no-idl`, and `no-log-ix-name`
[INFO] [stdout]      = note: using a cfg inside a derive macro will use the cfgs from the destination crate and not the ones from the defining crate
[INFO] [stdout]      = help: try referring to `Accounts` crate for guidance on how handle this unexpected cfg
[INFO] [stdout]      = note: see <https://doc.rust-lang.org/nightly/rustc/check-cfg/cargo-specifics.html> for more information about checking conditional configuration
[INFO] [stdout]      = note: this warning originates in the derive macro `Accounts` (in Nightly builds, run with -Z macro-backtrace for more info)
[INFO] [stdout] 
[INFO] [stdout] 
[INFO] [stdout] warning: unexpected `cfg` condition value: `anchor-debug`
[INFO] [stdout]     --> programs/bulls-arena/src/lib.rs:2942:10
[INFO] [stdout]      |
[INFO] [stdout] 2942 | #[derive(Accounts, Session)]
[INFO] [stdout]      |          ^^^^^^^^
[INFO] [stdout]      |
[INFO] [stdout]      = note: expected values for `feature` are: `bench`, `cpi`, `default`, `idl-build`, `no-entrypoint`, `no-idl`, and `no-log-ix-name`
[INFO] [stdout]      = note: using a cfg inside a derive macro will use the cfgs from the destination crate and not the ones from the defining crate
[INFO] [stdout]      = help: try referring to `Accounts` crate for guidance on how handle this unexpected cfg
[INFO] [stdout]      = note: see <https://doc.rust-lang.org/nightly/rustc/check-cfg/cargo-specifics.html> for more information about checking conditional configuration
[INFO] [stdout]      = note: this warning originates in the derive macro `Accounts` (in Nightly builds, run with -Z macro-backtrace for more info)
[INFO] [stdout] 
[INFO] [stdout] 
[INFO] [stdout] warning: unexpected `cfg` condition value: `anchor-debug`
[INFO] [stdout]     --> programs/bulls-arena/src/lib.rs:2973:10
[INFO] [stdout]      |
[INFO] [stdout] 2973 | #[derive(Accounts)]
[INFO] [stdout]      |          ^^^^^^^^
[INFO] [stdout]      |
[INFO] [stdout]      = note: expected values for `feature` are: `bench`, `cpi`, `default`, `idl-build`, `no-entrypoint`, `no-idl`, and `no-log-ix-name`
[INFO] [stdout]      = note: using a cfg inside a derive macro will use the cfgs from the destination crate and not the ones from the defining crate
[INFO] [stdout]      = help: try referring to `Accounts` crate for guidance on how handle this unexpected cfg
[INFO] [stdout]      = note: see <https://doc.rust-lang.org/nightly/rustc/check-cfg/cargo-specifics.html> for more information about checking conditional configuration
[INFO] [stdout]      = note: this warning originates in the derive macro `Accounts` (in Nightly builds, run with -Z macro-backtrace for more info)
[INFO] [stdout] 
[INFO] [stdout] 
[INFO] [stdout] warning: unexpected `cfg` condition value: `anchor-debug`
[INFO] [stdout]     --> programs/bulls-arena/src/lib.rs:2988:10
[INFO] [stdout]      |
[INFO] [stdout] 2988 | #[derive(Accounts, Session)]
[INFO] [stdout]      |          ^^^^^^^^
[INFO] [stdout]      |
[INFO] [stdout]      = note: expected values for `feature` are: `bench`, `cpi`, `default`, `idl-build`, `no-entrypoint`, `no-idl`, and `no-log-ix-name`
[INFO] [stdout]      = note: using a cfg inside a derive macro will use the cfgs from the destination crate and not the ones from the defining crate
[INFO] [stdout]      = help: try referring to `Accounts` crate for guidance on how handle this unexpected cfg
[INFO] [stdout]      = note: see <https://doc.rust-lang.org/nightly/rustc/check-cfg/cargo-specifics.html> for more information about checking conditional configuration
[INFO] [stdout]      = note: this warning originates in the derive macro `Accounts` (in Nightly builds, run with -Z macro-backtrace for more info)
[INFO] [stdout] 
[INFO] [stdout] 
[INFO] [stdout] warning: unexpected `cfg` condition value: `anchor-debug`
[INFO] [stdout]     --> programs/bulls-arena/src/lib.rs:3035:10
[INFO] [stdout]      |
[INFO] [stdout] 3035 | #[derive(Accounts)]
[INFO] [stdout]      |          ^^^^^^^^
[INFO] [stdout]      |
[INFO] [stdout]      = note: expected values for `feature` are: `bench`, `cpi`, `default`, `idl-build`, `no-entrypoint`, `no-idl`, and `no-log-ix-name`
[INFO] [stdout]      = note: using a cfg inside a derive macro will use the cfgs from the destination crate and not the ones from the defining crate
[INFO] [stdout]      = help: try referring to `Accounts` crate for guidance on how handle this unexpected cfg
[INFO] [stdout]      = note: see <https://doc.rust-lang.org/nightly/rustc/check-cfg/cargo-specifics.html> for more information about checking conditional configuration
[INFO] [stdout]      = note: this warning originates in the derive macro `Accounts` (in Nightly builds, run with -Z macro-backtrace for more info)
[INFO] [stdout] 
[INFO] [stdout] 
[INFO] [stdout] warning: unexpected `cfg` condition value: `anchor-debug`
[INFO] [stdout]     --> programs/bulls-arena/src/lib.rs:3055:10
[INFO] [stdout]      |
[INFO] [stdout] 3055 | #[derive(Accounts)]
[INFO] [stdout]      |          ^^^^^^^^
[INFO] [stdout]      |
[INFO] [stdout]      = note: expected values for `feature` are: `bench`, `cpi`, `default`, `idl-build`, `no-entrypoint`, `no-idl`, and `no-log-ix-name`
[INFO] [stdout]      = note: using a cfg inside a derive macro will use the cfgs from the destination crate and not the ones from the defining crate
[INFO] [stdout]      = help: try referring to `Accounts` crate for guidance on how handle this unexpected cfg
[INFO] [stdout]      = note: see <https://doc.rust-lang.org/nightly/rustc/check-cfg/cargo-specifics.html> for more information about checking conditional configuration
[INFO] [stdout]      = note: this warning originates in the derive macro `Accounts` (in Nightly builds, run with -Z macro-backtrace for more info)
[INFO] [stdout] 
[INFO] [stdout] 
[INFO] [stdout] warning: unexpected `cfg` condition value: `anchor-debug`
[INFO] [stdout]     --> programs/bulls-arena/src/lib.rs:3063:10
[INFO] [stdout]      |
[INFO] [stdout] 3063 | #[derive(Accounts)]
[INFO] [stdout]      |          ^^^^^^^^
[INFO] [stdout]      |
[INFO] [stdout]      = note: expected values for `feature` are: `bench`, `cpi`, `default`, `idl-build`, `no-entrypoint`, `no-idl`, and `no-log-ix-name`
[INFO] [stdout]      = note: using a cfg inside a derive macro will use the cfgs from the destination crate and not the ones from the defining crate
[INFO] [stdout]      = help: try referring to `Accounts` crate for guidance on how handle this unexpected cfg
[INFO] [stdout]      = note: see <https://doc.rust-lang.org/nightly/rustc/check-cfg/cargo-specifics.html> for more information about checking conditional configuration
[INFO] [stdout]      = note: this warning originates in the derive macro `Accounts` (in Nightly builds, run with -Z macro-backtrace for more info)
[INFO] [stdout] 
[INFO] [stdout] 
[INFO] [stdout] warning: unexpected `cfg` condition value: `custom-heap`
[INFO] [stdout]     --> programs/bulls-arena/src/lib.rs:1616:1
[INFO] [stdout]      |
[INFO] [stdout] 1616 | #[program]
[INFO] [stdout]      | ^^^^^^^^^^
[INFO] [stdout]      |
[INFO] [stdout]      = note: expected values for `feature` are: `bench`, `cpi`, `default`, `idl-build`, `no-entrypoint`, `no-idl`, and `no-log-ix-name`
[INFO] [stdout]      = note: using a cfg inside a macro will use the cfgs from the destination crate and not the ones from the defining crate
[INFO] [stdout]      = help: try referring to `$crate::custom_heap_default` crate for guidance on how handle this unexpected cfg
[INFO] [stdout]      = note: see <https://doc.rust-lang.org/nightly/rustc/check-cfg/cargo-specifics.html> for more information about checking conditional configuration
[INFO] [stdout]      = note: `#[warn(unexpected_cfgs)]` on by default
[INFO] [stdout]      = note: this warning originates in the macro `$crate::custom_heap_default` which comes from the expansion of the attribute macro `program` (in Nightly builds, run with -Z macro-backtrace for more info)
[INFO] [stdout] 
[INFO] [stdout] 
[INFO] [stdout] warning: unexpected `cfg` condition value: `solana`
[INFO] [stdout]     --> programs/bulls-arena/src/lib.rs:1616:1
[INFO] [stdout]      |
[INFO] [stdout] 1616 | #[program]
[INFO] [stdout]      | ^^^^^^^^^^
[INFO] [stdout]      |
[INFO] [stdout]      = note: expected values for `target_os` are: `aix`, `amdhsa`, `android`, `cuda`, `cygwin`, `dragonfly`, `emscripten`, `espidf`, `freebsd`, `fuchsia`, `haiku`, `helenos`, `hermit`, `horizon`, `hurd`, `illumos`, `ios`, `l4re`, `linux`, `lynxos178`, `macos`, `managarm`, `motor`, `netbsd`, `none`, `nto`, `nuttx`, `openbsd`, `psp`, `psx`, `qnx`, `qurt`, `redox`, `rtems`, and `solaris` and 15 more
[INFO] [stdout]      = note: using a cfg inside a macro will use the cfgs from the destination crate and not the ones from the defining crate
[INFO] [stdout]      = help: try referring to `$crate::custom_heap_default` crate for guidance on how handle this unexpected cfg
[INFO] [stdout]      = note: see <https://doc.rust-lang.org/nightly/rustc/check-cfg/cargo-specifics.html> for more information about checking conditional configuration
[INFO] [stdout]      = note: this warning originates in the macro `$crate::custom_heap_default` which comes from the expansion of the attribute macro `program` (in Nightly builds, run with -Z macro-backtrace for more info)
[INFO] [stdout] 
[INFO] [stdout] 
[INFO] [stdout] warning: unexpected `cfg` condition value: `custom-panic`
[INFO] [stdout]     --> programs/bulls-arena/src/lib.rs:1616:1
[INFO] [stdout]      |
[INFO] [stdout] 1616 | #[program]
[INFO] [stdout]      | ^^^^^^^^^^
[INFO] [stdout]      |
[INFO] [stdout]      = note: expected values for `feature` are: `bench`, `cpi`, `default`, `idl-build`, `no-entrypoint`, `no-idl`, and `no-log-ix-name`
[INFO] [stdout]      = note: using a cfg inside a macro will use the cfgs from the destination crate and not the ones from the defining crate
[INFO] [stdout]      = help: try referring to `$crate::custom_panic_default` crate for guidance on how handle this unexpected cfg
[INFO] [stdout]      = note: see <https://doc.rust-lang.org/nightly/rustc/check-cfg/cargo-specifics.html> for more information about checking conditional configuration
[INFO] [stdout]      = note: this warning originates in the macro `$crate::custom_panic_default` which comes from the expansion of the attribute macro `program` (in Nightly builds, run with -Z macro-backtrace for more info)
[INFO] [stdout] 
[INFO] [stdout] 
[INFO] [stdout] warning: unexpected `cfg` condition value: `solana`
[INFO] [stdout]     --> programs/bulls-arena/src/lib.rs:1616:1
[INFO] [stdout]      |
[INFO] [stdout] 1616 | #[program]
[INFO] [stdout]      | ^^^^^^^^^^
[INFO] [stdout]      |
[INFO] [stdout]      = note: expected values for `target_os` are: `aix`, `amdhsa`, `android`, `cuda`, `cygwin`, `dragonfly`, `emscripten`, `espidf`, `freebsd`, `fuchsia`, `haiku`, `helenos`, `hermit`, `horizon`, `hurd`, `illumos`, `ios`, `l4re`, `linux`, `lynxos178`, `macos`, `managarm`, `motor`, `netbsd`, `none`, `nto`, `nuttx`, `openbsd`, `psp`, `psx`, `qnx`, `qurt`, `redox`, `rtems`, and `solaris` and 15 more
[INFO] [stdout]      = note: using a cfg inside a macro will use the cfgs from the destination crate and not the ones from the defining crate
[INFO] [stdout]      = help: try referring to `$crate::custom_panic_default` crate for guidance on how handle this unexpected cfg
[INFO] [stdout]      = note: see <https://doc.rust-lang.org/nightly/rustc/check-cfg/cargo-specifics.html> for more information about checking conditional configuration
[INFO] [stdout]      = note: this warning originates in the macro `$crate::custom_panic_default` which comes from the expansion of the attribute macro `program` (in Nightly builds, run with -Z macro-backtrace for more info)
[INFO] [stdout] 
[INFO] [stdout] 
[INFO] [stdout] warning: unexpected `cfg` condition value: `anchor-debug`
[INFO] [stdout]     --> programs/bulls-arena/src/lib.rs:1616:1
[INFO] [stdout]      |
[INFO] [stdout] 1616 | #[program]
[INFO] [stdout]      | ^^^^^^^^^^
[INFO] [stdout]      |
[INFO] [stdout]      = note: expected values for `feature` are: `bench`, `cpi`, `default`, `idl-build`, `no-entrypoint`, `no-idl`, and `no-log-ix-name`
[INFO] [stdout]      = note: using a cfg inside a attribute macro will use the cfgs from the destination crate and not the ones from the defining crate
[INFO] [stdout]      = help: try referring to `program` crate for guidance on how handle this unexpected cfg
[INFO] [stdout]      = note: see <https://doc.rust-lang.org/nightly/rustc/check-cfg/cargo-specifics.html> for more information about checking conditional configuration
[INFO] [stdout]      = note: this warning originates in the attribute macro `program` (in Nightly builds, run with -Z macro-backtrace for more info)
[INFO] [stdout] 
[INFO] [stdout] 
[INFO] [stdout] warning: unexpected `cfg` condition value: `anchor-debug`
[INFO] [stdout]     --> programs/bulls-arena/src/lib.rs:1615:1
[INFO] [stdout]      |
[INFO] [stdout] 1615 | #[ephemeral]
[INFO] [stdout]      | ^^^^^^^^^^^^
[INFO] [stdout]      |
[INFO] [stdout]      = note: expected values for `feature` are: `bench`, `cpi`, `default`, `idl-build`, `no-entrypoint`, `no-idl`, and `no-log-ix-name`
[INFO] [stdout]      = note: using a cfg inside a derive macro will use the cfgs from the destination crate and not the ones from the defining crate
[INFO] [stdout]      = help: try referring to `Accounts` crate for guidance on how handle this unexpected cfg
[INFO] [stdout]      = note: see <https://doc.rust-lang.org/nightly/rustc/check-cfg/cargo-specifics.html> for more information about checking conditional configuration
[INFO] [stdout]      = note: this warning originates in the derive macro `Accounts` (in Nightly builds, run with -Z macro-backtrace for more info)
[INFO] [stdout] 
[INFO] [stdout] 
[INFO] [stdout] warning: unexpected `cfg` condition value: `anchor-debug`
[INFO] [stdout]     --> programs/bulls-arena/src/lib.rs:2731:10
[INFO] [stdout]      |
[INFO] [stdout] 2731 | #[derive(Accounts)]
[INFO] [stdout]      |          ^^^^^^^^
[INFO] [stdout]      |
[INFO] [stdout]      = note: expected values for `feature` are: `bench`, `cpi`, `default`, `idl-build`, `no-entrypoint`, `no-idl`, and `no-log-ix-name`
[INFO] [stdout]      = note: using a cfg inside a derive macro will use the cfgs from the destination crate and not the ones from the defining crate
[INFO] [stdout]      = help: try referring to `Accounts` crate for guidance on how handle this unexpected cfg
[INFO] [stdout]      = note: see <https://doc.rust-lang.org/nightly/rustc/check-cfg/cargo-specifics.html> for more information about checking conditional configuration
[INFO] [stdout]      = note: this warning originates in the derive macro `Accounts` (in Nightly builds, run with -Z macro-backtrace for more info)
[INFO] [stdout] 
[INFO] [stdout] 
[INFO] [stdout] warning: unexpected `cfg` condition value: `anchor-debug`
[INFO] [stdout]     --> programs/bulls-arena/src/lib.rs:2742:10
[INFO] [stdout]      |
[INFO] [stdout] 2742 | #[derive(Accounts)]
[INFO] [stdout]      |          ^^^^^^^^
[INFO] [stdout]      |
[INFO] [stdout]      = note: expected values for `feature` are: `bench`, `cpi`, `default`, `idl-build`, `no-entrypoint`, `no-idl`, and `no-log-ix-name`
[INFO] [stdout]      = note: using a cfg inside a derive macro will use the cfgs from the destination crate and not the ones from the defining crate
[INFO] [stdout]      = help: try referring to `Accounts` crate for guidance on how handle this unexpected cfg
[INFO] [stdout]      = note: see <https://doc.rust-lang.org/nightly/rustc/check-cfg/cargo-specifics.html> for more information about checking conditional configuration
[INFO] [stdout]      = note: this warning originates in the derive macro `Accounts` (in Nightly builds, run with -Z macro-backtrace for more info)
[INFO] [stdout] 
[INFO] [stdout] 
[INFO] [stdout] warning: unexpected `cfg` condition value: `anchor-debug`
[INFO] [stdout]     --> programs/bulls-arena/src/lib.rs:2749:10
[INFO] [stdout]      |
[INFO] [stdout] 2749 | #[derive(Accounts)]
[INFO] [stdout]      |          ^^^^^^^^
[INFO] [stdout]      |
[INFO] [stdout]      = note: expected values for `feature` are: `bench`, `cpi`, `default`, `idl-build`, `no-entrypoint`, `no-idl`, and `no-log-ix-name`
[INFO] [stdout]      = note: using a cfg inside a derive macro will use the cfgs from the destination crate and not the ones from the defining crate
[INFO] [stdout]      = help: try referring to `Accounts` crate for guidance on how handle this unexpected cfg
[INFO] [stdout]      = note: see <https://doc.rust-lang.org/nightly/rustc/check-cfg/cargo-specifics.html> for more information about checking conditional configuration
[INFO] [stdout]      = note: this warning originates in the derive macro `Accounts` (in Nightly builds, run with -Z macro-backtrace for more info)
[INFO] [stdout] 
[INFO] [stdout] 
[INFO] [stdout] warning: unexpected `cfg` condition value: `anchor-debug`
[INFO] [stdout]     --> programs/bulls-arena/src/lib.rs:2803:10
[INFO] [stdout]      |
[INFO] [stdout] 2803 | #[derive(Accounts)]
[INFO] [stdout]      |          ^^^^^^^^
[INFO] [stdout]      |
[INFO] [stdout]      = note: expected values for `feature` are: `bench`, `cpi`, `default`, `idl-build`, `no-entrypoint`, `no-idl`, and `no-log-ix-name`
[INFO] [stdout]      = note: using a cfg inside a derive macro will use the cfgs from the destination crate and not the ones from the defining crate
[INFO] [stdout]      = help: try referring to `Accounts` crate for guidance on how handle this unexpected cfg
[INFO] [stdout]      = note: see <https://doc.rust-lang.org/nightly/rustc/check-cfg/cargo-specifics.html> for more information about checking conditional configuration
[INFO] [stdout]      = note: this warning originates in the derive macro `Accounts` (in Nightly builds, run with -Z macro-backtrace for more info)
[INFO] [stdout] 
[INFO] [stdout] 
[INFO] [stdout] warning: unexpected `cfg` condition value: `anchor-debug`
[INFO] [stdout]     --> programs/bulls-arena/src/lib.rs:2894:10
[INFO] [stdout]      |
[INFO] [stdout] 2894 | #[derive(Accounts)]
[INFO] [stdout]      |          ^^^^^^^^
[INFO] [stdout]      |
[INFO] [stdout]      = note: expected values for `feature` are: `bench`, `cpi`, `default`, `idl-build`, `no-entrypoint`, `no-idl`, and `no-log-ix-name`
[INFO] [stdout]      = note: using a cfg inside a derive macro will use the cfgs from the destination crate and not the ones from the defining crate
[INFO] [stdout]      = help: try referring to `Accounts` crate for guidance on how handle this unexpected cfg
[INFO] [stdout]      = note: see <https://doc.rust-lang.org/nightly/rustc/check-cfg/cargo-specifics.html> for more information about checking conditional configuration
[INFO] [stdout]      = note: this warning originates in the derive macro `Accounts` (in Nightly builds, run with -Z macro-backtrace for more info)
[INFO] [stdout] 
[INFO] [stdout] 
[INFO] [stdout] warning: unexpected `cfg` condition value: `anchor-debug`
[INFO] [stdout]     --> programs/bulls-arena/src/lib.rs:2906:10
[INFO] [stdout]      |
[INFO] [stdout] 2906 | #[derive(Accounts)]
[INFO] [stdout]      |          ^^^^^^^^
[INFO] [stdout]      |
[INFO] [stdout]      = note: expected values for `feature` are: `bench`, `cpi`, `default`, `idl-build`, `no-entrypoint`, `no-idl`, and `no-log-ix-name`
[INFO] [stdout]      = note: using a cfg inside a derive macro will use the cfgs from the destination crate and not the ones from the defining crate
[INFO] [stdout]      = help: try referring to `Accounts` crate for guidance on how handle this unexpected cfg
[INFO] [stdout]      = note: see <https://doc.rust-lang.org/nightly/rustc/check-cfg/cargo-specifics.html> for more information about checking conditional configuration
[INFO] [stdout]      = note: this warning originates in the derive macro `Accounts` (in Nightly builds, run with -Z macro-backtrace for more info)
[INFO] [stdout] 
[INFO] [stdout] 
[INFO] [stdout] warning: unexpected `cfg` condition value: `anchor-debug`
[INFO] [stdout]     --> programs/bulls-arena/src/lib.rs:2928:10
[INFO] [stdout]      |
[INFO] [stdout] 2928 | #[derive(Accounts)]
[INFO] [stdout]      |          ^^^^^^^^
[INFO] [stdout]      |
[INFO] [stdout]      = note: expected values for `feature` are: `bench`, `cpi`, `default`, `idl-build`, `no-entrypoint`, `no-idl`, and `no-log-ix-name`
[INFO] [stdout]      = note: using a cfg inside a derive macro will use the cfgs from the destination crate and not the ones from the defining crate
[INFO] [stdout]      = help: try referring to `Accounts` crate for guidance on how handle this unexpected cfg
[INFO] [stdout]      = note: see <https://doc.rust-lang.org/nightly/rustc/check-cfg/cargo-specifics.html> for more information about checking conditional configuration
[INFO] [stdout]      = note: this warning originates in the derive macro `Accounts` (in Nightly builds, run with -Z macro-backtrace for more info)
[INFO] [stdout] 
[INFO] [stdout] 
[INFO] [stdout] warning: unexpected `cfg` condition value: `anchor-debug`
[INFO] [stdout]     --> programs/bulls-arena/src/lib.rs:2942:10
[INFO] [stdout]      |
[INFO] [stdout] 2942 | #[derive(Accounts, Session)]
[INFO] [stdout]      |          ^^^^^^^^
[INFO] [stdout]      |
[INFO] [stdout]      = note: expected values for `feature` are: `bench`, `cpi`, `default`, `idl-build`, `no-entrypoint`, `no-idl`, and `no-log-ix-name`
[INFO] [stdout]      = note: using a cfg inside a derive macro will use the cfgs from the destination crate and not the ones from the defining crate
[INFO] [stdout]      = help: try referring to `Accounts` crate for guidance on how handle this unexpected cfg
[INFO] [stdout]      = note: see <https://doc.rust-lang.org/nightly/rustc/check-cfg/cargo-specifics.html> for more information about checking conditional configuration
[INFO] [stdout]      = note: this warning originates in the derive macro `Accounts` (in Nightly builds, run with -Z macro-backtrace for more info)
[INFO] [stdout] 
[INFO] [stdout] 
[INFO] [stdout] warning: unexpected `cfg` condition value: `anchor-debug`
[INFO] [stdout]     --> programs/bulls-arena/src/lib.rs:2973:10
[INFO] [stdout]      |
[INFO] [stdout] 2973 | #[derive(Accounts)]
[INFO] [stdout]      |          ^^^^^^^^
[INFO] [stdout]      |
[INFO] [stdout]      = note: expected values for `feature` are: `bench`, `cpi`, `default`, `idl-build`, `no-entrypoint`, `no-idl`, and `no-log-ix-name`
[INFO] [stdout]      = note: using a cfg inside a derive macro will use the cfgs from the destination crate and not the ones from the defining crate
[INFO] [stdout]      = help: try referring to `Accounts` crate for guidance on how handle this unexpected cfg
[INFO] [stdout]      = note: see <https://doc.rust-lang.org/nightly/rustc/check-cfg/cargo-specifics.html> for more information about checking conditional configuration
[INFO] [stdout]      = note: this warning originates in the derive macro `Accounts` (in Nightly builds, run with -Z macro-backtrace for more info)
[INFO] [stdout] 
[INFO] [stdout] 
[INFO] [stdout] warning: unexpected `cfg` condition value: `anchor-debug`
[INFO] [stdout]     --> programs/bulls-arena/src/lib.rs:2988:10
[INFO] [stdout]      |
[INFO] [stdout] 2988 | #[derive(Accounts, Session)]
[INFO] [stdout]      |          ^^^^^^^^
[INFO] [stdout]      |
[INFO] [stdout]      = note: expected values for `feature` are: `bench`, `cpi`, `default`, `idl-build`, `no-entrypoint`, `no-idl`, and `no-log-ix-name`
[INFO] [stdout]      = note: using a cfg inside a derive macro will use the cfgs from the destination crate and not the ones from the defining crate
[INFO] [stdout]      = help: try referring to `Accounts` crate for guidance on how handle this unexpected cfg
[INFO] [stdout]      = note: see <https://doc.rust-lang.org/nightly/rustc/check-cfg/cargo-specifics.html> for more information about checking conditional configuration
[INFO] [stdout]      = note: this warning originates in the derive macro `Accounts` (in Nightly builds, run with -Z macro-backtrace for more info)
[INFO] [stdout] 
[INFO] [stdout] 
[INFO] [stdout] warning: unexpected `cfg` condition value: `anchor-debug`
[INFO] [stdout]     --> programs/bulls-arena/src/lib.rs:3035:10
[INFO] [stdout]      |
[INFO] [stdout] 3035 | #[derive(Accounts)]
[INFO] [stdout]      |          ^^^^^^^^
[INFO] [stdout]      |
[INFO] [stdout]      = note: expected values for `feature` are: `bench`, `cpi`, `default`, `idl-build`, `no-entrypoint`, `no-idl`, and `no-log-ix-name`
[INFO] [stdout]      = note: using a cfg inside a derive macro will use the cfgs from the destination crate and not the ones from the defining crate
[INFO] [stdout]      = help: try referring to `Accounts` crate for guidance on how handle this unexpected cfg
[INFO] [stdout]      = note: see <https://doc.rust-lang.org/nightly/rustc/check-cfg/cargo-specifics.html> for more information about checking conditional configuration
[INFO] [stdout]      = note: this warning originates in the derive macro `Accounts` (in Nightly builds, run with -Z macro-backtrace for more info)
[INFO] [stdout] 
[INFO] [stdout] 
[INFO] [stdout] warning: unexpected `cfg` condition value: `anchor-debug`
[INFO] [stdout]     --> programs/bulls-arena/src/lib.rs:3055:10
[INFO] [stdout]      |
[INFO] [stdout] 3055 | #[derive(Accounts)]
[INFO] [stdout]      |          ^^^^^^^^
[INFO] [stdout]      |
[INFO] [stdout]      = note: expected values for `feature` are: `bench`, `cpi`, `default`, `idl-build`, `no-entrypoint`, `no-idl`, and `no-log-ix-name`
[INFO] [stdout]      = note: using a cfg inside a derive macro will use the cfgs from the destination crate and not the ones from the defining crate
[INFO] [stdout]      = help: try referring to `Accounts` crate for guidance on how handle this unexpected cfg
[INFO] [stdout]      = note: see <https://doc.rust-lang.org/nightly/rustc/check-cfg/cargo-specifics.html> for more information about checking conditional configuration
[INFO] [stdout]      = note: this warning originates in the derive macro `Accounts` (in Nightly builds, run with -Z macro-backtrace for more info)
[INFO] [stdout] 
[INFO] [stdout] 
[INFO] [stdout] warning: unexpected `cfg` condition value: `anchor-debug`
[INFO] [stdout]     --> programs/bulls-arena/src/lib.rs:3063:10
[INFO] [stdout]      |
[INFO] [stdout] 3063 | #[derive(Accounts)]
[INFO] [stdout]      |          ^^^^^^^^
[INFO] [stdout]      |
[INFO] [stdout]      = note: expected values for `feature` are: `bench`, `cpi`, `default`, `idl-build`, `no-entrypoint`, `no-idl`, and `no-log-ix-name`
[INFO] [stdout]      = note: using a cfg inside a derive macro will use the cfgs from the destination crate and not the ones from the defining crate
[INFO] [stdout]      = help: try referring to `Accounts` crate for guidance on how handle this unexpected cfg
[INFO] [stdout]      = note: see <https://doc.rust-lang.org/nightly/rustc/check-cfg/cargo-specifics.html> for more information about checking conditional configuration
[INFO] [stdout]      = note: this warning originates in the derive macro `Accounts` (in Nightly builds, run with -Z macro-backtrace for more info)
[INFO] [stdout] 
[INFO] [stdout] 
[INFO] [stderr]     Finished `test` profile [unoptimized + debuginfo] target(s) in 2m 57s
[INFO] running `Command { std: "docker" "inspect" "b33d67c66c80599a34cd93b44c245387d027dfd4850b16857bf5df07a170d1ef", kill_on_drop: false }`
[INFO] running `Command { std: "docker" "exec" "-e" "SOURCE_DIR=/opt/rustwide/workdir" "-e" "CARGO_HOME=/opt/rustwide/cargo-home" "-e" "RUSTUP_HOME=/opt/rustwide/rustup-home" "-e" "CARGO_TARGET_DIR=/opt/rustwide/target" "-e" "CARGO_INCREMENTAL=0" "-e" "RUST_BACKTRACE=full" "-e" "RUSTFLAGS=--cap-lints=warn" "-e" "RUSTDOCFLAGS=--cap-lints=warn" "-w" "/opt/rustwide/workdir" "--user" "0:0" "b33d67c66c80599a34cd93b44c245387d027dfd4850b16857bf5df07a170d1ef" "/opt/rustwide/cargo-home/bin/cargo" "+1.99.0-beta.8" "test" "--frozen", kill_on_drop: false }`
[INFO] [stderr] warning: profiles for the non root package will be ignored, specify profiles at the workspace root:
[INFO] [stderr] package:   /opt/rustwide/workdir/programs/bulls-arena/Cargo.toml
[INFO] [stderr] workspace: /opt/rustwide/workdir/Cargo.toml
[INFO] [stderr] warning: unexpected `cfg` condition value: `custom-heap`
[INFO] [stderr]     --> programs/bulls-arena/src/lib.rs:1616:1
[INFO] [stderr]      |
[INFO] [stderr] 1616 | #[program]
[INFO] [stderr]      | ^^^^^^^^^^
[INFO] [stderr]      |
[INFO] [stderr]      = note: expected values for `feature` are: `bench`, `cpi`, `default`, `idl-build`, `no-entrypoint`, `no-idl`, and `no-log-ix-name`
[INFO] [stderr]      = note: using a cfg inside a macro will use the cfgs from the destination crate and not the ones from the defining crate
[INFO] [stderr]      = help: try referring to `$crate::custom_heap_default` crate for guidance on how handle this unexpected cfg
[INFO] [stderr]      = note: see <https://doc.rust-lang.org/nightly/rustc/check-cfg/cargo-specifics.html> for more information about checking conditional configuration
[INFO] [stderr]      = note: `#[warn(unexpected_cfgs)]` on by default
[INFO] [stderr]      = note: this warning originates in the macro `$crate::custom_heap_default` which comes from the expansion of the attribute macro `program` (in Nightly builds, run with -Z macro-backtrace for more info)
[INFO] [stderr] 
[INFO] [stderr] warning: unexpected `cfg` condition value: `solana`
[INFO] [stderr]     --> programs/bulls-arena/src/lib.rs:1616:1
[INFO] [stderr]      |
[INFO] [stderr] 1616 | #[program]
[INFO] [stderr]      | ^^^^^^^^^^
[INFO] [stderr]      |
[INFO] [stderr]      = note: expected values for `target_os` are: `aix`, `amdhsa`, `android`, `cuda`, `cygwin`, `dragonfly`, `emscripten`, `espidf`, `freebsd`, `fuchsia`, `haiku`, `helenos`, `hermit`, `horizon`, `hurd`, `illumos`, `ios`, `l4re`, `linux`, `lynxos178`, `macos`, `managarm`, `motor`, `netbsd`, `none`, `nto`, `nuttx`, `openbsd`, `psp`, `psx`, `qnx`, `qurt`, `redox`, `rtems`, and `solaris` and 15 more
[INFO] [stderr]      = note: using a cfg inside a macro will use the cfgs from the destination crate and not the ones from the defining crate
[INFO] [stderr]      = help: try referring to `$crate::custom_heap_default` crate for guidance on how handle this unexpected cfg
[INFO] [stderr]      = note: see <https://doc.rust-lang.org/nightly/rustc/check-cfg/cargo-specifics.html> for more information about checking conditional configuration
[INFO] [stderr]      = note: this warning originates in the macro `$crate::custom_heap_default` which comes from the expansion of the attribute macro `program` (in Nightly builds, run with -Z macro-backtrace for more info)
[INFO] [stderr] 
[INFO] [stderr] warning: unexpected `cfg` condition value: `custom-panic`
[INFO] [stderr]     --> programs/bulls-arena/src/lib.rs:1616:1
[INFO] [stderr]      |
[INFO] [stderr] 1616 | #[program]
[INFO] [stderr]      | ^^^^^^^^^^
[INFO] [stderr]      |
[INFO] [stderr]      = note: expected values for `feature` are: `bench`, `cpi`, `default`, `idl-build`, `no-entrypoint`, `no-idl`, and `no-log-ix-name`
[INFO] [stderr]      = note: using a cfg inside a macro will use the cfgs from the destination crate and not the ones from the defining crate
[INFO] [stderr]      = help: try referring to `$crate::custom_panic_default` crate for guidance on how handle this unexpected cfg
[INFO] [stderr]      = note: see <https://doc.rust-lang.org/nightly/rustc/check-cfg/cargo-specifics.html> for more information about checking conditional configuration
[INFO] [stderr]      = note: this warning originates in the macro `$crate::custom_panic_default` which comes from the expansion of the attribute macro `program` (in Nightly builds, run with -Z macro-backtrace for more info)
[INFO] [stderr] 
[INFO] [stderr] warning: unexpected `cfg` condition value: `solana`
[INFO] [stderr]     --> programs/bulls-arena/src/lib.rs:1616:1
[INFO] [stderr]      |
[INFO] [stderr] 1616 | #[program]
[INFO] [stderr]      | ^^^^^^^^^^
[INFO] [stderr]      |
[INFO] [stderr]      = note: expected values for `target_os` are: `aix`, `amdhsa`, `android`, `cuda`, `cygwin`, `dragonfly`, `emscripten`, `espidf`, `freebsd`, `fuchsia`, `haiku`, `helenos`, `hermit`, `horizon`, `hurd`, `illumos`, `ios`, `l4re`, `linux`, `lynxos178`, `macos`, `managarm`, `motor`, `netbsd`, `none`, `nto`, `nuttx`, `openbsd`, `psp`, `psx`, `qnx`, `qurt`, `redox`, `rtems`, and `solaris` and 15 more
[INFO] [stderr]      = note: using a cfg inside a macro will use the cfgs from the destination crate and not the ones from the defining crate
[INFO] [stderr]      = help: try referring to `$crate::custom_panic_default` crate for guidance on how handle this unexpected cfg
[INFO] [stderr]      = note: see <https://doc.rust-lang.org/nightly/rustc/check-cfg/cargo-specifics.html> for more information about checking conditional configuration
[INFO] [stderr]      = note: this warning originates in the macro `$crate::custom_panic_default` which comes from the expansion of the attribute macro `program` (in Nightly builds, run with -Z macro-backtrace for more info)
[INFO] [stderr] 
[INFO] [stderr] warning: unexpected `cfg` condition value: `anchor-debug`
[INFO] [stderr]     --> programs/bulls-arena/src/lib.rs:1616:1
[INFO] [stderr]      |
[INFO] [stderr] 1616 | #[program]
[INFO] [stderr]      | ^^^^^^^^^^
[INFO] [stderr]      |
[INFO] [stderr]      = note: expected values for `feature` are: `bench`, `cpi`, `default`, `idl-build`, `no-entrypoint`, `no-idl`, and `no-log-ix-name`
[INFO] [stderr]      = note: using a cfg inside a attribute macro will use the cfgs from the destination crate and not the ones from the defining crate
[INFO] [stderr]      = help: try referring to `program` crate for guidance on how handle this unexpected cfg
[INFO] [stderr]      = note: see <https://doc.rust-lang.org/nightly/rustc/check-cfg/cargo-specifics.html> for more information about checking conditional configuration
[INFO] [stderr]      = note: this warning originates in the attribute macro `program` (in Nightly builds, run with -Z macro-backtrace for more info)
[INFO] [stderr] 
[INFO] [stderr] warning: unexpected `cfg` condition value: `anchor-debug`
[INFO] [stderr]     --> programs/bulls-arena/src/lib.rs:1615:1
[INFO] [stderr]      |
[INFO] [stderr] 1615 | #[ephemeral]
[INFO] [stderr]      | ^^^^^^^^^^^^
[INFO] [stderr]      |
[INFO] [stderr]      = note: expected values for `feature` are: `bench`, `cpi`, `default`, `idl-build`, `no-entrypoint`, `no-idl`, and `no-log-ix-name`
[INFO] [stderr]      = note: using a cfg inside a derive macro will use the cfgs from the destination crate and not the ones from the defining crate
[INFO] [stderr]      = help: try referring to `Accounts` crate for guidance on how handle this unexpected cfg
[INFO] [stderr]      = note: see <https://doc.rust-lang.org/nightly/rustc/check-cfg/cargo-specifics.html> for more information about checking conditional configuration
[INFO] [stderr]      = note: this warning originates in the derive macro `Accounts` (in Nightly builds, run with -Z macro-backtrace for more info)
[INFO] [stderr] 
[INFO] [stderr] warning: unexpected `cfg` condition value: `anchor-debug`
[INFO] [stderr]     --> programs/bulls-arena/src/lib.rs:2731:10
[INFO] [stderr]      |
[INFO] [stderr] 2731 | #[derive(Accounts)]
[INFO] [stderr]      |          ^^^^^^^^
[INFO] [stderr]      |
[INFO] [stderr]      = note: expected values for `feature` are: `bench`, `cpi`, `default`, `idl-build`, `no-entrypoint`, `no-idl`, and `no-log-ix-name`
[INFO] [stderr]      = note: using a cfg inside a derive macro will use the cfgs from the destination crate and not the ones from the defining crate
[INFO] [stderr]      = help: try referring to `Accounts` crate for guidance on how handle this unexpected cfg
[INFO] [stderr]      = note: see <https://doc.rust-lang.org/nightly/rustc/check-cfg/cargo-specifics.html> for more information about checking conditional configuration
[INFO] [stderr]      = note: this warning originates in the derive macro `Accounts` (in Nightly builds, run with -Z macro-backtrace for more info)
[INFO] [stderr] 
[INFO] [stderr] warning: unexpected `cfg` condition value: `anchor-debug`
[INFO] [stderr]     --> programs/bulls-arena/src/lib.rs:2742:10
[INFO] [stderr]      |
[INFO] [stderr] 2742 | #[derive(Accounts)]
[INFO] [stderr]      |          ^^^^^^^^
[INFO] [stderr]      |
[INFO] [stderr]      = note: expected values for `feature` are: `bench`, `cpi`, `default`, `idl-build`, `no-entrypoint`, `no-idl`, and `no-log-ix-name`
[INFO] [stderr]      = note: using a cfg inside a derive macro will use the cfgs from the destination crate and not the ones from the defining crate
[INFO] [stderr]      = help: try referring to `Accounts` crate for guidance on how handle this unexpected cfg
[INFO] [stderr]      = note: see <https://doc.rust-lang.org/nightly/rustc/check-cfg/cargo-specifics.html> for more information about checking conditional configuration
[INFO] [stderr]      = note: this warning originates in the derive macro `Accounts` (in Nightly builds, run with -Z macro-backtrace for more info)
[INFO] [stderr] 
[INFO] [stderr] warning: unexpected `cfg` condition value: `anchor-debug`
[INFO] [stderr]     --> programs/bulls-arena/src/lib.rs:2749:10
[INFO] [stderr]      |
[INFO] [stderr] 2749 | #[derive(Accounts)]
[INFO] [stderr]      |          ^^^^^^^^
[INFO] [stderr]      |
[INFO] [stderr]      = note: expected values for `feature` are: `bench`, `cpi`, `default`, `idl-build`, `no-entrypoint`, `no-idl`, and `no-log-ix-name`
[INFO] [stderr]      = note: using a cfg inside a derive macro will use the cfgs from the destination crate and not the ones from the defining crate
[INFO] [stderr]      = help: try referring to `Accounts` crate for guidance on how handle this unexpected cfg
[INFO] [stderr]      = note: see <https://doc.rust-lang.org/nightly/rustc/check-cfg/cargo-specifics.html> for more information about checking conditional configuration
[INFO] [stderr]      = note: this warning originates in the derive macro `Accounts` (in Nightly builds, run with -Z macro-backtrace for more info)
[INFO] [stderr] 
[INFO] [stderr] warning: unexpected `cfg` condition value: `anchor-debug`
[INFO] [stderr]     --> programs/bulls-arena/src/lib.rs:2803:10
[INFO] [stderr]      |
[INFO] [stderr] 2803 | #[derive(Accounts)]
[INFO] [stderr]      |          ^^^^^^^^
[INFO] [stderr]      |
[INFO] [stderr]      = note: expected values for `feature` are: `bench`, `cpi`, `default`, `idl-build`, `no-entrypoint`, `no-idl`, and `no-log-ix-name`
[INFO] [stderr]      = note: using a cfg inside a derive macro will use the cfgs from the destination crate and not the ones from the defining crate
[INFO] [stderr]      = help: try referring to `Accounts` crate for guidance on how handle this unexpected cfg
[INFO] [stderr]      = note: see <https://doc.rust-lang.org/nightly/rustc/check-cfg/cargo-specifics.html> for more information about checking conditional configuration
[INFO] [stderr]      = note: this warning originates in the derive macro `Accounts` (in Nightly builds, run with -Z macro-backtrace for more info)
[INFO] [stderr] 
[INFO] [stderr] warning: unexpected `cfg` condition value: `anchor-debug`
[INFO] [stderr]     --> programs/bulls-arena/src/lib.rs:2894:10
[INFO] [stderr]      |
[INFO] [stderr] 2894 | #[derive(Accounts)]
[INFO] [stderr]      |          ^^^^^^^^
[INFO] [stderr]      |
[INFO] [stderr]      = note: expected values for `feature` are: `bench`, `cpi`, `default`, `idl-build`, `no-entrypoint`, `no-idl`, and `no-log-ix-name`
[INFO] [stderr]      = note: using a cfg inside a derive macro will use the cfgs from the destination crate and not the ones from the defining crate
[INFO] [stderr]      = help: try referring to `Accounts` crate for guidance on how handle this unexpected cfg
[INFO] [stderr]      = note: see <https://doc.rust-lang.org/nightly/rustc/check-cfg/cargo-specifics.html> for more information about checking conditional configuration
[INFO] [stderr]      = note: this warning originates in the derive macro `Accounts` (in Nightly builds, run with -Z macro-backtrace for more info)
[INFO] [stderr] 
[INFO] [stderr] warning: unexpected `cfg` condition value: `anchor-debug`
[INFO] [stderr]     --> programs/bulls-arena/src/lib.rs:2906:10
[INFO] [stderr]      |
[INFO] [stderr] 2906 | #[derive(Accounts)]
[INFO] [stderr]      |          ^^^^^^^^
[INFO] [stderr]      |
[INFO] [stderr]      = note: expected values for `feature` are: `bench`, `cpi`, `default`, `idl-build`, `no-entrypoint`, `no-idl`, and `no-log-ix-name`
[INFO] [stderr]      = note: using a cfg inside a derive macro will use the cfgs from the destination crate and not the ones from the defining crate
[INFO] [stderr]      = help: try referring to `Accounts` crate for guidance on how handle this unexpected cfg
[INFO] [stderr]      = note: see <https://doc.rust-lang.org/nightly/rustc/check-cfg/cargo-specifics.html> for more information about checking conditional configuration
[INFO] [stderr]      = note: this warning originates in the derive macro `Accounts` (in Nightly builds, run with -Z macro-backtrace for more info)
[INFO] [stderr] 
[INFO] [stderr] warning: unexpected `cfg` condition value: `anchor-debug`
[INFO] [stderr]     --> programs/bulls-arena/src/lib.rs:2928:10
[INFO] [stderr]      |
[INFO] [stderr] 2928 | #[derive(Accounts)]
[INFO] [stderr]      |          ^^^^^^^^
[INFO] [stderr]      |
[INFO] [stderr]      = note: expected values for `feature` are: `bench`, `cpi`, `default`, `idl-build`, `no-entrypoint`, `no-idl`, and `no-log-ix-name`
[INFO] [stderr]      = note: using a cfg inside a derive macro will use the cfgs from the destination crate and not the ones from the defining crate
[INFO] [stderr]      = help: try referring to `Accounts` crate for guidance on how handle this unexpected cfg
[INFO] [stderr]      = note: see <https://doc.rust-lang.org/nightly/rustc/check-cfg/cargo-specifics.html> for more information about checking conditional configuration
[INFO] [stderr]      = note: this warning originates in the derive macro `Accounts` (in Nightly builds, run with -Z macro-backtrace for more info)
[INFO] [stderr] 
[INFO] [stderr] warning: unexpected `cfg` condition value: `anchor-debug`
[INFO] [stderr]     --> programs/bulls-arena/src/lib.rs:2942:10
[INFO] [stderr]      |
[INFO] [stderr] 2942 | #[derive(Accounts, Session)]
[INFO] [stderr]      |          ^^^^^^^^
[INFO] [stderr]      |
[INFO] [stderr]      = note: expected values for `feature` are: `bench`, `cpi`, `default`, `idl-build`, `no-entrypoint`, `no-idl`, and `no-log-ix-name`
[INFO] [stderr]      = note: using a cfg inside a derive macro will use the cfgs from the destination crate and not the ones from the defining crate
[INFO] [stderr]      = help: try referring to `Accounts` crate for guidance on how handle this unexpected cfg
[INFO] [stderr]      = note: see <https://doc.rust-lang.org/nightly/rustc/check-cfg/cargo-specifics.html> for more information about checking conditional configuration
[INFO] [stderr]      = note: this warning originates in the derive macro `Accounts` (in Nightly builds, run with -Z macro-backtrace for more info)
[INFO] [stderr] 
[INFO] [stderr] warning: unexpected `cfg` condition value: `anchor-debug`
[INFO] [stderr]     --> programs/bulls-arena/src/lib.rs:2973:10
[INFO] [stderr]      |
[INFO] [stderr] 2973 | #[derive(Accounts)]
[INFO] [stderr]      |          ^^^^^^^^
[INFO] [stderr]      |
[INFO] [stderr]      = note: expected values for `feature` are: `bench`, `cpi`, `default`, `idl-build`, `no-entrypoint`, `no-idl`, and `no-log-ix-name`
[INFO] [stderr]      = note: using a cfg inside a derive macro will use the cfgs from the destination crate and not the ones from the defining crate
[INFO] [stderr]      = help: try referring to `Accounts` crate for guidance on how handle this unexpected cfg
[INFO] [stderr]      = note: see <https://doc.rust-lang.org/nightly/rustc/check-cfg/cargo-specifics.html> for more information about checking conditional configuration
[INFO] [stderr]      = note: this warning originates in the derive macro `Accounts` (in Nightly builds, run with -Z macro-backtrace for more info)
[INFO] [stderr] 
[INFO] [stderr] warning: unexpected `cfg` condition value: `anchor-debug`
[INFO] [stderr]     --> programs/bulls-arena/src/lib.rs:2988:10
[INFO] [stderr]      |
[INFO] [stderr] 2988 | #[derive(Accounts, Session)]
[INFO] [stderr]      |          ^^^^^^^^
[INFO] [stderr]      |
[INFO] [stderr]      = note: expected values for `feature` are: `bench`, `cpi`, `default`, `idl-build`, `no-entrypoint`, `no-idl`, and `no-log-ix-name`
[INFO] [stderr]      = note: using a cfg inside a derive macro will use the cfgs from the destination crate and not the ones from the defining crate
[INFO] [stderr]      = help: try referring to `Accounts` crate for guidance on how handle this unexpected cfg
[INFO] [stderr]      = note: see <https://doc.rust-lang.org/nightly/rustc/check-cfg/cargo-specifics.html> for more information about checking conditional configuration
[INFO] [stderr]      = note: this warning originates in the derive macro `Accounts` (in Nightly builds, run with -Z macro-backtrace for more info)
[INFO] [stderr] 
[INFO] [stderr] warning: unexpected `cfg` condition value: `anchor-debug`
[INFO] [stderr]     --> programs/bulls-arena/src/lib.rs:3035:10
[INFO] [stderr]      |
[INFO] [stderr] 3035 | #[derive(Accounts)]
[INFO] [stderr]      |          ^^^^^^^^
[INFO] [stderr]      |
[INFO] [stderr]      = note: expected values for `feature` are: `bench`, `cpi`, `default`, `idl-build`, `no-entrypoint`, `no-idl`, and `no-log-ix-name`
[INFO] [stderr]      = note: using a cfg inside a derive macro will use the cfgs from the destination crate and not the ones from the defining crate
[INFO] [stderr]      = help: try referring to `Accounts` crate for guidance on how handle this unexpected cfg
[INFO] [stderr]      = note: see <https://doc.rust-lang.org/nightly/rustc/check-cfg/cargo-specifics.html> for more information about checking conditional configuration
[INFO] [stderr]      = note: this warning originates in the derive macro `Accounts` (in Nightly builds, run with -Z macro-backtrace for more info)
[INFO] [stderr] 
[INFO] [stderr] warning: unexpected `cfg` condition value: `anchor-debug`
[INFO] [stderr]     --> programs/bulls-arena/src/lib.rs:3055:10
[INFO] [stderr]      |
[INFO] [stderr] 3055 | #[derive(Accounts)]
[INFO] [stderr]      |          ^^^^^^^^
[INFO] [stderr]      |
[INFO] [stderr]      = note: expected values for `feature` are: `bench`, `cpi`, `default`, `idl-build`, `no-entrypoint`, `no-idl`, and `no-log-ix-name`
[INFO] [stderr]      = note: using a cfg inside a derive macro will use the cfgs from the destination crate and not the ones from the defining crate
[INFO] [stderr]      = help: try referring to `Accounts` crate for guidance on how handle this unexpected cfg
[INFO] [stderr]      = note: see <https://doc.rust-lang.org/nightly/rustc/check-cfg/cargo-specifics.html> for more information about checking conditional configuration
[INFO] [stderr]      = note: this warning originates in the derive macro `Accounts` (in Nightly builds, run with -Z macro-backtrace for more info)
[INFO] [stderr] 
[INFO] [stderr] warning: unexpected `cfg` condition value: `anchor-debug`
[INFO] [stderr]     --> programs/bulls-arena/src/lib.rs:3063:10
[INFO] [stderr]      |
[INFO] [stderr] 3063 | #[derive(Accounts)]
[INFO] [stderr]      |          ^^^^^^^^
[INFO] [stderr]      |
[INFO] [stderr]      = note: expected values for `feature` are: `bench`, `cpi`, `default`, `idl-build`, `no-entrypoint`, `no-idl`, and `no-log-ix-name`
[INFO] [stderr]      = note: using a cfg inside a derive macro will use the cfgs from the destination crate and not the ones from the defining crate
[INFO] [stderr]      = help: try referring to `Accounts` crate for guidance on how handle this unexpected cfg
[INFO] [stderr]      = note: see <https://doc.rust-lang.org/nightly/rustc/check-cfg/cargo-specifics.html> for more information about checking conditional configuration
[INFO] [stderr]      = note: this warning originates in the derive macro `Accounts` (in Nightly builds, run with -Z macro-backtrace for more info)
[INFO] [stderr] 
[INFO] [stderr] warning: `bulls-arena` (lib) generated 19 warnings
[INFO] [stderr] warning: `bulls-arena` (lib test) generated 19 warnings (19 duplicates)
[INFO] [stderr]     Finished `test` profile [unoptimized + debuginfo] target(s) in 0.61s
[INFO] [stderr]      Running unittests src/lib.rs (/opt/rustwide/target/debug/deps/arena_state-46f3f3330b0cf9fd)
[INFO] [stdout] 
[INFO] [stdout] running 1 test
[INFO] [stdout] test layout_tests::the_account_layout_is_exactly_what_the_clients_decode ... ok
[INFO] [stdout] 
[INFO] [stdout] test result: ok. 1 passed; 0 failed; 0 ignored; 0 measured; 0 filtered out; finished in 0.00s
[INFO] [stdout] 
[INFO] [stderr]      Running unittests src/lib.rs (/opt/rustwide/target/debug/deps/bulls_arena-7eb93aa2dcf8a431)
[INFO] [stdout] 
[INFO] [stdout] running 48 tests
[INFO] [stdout] test house_tests::an_empty_abandoned_lobby_refunds_nothing_and_touches_no_fighter ... ok
[INFO] [stdout] test house_tests::a_round_whose_books_do_not_balance_cannot_be_swept ... ok
[INFO] [stdout] test house_tests::the_books_refuse_impossible_rounds_rather_than_panicking ... ok
[INFO] [stdout] test house_tests::the_fee_is_recorded_rather_than_discarded ... ok
[INFO] [stdout] test house_tests::a_round_still_in_play_cannot_be_closed ... ok
[INFO] [stdout] test house_tests::the_retention_window_is_not_advisory ... ok
[INFO] [stdout] test house_tests::an_abandoned_lobby_refunds_its_only_entry_and_sweeps_nothing ... ok
[INFO] [stdout] test house_tests::the_sweep_cannot_be_double_claimed ... ok
[INFO] [stdout] test house_tests::an_unfinished_round_cannot_be_swept ... ok
[INFO] [stdout] test house_tests::an_unswept_round_cannot_be_closed ... ok
[INFO] [stdout] test lobby_tests::a_full_lobby_may_be_drawn_the_instant_it_fills ... ok
[INFO] [stdout] test lobby_tests::a_lobby_may_not_be_drawn_before_its_deadline ... ok
[INFO] [stdout] test lobby_tests::a_lobby_can_be_held_open_until_somebody_turns_up ... ok
[INFO] [stdout] test lobby_tests::only_the_arenas_own_authority_can_close_a_lobby_early ... ok
[INFO] [stdout] test lobby_tests::the_deadline_second_belongs_to_the_draw_not_to_entries ... ok
[INFO] [stdout] test lobby_tests::the_lobby_duration_is_clamped_to_a_range_a_round_can_actually_use ... ok
[INFO] [stdout] test house_tests::the_entry_fee_can_never_exceed_the_ceiling ... ok
[INFO] [stdout] test lobby_tests::the_round_never_lands_on_the_stack ... ok
[INFO] [stdout] test lobby_tests::the_stored_lobby_window_is_always_within_the_clamp ... ok
[INFO] [stdout] test lobby_tests::the_treasury_is_exactly_the_size_its_layout_needs ... ok
[INFO] [stdout] test lobby_tests::the_wrapper_is_byte_for_byte_the_layout_it_wraps ... ok
[INFO] [stdout] test lobby_tests::the_account_layout_is_exactly_what_the_clients_decode ... ok
[INFO] [stdout] test lobby_tests::the_authority_path_leaves_the_permissionless_rule_untouched ... ok
[INFO] [stdout] test lobby_tests::an_under_subscribed_lobby_is_dead_exactly_when_it_can_no_longer_fight ... ok
[INFO] [stdout] test parity_tests::canonical_cursor_is_time_derived_and_capped ... ok
[INFO] [stdout] test parity_tests::a_ticked_round_and_an_untouched_one_settle_identically ... ok
[INFO] [stdout] test parity_tests::every_lineups_horizon_is_reachable_before_the_bell ... ok
[INFO] [stdout] test house_tests::conservation_holds_with_both_fees_and_penalties_nonzero ... ok
[INFO] [stdout] test parity_tests::fight_is_over_only_when_one_side_has_nobody_standing ... ok
[INFO] [stdout] test parity_tests::conservation_holds_once_the_penalty_is_counted ... ok
[INFO] [stdout] test parity_tests::bailing_early_is_charged_and_holding_on_is_not ... ok
[INFO] [stdout] test parity_tests::a_fight_that_can_never_end_is_still_settleable_when_the_bell_rings ... ok
[INFO] [stdout] test parity_tests::the_browser_carries_the_same_chain_constants ... ok
[INFO] [stdout] test parity_tests::run_fight_matches_the_typescript_mirror_exactly ... ok
[INFO] [stdout] test parity_tests::extracting_partway_through_is_a_priced_decision_not_a_free_undo ... ok
[INFO] [stdout] test parity_tests::the_mirror_agrees_where_fighters_die_and_blows_round_to_nothing ... ok
[INFO] [stdout] test parity_tests::the_penalty_can_never_exceed_what_was_taken ... ok
[INFO] [stdout] test parity_tests::the_penalty_table_is_exactly_its_generating_formula ... ok
[INFO] [stdout] test parity_tests::the_typescript_mirrors_carry_the_same_penalty_curve ... ok
[INFO] [stdout] test parity_tests::ticking_in_chunks_is_identical_to_one_shot ... ok
[INFO] [stdout] test test_id ... ok
[INFO] [stdout] test parity_tests::no_blow_can_move_more_than_the_attackers_own_ring ... ok
[INFO] [stdout] test parity_tests::the_idl_generator_still_reproduces_the_committed_idl ... ok
[INFO] [stdout] test parity_tests::the_defender_draw_is_uniform_over_everyone_but_the_attacker ... ok
[INFO] [stdout] test house_tests::a_bounded_catch_up_always_advances_and_says_when_it_is_short ... ok
[INFO] [stdout] test parity_tests::an_exhausted_attacker_cannot_annihilate_a_healthy_defender ... ok
[INFO] [stdout] test parity_tests::the_die_is_the_one_that_was_measured ... ok
[INFO] [stdout] test parity_tests::the_aggregate_score_actually_swings ... ok
[INFO] [stdout] 
[INFO] [stdout] test result: ok. 48 passed; 0 failed; 0 ignored; 0 measured; 0 filtered out; finished in 10.58s
[INFO] [stdout] 
[INFO] [stderr]      Running tests/account.rs (/opt/rustwide/target/debug/deps/account-c4c9ba108af444ca)
[INFO] [stdout] 
[INFO] [stdout] running 3 tests
[INFO] [stdout] test a_round_the_program_opens_is_one_the_program_and_its_clients_can_read_back ... FAILED
[INFO] [stdout] test the_loader_constraints_and_the_close_path_work_against_a_real_runtime ... FAILED
[INFO] [stdout] test a_round_cannot_be_opened_over_itself ... FAILED
[INFO] [stdout] 
[INFO] [stdout] failures:
[INFO] [stdout] 
[INFO] [stdout] ---- a_round_the_program_opens_is_one_the_program_and_its_clients_can_read_back stdout ----
[INFO] [stdout] 
[INFO] [stdout] thread 'a_round_the_program_opens_is_one_the_program_and_its_clients_can_read_back' (7273) panicked at programs/bulls-arena/tests/common/mod.rs:38:9:
[INFO] [stdout] no /opt/rustwide/workdir/programs/bulls-arena/../../target/deploy/bulls_arena.so — this test runs the COMPILED program, so it cannot run without one.
[INFO] [stdout] Build it with:
[INFO] [stdout]   PATH="$HOME/.local/share/solana/install/active_release/bin:$PATH" \
[INFO] [stdout]     cargo-build-sbf --manifest-path programs/bulls-arena/Cargo.toml
[INFO] [stdout] stack backtrace:
[INFO] [stdout]    0:     0x6535ec2e8f71 - std[70759c8f55707aa4]::backtrace_rs::backtrace::libunwind::trace
[INFO] [stdout]                                at /rustc/dfb0accb7f508ae8be965d8629557221c889dd98/library/std/src/../../backtrace/src/backtrace/libunwind.rs:117:9
[INFO] [stdout]    1:     0x6535ec2e8f71 - std[70759c8f55707aa4]::backtrace_rs::backtrace::trace_unsynchronized::<std[70759c8f55707aa4]::sys::backtrace::_print_fmt::{closure#1}>
[INFO] [stdout]                                at /rustc/dfb0accb7f508ae8be965d8629557221c889dd98/library/std/src/../../backtrace/src/backtrace/mod.rs:66:14
[INFO] [stdout]    2:     0x6535ec2e8f71 - std[70759c8f55707aa4]::sys::backtrace::_print_fmt
[INFO] [stdout]                                at /rustc/dfb0accb7f508ae8be965d8629557221c889dd98/library/std/src/sys/backtrace.rs:74:9
[INFO] [stdout]    3:     0x6535ec2e8f71 - <<std[70759c8f55707aa4]::sys::backtrace::BacktraceLock>::print::DisplayBacktrace as core[df12db4294e9bfd3]::fmt::Display>::fmt
[INFO] [stdout]                                at /rustc/dfb0accb7f508ae8be965d8629557221c889dd98/library/std/src/sys/backtrace.rs:44:26
[INFO] [stdout]    4:     0x6535ec2feb8a - <core[df12db4294e9bfd3]::fmt::rt::Argument>::fmt
[INFO] [stdout]                                at /rustc/dfb0accb7f508ae8be965d8629557221c889dd98/library/core/src/fmt/rt.rs:152:76
[INFO] [stdout]    5:     0x6535ec2feb8a - core[df12db4294e9bfd3]::fmt::write
[INFO] [stdout]    6:     0x6535ec2ed4dc - core[df12db4294e9bfd3]::io::write::default_write_fmt::<alloc[2182bb758b4b3781]::vec::Vec<u8>>
[INFO] [stdout]                                at /rustc/dfb0accb7f508ae8be965d8629557221c889dd98/library/core/src/io/write.rs:402:11
[INFO] [stdout]    7:     0x6535ec2ed4dc - <alloc[2182bb758b4b3781]::vec::Vec<u8> as core[df12db4294e9bfd3]::io::write::Write>::write_fmt
[INFO] [stdout]                                at /rustc/dfb0accb7f508ae8be965d8629557221c889dd98/library/core/src/io/write.rs:335:13
[INFO] [stdout]    8:     0x6535ec2c4fe6 - <std[70759c8f55707aa4]::sys::backtrace::BacktraceLock>::print
[INFO] [stdout]                                at /rustc/dfb0accb7f508ae8be965d8629557221c889dd98/library/std/src/sys/backtrace.rs:47:9
[INFO] [stdout]    9:     0x6535ec2c4fe6 - std[70759c8f55707aa4]::panicking::default_hook::{closure#0}
[INFO] [stdout]                                at /rustc/dfb0accb7f508ae8be965d8629557221c889dd98/library/std/src/panicking.rs:292:27
[INFO] [stdout]   10:     0x6535ec2e12e9 - std[70759c8f55707aa4]::panicking::default_hook
[INFO] [stdout]                                at /rustc/dfb0accb7f508ae8be965d8629557221c889dd98/library/std/src/panicking.rs:316:9
[INFO] [stdout]   11:     0x6535eb6b8c30 - <alloc[2182bb758b4b3781]::boxed::Box<dyn for<'a, 'b> core[df12db4294e9bfd3]::ops::function::Fn<(&'a std[70759c8f55707aa4]::panic::PanicHookInfo<'b>,), Output = ()> + core[df12db4294e9bfd3]::marker::Send + core[df12db4294e9bfd3]::marker::Sync> as core[df12db4294e9bfd3]::ops::function::Fn<(&std[70759c8f55707aa4]::panic::PanicHookInfo,)>>::call
[INFO] [stdout]                                at /rustc/dfb0accb7f508ae8be965d8629557221c889dd98/library/alloc/src/boxed.rs:2334:9
[INFO] [stdout]   12:     0x6535eb6b8c30 - test[9d35eded1c95d3be]::test_main_inner::<test[9d35eded1c95d3be]::test_main_static::{closure#0}>::{closure#0}
[INFO] [stdout]                                at /rustc/dfb0accb7f508ae8be965d8629557221c889dd98/library/test/src/lib.rs:155:21
[INFO] [stdout]   13:     0x6535ec2e14a2 - <alloc[2182bb758b4b3781]::boxed::Box<dyn for<'a, 'b> core[df12db4294e9bfd3]::ops::function::Fn<(&'a std[70759c8f55707aa4]::panic::PanicHookInfo<'b>,), Output = ()> + core[df12db4294e9bfd3]::marker::Send + core[df12db4294e9bfd3]::marker::Sync> as core[df12db4294e9bfd3]::ops::function::Fn<(&std[70759c8f55707aa4]::panic::PanicHookInfo,)>>::call
[INFO] [stdout]                                at /rustc/dfb0accb7f508ae8be965d8629557221c889dd98/library/alloc/src/boxed.rs:2334:9
[INFO] [stdout]   14:     0x6535ec2e14a2 - std[70759c8f55707aa4]::panicking::panic_with_hook
[INFO] [stdout]                                at /rustc/dfb0accb7f508ae8be965d8629557221c889dd98/library/std/src/panicking.rs:823:13
[INFO] [stdout]   15:     0x6535ec2c5092 - std[70759c8f55707aa4]::panicking::panic_handler::{closure#0}
[INFO] [stdout]                                at /rustc/dfb0accb7f508ae8be965d8629557221c889dd98/library/std/src/panicking.rs:688:13
[INFO] [stdout]   16:     0x6535ec2bdc59 - std[70759c8f55707aa4]::sys::backtrace::__rust_end_short_backtrace::<std[70759c8f55707aa4]::panicking::panic_handler::{closure#0}, !>
[INFO] [stdout]                                at /rustc/dfb0accb7f508ae8be965d8629557221c889dd98/library/std/src/sys/backtrace.rs:182:18
[INFO] [stdout]   17:     0x6535ec2c5c8d - __rustc[8fa7c3cbc660c2b3]::rust_begin_unwind
[INFO] [stdout]                                at /rustc/dfb0accb7f508ae8be965d8629557221c889dd98/library/std/src/panicking.rs:679:5
[INFO] [stdout]   18:     0x6535ec2ff36c - core[df12db4294e9bfd3]::panicking::panic_fmt
[INFO] [stdout]                                at /rustc/dfb0accb7f508ae8be965d8629557221c889dd98/library/core/src/panicking.rs:80:14
[INFO] [stdout]   19:     0x6535eb69c7bf - account[5a1a643def3d4c89]::common::program_binary::{closure#0}
[INFO] [stdout]                                at /opt/rustwide/workdir/programs/bulls-arena/tests/common/mod.rs:38:9
[INFO] [stdout]   20:     0x6535eb695041 - <core[df12db4294e9bfd3]::result::Result<alloc[2182bb758b4b3781]::vec::Vec<u8>, core[df12db4294e9bfd3]::io::error::Error>>::unwrap_or_else::<account[5a1a643def3d4c89]::common::program_binary::{closure#0}>
[INFO] [stdout]                                at /rustc/dfb0accb7f508ae8be965d8629557221c889dd98/library/core/src/result.rs:1621:23
[INFO] [stdout]   21:     0x6535eb69d6c2 - account[5a1a643def3d4c89]::common::program_binary
[INFO] [stdout]                                at /opt/rustwide/workdir/programs/bulls-arena/tests/common/mod.rs:37:24
[INFO] [stdout]   22:     0x6535eb6a9d5a - <account[5a1a643def3d4c89]::Chain>::new
[INFO] [stdout]                                at /opt/rustwide/workdir/programs/bulls-arena/tests/account.rs:48:43
[INFO] [stdout]   23:     0x6535eb6a79c1 - account[5a1a643def3d4c89]::a_round_the_program_opens_is_one_the_program_and_its_clients_can_read_back
[INFO] [stdout]                                at /opt/rustwide/workdir/programs/bulls-arena/tests/account.rs:95:17
[INFO] [stdout]   24:     0x6535eb6a2ae7 - account[5a1a643def3d4c89]::a_round_the_program_opens_is_one_the_program_and_its_clients_can_read_back::{closure#0}
[INFO] [stdout]                                at /opt/rustwide/workdir/programs/bulls-arena/tests/account.rs:94:80
[INFO] [stdout]   25:     0x6535eb6a0b56 - <account[5a1a643def3d4c89]::a_round_the_program_opens_is_one_the_program_and_its_clients_can_read_back::{closure#0} as core[df12db4294e9bfd3]::ops::function::FnOnce<()>>::call_once
[INFO] [stdout]                                at /rustc/dfb0accb7f508ae8be965d8629557221c889dd98/library/core/src/ops/function.rs:250:5
[INFO] [stdout]   26:     0x6535eb6abf1b - <fn() -> core[df12db4294e9bfd3]::result::Result<(), alloc[2182bb758b4b3781]::string::String> as core[df12db4294e9bfd3]::ops::function::FnOnce<()>>::call_once
[INFO] [stdout]                                at /rustc/dfb0accb7f508ae8be965d8629557221c889dd98/library/core/src/ops/function.rs:250:5
[INFO] [stdout]   27:     0x6535eb6abf1b - test[9d35eded1c95d3be]::__rust_begin_short_backtrace::<core[df12db4294e9bfd3]::result::Result<(), alloc[2182bb758b4b3781]::string::String>, fn() -> core[df12db4294e9bfd3]::result::Result<(), alloc[2182bb758b4b3781]::string::String>>
[INFO] [stdout]                                at /rustc/dfb0accb7f508ae8be965d8629557221c889dd98/library/test/src/lib.rs:733:18
[INFO] [stdout]   28:     0x6535eb6b9585 - test[9d35eded1c95d3be]::run_test_in_process::{closure#0}
[INFO] [stdout]                                at /rustc/dfb0accb7f508ae8be965d8629557221c889dd98/library/test/src/lib.rs:756:74
[INFO] [stdout]   29:     0x6535eb6b9585 - <core[df12db4294e9bfd3]::panic::unwind_safe::AssertUnwindSafe<test[9d35eded1c95d3be]::run_test_in_process::{closure#0}> as core[df12db4294e9bfd3]::ops::function::FnOnce<()>>::call_once
[INFO] [stdout]                                at /rustc/dfb0accb7f508ae8be965d8629557221c889dd98/library/core/src/panic/unwind_safe.rs:275:9
[INFO] [stdout]   30:     0x6535eb6b9585 - std[70759c8f55707aa4]::panicking::catch_unwind::do_call::<core[df12db4294e9bfd3]::panic::unwind_safe::AssertUnwindSafe<test[9d35eded1c95d3be]::run_test_in_process::{closure#0}>, core[df12db4294e9bfd3]::result::Result<(), alloc[2182bb758b4b3781]::string::String>>
[INFO] [stdout]                                at /rustc/dfb0accb7f508ae8be965d8629557221c889dd98/library/std/src/panicking.rs:576:43
[INFO] [stdout]   31:     0x6535eb6b9585 - std[70759c8f55707aa4]::panicking::catch_unwind::<core[df12db4294e9bfd3]::result::Result<(), alloc[2182bb758b4b3781]::string::String>, core[df12db4294e9bfd3]::panic::unwind_safe::AssertUnwindSafe<test[9d35eded1c95d3be]::run_test_in_process::{closure#0}>>
[INFO] [stdout]                                at /rustc/dfb0accb7f508ae8be965d8629557221c889dd98/library/std/src/panicking.rs:544:19
[INFO] [stdout]   32:     0x6535eb6b9585 - std[70759c8f55707aa4]::panic::catch_unwind::<core[df12db4294e9bfd3]::panic::unwind_safe::AssertUnwindSafe<test[9d35eded1c95d3be]::run_test_in_process::{closure#0}>, core[df12db4294e9bfd3]::result::Result<(), alloc[2182bb758b4b3781]::string::String>>
[INFO] [stdout]                                at /rustc/dfb0accb7f508ae8be965d8629557221c889dd98/library/std/src/panic.rs:359:14
[INFO] [stdout]   33:     0x6535eb6b9585 - test[9d35eded1c95d3be]::run_test_in_process
[INFO] [stdout]                                at /rustc/dfb0accb7f508ae8be965d8629557221c889dd98/library/test/src/lib.rs:756:27
[INFO] [stdout]   34:     0x6535eb6b9585 - test[9d35eded1c95d3be]::run_test::{closure#0}
[INFO] [stdout]                                at /rustc/dfb0accb7f508ae8be965d8629557221c889dd98/library/test/src/lib.rs:677:43
[INFO] [stdout]   35:     0x6535eb6b2e44 - test[9d35eded1c95d3be]::run_test::{closure#1}
[INFO] [stdout]                                at /rustc/dfb0accb7f508ae8be965d8629557221c889dd98/library/test/src/lib.rs:707:41
[INFO] [stdout]   36:     0x6535eb6b2e44 - std[70759c8f55707aa4]::sys::backtrace::__rust_begin_short_backtrace::<test[9d35eded1c95d3be]::run_test::{closure#1}, ()>
[INFO] [stdout]                                at /rustc/dfb0accb7f508ae8be965d8629557221c889dd98/library/std/src/sys/backtrace.rs:166:18
[INFO] [stdout]   37:     0x6535eb6bc6e2 - std[70759c8f55707aa4]::thread::lifecycle::spawn_unchecked::<test[9d35eded1c95d3be]::run_test::{closure#1}, ()>::{closure#1}::{closure#0}
[INFO] [stdout]                                at /rustc/dfb0accb7f508ae8be965d8629557221c889dd98/library/std/src/thread/lifecycle.rs:70:13
[INFO] [stdout]   38:     0x6535eb6bc6e2 - <core[df12db4294e9bfd3]::panic::unwind_safe::AssertUnwindSafe<std[70759c8f55707aa4]::thread::lifecycle::spawn_unchecked<test[9d35eded1c95d3be]::run_test::{closure#1}, ()>::{closure#1}::{closure#0}> as core[df12db4294e9bfd3]::ops::function::FnOnce<()>>::call_once
[INFO] [stdout]                                at /rustc/dfb0accb7f508ae8be965d8629557221c889dd98/library/core/src/panic/unwind_safe.rs:275:9
[INFO] [stdout]   39:     0x6535eb6bc6e2 - std[70759c8f55707aa4]::panicking::catch_unwind::do_call::<core[df12db4294e9bfd3]::panic::unwind_safe::AssertUnwindSafe<std[70759c8f55707aa4]::thread::lifecycle::spawn_unchecked<test[9d35eded1c95d3be]::run_test::{closure#1}, ()>::{closure#1}::{closure#0}>, ()>
[INFO] [stdout]                                at /rustc/dfb0accb7f508ae8be965d8629557221c889dd98/library/std/src/panicking.rs:576:43
[INFO] [stdout]   40:     0x6535eb6bc6e2 - std[70759c8f55707aa4]::panicking::catch_unwind::<(), core[df12db4294e9bfd3]::panic::unwind_safe::AssertUnwindSafe<std[70759c8f55707aa4]::thread::lifecycle::spawn_unchecked<test[9d35eded1c95d3be]::run_test::{closure#1}, ()>::{closure#1}::{closure#0}>>
[INFO] [stdout]                                at /rustc/dfb0accb7f508ae8be965d8629557221c889dd98/library/std/src/panicking.rs:544:19
[INFO] [stdout]   41:     0x6535eb6bc6e2 - std[70759c8f55707aa4]::panic::catch_unwind::<core[df12db4294e9bfd3]::panic::unwind_safe::AssertUnwindSafe<std[70759c8f55707aa4]::thread::lifecycle::spawn_unchecked<test[9d35eded1c95d3be]::run_test::{closure#1}, ()>::{closure#1}::{closure#0}>, ()>
[INFO] [stdout]                                at /rustc/dfb0accb7f508ae8be965d8629557221c889dd98/library/std/src/panic.rs:359:14
[INFO] [stdout]   42:     0x6535eb6bc6e2 - std[70759c8f55707aa4]::thread::lifecycle::spawn_unchecked::<test[9d35eded1c95d3be]::run_test::{closure#1}, ()>::{closure#1}
[INFO] [stdout]                                at /rustc/dfb0accb7f508ae8be965d8629557221c889dd98/library/std/src/thread/lifecycle.rs:68:26
[INFO] [stdout]   43:     0x6535eb6bc6e2 - <std[70759c8f55707aa4]::thread::lifecycle::spawn_unchecked<test[9d35eded1c95d3be]::run_test::{closure#1}, ()>::{closure#1} as core[df12db4294e9bfd3]::ops::function::FnOnce<()>>::call_once::{shim:vtable#0}
[INFO] [stdout]                                at /rustc/dfb0accb7f508ae8be965d8629557221c889dd98/library/core/src/ops/function.rs:250:5
[INFO] [stdout]   44:     0x6535ec2e8529 - <alloc[2182bb758b4b3781]::boxed::Box<dyn core[df12db4294e9bfd3]::ops::function::FnOnce<(), Output = ()> + core[df12db4294e9bfd3]::marker::Send> as core[df12db4294e9bfd3]::ops::function::FnOnce<()>>::call_once
[INFO] [stdout]                                at /rustc/dfb0accb7f508ae8be965d8629557221c889dd98/library/alloc/src/boxed.rs:2320:9
[INFO] [stdout]   45:     0x6535ec2e8529 - <std[70759c8f55707aa4]::sys::thread::unix::Thread>::new::thread_start
[INFO] [stdout]                                at /rustc/dfb0accb7f508ae8be965d8629557221c889dd98/library/std/src/sys/thread/unix.rs:123:17
[INFO] [stdout]   46:     0x700f4b924dfa - <unknown>
[INFO] [stdout]   47:     0x700f4b9b83d4 - clone
[INFO] [stdout]   48:                0x0 - <unknown>
[INFO] [stdout] 
[INFO] [stdout] ---- the_loader_constraints_and_the_close_path_work_against_a_real_runtime stdout ----
[INFO] [stdout] 
[INFO] [stdout] thread 'the_loader_constraints_and_the_close_path_work_against_a_real_runtime' (7274) panicked at programs/bulls-arena/tests/common/mod.rs:38:9:
[INFO] [stdout] no /opt/rustwide/workdir/programs/bulls-arena/../../target/deploy/bulls_arena.so — this test runs the COMPILED program, so it cannot run without one.
[INFO] [stdout] Build it with:
[INFO] [stdout]   PATH="$HOME/.local/share/solana/install/active_release/bin:$PATH" \
[INFO] [stdout]     cargo-build-sbf --manifest-path programs/bulls-arena/Cargo.toml
[INFO] [stdout] stack backtrace:
[INFO] [stdout]    0:     0x6535ec2e8f71 - std[70759c8f55707aa4]::backtrace_rs::backtrace::libunwind::trace
[INFO] [stdout]                                at /rustc/dfb0accb7f508ae8be965d8629557221c889dd98/library/std/src/../../backtrace/src/backtrace/libunwind.rs:117:9
[INFO] [stdout]    1:     0x6535ec2e8f71 - std[70759c8f55707aa4]::backtrace_rs::backtrace::trace_unsynchronized::<std[70759c8f55707aa4]::sys::backtrace::_print_fmt::{closure#1}>
[INFO] [stdout]                                at /rustc/dfb0accb7f508ae8be965d8629557221c889dd98/library/std/src/../../backtrace/src/backtrace/mod.rs:66:14
[INFO] [stdout]    2:     0x6535ec2e8f71 - std[70759c8f55707aa4]::sys::backtrace::_print_fmt
[INFO] [stdout]                                at /rustc/dfb0accb7f508ae8be965d8629557221c889dd98/library/std/src/sys/backtrace.rs:74:9
[INFO] [stdout]    3:     0x6535ec2e8f71 - <<std[70759c8f55707aa4]::sys::backtrace::BacktraceLock>::print::DisplayBacktrace as core[df12db4294e9bfd3]::fmt::Display>::fmt
[INFO] [stdout]                                at /rustc/dfb0accb7f508ae8be965d8629557221c889dd98/library/std/src/sys/backtrace.rs:44:26
[INFO] [stdout]    4:     0x6535ec2feb8a - <core[df12db4294e9bfd3]::fmt::rt::Argument>::fmt
[INFO] [stdout]                                at /rustc/dfb0accb7f508ae8be965d8629557221c889dd98/library/core/src/fmt/rt.rs:152:76
[INFO] [stdout]    5:     0x6535ec2feb8a - core[df12db4294e9bfd3]::fmt::write
[INFO] [stdout]    6:     0x6535ec2ed4dc - core[df12db4294e9bfd3]::io::write::default_write_fmt::<alloc[2182bb758b4b3781]::vec::Vec<u8>>
[INFO] [stdout]                                at /rustc/dfb0accb7f508ae8be965d8629557221c889dd98/library/core/src/io/write.rs:402:11
[INFO] [stdout]    7:     0x6535ec2ed4dc - <alloc[2182bb758b4b3781]::vec::Vec<u8> as core[df12db4294e9bfd3]::io::write::Write>::write_fmt
[INFO] [stdout]                                at /rustc/dfb0accb7f508ae8be965d8629557221c889dd98/library/core/src/io/write.rs:335:13
[INFO] [stdout]    8:     0x6535ec2c4fe6 - <std[70759c8f55707aa4]::sys::backtrace::BacktraceLock>::print
[INFO] [stdout]                                at /rustc/dfb0accb7f508ae8be965d8629557221c889dd98/library/std/src/sys/backtrace.rs:47:9
[INFO] [stdout]    9:     0x6535ec2c4fe6 - std[70759c8f55707aa4]::panicking::default_hook::{closure#0}
[INFO] [stdout]                                at /rustc/dfb0accb7f508ae8be965d8629557221c889dd98/library/std/src/panicking.rs:292:27
[INFO] [stdout]   10:     0x6535ec2e12e9 - std[70759c8f55707aa4]::panicking::default_hook
[INFO] [stdout]                                at /rustc/dfb0accb7f508ae8be965d8629557221c889dd98/library/std/src/panicking.rs:316:9
[INFO] [stdout]   11:     0x6535eb6b8c30 - <alloc[2182bb758b4b3781]::boxed::Box<dyn for<'a, 'b> core[df12db4294e9bfd3]::ops::function::Fn<(&'a std[70759c8f55707aa4]::panic::PanicHookInfo<'b>,), Output = ()> + core[df12db4294e9bfd3]::marker::Send + core[df12db4294e9bfd3]::marker::Sync> as core[df12db4294e9bfd3]::ops::function::Fn<(&std[70759c8f55707aa4]::panic::PanicHookInfo,)>>::call
[INFO] [stdout]                                at /rustc/dfb0accb7f508ae8be965d8629557221c889dd98/library/alloc/src/boxed.rs:2334:9
[INFO] [stdout]   12:     0x6535eb6b8c30 - test[9d35eded1c95d3be]::test_main_inner::<test[9d35eded1c95d3be]::test_main_static::{closure#0}>::{closure#0}
[INFO] [stdout]                                at /rustc/dfb0accb7f508ae8be965d8629557221c889dd98/library/test/src/lib.rs:155:21
[INFO] [stdout]   13:     0x6535ec2e14a2 - <alloc[2182bb758b4b3781]::boxed::Box<dyn for<'a, 'b> core[df12db4294e9bfd3]::ops::function::Fn<(&'a std[70759c8f55707aa4]::panic::PanicHookInfo<'b>,), Output = ()> + core[df12db4294e9bfd3]::marker::Send + core[df12db4294e9bfd3]::marker::Sync> as core[df12db4294e9bfd3]::ops::function::Fn<(&std[70759c8f55707aa4]::panic::PanicHookInfo,)>>::call
[INFO] [stdout]                                at /rustc/dfb0accb7f508ae8be965d8629557221c889dd98/library/alloc/src/boxed.rs:2334:9
[INFO] [stdout]   14:     0x6535ec2e14a2 - std[70759c8f55707aa4]::panicking::panic_with_hook
[INFO] [stdout]                                at /rustc/dfb0accb7f508ae8be965d8629557221c889dd98/library/std/src/panicking.rs:823:13
[INFO] [stdout]   15:     0x6535ec2c5092 - std[70759c8f55707aa4]::panicking::panic_handler::{closure#0}
[INFO] [stdout]                                at /rustc/dfb0accb7f508ae8be965d8629557221c889dd98/library/std/src/panicking.rs:688:13
[INFO] [stdout]   16:     0x6535ec2bdc59 - std[70759c8f55707aa4]::sys::backtrace::__rust_end_short_backtrace::<std[70759c8f55707aa4]::panicking::panic_handler::{closure#0}, !>
[INFO] [stdout]                                at /rustc/dfb0accb7f508ae8be965d8629557221c889dd98/library/std/src/sys/backtrace.rs:182:18
[INFO] [stdout]   17:     0x6535ec2c5c8d - __rustc[8fa7c3cbc660c2b3]::rust_begin_unwind
[INFO] [stdout]                                at /rustc/dfb0accb7f508ae8be965d8629557221c889dd98/library/std/src/panicking.rs:679:5
[INFO] [stdout]   18:     0x6535ec2ff36c - core[df12db4294e9bfd3]::panicking::panic_fmt
[INFO] [stdout]                                at /rustc/dfb0accb7f508ae8be965d8629557221c889dd98/library/core/src/panicking.rs:80:14
[INFO] [stdout]   19:     0x6535eb69c7bf - account[5a1a643def3d4c89]::common::program_binary::{closure#0}
[INFO] [stdout]                                at /opt/rustwide/workdir/programs/bulls-arena/tests/common/mod.rs:38:9
[INFO] [stdout]   20:     0x6535eb695041 - <core[df12db4294e9bfd3]::result::Result<alloc[2182bb758b4b3781]::vec::Vec<u8>, core[df12db4294e9bfd3]::io::error::Error>>::unwrap_or_else::<account[5a1a643def3d4c89]::common::program_binary::{closure#0}>
[INFO] [stdout]                                at /rustc/dfb0accb7f508ae8be965d8629557221c889dd98/library/core/src/result.rs:1621:23
[INFO] [stdout]   21:     0x6535eb69d6c2 - account[5a1a643def3d4c89]::common::program_binary
[INFO] [stdout]                                at /opt/rustwide/workdir/programs/bulls-arena/tests/common/mod.rs:37:24
[INFO] [stdout]   22:     0x6535eb6a9d5a - <account[5a1a643def3d4c89]::Chain>::new
[INFO] [stdout]                                at /opt/rustwide/workdir/programs/bulls-arena/tests/account.rs:48:43
[INFO] [stdout]   23:     0x6535eb6a4b69 - account[5a1a643def3d4c89]::the_loader_constraints_and_the_close_path_work_against_a_real_runtime
[INFO] [stdout]                                at /opt/rustwide/workdir/programs/bulls-arena/tests/account.rs:286:17
[INFO] [stdout]   24:     0x6535eb6a2ab7 - account[5a1a643def3d4c89]::the_loader_constraints_and_the_close_path_work_against_a_real_runtime::{closure#0}
[INFO] [stdout]                                at /opt/rustwide/workdir/programs/bulls-arena/tests/account.rs:285:75
[INFO] [stdout]   25:     0x6535eb6a0b36 - <account[5a1a643def3d4c89]::the_loader_constraints_and_the_close_path_work_against_a_real_runtime::{closure#0} as core[df12db4294e9bfd3]::ops::function::FnOnce<()>>::call_once
[INFO] [stdout]                                at /rustc/dfb0accb7f508ae8be965d8629557221c889dd98/library/core/src/ops/function.rs:250:5
[INFO] [stdout]   26:     0x6535eb6abf1b - <fn() -> core[df12db4294e9bfd3]::result::Result<(), alloc[2182bb758b4b3781]::string::String> as core[df12db4294e9bfd3]::ops::function::FnOnce<()>>::call_once
[INFO] [stdout]                                at /rustc/dfb0accb7f508ae8be965d8629557221c889dd98/library/core/src/ops/function.rs:250:5
[INFO] [stdout]   27:     0x6535eb6abf1b - test[9d35eded1c95d3be]::__rust_begin_short_backtrace::<core[df12db4294e9bfd3]::result::Result<(), alloc[2182bb758b4b3781]::string::String>, fn() -> core[df12db4294e9bfd3]::result::Result<(), alloc[2182bb758b4b3781]::string::String>>
[INFO] [stdout]                                at /rustc/dfb0accb7f508ae8be965d8629557221c889dd98/library/test/src/lib.rs:733:18
[INFO] [stdout]   28:     0x6535eb6b9585 - test[9d35eded1c95d3be]::run_test_in_process::{closure#0}
[INFO] [stdout]                                at /rustc/dfb0accb7f508ae8be965d8629557221c889dd98/library/test/src/lib.rs:756:74
[INFO] [stdout]   29:     0x6535eb6b9585 - <core[df12db4294e9bfd3]::panic::unwind_safe::AssertUnwindSafe<test[9d35eded1c95d3be]::run_test_in_process::{closure#0}> as core[df12db4294e9bfd3]::ops::function::FnOnce<()>>::call_once
[INFO] [stdout]                                at /rustc/dfb0accb7f508ae8be965d8629557221c889dd98/library/core/src/panic/unwind_safe.rs:275:9
[INFO] [stdout]   30:     0x6535eb6b9585 - std[70759c8f55707aa4]::panicking::catch_unwind::do_call::<core[df12db4294e9bfd3]::panic::unwind_safe::AssertUnwindSafe<test[9d35eded1c95d3be]::run_test_in_process::{closure#0}>, core[df12db4294e9bfd3]::result::Result<(), alloc[2182bb758b4b3781]::string::String>>
[INFO] [stdout]                                at /rustc/dfb0accb7f508ae8be965d8629557221c889dd98/library/std/src/panicking.rs:576:43
[INFO] [stdout]   31:     0x6535eb6b9585 - std[70759c8f55707aa4]::panicking::catch_unwind::<core[df12db4294e9bfd3]::result::Result<(), alloc[2182bb758b4b3781]::string::String>, core[df12db4294e9bfd3]::panic::unwind_safe::AssertUnwindSafe<test[9d35eded1c95d3be]::run_test_in_process::{closure#0}>>
[INFO] [stdout]                                at /rustc/dfb0accb7f508ae8be965d8629557221c889dd98/library/std/src/panicking.rs:544:19
[INFO] [stdout]   32:     0x6535eb6b9585 - std[70759c8f55707aa4]::panic::catch_unwind::<core[df12db4294e9bfd3]::panic::unwind_safe::AssertUnwindSafe<test[9d35eded1c95d3be]::run_test_in_process::{closure#0}>, core[df12db4294e9bfd3]::result::Result<(), alloc[2182bb758b4b3781]::string::String>>
[INFO] [stdout]                                at /rustc/dfb0accb7f508ae8be965d8629557221c889dd98/library/std/src/panic.rs:359:14
[INFO] [stdout]   33:     0x6535eb6b9585 - test[9d35eded1c95d3be]::run_test_in_process
[INFO] [stdout]                                at /rustc/dfb0accb7f508ae8be965d8629557221c889dd98/library/test/src/lib.rs:756:27
[INFO] [stdout]   34:     0x6535eb6b9585 - test[9d35eded1c95d3be]::run_test::{closure#0}
[INFO] [stdout]                                at /rustc/dfb0accb7f508ae8be965d8629557221c889dd98/library/test/src/lib.rs:677:43
[INFO] [stdout]   35:     0x6535eb6b2e44 - test[9d35eded1c95d3be]::run_test::{closure#1}
[INFO] [stdout]                                at /rustc/dfb0accb7f508ae8be965d8629557221c889dd98/library/test/src/lib.rs:707:41
[INFO] [stdout]   36:     0x6535eb6b2e44 - std[70759c8f55707aa4]::sys::backtrace::__rust_begin_short_backtrace::<test[9d35eded1c95d3be]::run_test::{closure#1}, ()>
[INFO] [stdout]                                at /rustc/dfb0accb7f508ae8be965d8629557221c889dd98/library/std/src/sys/backtrace.rs:166:18
[INFO] [stdout]   37:     0x6535eb6bc6e2 - std[70759c8f55707aa4]::thread::lifecycle::spawn_unchecked::<test[9d35eded1c95d3be]::run_test::{closure#1}, ()>::{closure#1}::{closure#0}
[INFO] [stdout]                                at /rustc/dfb0accb7f508ae8be965d8629557221c889dd98/library/std/src/thread/lifecycle.rs:70:13
[INFO] [stdout]   38:     0x6535eb6bc6e2 - <core[df12db4294e9bfd3]::panic::unwind_safe::AssertUnwindSafe<std[70759c8f55707aa4]::thread::lifecycle::spawn_unchecked<test[9d35eded1c95d3be]::run_test::{closure#1}, ()>::{closure#1}::{closure#0}> as core[df12db4294e9bfd3]::ops::function::FnOnce<()>>::call_once
[INFO] [stdout]                                at /rustc/dfb0accb7f508ae8be965d8629557221c889dd98/library/core/src/panic/unwind_safe.rs:275:9
[INFO] [stdout]   39:     0x6535eb6bc6e2 - std[70759c8f55707aa4]::panicking::catch_unwind::do_call::<core[df12db4294e9bfd3]::panic::unwind_safe::AssertUnwindSafe<std[70759c8f55707aa4]::thread::lifecycle::spawn_unchecked<test[9d35eded1c95d3be]::run_test::{closure#1}, ()>::{closure#1}::{closure#0}>, ()>
[INFO] [stdout]                                at /rustc/dfb0accb7f508ae8be965d8629557221c889dd98/library/std/src/panicking.rs:576:43
[INFO] [stdout]   40:     0x6535eb6bc6e2 - std[70759c8f55707aa4]::panicking::catch_unwind::<(), core[df12db4294e9bfd3]::panic::unwind_safe::AssertUnwindSafe<std[70759c8f55707aa4]::thread::lifecycle::spawn_unchecked<test[9d35eded1c95d3be]::run_test::{closure#1}, ()>::{closure#1}::{closure#0}>>
[INFO] [stdout]                                at /rustc/dfb0accb7f508ae8be965d8629557221c889dd98/library/std/src/panicking.rs:544:19
[INFO] [stdout]   41:     0x6535eb6bc6e2 - std[70759c8f55707aa4]::panic::catch_unwind::<core[df12db4294e9bfd3]::panic::unwind_safe::AssertUnwindSafe<std[70759c8f55707aa4]::thread::lifecycle::spawn_unchecked<test[9d35eded1c95d3be]::run_test::{closure#1}, ()>::{closure#1}::{closure#0}>, ()>
[INFO] [stdout]                                at /rustc/dfb0accb7f508ae8be965d8629557221c889dd98/library/std/src/panic.rs:359:14
[INFO] [stdout]   42:     0x6535eb6bc6e2 - std[70759c8f55707aa4]::thread::lifecycle::spawn_unchecked::<test[9d35eded1c95d3be]::run_test::{closure#1}, ()>::{closure#1}
[INFO] [stdout]                                at /rustc/dfb0accb7f508ae8be965d8629557221c889dd98/library/std/src/thread/lifecycle.rs:68:26
[INFO] [stdout]   43:     0x6535eb6bc6e2 - <std[70759c8f55707aa4]::thread::lifecycle::spawn_unchecked<test[9d35eded1c95d3be]::run_test::{closure#1}, ()>::{closure#1} as core[df12db4294e9bfd3]::ops::function::FnOnce<()>>::call_once::{shim:vtable#0}
[INFO] [stdout]                                at /rustc/dfb0accb7f508ae8be965d8629557221c889dd98/library/core/src/ops/function.rs:250:5
[INFO] [stdout]   44:     0x6535ec2e8529 - <alloc[2182bb758b4b3781]::boxed::Box<dyn core[df12db4294e9bfd3]::ops::function::FnOnce<(), Output = ()> + core[df12db4294e9bfd3]::marker::Send> as core[df12db4294e9bfd3]::ops::function::FnOnce<()>>::call_once
[INFO] [stdout]                                at /rustc/dfb0accb7f508ae8be965d8629557221c889dd98/library/alloc/src/boxed.rs:2320:9
[INFO] [stdout]   45:     0x6535ec2e8529 - <std[70759c8f55707aa4]::sys::thread::unix::Thread>::new::thread_start
[INFO] [stdout]                                at /rustc/dfb0accb7f508ae8be965d8629557221c889dd98/library/std/src/sys/thread/unix.rs:123:17
[INFO] [stdout]   46:     0x700f4b924dfa - <unknown>
[INFO] [stdout]   47:     0x700f4b9b83d4 - clone
[INFO] [stdout]   48:                0x0 - <unknown>
[INFO] [stdout] 
[INFO] [stdout] ---- a_round_cannot_be_opened_over_itself stdout ----
[INFO] [stdout] 
[INFO] [stdout] thread 'a_round_cannot_be_opened_over_itself' (7272) panicked at programs/bulls-arena/tests/common/mod.rs:38:9:
[INFO] [stdout] no /opt/rustwide/workdir/programs/bulls-arena/../../target/deploy/bulls_arena.so — this test runs the COMPILED program, so it cannot run without one.
[INFO] [stdout] Build it with:
[INFO] [stdout]   PATH="$HOME/.local/share/solana/install/active_release/bin:$PATH" \
[INFO] [stdout]     cargo-build-sbf --manifest-path programs/bulls-arena/Cargo.toml
[INFO] [stdout] stack backtrace:
[INFO] [stdout]    0:     0x6535ec2e8f71 - std[70759c8f55707aa4]::backtrace_rs::backtrace::libunwind::trace
[INFO] [stdout]                                at /rustc/dfb0accb7f508ae8be965d8629557221c889dd98/library/std/src/../../backtrace/src/backtrace/libunwind.rs:117:9
[INFO] [stdout]    1:     0x6535ec2e8f71 - std[70759c8f55707aa4]::backtrace_rs::backtrace::trace_unsynchronized::<std[70759c8f55707aa4]::sys::backtrace::_print_fmt::{closure#1}>
[INFO] [stdout]                                at /rustc/dfb0accb7f508ae8be965d8629557221c889dd98/library/std/src/../../backtrace/src/backtrace/mod.rs:66:14
[INFO] [stdout]    2:     0x6535ec2e8f71 - std[70759c8f55707aa4]::sys::backtrace::_print_fmt
[INFO] [stdout]                                at /rustc/dfb0accb7f508ae8be965d8629557221c889dd98/library/std/src/sys/backtrace.rs:74:9
[INFO] [stdout]    3:     0x6535ec2e8f71 - <<std[70759c8f55707aa4]::sys::backtrace::BacktraceLock>::print::DisplayBacktrace as core[df12db4294e9bfd3]::fmt::Display>::fmt
[INFO] [stdout]                                at /rustc/dfb0accb7f508ae8be965d8629557221c889dd98/library/std/src/sys/backtrace.rs:44:26
[INFO] [stdout]    4:     0x6535ec2feb8a - <core[df12db4294e9bfd3]::fmt::rt::Argument>::fmt
[INFO] [stdout]                                at /rustc/dfb0accb7f508ae8be965d8629557221c889dd98/library/core/src/fmt/rt.rs:152:76
[INFO] [stdout]    5:     0x6535ec2feb8a - core[df12db4294e9bfd3]::fmt::write
[INFO] [stdout]    6:     0x6535ec2ed4dc - core[df12db4294e9bfd3]::io::write::default_write_fmt::<alloc[2182bb758b4b3781]::vec::Vec<u8>>
[INFO] [stdout]                                at /rustc/dfb0accb7f508ae8be965d8629557221c889dd98/library/core/src/io/write.rs:402:11
[INFO] [stdout]    7:     0x6535ec2ed4dc - <alloc[2182bb758b4b3781]::vec::Vec<u8> as core[df12db4294e9bfd3]::io::write::Write>::write_fmt
[INFO] [stdout]                                at /rustc/dfb0accb7f508ae8be965d8629557221c889dd98/library/core/src/io/write.rs:335:13
[INFO] [stdout]    8:     0x6535ec2c4fe6 - <std[70759c8f55707aa4]::sys::backtrace::BacktraceLock>::print
[INFO] [stdout]                                at /rustc/dfb0accb7f508ae8be965d8629557221c889dd98/library/std/src/sys/backtrace.rs:47:9
[INFO] [stdout]    9:     0x6535ec2c4fe6 - std[70759c8f55707aa4]::panicking::default_hook::{closure#0}
[INFO] [stdout]                                at /rustc/dfb0accb7f508ae8be965d8629557221c889dd98/library/std/src/panicking.rs:292:27
[INFO] [stdout]   10:     0x6535ec2e12e9 - std[70759c8f55707aa4]::panicking::default_hook
[INFO] [stdout]                                at /rustc/dfb0accb7f508ae8be965d8629557221c889dd98/library/std/src/panicking.rs:316:9
[INFO] [stdout]   11:     0x6535eb6b8c30 - <alloc[2182bb758b4b3781]::boxed::Box<dyn for<'a, 'b> core[df12db4294e9bfd3]::ops::function::Fn<(&'a std[70759c8f55707aa4]::panic::PanicHookInfo<'b>,), Output = ()> + core[df12db4294e9bfd3]::marker::Send + core[df12db4294e9bfd3]::marker::Sync> as core[df12db4294e9bfd3]::ops::function::Fn<(&std[70759c8f55707aa4]::panic::PanicHookInfo,)>>::call
[INFO] [stdout]                                at /rustc/dfb0accb7f508ae8be965d8629557221c889dd98/library/alloc/src/boxed.rs:2334:9
[INFO] [stdout]   12:     0x6535eb6b8c30 - test[9d35eded1c95d3be]::test_main_inner::<test[9d35eded1c95d3be]::test_main_static::{closure#0}>::{closure#0}
[INFO] [stdout]                                at /rustc/dfb0accb7f508ae8be965d8629557221c889dd98/library/test/src/lib.rs:155:21
[INFO] [stdout]   13:     0x6535ec2e14a2 - <alloc[2182bb758b4b3781]::boxed::Box<dyn for<'a, 'b> core[df12db4294e9bfd3]::ops::function::Fn<(&'a std[70759c8f55707aa4]::panic::PanicHookInfo<'b>,), Output = ()> + core[df12db4294e9bfd3]::marker::Send + core[df12db4294e9bfd3]::marker::Sync> as core[df12db4294e9bfd3]::ops::function::Fn<(&std[70759c8f55707aa4]::panic::PanicHookInfo,)>>::call
[INFO] [stdout]                                at /rustc/dfb0accb7f508ae8be965d8629557221c889dd98/library/alloc/src/boxed.rs:2334:9
[INFO] [stdout]   14:     0x6535ec2e14a2 - std[70759c8f55707aa4]::panicking::panic_with_hook
[INFO] [stdout]                                at /rustc/dfb0accb7f508ae8be965d8629557221c889dd98/library/std/src/panicking.rs:823:13
[INFO] [stdout]   15:     0x6535ec2c5092 - std[70759c8f55707aa4]::panicking::panic_handler::{closure#0}
[INFO] [stdout]                                at /rustc/dfb0accb7f508ae8be965d8629557221c889dd98/library/std/src/panicking.rs:688:13
[INFO] [stdout]   16:     0x6535ec2bdc59 - std[70759c8f55707aa4]::sys::backtrace::__rust_end_short_backtrace::<std[70759c8f55707aa4]::panicking::panic_handler::{closure#0}, !>
[INFO] [stdout]                                at /rustc/dfb0accb7f508ae8be965d8629557221c889dd98/library/std/src/sys/backtrace.rs:182:18
[INFO] [stdout]   17:     0x6535ec2c5c8d - __rustc[8fa7c3cbc660c2b3]::rust_begin_unwind
[INFO] [stdout]                                at /rustc/dfb0accb7f508ae8be965d8629557221c889dd98/library/std/src/panicking.rs:679:5
[INFO] [stdout]   18:     0x6535ec2ff36c - core[df12db4294e9bfd3]::panicking::panic_fmt
[INFO] [stdout]                                at /rustc/dfb0accb7f508ae8be965d8629557221c889dd98/library/core/src/panicking.rs:80:14
[INFO] [stdout]   19:     0x6535eb69c7bf - account[5a1a643def3d4c89]::common::program_binary::{closure#0}
[INFO] [stdout]                                at /opt/rustwide/workdir/programs/bulls-arena/tests/common/mod.rs:38:9
[INFO] [stdout]   20:     0x6535eb695041 - <core[df12db4294e9bfd3]::result::Result<alloc[2182bb758b4b3781]::vec::Vec<u8>, core[df12db4294e9bfd3]::io::error::Error>>::unwrap_or_else::<account[5a1a643def3d4c89]::common::program_binary::{closure#0}>
[INFO] [stdout]                                at /rustc/dfb0accb7f508ae8be965d8629557221c889dd98/library/core/src/result.rs:1621:23
[INFO] [stdout]   21:     0x6535eb69d6c2 - account[5a1a643def3d4c89]::common::program_binary
[INFO] [stdout]                                at /opt/rustwide/workdir/programs/bulls-arena/tests/common/mod.rs:37:24
[INFO] [stdout]   22:     0x6535eb6a9d5a - <account[5a1a643def3d4c89]::Chain>::new
[INFO] [stdout]                                at /opt/rustwide/workdir/programs/bulls-arena/tests/account.rs:48:43
[INFO] [stdout]   23:     0x6535eb6a4221 - account[5a1a643def3d4c89]::a_round_cannot_be_opened_over_itself
[INFO] [stdout]                                at /opt/rustwide/workdir/programs/bulls-arena/tests/account.rs:216:17
[INFO] [stdout]   24:     0x6535eb6a2a87 - account[5a1a643def3d4c89]::a_round_cannot_be_opened_over_itself::{closure#0}
[INFO] [stdout]                                at /opt/rustwide/workdir/programs/bulls-arena/tests/account.rs:215:42
[INFO] [stdout]   25:     0x6535eb6a0b16 - <account[5a1a643def3d4c89]::a_round_cannot_be_opened_over_itself::{closure#0} as core[df12db4294e9bfd3]::ops::function::FnOnce<()>>::call_once
[INFO] [stdout]                                at /rustc/dfb0accb7f508ae8be965d8629557221c889dd98/library/core/src/ops/function.rs:250:5
[INFO] [stdout]   26:     0x6535eb6abf1b - <fn() -> core[df12db4294e9bfd3]::result::Result<(), alloc[2182bb758b4b3781]::string::String> as core[df12db4294e9bfd3]::ops::function::FnOnce<()>>::call_once
[INFO] [stdout]                                at /rustc/dfb0accb7f508ae8be965d8629557221c889dd98/library/core/src/ops/function.rs:250:5
[INFO] [stdout]   27:     0x6535eb6abf1b - test[9d35eded1c95d3be]::__rust_begin_short_backtrace::<core[df12db4294e9bfd3]::result::Result<(), alloc[2182bb758b4b3781]::string::String>, fn() -> core[df12db4294e9bfd3]::result::Result<(), alloc[2182bb758b4b3781]::string::String>>
[INFO] [stdout]                                at /rustc/dfb0accb7f508ae8be965d8629557221c889dd98/library/test/src/lib.rs:733:18
[INFO] [stdout]   28:     0x6535eb6b9585 - test[9d35eded1c95d3be]::run_test_in_process::{closure#0}
[INFO] [stdout]                                at /rustc/dfb0accb7f508ae8be965d8629557221c889dd98/library/test/src/lib.rs:756:74
[INFO] [stdout]   29:     0x6535eb6b9585 - <core[df12db4294e9bfd3]::panic::unwind_safe::AssertUnwindSafe<test[9d35eded1c95d3be]::run_test_in_process::{closure#0}> as core[df12db4294e9bfd3]::ops::function::FnOnce<()>>::call_once
[INFO] [stdout]                                at /rustc/dfb0accb7f508ae8be965d8629557221c889dd98/library/core/src/panic/unwind_safe.rs:275:9
[INFO] [stdout]   30:     0x6535eb6b9585 - std[70759c8f55707aa4]::panicking::catch_unwind::do_call::<core[df12db4294e9bfd3]::panic::unwind_safe::AssertUnwindSafe<test[9d35eded1c95d3be]::run_test_in_process::{closure#0}>, core[df12db4294e9bfd3]::result::Result<(), alloc[2182bb758b4b3781]::string::String>>
[INFO] [stdout]                                at /rustc/dfb0accb7f508ae8be965d8629557221c889dd98/library/std/src/panicking.rs:576:43
[INFO] [stdout]   31:     0x6535eb6b9585 - std[70759c8f55707aa4]::panicking::catch_unwind::<core[df12db4294e9bfd3]::result::Result<(), alloc[2182bb758b4b3781]::string::String>, core[df12db4294e9bfd3]::panic::unwind_safe::AssertUnwindSafe<test[9d35eded1c95d3be]::run_test_in_process::{closure#0}>>
[INFO] [stdout]                                at /rustc/dfb0accb7f508ae8be965d8629557221c889dd98/library/std/src/panicking.rs:544:19
[INFO] [stdout]   32:     0x6535eb6b9585 - std[70759c8f55707aa4]::panic::catch_unwind::<core[df12db4294e9bfd3]::panic::unwind_safe::AssertUnwindSafe<test[9d35eded1c95d3be]::run_test_in_process::{closure#0}>, core[df12db4294e9bfd3]::result::Result<(), alloc[2182bb758b4b3781]::string::String>>
[INFO] [stdout]                                at /rustc/dfb0accb7f508ae8be965d8629557221c889dd98/library/std/src/panic.rs:359:14
[INFO] [stdout]   33:     0x6535eb6b9585 - test[9d35eded1c95d3be]::run_test_in_process
[INFO] [stdout]                                at /rustc/dfb0accb7f508ae8be965d8629557221c889dd98/library/test/src/lib.rs:756:27
[INFO] [stdout]   34:     0x6535eb6b9585 - test[9d35eded1c95d3be]::run_test::{closure#0}
[INFO] [stdout]                                at /rustc/dfb0accb7f508ae8be965d8629557221c889dd98/library/test/src/lib.rs:677:43
[INFO] [stdout]   35:     0x6535eb6b2e44 - test[9d35eded1c95d3be]::run_test::{closure#1}
[INFO] [stdout]                                at /rustc/dfb0accb7f508ae8be965d8629557221c889dd98/library/test/src/lib.rs:707:41
[INFO] [stdout]   36:     0x6535eb6b2e44 - std[70759c8f55707aa4]::sys::backtrace::__rust_begin_short_backtrace::<test[9d35eded1c95d3be]::run_test::{closure#1}, ()>
[INFO] [stdout]                                at /rustc/dfb0accb7f508ae8be965d8629557221c889dd98/library/std/src/sys/backtrace.rs:166:18
[INFO] [stdout]   37:     0x6535eb6bc6e2 - std[70759c8f55707aa4]::thread::lifecycle::spawn_unchecked::<test[9d35eded1c95d3be]::run_test::{closure#1}, ()>::{closure#1}::{closure#0}
[INFO] [stdout]                                at /rustc/dfb0accb7f508ae8be965d8629557221c889dd98/library/std/src/thread/lifecycle.rs:70:13
[INFO] [stdout]   38:     0x6535eb6bc6e2 - <core[df12db4294e9bfd3]::panic::unwind_safe::AssertUnwindSafe<std[70759c8f55707aa4]::thread::lifecycle::spawn_unchecked<test[9d35eded1c95d3be]::run_test::{closure#1}, ()>::{closure#1}::{closure#0}> as core[df12db4294e9bfd3]::ops::function::FnOnce<()>>::call_once
[INFO] [stdout]                                at /rustc/dfb0accb7f508ae8be965d8629557221c889dd98/library/core/src/panic/unwind_safe.rs:275:9
[INFO] [stdout]   39:     0x6535eb6bc6e2 - std[70759c8f55707aa4]::panicking::catch_unwind::do_call::<core[df12db4294e9bfd3]::panic::unwind_safe::AssertUnwindSafe<std[70759c8f55707aa4]::thread::lifecycle::spawn_unchecked<test[9d35eded1c95d3be]::run_test::{closure#1}, ()>::{closure#1}::{closure#0}>, ()>
[INFO] [stdout]                                at /rustc/dfb0accb7f508ae8be965d8629557221c889dd98/library/std/src/panicking.rs:576:43
[INFO] [stdout]   40:     0x6535eb6bc6e2 - std[70759c8f55707aa4]::panicking::catch_unwind::<(), core[df12db4294e9bfd3]::panic::unwind_safe::AssertUnwindSafe<std[70759c8f55707aa4]::thread::lifecycle::spawn_unchecked<test[9d35eded1c95d3be]::run_test::{closure#1}, ()>::{closure#1}::{closure#0}>>
[INFO] [stdout]                                at /rustc/dfb0accb7f508ae8be965d8629557221c889dd98/library/std/src/panicking.rs:544:19
[INFO] [stdout]   41:     0x6535eb6bc6e2 - std[70759c8f55707aa4]::panic::catch_unwind::<core[df12db4294e9bfd3]::panic::unwind_safe::AssertUnwindSafe<std[70759c8f55707aa4]::thread::lifecycle::spawn_unchecked<test[9d35eded1c95d3be]::run_test::{closure#1}, ()>::{closure#1}::{closure#0}>, ()>
[INFO] [stdout]                                at /rustc/dfb0accb7f508ae8be965d8629557221c889dd98/library/std/src/panic.rs:359:14
[INFO] [stdout]   42:     0x6535eb6bc6e2 - std[70759c8f55707aa4]::thread::lifecycle::spawn_unchecked::<test[9d35eded1c95d3be]::run_test::{closure#1}, ()>::{closure#1}
[INFO] [stdout]                                at /rustc/dfb0accb7f508ae8be965d8629557221c889dd98/library/std/src/thread/lifecycle.rs:68:26
[INFO] [stdout]   43:     0x6535eb6bc6e2 - <std[70759c8f55707aa4]::thread::lifecycle::spawn_unchecked<test[9d35eded1c95d3be]::run_test::{closure#1}, ()>::{closure#1} as core[df12db4294e9bfd3]::ops::function::FnOnce<()>>::call_once::{shim:vtable#0}
[INFO] [stdout]                                at /rustc/dfb0accb7f508ae8be965d8629557221c889dd98/library/core/src/ops/function.rs:250:5
[INFO] [stdout]   44:     0x6535ec2e8529 - <alloc[2182bb758b4b3781]::boxed::Box<dyn core[df12db4294e9bfd3]::ops::function::FnOnce<(), Output = ()> + core[df12db4294e9bfd3]::marker::Send> as core[df12db4294e9bfd3]::ops::function::FnOnce<()>>::call_once
[INFO] [stdout]                                at /rustc/dfb0accb7f508ae8be965d8629557221c889dd98/library/alloc/src/boxed.rs:2320:9
[INFO] [stdout]   45:     0x6535ec2e8529 - <std[70759c8f55707aa4]::sys::thread::unix::Thread>::new::thread_start
[INFO] [stdout]                                at /rustc/dfb0accb7f508ae8be965d8629557221c889dd98/library/std/src/sys/thread/unix.rs:123:17
[INFO] [stdout]   46:     0x700f4b924dfa - <unknown>
[INFO] [stdout]   47:     0x700f4b9b83d4 - clone
[INFO] [stdout]   48:                0x0 - <unknown>
[INFO] [stdout] 
[INFO] [stdout] 
[INFO] [stdout] failures:
[INFO] [stdout]     a_round_cannot_be_opened_over_itself
[INFO] [stdout]     a_round_the_program_opens_is_one_the_program_and_its_clients_can_read_back
[INFO] [stdout]     the_loader_constraints_and_the_close_path_work_against_a_real_runtime
[INFO] [stdout] 
[INFO] [stdout] test result: FAILED. 0 passed; 3 failed; 0 ignored; 0 measured; 0 filtered out; finished in 0.28s
[INFO] [stdout] 
[INFO] [stderr] error: test failed, to rerun pass `-p bulls-arena --test account`
[INFO] running `Command { std: "docker" "inspect" "b33d67c66c80599a34cd93b44c245387d027dfd4850b16857bf5df07a170d1ef", kill_on_drop: false }`
[INFO] running `Command { std: "docker" "rm" "-f" "b33d67c66c80599a34cd93b44c245387d027dfd4850b16857bf5df07a170d1ef", kill_on_drop: false }`
[INFO] [stdout] b33d67c66c80599a34cd93b44c245387d027dfd4850b16857bf5df07a170d1ef
