[INFO] cloning repository https://github.com/Clouder0/agent-daemon
[INFO] running `Command { std: "git" "-c" "credential.helper=" "-c" "credential.helper=/workspace/cargo-home/bin/git-credential-null" "clone" "--bare" "https://github.com/Clouder0/agent-daemon" "/workspace/cache/git-repos/https%3A%2F%2Fgithub.com%2FClouder0%2Fagent-daemon", kill_on_drop: false }`
[INFO] [stderr] Cloning into bare repository '/workspace/cache/git-repos/https%3A%2F%2Fgithub.com%2FClouder0%2Fagent-daemon'...
[INFO] running `Command { std: "git" "rev-parse" "HEAD", kill_on_drop: false }`
[INFO] [stdout] f1510791966b910a20855c2f8e23ab02a8d1d945
[INFO] testing Clouder0/agent-daemon against 1.99.0-beta.8 for beta-1.100-2
[INFO] running `Command { std: "git" "clone" "/workspace/cache/git-repos/https%3A%2F%2Fgithub.com%2FClouder0%2Fagent-daemon" "/workspace/builds/worker-3-tc1/source", kill_on_drop: false }`
[INFO] [stderr] Cloning into '/workspace/builds/worker-3-tc1/source'...
[INFO] [stderr] done.
[INFO] removed /workspace/builds/worker-3-tc1/source/rust-toolchain.toml
[INFO] started tweaking git repo https://github.com/Clouder0/agent-daemon
[INFO] finished tweaking git repo https://github.com/Clouder0/agent-daemon
[INFO] tweaked toml for git repo https://github.com/Clouder0/agent-daemon written to /workspace/builds/worker-3-tc1/source/Cargo.toml
[INFO] validating manifest of git repo https://github.com/Clouder0/agent-daemon on toolchain 1.99.0-beta.8
[INFO] running `Command { std: CARGO_HOME="/workspace/cargo-home" RUSTUP_HOME="/workspace/rustup-home" "/workspace/cargo-home/bin/cargo" "+1.99.0-beta.8" "metadata" "--manifest-path" "Cargo.toml" "--no-deps", kill_on_drop: false }`
[INFO] crate git repo https://github.com/Clouder0/agent-daemon already has a lockfile, it will not be regenerated
[INFO] running `Command { std: CARGO_HOME="/workspace/cargo-home" RUSTUP_HOME="/workspace/rustup-home" "/workspace/cargo-home/bin/cargo" "+1.99.0-beta.8" "fetch" "--manifest-path" "Cargo.toml", kill_on_drop: false }`
[INFO] [stderr]     Updating crates.io index
[INFO] [stderr]  Downloading crates ...
[INFO] [stderr]   Downloaded tryhard v0.5.2
[INFO] [stderr]   Downloaded serde_nanos v0.1.4
[INFO] [stderr]   Downloaded tokio-websockets v0.10.1
[INFO] [stderr]   Downloaded nuid v0.5.0
[INFO] [stderr]   Downloaded nkeys v0.4.5
[INFO] [stderr]   Downloaded signatory v0.27.1
[INFO] [stderr]   Downloaded rusqlite v0.37.0
[INFO] [stderr]   Downloaded async-nats v0.50.0
[INFO] [stderr]   Downloaded libsqlite3-sys v0.35.0
[INFO] running `Command { std: "docker" "create" "-v" "/var/lib/crater-agent-workspace/builds/worker-3-tc1/source:/opt/rustwide/workdir:ro,Z" "-v" "/var/lib/crater-agent-workspace/builds/worker-3-tc1/target:/opt/rustwide/target:rw,Z" "-v" "/var/lib/crater-agent-workspace/cargo-home:/opt/rustwide/cargo-home:ro,Z" "-v" "/var/lib/crater-agent-workspace/rustup-home:/opt/rustwide/rustup-home:ro,Z" "-m" "1610612736" "--network" "none" "ghcr.io/rust-lang/crates-build-env/linux@sha256:3111399a4047eeb3a02b7a90e478d715f38a8c6669b5c4b49d30a17385265909" "sleep" "infinity", kill_on_drop: false }`
[INFO] [stdout] eb84fca915b10949b0ae5d0625ca03a1c2f665468c383db45f55fb5d6e60b94a
[INFO] running `Command { std: "docker" "start" "eb84fca915b10949b0ae5d0625ca03a1c2f665468c383db45f55fb5d6e60b94a", kill_on_drop: false }`
[INFO] running `Command { std: "docker" "inspect" "eb84fca915b10949b0ae5d0625ca03a1c2f665468c383db45f55fb5d6e60b94a", kill_on_drop: false }`
[INFO] running `Command { std: "docker" "exec" "-e" "SOURCE_DIR=/opt/rustwide/workdir" "-e" "CARGO_HOME=/opt/rustwide/cargo-home" "-e" "RUSTUP_HOME=/opt/rustwide/rustup-home" "-e" "CARGO_TARGET_DIR=/opt/rustwide/target" "-w" "/opt/rustwide/workdir" "--user" "0:0" "eb84fca915b10949b0ae5d0625ca03a1c2f665468c383db45f55fb5d6e60b94a" "/opt/rustwide/cargo-home/bin/cargo" "+1.99.0-beta.8" "metadata" "--no-deps" "--format-version=1", kill_on_drop: false }`
[INFO] running `Command { std: "docker" "inspect" "eb84fca915b10949b0ae5d0625ca03a1c2f665468c383db45f55fb5d6e60b94a", kill_on_drop: false }`
[INFO] running `Command { std: "docker" "exec" "-e" "SOURCE_DIR=/opt/rustwide/workdir" "-e" "CARGO_HOME=/opt/rustwide/cargo-home" "-e" "RUSTUP_HOME=/opt/rustwide/rustup-home" "-e" "CARGO_TARGET_DIR=/opt/rustwide/target" "-e" "CARGO_INCREMENTAL=0" "-e" "RUST_BACKTRACE=full" "-e" "RUSTFLAGS=--cap-lints=warn" "-e" "RUSTDOCFLAGS=--cap-lints=warn" "-w" "/opt/rustwide/workdir" "--user" "0:0" "eb84fca915b10949b0ae5d0625ca03a1c2f665468c383db45f55fb5d6e60b94a" "/opt/rustwide/cargo-home/bin/cargo" "+1.99.0-beta.8" "build" "--frozen" "--message-format=json", kill_on_drop: false }`
[INFO] [stderr]    Compiling syn v3.0.3
[INFO] [stderr]    Compiling synstructure v0.13.2
[INFO] [stderr]    Compiling serde v1.0.229
[INFO] [stderr]    Compiling find-msvc-tools v0.1.11
[INFO] [stderr]    Compiling zerocopy v0.8.56
[INFO] [stderr]    Compiling litemap v0.8.3
[INFO] [stderr]    Compiling writeable v0.6.4
[INFO] [stderr]    Compiling icu_normalizer_data v2.3.0
[INFO] [stderr]    Compiling icu_properties_data v2.3.0
[INFO] [stderr]    Compiling pem-rfc7468 v0.7.0
[INFO] [stderr]    Compiling getrandom v0.2.17
[INFO] [stderr]    Compiling crypto-common v0.1.7
[INFO] [stderr]    Compiling curve25519-dalek v4.1.3
[INFO] [stderr]    Compiling aho-corasick v1.1.5
[INFO] [stderr]    Compiling rustls v0.23.43
[INFO] [stderr]    Compiling regex-syntax v0.8.11
[INFO] [stderr]    Compiling digest v0.10.7
[INFO] [stderr]    Compiling rand_core v0.6.4
[INFO] [stderr]    Compiling cc v1.4.3
[INFO] [stderr]    Compiling curve25519-dalek-derive v0.1.1
[INFO] [stderr]    Compiling der v0.7.10
[INFO] [stderr]    Compiling serde_json v1.0.151
[INFO] [stderr]    Compiling futures-sink v0.3.34
[INFO] [stderr]    Compiling utf8parse v0.2.2
[INFO] [stderr]    Compiling signature v2.2.0
[INFO] [stderr]    Compiling anstyle-parse v1.0.0
[INFO] [stderr]    Compiling sha2 v0.10.9
[INFO] [stderr]    Compiling tracing-attributes v0.1.31
[INFO] [stderr]    Compiling anstyle v1.0.14
[INFO] [stderr]    Compiling ed25519 v2.2.3
[INFO] [stderr]    Compiling is_terminal_polyfill v1.70.2
[INFO] [stderr]    Compiling colorchoice v1.0.5
[INFO] [stderr]    Compiling anstyle-query v1.1.5
[INFO] [stderr]    Compiling foldhash v0.1.5
[INFO] [stderr]    Compiling thiserror v2.0.20
[INFO] [stderr]    Compiling cpufeatures v0.3.0
[INFO] [stderr]    Compiling portable-atomic v1.15.0
[INFO] [stderr]    Compiling chacha20 v0.10.1
[INFO] [stderr]    Compiling anstream v1.0.0
[INFO] [stderr]    Compiling hashbrown v0.15.5
[INFO] [stderr]    Compiling getrandom v0.4.3
[INFO] [stderr]    Compiling deranged v0.5.8
[INFO] [stderr]    Compiling zerofrom-derive v0.1.7
[INFO] [stderr]    Compiling yoke-derive v0.8.2
[INFO] [stderr]    Compiling pin-project-internal v1.1.13
[INFO] [stderr]    Compiling futures-task v0.3.34
[INFO] [stderr]    Compiling time-core v0.1.9
[INFO] [stderr]    Compiling winnow v1.0.4
[INFO] [stderr]    Compiling openssl-probe v0.2.1
[INFO] [stderr]    Compiling num-conv v0.2.2
[INFO] [stderr]    Compiling base64 v0.22.1
[INFO] [stderr]    Compiling clap_lex v1.1.0
[INFO] [stderr]    Compiling strsim v0.11.1
[INFO] [stderr]    Compiling ed25519-dalek v2.2.0
[INFO] [stderr]    Compiling spki v0.7.3
[INFO] [stderr]    Compiling pkcs8 v0.10.2
[INFO] [stderr]    Compiling dirs-sys v0.5.0
[INFO] [stderr]    Compiling clap_builder v4.6.6
[INFO] [stderr]    Compiling tracing v0.1.44
[INFO] [stderr]    Compiling signatory v0.27.1
[INFO] [stderr]    Compiling hashlink v0.10.0
[INFO] [stderr]    Compiling toml_parser v1.1.3+spec-1.1.0
[INFO] [stderr]    Compiling rustls-native-certs v0.8.4
[INFO] [stderr]    Compiling ring v0.17.14
[INFO] [stderr]    Compiling libsqlite3-sys v0.35.0
[INFO] [stderr]    Compiling time v0.3.55
[INFO] [stderr]    Compiling rand v0.10.2
[INFO] [stderr]    Compiling toml_datetime v1.1.1+spec-1.1.0
[INFO] [stderr]    Compiling pin-project v1.1.13
[INFO] [stderr]    Compiling serde_spanned v1.1.1
[INFO] [stderr]    Compiling thread_local v1.1.10
[INFO] [stderr]    Compiling zerofrom v0.1.8
[INFO] [stderr]    Compiling regex-automata v0.4.18
[INFO] [stderr]    Compiling yoke v0.8.3
[INFO] [stderr]    Compiling toml_writer v1.1.2+spec-1.1.0
[INFO] [stderr]    Compiling bitflags v2.13.1
[INFO] [stderr]    Compiling fallible-streaming-iterator v0.1.9
[INFO] [stderr]    Compiling fallible-iterator v0.3.0
[INFO] [stderr]    Compiling toml v1.1.4+spec-1.1.0
[INFO] [stderr]    Compiling dirs v6.0.0
[INFO] [stderr]    Compiling serde_derive v1.0.229
[INFO] [stderr]    Compiling zerovec-derive v0.11.5
[INFO] [stderr]    Compiling displaydoc v0.2.7
[INFO] [stderr]    Compiling tokio-macros v2.7.2
[INFO] [stderr]    Compiling futures-macro v0.3.34
[INFO] [stderr]    Compiling thiserror-impl v2.0.20
[INFO] [stderr]    Compiling serde_repr v0.1.21
[INFO] [stderr]    Compiling clap_derive v4.6.4
[INFO] [stderr]    Compiling futures-util v0.3.34
[INFO] [stderr]    Compiling zerovec v0.11.7
[INFO] [stderr]    Compiling zerotrie v0.2.5
[INFO] [stderr]    Compiling regex v1.13.1
[INFO] [stderr]    Compiling matchers v0.2.0
[INFO] [stderr]    Compiling ppv-lite86 v0.2.21
[INFO] [stderr]    Compiling tinystr v0.8.4
[INFO] [stderr]    Compiling potential_utf v0.1.6
[INFO] [stderr]    Compiling icu_collections v2.3.0
[INFO] [stderr]    Compiling icu_locale_core v2.3.0
[INFO] [stderr]    Compiling rand_chacha v0.3.1
[INFO] [stderr]    Compiling clap v4.6.6
[INFO] [stderr]    Compiling rand v0.8.7
[INFO] [stderr]    Compiling icu_provider v2.3.0
[INFO] [stderr]    Compiling icu_properties v2.3.0
[INFO] [stderr]    Compiling icu_normalizer v2.3.0
[INFO] [stderr]    Compiling rustls-webpki v0.103.14
[INFO] [stderr]    Compiling nkeys v0.4.5
[INFO] [stderr]    Compiling nuid v0.5.0
[INFO] [stderr]    Compiling bytes v1.12.1
[INFO] [stderr]    Compiling serde_nanos v0.1.4
[INFO] [stderr]    Compiling tracing-serde v0.2.0
[INFO] [stderr]    Compiling tracing-subscriber v0.3.23
[INFO] [stderr]    Compiling idna_adapter v1.2.2
[INFO] [stderr]    Compiling idna v1.1.0
[INFO] [stderr]    Compiling tokio v1.53.1
[INFO] [stderr]    Compiling http v1.5.0
[INFO] [stderr]    Compiling url v2.5.8
[INFO] [stderr]    Compiling rusqlite v0.37.0
[INFO] [stderr]    Compiling tokio-util v0.7.19
[INFO] [stderr]    Compiling tokio-rustls v0.26.4
[INFO] [stderr]    Compiling tokio-stream v0.1.19
[INFO] [stderr]    Compiling tryhard v0.5.2
[INFO] [stderr]    Compiling tokio-websockets v0.10.1
[INFO] [stderr]    Compiling async-nats v0.50.0
[INFO] [stderr]    Compiling agent-daemon v0.1.0 (/opt/rustwide/workdir)
[INFO] [stderr]     Finished `dev` profile [unoptimized + debuginfo] target(s) in 1m 10s
[INFO] running `Command { std: "docker" "inspect" "eb84fca915b10949b0ae5d0625ca03a1c2f665468c383db45f55fb5d6e60b94a", kill_on_drop: false }`
[INFO] running `Command { std: "docker" "exec" "-e" "SOURCE_DIR=/opt/rustwide/workdir" "-e" "CARGO_HOME=/opt/rustwide/cargo-home" "-e" "RUSTUP_HOME=/opt/rustwide/rustup-home" "-e" "CARGO_TARGET_DIR=/opt/rustwide/target" "-e" "CARGO_INCREMENTAL=0" "-e" "RUST_BACKTRACE=full" "-e" "RUSTFLAGS=--cap-lints=warn" "-e" "RUSTDOCFLAGS=--cap-lints=warn" "-w" "/opt/rustwide/workdir" "--user" "0:0" "eb84fca915b10949b0ae5d0625ca03a1c2f665468c383db45f55fb5d6e60b94a" "/opt/rustwide/cargo-home/bin/cargo" "+1.99.0-beta.8" "test" "--frozen" "--no-run" "--message-format=json", kill_on_drop: false }`
[INFO] [stderr]    Compiling getrandom v0.3.4
[INFO] [stderr]    Compiling wait-timeout v0.2.1
[INFO] [stderr]    Compiling num-traits v0.2.19
[INFO] [stderr]    Compiling rusqlite v0.37.0
[INFO] [stderr]    Compiling rustix v1.1.4
[INFO] [stderr]    Compiling bit-vec v0.8.0
[INFO] [stderr]    Compiling quick-error v1.2.3
[INFO] [stderr]    Compiling unarray v0.1.4
[INFO] [stderr]    Compiling rand_core v0.9.5
[INFO] [stderr]    Compiling bit-set v0.8.0
[INFO] [stderr]    Compiling rand_chacha v0.9.0
[INFO] [stderr]    Compiling rand_xorshift v0.4.0
[INFO] [stderr]    Compiling rand v0.9.5
[INFO] [stderr]    Compiling agent-daemon v0.1.0 (/opt/rustwide/workdir)
[INFO] [stderr]    Compiling tempfile v3.27.0
[INFO] [stderr]    Compiling rusty-fork v0.3.1
[INFO] [stderr]    Compiling proptest v1.11.0
[INFO] [stderr]     Finished `test` profile [unoptimized + debuginfo] target(s) in 21.37s
[INFO] running `Command { std: "docker" "inspect" "eb84fca915b10949b0ae5d0625ca03a1c2f665468c383db45f55fb5d6e60b94a", kill_on_drop: false }`
[INFO] running `Command { std: "docker" "exec" "-e" "SOURCE_DIR=/opt/rustwide/workdir" "-e" "CARGO_HOME=/opt/rustwide/cargo-home" "-e" "RUSTUP_HOME=/opt/rustwide/rustup-home" "-e" "CARGO_TARGET_DIR=/opt/rustwide/target" "-e" "CARGO_INCREMENTAL=0" "-e" "RUST_BACKTRACE=full" "-e" "RUSTFLAGS=--cap-lints=warn" "-e" "RUSTDOCFLAGS=--cap-lints=warn" "-w" "/opt/rustwide/workdir" "--user" "0:0" "eb84fca915b10949b0ae5d0625ca03a1c2f665468c383db45f55fb5d6e60b94a" "/opt/rustwide/cargo-home/bin/cargo" "+1.99.0-beta.8" "test" "--frozen", kill_on_drop: false }`
[INFO] [stderr]     Finished `test` profile [unoptimized + debuginfo] target(s) in 0.51s
[INFO] [stderr]      Running unittests src/lib.rs (/opt/rustwide/target/debug/deps/agent_daemon-2d79db6fcab56972)
[INFO] [stdout] 
[INFO] [stdout] running 46 tests
[INFO] [stdout] test agent_id::tests::parses_and_encodes_subject ... ok
[INFO] [stdout] test config::tests::toml_overrides_apply_and_defaults_fill_gaps ... ok
[INFO] [stdout] test agent_id::tests::serde_roundtrip ... ok
[INFO] [stdout] test agent_id::tests::rejects_invalid_forms ... ok
[INFO] [stdout] test config::tests::dedup_path_resolves_explicit_or_xdg_default ... ok
[INFO] [stdout] test config::tests::dedup_ttl_derives_from_days ... ok
[INFO] [stdout] test agent_id::tests::rejects_too_many_tokens ... ok
[INFO] [stdout] test agent_id::tests::accepts_multi_token_and_allowed_characters ... ok
[INFO] [stdout] test event::tests::empty_event_id_is_terminal ... ok
[INFO] [stdout] test event::tests::invalid_agent_id_is_terminal ... ok
[INFO] [stdout] test config::tests::defaults_match_whitepaper_and_adr_0001 ... ok
[INFO] [stdout] test config::tests::agents_dir_resolves_explicit_or_xdg_default ... ok
[INFO] [stdout] test event::tests::parses_whitepaper_example ... ok
[INFO] [stdout] test config::tests::progress_interval_must_be_shorter_than_ack_wait ... ok
[INFO] [stdout] test dedup::tests::same_event_id_different_agents_do_not_collide ... ok
[INFO] [stdout] test event::tests::unknown_fields_are_accepted ... ok
[INFO] [stdout] test event::tests::unparseable_json_is_terminal ... ok
[INFO] [stdout] test dedup::tests::mark_then_hit_and_idempotent_remark ... ok
[INFO] [stdout] test event::tests::unsupported_version_is_terminal ... ok
[INFO] [stdout] test dedup::tests::ttl_purge_keeps_recent_rows ... ok
[INFO] [stdout] test agent_id::tests::generated_ids_roundtrip ... ok
[INFO] [stdout] test logging::tests::config_level_used_when_env_unset ... ok
[INFO] [stdout] test logging::tests::urls_with_userinfo_are_redacted ... ok
[INFO] [stdout] test logging::tests::invalid_config_level_is_an_error ... ok
[INFO] [stdout] test logging::tests::invalid_env_falls_back_to_config ... ok
[INFO] [stdout] test logging::tests::handler_span_fields_attach_to_nested_events ... ok
[INFO] [stdout] test registry::tests::liveness_warnings_classify_handlers ... ok
[INFO] [stdout] test registry::tests::filename_must_match_agent_id ... ok
[INFO] [stdout] test logging::tests::dispatch_span_fields_attach_to_nested_events ... ok
[INFO] [stdout] test logging::tests::helpers_compile_and_emit ... ok
[INFO] [stdout] test registry::tests::structural_validation_rejects_bad_configs ... ok
[INFO] [stdout] test relay::tests::consumer_name_is_identity_with_prefix ... ok
[INFO] [stdout] test logging::tests::env_filter_overrides_config_level ... ok
[INFO] [stdout] test event::tests::missing_event_id_is_terminal ... ok
[INFO] [stdout] test config::tests::unknown_keys_are_rejected ... ok
[INFO] [stdout] test registry::tests::load_sweeps_stale_tmp_files ... ok
[INFO] [stdout] test relay::tests::consumer_config_matches_whitepaper ... ok
[INFO] [stdout] test dispatcher::tests::exit_status_encoding ... ok
[INFO] [stdout] test registry::tests::reload_diffs_transitions ... ok
[INFO] [stdout] test registry::tests::concurrent_same_id_register_keeps_disk_and_memory_consistent ... ok
[INFO] [stdout] test registry::tests::register_persists_and_reload_roundtrips ... ok
[INFO] [stdout] test registry::tests::duplicate_register_is_an_error ... ok
[INFO] [stdout] test registry::tests::update_and_unregister_flow ... ok
[INFO] [stdout] test dedup::tests::concurrent_access_is_serialized ... ok
[INFO] [stdout] test dedup::tests::ttl_purge_removes_only_expired_rows ... ok
[INFO] [stdout] test dedup::tests::file_backed_open_creates_schema_and_purges ... ok
[INFO] [stdout] 
[INFO] [stdout] test result: ok. 46 passed; 0 failed; 0 ignored; 0 measured; 0 filtered out; finished in 1.15s
[INFO] [stdout] 
[INFO] [stderr]      Running unittests src/main.rs (/opt/rustwide/target/debug/deps/agentd-806416fbab5a4a6b)
[INFO] [stdout] 
[INFO] [stderr]      Running unittests src/bin/agentdctl.rs (/opt/rustwide/target/debug/deps/agentdctl-8482d7a3b7185caa)
[INFO] [stdout] running 0 tests
[INFO] [stderr]      Running tests/agentdctl.rs (/opt/rustwide/target/debug/deps/agentdctl-3c659b4fcb69605c)
[INFO] [stdout] 
[INFO] [stdout] test result: ok. 0 passed; 0 failed; 0 ignored; 0 measured; 0 filtered out; finished in 0.00s
[INFO] [stdout] 
[INFO] [stdout] 
[INFO] [stdout] running 0 tests
[INFO] [stdout] 
[INFO] [stdout] test result: ok. 0 passed; 0 failed; 0 ignored; 0 measured; 0 filtered out; finished in 0.00s
[INFO] [stdout] 
[INFO] [stdout] 
[INFO] [stdout] running 7 tests
[INFO] [stdout] test update_missing_agent_errors ... ok
[INFO] [stdout] test ctl_without_daemon_reports_connection_error ... ok
[INFO] [stdout] test duplicate_register_fails_loudly ... ok
[INFO] [stdout] test status_shape ... ok
[INFO] [stdout] test update_disable_shows_in_list ... ok
[INFO] [stdout] test register_persists_and_lists ... ok
[INFO] [stderr]      Running tests/cli.rs (/opt/rustwide/target/debug/deps/cli-76916353074362cc)
[INFO] [stdout] test unregister_empties_list_and_reload_ok ... ok
[INFO] [stdout] 
[INFO] [stdout] test result: ok. 7 passed; 0 failed; 0 ignored; 0 measured; 0 filtered out; finished in 0.16s
[INFO] [stdout] 
[INFO] [stdout] 
[INFO] [stdout] running 2 tests
[INFO] [stdout] test agentd_version_works ... ok
[INFO] [stdout] test agentdctl_help_works ... ok
[INFO] [stdout] 
[INFO] [stdout] test result: ok. 2 passed; 0 failed; 0 ignored; 0 measured; 0 filtered out; finished in 0.01s
[INFO] [stdout] 
[INFO] [stderr]      Running tests/control.rs (/opt/rustwide/target/debug/deps/control-fad04552581872f5)
[INFO] [stdout] 
[INFO] [stdout] running 8 tests
[INFO] [stdout] test reload_applies_disk_diff ... ok
[INFO] [stdout] test stale_socket_file_is_replaced_at_bind ... ok
[INFO] [stdout] test socket_is_created_with_mode_0600 ... ok
[INFO] [stdout] test malformed_request_returns_error_not_disconnect ... ok
[INFO] [stdout] test status_reports_agents_and_backlog ... ok
[INFO] [stdout] test duplicate_register_is_an_error ... ok
[INFO] [stdout] test register_persists_and_applies_added_change ... ok
[INFO] [stderr]      Running tests/dispatcher.rs (/opt/rustwide/target/debug/deps/dispatcher-1d7e4fa187f75af0)
[INFO] [stdout] test update_disable_unregister_flow ... ok
[INFO] [stdout] 
[INFO] [stdout] test result: ok. 8 passed; 0 failed; 0 ignored; 0 measured; 0 filtered out; finished in 0.04s
[INFO] [stdout] 
[INFO] [stdout] 
[INFO] [stdout] running 17 tests
[INFO] [stdout] test oversize_event_is_terminal ... ok
[INFO] [stdout] test stdin_receives_exact_original_bytes ... ok
[INFO] [stdout] test epipe_from_early_exit_is_normal ... ok
[INFO] [stdout] test spawn_failure_is_terminal ... ok
[INFO] [stdout] test fail_open_dispatches_when_dedup_read_fails ... ok
[INFO] [stdout] test invalid_envelope_is_terminal ... ok
[INFO] [stdout] test dedup_hit_skips_handler_and_acks ... ok
[INFO] [stdout] test fail_open_acks_when_dedup_mark_fails ... ok
[INFO] [stdout] test nonzero_exit_acks_once_no_retry ... ok
[INFO] [stdout] test mark_completed_written_before_ack ... ok
[INFO] [stdout] test available_reports_free_slots ... ok
[INFO] [stdout] test unregistered_and_disabled_agents_term ... ok
[INFO] [stdout] test env_vars_exposed_to_handler ... ok
[INFO] [stdout] test handler_lines_carry_dispatch_context ... FAILED
[INFO] [stdout] test in_flight_duplicate_dropped_without_ack ... ok
[INFO] [stdout] test parallel_gate_runs_concurrently ... ok
[INFO] [stdout] test serial_gate_never_overlaps ... ok
[INFO] [stdout] 
[INFO] [stdout] failures:
[INFO] [stdout] 
[INFO] [stdout] ---- handler_lines_carry_dispatch_context stdout ----
[INFO] [stdout] 
[INFO] [stdout] thread 'handler_lines_carry_dispatch_context' (3032) panicked at tests/dispatcher.rs:632:13:
[INFO] [stdout] assertion `left == right` failed: handler exited must carry both spans for §16 correlation, got scope ""
[INFO] [stdout]   left: ""
[INFO] [stdout]  right: "handler>dispatch"
[INFO] [stdout] stack backtrace:
[INFO] [stdout]    0:     0x5fd6651a2bf1 - std[70759c8f55707aa4]::backtrace_rs::backtrace::libunwind::trace
[INFO] [stdout]                                at /rustc/dfb0accb7f508ae8be965d8629557221c889dd98/library/std/src/../../backtrace/src/backtrace/libunwind.rs:117:9
[INFO] [stdout]    1:     0x5fd6651a2bf1 - std[70759c8f55707aa4]::backtrace_rs::backtrace::trace_unsynchronized::<std[70759c8f55707aa4]::sys::backtrace::_print_fmt::{closure#1}>
[INFO] [stdout]                                at /rustc/dfb0accb7f508ae8be965d8629557221c889dd98/library/std/src/../../backtrace/src/backtrace/mod.rs:66:14
[INFO] [stdout]    2:     0x5fd6651a2bf1 - std[70759c8f55707aa4]::sys::backtrace::_print_fmt
[INFO] [stdout]                                at /rustc/dfb0accb7f508ae8be965d8629557221c889dd98/library/std/src/sys/backtrace.rs:74:9
[INFO] [stdout]    3:     0x5fd6651a2bf1 - <<std[70759c8f55707aa4]::sys::backtrace::BacktraceLock>::print::DisplayBacktrace as core[df12db4294e9bfd3]::fmt::Display>::fmt
[INFO] [stdout]                                at /rustc/dfb0accb7f508ae8be965d8629557221c889dd98/library/std/src/sys/backtrace.rs:44:26
[INFO] [stdout]    4:     0x5fd6651b948a - <core[df12db4294e9bfd3]::fmt::rt::Argument>::fmt
[INFO] [stdout]                                at /rustc/dfb0accb7f508ae8be965d8629557221c889dd98/library/core/src/fmt/rt.rs:152:76
[INFO] [stdout]    5:     0x5fd6651b948a - core[df12db4294e9bfd3]::fmt::write
[INFO] [stdout]    6:     0x5fd6651a761c - core[df12db4294e9bfd3]::io::write::default_write_fmt::<alloc[2182bb758b4b3781]::vec::Vec<u8>>
[INFO] [stdout]                                at /rustc/dfb0accb7f508ae8be965d8629557221c889dd98/library/core/src/io/write.rs:402:11
[INFO] [stdout]    7:     0x5fd6651a761c - <alloc[2182bb758b4b3781]::vec::Vec<u8> as core[df12db4294e9bfd3]::io::write::Write>::write_fmt
[INFO] [stdout]                                at /rustc/dfb0accb7f508ae8be965d8629557221c889dd98/library/core/src/io/write.rs:335:13
[INFO] [stdout]    8:     0x5fd66517c066 - <std[70759c8f55707aa4]::sys::backtrace::BacktraceLock>::print
[INFO] [stdout]                                at /rustc/dfb0accb7f508ae8be965d8629557221c889dd98/library/std/src/sys/backtrace.rs:47:9
[INFO] [stdout]    9:     0x5fd66517c066 - std[70759c8f55707aa4]::panicking::default_hook::{closure#0}
[INFO] [stdout]                                at /rustc/dfb0accb7f508ae8be965d8629557221c889dd98/library/std/src/panicking.rs:292:27
[INFO] [stdout]   10:     0x5fd665199ab9 - std[70759c8f55707aa4]::panicking::default_hook
[INFO] [stdout]                                at /rustc/dfb0accb7f508ae8be965d8629557221c889dd98/library/std/src/panicking.rs:316:9
[INFO] [stdout]   11:     0x5fd664e15a70 - <alloc[2182bb758b4b3781]::boxed::Box<dyn for<'a, 'b> core[df12db4294e9bfd3]::ops::function::Fn<(&'a std[70759c8f55707aa4]::panic::PanicHookInfo<'b>,), Output = ()> + core[df12db4294e9bfd3]::marker::Send + core[df12db4294e9bfd3]::marker::Sync> as core[df12db4294e9bfd3]::ops::function::Fn<(&std[70759c8f55707aa4]::panic::PanicHookInfo,)>>::call
[INFO] [stdout]                                at /rustc/dfb0accb7f508ae8be965d8629557221c889dd98/library/alloc/src/boxed.rs:2334:9
[INFO] [stdout]   12:     0x5fd664e15a70 - test[9d35eded1c95d3be]::test_main_inner::<test[9d35eded1c95d3be]::test_main_static::{closure#0}>::{closure#0}
[INFO] [stdout]                                at /rustc/dfb0accb7f508ae8be965d8629557221c889dd98/library/test/src/lib.rs:155:21
[INFO] [stdout]   13:     0x5fd665199de2 - <alloc[2182bb758b4b3781]::boxed::Box<dyn for<'a, 'b> core[df12db4294e9bfd3]::ops::function::Fn<(&'a std[70759c8f55707aa4]::panic::PanicHookInfo<'b>,), Output = ()> + core[df12db4294e9bfd3]::marker::Send + core[df12db4294e9bfd3]::marker::Sync> as core[df12db4294e9bfd3]::ops::function::Fn<(&std[70759c8f55707aa4]::panic::PanicHookInfo,)>>::call
[INFO] [stdout]                                at /rustc/dfb0accb7f508ae8be965d8629557221c889dd98/library/alloc/src/boxed.rs:2334:9
[INFO] [stdout]   14:     0x5fd665199de2 - std[70759c8f55707aa4]::panicking::panic_with_hook
[INFO] [stdout]                                at /rustc/dfb0accb7f508ae8be965d8629557221c889dd98/library/std/src/panicking.rs:823:13
[INFO] [stdout]   15:     0x5fd66517c112 - std[70759c8f55707aa4]::panicking::panic_handler::{closure#0}
[INFO] [stdout]                                at /rustc/dfb0accb7f508ae8be965d8629557221c889dd98/library/std/src/panicking.rs:688:13
[INFO] [stdout]   16:     0x5fd665174ab9 - std[70759c8f55707aa4]::sys::backtrace::__rust_end_short_backtrace::<std[70759c8f55707aa4]::panicking::panic_handler::{closure#0}, !>
[INFO] [stdout]                                at /rustc/dfb0accb7f508ae8be965d8629557221c889dd98/library/std/src/sys/backtrace.rs:182:18
[INFO] [stdout]   17:     0x5fd66517cebd - __rustc[8fa7c3cbc660c2b3]::rust_begin_unwind
[INFO] [stdout]                                at /rustc/dfb0accb7f508ae8be965d8629557221c889dd98/library/std/src/panicking.rs:679:5
[INFO] [stdout]   18:     0x5fd6651b9cac - core[df12db4294e9bfd3]::panicking::panic_fmt
[INFO] [stdout]                                at /rustc/dfb0accb7f508ae8be965d8629557221c889dd98/library/core/src/panicking.rs:80:14
[INFO] [stdout]   19:     0x5fd6651b9ba3 - core[df12db4294e9bfd3]::panicking::assert_failed_inner
[INFO] [stdout]                                at /rustc/dfb0accb7f508ae8be965d8629557221c889dd98/library/core/src/panicking.rs:447:23
[INFO] [stdout]   20:     0x5fd664dfaf77 - core[df12db4294e9bfd3]::panicking::assert_failed::<&alloc[2182bb758b4b3781]::string::String, &str>
[INFO] [stdout]                                at /rustc/dfb0accb7f508ae8be965d8629557221c889dd98/library/core/src/panicking.rs:407:5
[INFO] [stdout]   21:     0x5fd664dd2bdb - dispatcher[8a698b023ef2fd7c]::handler_lines_carry_dispatch_context
[INFO] [stdout]                                at /opt/rustwide/workdir/tests/dispatcher.rs:632:13
[INFO] [stdout]   22:     0x5fd664dc6787 - dispatcher[8a698b023ef2fd7c]::handler_lines_carry_dispatch_context::{closure#0}
[INFO] [stdout]                                at /opt/rustwide/workdir/tests/dispatcher.rs:575:42
[INFO] [stdout]   23:     0x5fd664de2ac6 - <dispatcher[8a698b023ef2fd7c]::handler_lines_carry_dispatch_context::{closure#0} as core[df12db4294e9bfd3]::ops::function::FnOnce<()>>::call_once
[INFO] [stdout]                                at /rustc/dfb0accb7f508ae8be965d8629557221c889dd98/library/core/src/ops/function.rs:250:5
[INFO] [stdout]   24:     0x5fd664e08d5b - <fn() -> core[df12db4294e9bfd3]::result::Result<(), alloc[2182bb758b4b3781]::string::String> as core[df12db4294e9bfd3]::ops::function::FnOnce<()>>::call_once
[INFO] [stdout]                                at /rustc/dfb0accb7f508ae8be965d8629557221c889dd98/library/core/src/ops/function.rs:250:5
[INFO] [stdout]   25:     0x5fd664e08d5b - test[9d35eded1c95d3be]::__rust_begin_short_backtrace::<core[df12db4294e9bfd3]::result::Result<(), alloc[2182bb758b4b3781]::string::String>, fn() -> core[df12db4294e9bfd3]::result::Result<(), alloc[2182bb758b4b3781]::string::String>>
[INFO] [stdout]                                at /rustc/dfb0accb7f508ae8be965d8629557221c889dd98/library/test/src/lib.rs:733:18
[INFO] [stdout]   26:     0x5fd664e163c5 - test[9d35eded1c95d3be]::run_test_in_process::{closure#0}
[INFO] [stdout]                                at /rustc/dfb0accb7f508ae8be965d8629557221c889dd98/library/test/src/lib.rs:756:74
[INFO] [stdout]   27:     0x5fd664e163c5 - <core[df12db4294e9bfd3]::panic::unwind_safe::AssertUnwindSafe<test[9d35eded1c95d3be]::run_test_in_process::{closure#0}> as core[df12db4294e9bfd3]::ops::function::FnOnce<()>>::call_once
[INFO] [stdout]                                at /rustc/dfb0accb7f508ae8be965d8629557221c889dd98/library/core/src/panic/unwind_safe.rs:275:9
[INFO] [stdout]   28:     0x5fd664e163c5 - std[70759c8f55707aa4]::panicking::catch_unwind::do_call::<core[df12db4294e9bfd3]::panic::unwind_safe::AssertUnwindSafe<test[9d35eded1c95d3be]::run_test_in_process::{closure#0}>, core[df12db4294e9bfd3]::result::Result<(), alloc[2182bb758b4b3781]::string::String>>
[INFO] [stdout]                                at /rustc/dfb0accb7f508ae8be965d8629557221c889dd98/library/std/src/panicking.rs:576:43
[INFO] [stdout]   29:     0x5fd664e163c5 - std[70759c8f55707aa4]::panicking::catch_unwind::<core[df12db4294e9bfd3]::result::Result<(), alloc[2182bb758b4b3781]::string::String>, core[df12db4294e9bfd3]::panic::unwind_safe::AssertUnwindSafe<test[9d35eded1c95d3be]::run_test_in_process::{closure#0}>>
[INFO] [stdout]                                at /rustc/dfb0accb7f508ae8be965d8629557221c889dd98/library/std/src/panicking.rs:544:19
[INFO] [stdout]   30:     0x5fd664e163c5 - std[70759c8f55707aa4]::panic::catch_unwind::<core[df12db4294e9bfd3]::panic::unwind_safe::AssertUnwindSafe<test[9d35eded1c95d3be]::run_test_in_process::{closure#0}>, core[df12db4294e9bfd3]::result::Result<(), alloc[2182bb758b4b3781]::string::String>>
[INFO] [stdout]                                at /rustc/dfb0accb7f508ae8be965d8629557221c889dd98/library/std/src/panic.rs:359:14
[INFO] [stdout]   31:     0x5fd664e163c5 - test[9d35eded1c95d3be]::run_test_in_process
[INFO] [stdout]                                at /rustc/dfb0accb7f508ae8be965d8629557221c889dd98/library/test/src/lib.rs:756:27
[INFO] [stdout]   32:     0x5fd664e163c5 - test[9d35eded1c95d3be]::run_test::{closure#0}
[INFO] [stdout]                                at /rustc/dfb0accb7f508ae8be965d8629557221c889dd98/library/test/src/lib.rs:677:43
[INFO] [stdout]   33:     0x5fd664e0fc84 - test[9d35eded1c95d3be]::run_test::{closure#1}
[INFO] [stdout]                                at /rustc/dfb0accb7f508ae8be965d8629557221c889dd98/library/test/src/lib.rs:707:41
[INFO] [stdout]   34:     0x5fd664e0fc84 - std[70759c8f55707aa4]::sys::backtrace::__rust_begin_short_backtrace::<test[9d35eded1c95d3be]::run_test::{closure#1}, ()>
[INFO] [stdout]                                at /rustc/dfb0accb7f508ae8be965d8629557221c889dd98/library/std/src/sys/backtrace.rs:166:18
[INFO] [stdout]   35:     0x5fd664e19522 - std[70759c8f55707aa4]::thread::lifecycle::spawn_unchecked::<test[9d35eded1c95d3be]::run_test::{closure#1}, ()>::{closure#1}::{closure#0}
[INFO] [stdout]                                at /rustc/dfb0accb7f508ae8be965d8629557221c889dd98/library/std/src/thread/lifecycle.rs:70:13
[INFO] [stdout]   36:     0x5fd664e19522 - <core[df12db4294e9bfd3]::panic::unwind_safe::AssertUnwindSafe<std[70759c8f55707aa4]::thread::lifecycle::spawn_unchecked<test[9d35eded1c95d3be]::run_test::{closure#1}, ()>::{closure#1}::{closure#0}> as core[df12db4294e9bfd3]::ops::function::FnOnce<()>>::call_once
[INFO] [stdout]                                at /rustc/dfb0accb7f508ae8be965d8629557221c889dd98/library/core/src/panic/unwind_safe.rs:275:9
[INFO] [stdout]   37:     0x5fd664e19522 - std[70759c8f55707aa4]::panicking::catch_unwind::do_call::<core[df12db4294e9bfd3]::panic::unwind_safe::AssertUnwindSafe<std[70759c8f55707aa4]::thread::lifecycle::spawn_unchecked<test[9d35eded1c95d3be]::run_test::{closure#1}, ()>::{closure#1}::{closure#0}>, ()>
[INFO] [stdout]                                at /rustc/dfb0accb7f508ae8be965d8629557221c889dd98/library/std/src/panicking.rs:576:43
[INFO] [stdout]   38:     0x5fd664e19522 - std[70759c8f55707aa4]::panicking::catch_unwind::<(), core[df12db4294e9bfd3]::panic::unwind_safe::AssertUnwindSafe<std[70759c8f55707aa4]::thread::lifecycle::spawn_unchecked<test[9d35eded1c95d3be]::run_test::{closure#1}, ()>::{closure#1}::{closure#0}>>
[INFO] [stdout]                                at /rustc/dfb0accb7f508ae8be965d8629557221c889dd98/library/std/src/panicking.rs:544:19
[INFO] [stdout]   39:     0x5fd664e19522 - std[70759c8f55707aa4]::panic::catch_unwind::<core[df12db4294e9bfd3]::panic::unwind_safe::AssertUnwindSafe<std[70759c8f55707aa4]::thread::lifecycle::spawn_unchecked<test[9d35eded1c95d3be]::run_test::{closure#1}, ()>::{closure#1}::{closure#0}>, ()>
[INFO] [stdout]                                at /rustc/dfb0accb7f508ae8be965d8629557221c889dd98/library/std/src/panic.rs:359:14
[INFO] [stdout]   40:     0x5fd664e19522 - std[70759c8f55707aa4]::thread::lifecycle::spawn_unchecked::<test[9d35eded1c95d3be]::run_test::{closure#1}, ()>::{closure#1}
[INFO] [stdout]                                at /rustc/dfb0accb7f508ae8be965d8629557221c889dd98/library/std/src/thread/lifecycle.rs:68:26
[INFO] [stdout]   41:     0x5fd664e19522 - <std[70759c8f55707aa4]::thread::lifecycle::spawn_unchecked<test[9d35eded1c95d3be]::run_test::{closure#1}, ()>::{closure#1} as core[df12db4294e9bfd3]::ops::function::FnOnce<()>>::call_once::{shim:vtable#0}
[INFO] [stdout]                                at /rustc/dfb0accb7f508ae8be965d8629557221c889dd98/library/core/src/ops/function.rs:250:5
[INFO] [stdout]   42:     0x5fd6651a1c09 - <alloc[2182bb758b4b3781]::boxed::Box<dyn core[df12db4294e9bfd3]::ops::function::FnOnce<(), Output = ()> + core[df12db4294e9bfd3]::marker::Send> as core[df12db4294e9bfd3]::ops::function::FnOnce<()>>::call_once
[INFO] [stdout]                                at /rustc/dfb0accb7f508ae8be965d8629557221c889dd98/library/alloc/src/boxed.rs:2320:9
[INFO] [stdout]   43:     0x5fd6651a1c09 - <std[70759c8f55707aa4]::sys::thread::unix::Thread>::new::thread_start
[INFO] [stdout]                                at /rustc/dfb0accb7f508ae8be965d8629557221c889dd98/library/std/src/sys/thread/unix.rs:123:17
[INFO] [stdout]   44:     0x72e9d6fa2dfa - <unknown>
[INFO] [stdout]   45:     0x72e9d70363d4 - clone
[INFO] [stdout]   46:                0x0 - <unknown>
[INFO] [stdout] 
[INFO] [stdout] 
[INFO] [stdout] failures:
[INFO] [stdout]     handler_lines_carry_dispatch_context
[INFO] [stdout] 
[INFO] [stdout] test result: FAILED. 16 passed; 1 failed; 0 ignored; 0 measured; 0 filtered out; finished in 0.55s
[INFO] [stdout] 
[INFO] [stderr] error: test failed, to rerun pass `--test dispatcher`
[INFO] running `Command { std: "docker" "inspect" "eb84fca915b10949b0ae5d0625ca03a1c2f665468c383db45f55fb5d6e60b94a", kill_on_drop: false }`
[INFO] running `Command { std: "docker" "rm" "-f" "eb84fca915b10949b0ae5d0625ca03a1c2f665468c383db45f55fb5d6e60b94a", kill_on_drop: false }`
[INFO] [stdout] eb84fca915b10949b0ae5d0625ca03a1c2f665468c383db45f55fb5d6e60b94a
