[INFO] fetching crate unity-rs-core 0.5.2...
[INFO] testing unity-rs-core-0.5.2 against 1.99.0-beta.8 for beta-1.100-2
[INFO] extracting crate unity-rs-core 0.5.2 into /workspace/builds/worker-6-tc1/source
[INFO] started tweaking crates.io crate unity-rs-core 0.5.2
[INFO] removed 0 missing tests
[INFO] finished tweaking crates.io crate unity-rs-core 0.5.2
[INFO] tweaked toml for crates.io crate unity-rs-core 0.5.2 written to /workspace/builds/worker-6-tc1/source/Cargo.toml
[INFO] validating manifest of crates.io crate unity-rs-core 0.5.2 on toolchain 1.99.0-beta.8
[INFO] running `Command { std: CARGO_HOME="/workspace/cargo-home" RUSTUP_HOME="/workspace/rustup-home" "/workspace/cargo-home/bin/cargo" "+1.99.0-beta.8" "metadata" "--manifest-path" "Cargo.toml" "--no-deps", kill_on_drop: false }`
[INFO] crate crates.io crate unity-rs-core 0.5.2 already has a lockfile, it will not be regenerated
[INFO] running `Command { std: CARGO_HOME="/workspace/cargo-home" RUSTUP_HOME="/workspace/rustup-home" "/workspace/cargo-home/bin/cargo" "+1.99.0-beta.8" "fetch" "--manifest-path" "Cargo.toml", kill_on_drop: false }`
[INFO] [stderr]     Updating crates.io index
[INFO] [stderr]  Downloading crates ...
[INFO] [stderr]   Downloaded zune-core v0.5.1
[INFO] [stderr]   Downloaded texture2ddecoder v0.1.2
[INFO] [stderr]   Downloaded symphonia v0.6.1
[INFO] [stderr]   Downloaded lz4_flex v0.14.0
[INFO] [stderr]   Downloaded jpeg-encoder v0.7.1
[INFO] [stderr]   Downloaded symphonia-metadata v0.6.1
[INFO] [stderr]   Downloaded symphonia-bundle-mp3 v0.6.1
[INFO] [stderr]   Downloaded lewton v0.10.2
[INFO] [stderr]   Downloaded symphonia-core v0.6.1
[INFO] [stderr]   Downloaded lzma-rust2 v0.18.1
[INFO] [stderr]   Downloaded ruopus v0.1.2
[INFO] running `Command { std: "docker" "create" "-v" "/var/lib/crater-agent-workspace/builds/worker-6-tc1/source:/opt/rustwide/workdir:ro,Z" "-v" "/var/lib/crater-agent-workspace/builds/worker-6-tc1/target:/opt/rustwide/target:rw,Z" "-v" "/var/lib/crater-agent-workspace/cargo-home:/opt/rustwide/cargo-home:ro,Z" "-v" "/var/lib/crater-agent-workspace/rustup-home:/opt/rustwide/rustup-home:ro,Z" "-m" "1610612736" "--network" "none" "ghcr.io/rust-lang/crates-build-env/linux@sha256:3111399a4047eeb3a02b7a90e478d715f38a8c6669b5c4b49d30a17385265909" "sleep" "infinity", kill_on_drop: false }`
[INFO] [stdout] 7219e3bb3db0d97c9d77ed873486b2f137d5d6aee85b239bb6adccf2da2c0005
[INFO] running `Command { std: "docker" "start" "7219e3bb3db0d97c9d77ed873486b2f137d5d6aee85b239bb6adccf2da2c0005", kill_on_drop: false }`
[INFO] running `Command { std: "docker" "inspect" "7219e3bb3db0d97c9d77ed873486b2f137d5d6aee85b239bb6adccf2da2c0005", kill_on_drop: false }`
[INFO] running `Command { std: "docker" "exec" "-e" "SOURCE_DIR=/opt/rustwide/workdir" "-e" "CARGO_HOME=/opt/rustwide/cargo-home" "-e" "RUSTUP_HOME=/opt/rustwide/rustup-home" "-e" "CARGO_TARGET_DIR=/opt/rustwide/target" "-w" "/opt/rustwide/workdir" "--user" "0:0" "7219e3bb3db0d97c9d77ed873486b2f137d5d6aee85b239bb6adccf2da2c0005" "/opt/rustwide/cargo-home/bin/cargo" "+1.99.0-beta.8" "metadata" "--no-deps" "--format-version=1", kill_on_drop: false }`
[INFO] running `Command { std: "docker" "inspect" "7219e3bb3db0d97c9d77ed873486b2f137d5d6aee85b239bb6adccf2da2c0005", kill_on_drop: false }`
[INFO] running `Command { std: "docker" "exec" "-e" "SOURCE_DIR=/opt/rustwide/workdir" "-e" "CARGO_HOME=/opt/rustwide/cargo-home" "-e" "RUSTUP_HOME=/opt/rustwide/rustup-home" "-e" "CARGO_TARGET_DIR=/opt/rustwide/target" "-e" "CARGO_INCREMENTAL=0" "-e" "RUST_BACKTRACE=full" "-e" "RUSTFLAGS=--cap-lints=warn" "-e" "RUSTDOCFLAGS=--cap-lints=warn" "-w" "/opt/rustwide/workdir" "--user" "0:0" "7219e3bb3db0d97c9d77ed873486b2f137d5d6aee85b239bb6adccf2da2c0005" "/opt/rustwide/cargo-home/bin/cargo" "+1.99.0-beta.8" "build" "--frozen" "--message-format=json", kill_on_drop: false }`
[INFO] [stderr]    Compiling libc v0.2.189
[INFO] [stderr]    Compiling find-msvc-tools v0.1.10
[INFO] [stderr]    Compiling pkg-config v0.3.33
[INFO] [stderr]    Compiling smallvec v1.15.2
[INFO] [stderr]    Compiling simd-adler32 v0.3.10
[INFO] [stderr]    Compiling alloc-no-stdlib v2.0.4
[INFO] [stderr]    Compiling zstd-safe v7.2.4
[INFO] [stderr]    Compiling num-traits v0.2.19
[INFO] [stderr]    Compiling tinyvec_macros v0.1.1
[INFO] [stderr]    Compiling regex-lite v0.1.9
[INFO] [stderr]    Compiling byteorder-lite v0.1.0
[INFO] [stderr]    Compiling typed-path v0.12.3
[INFO] [stderr]    Compiling quick-error v2.0.1
[INFO] [stderr]    Compiling texture2ddecoder v0.1.2
[INFO] [stderr]    Compiling qoi v0.4.1
[INFO] [stderr]    Compiling lz4_flex v0.14.0
[INFO] [stderr]    Compiling alloc-stdlib v0.2.4
[INFO] [stderr]    Compiling tinyvec v1.12.0
[INFO] [stderr]    Compiling ruopus v0.1.2
[INFO] [stderr]    Compiling jpeg-encoder v0.7.1
[INFO] [stderr]    Compiling miniz_oxide v0.8.9
[INFO] [stderr]    Compiling brotli-decompressor v5.0.3
[INFO] [stderr]    Compiling fdeflate v0.3.7
[INFO] [stderr]    Compiling lzma-rust2 v0.18.1
[INFO] [stderr]    Compiling image-webp v0.2.4
[INFO] [stderr]    Compiling lewton v0.10.2
[INFO] [stderr]    Compiling flate2 v1.1.9
[INFO] [stderr]    Compiling zip v8.6.0
[INFO] [stderr]    Compiling brotli v8.0.4
[INFO] [stderr]    Compiling num-complex v0.4.6
[INFO] [stderr]    Compiling jobserver v0.1.35
[INFO] [stderr]    Compiling cc v1.4.2
[INFO] [stderr]    Compiling symphonia-core v0.6.1
[INFO] [stderr]    Compiling zstd-sys v2.0.16+zstd.1.5.7
[INFO] [stderr]    Compiling symphonia-metadata v0.6.1
[INFO] [stderr]    Compiling symphonia-bundle-mp3 v0.6.1
[INFO] [stderr]    Compiling symphonia v0.6.1
[INFO] [stderr]    Compiling zstd v0.13.3
[INFO] [stderr]    Compiling unity-rs-core v0.5.2 (/opt/rustwide/workdir)
[INFO] [stdout] warning: hiding a lifetime that's elided elsewhere is confusing
[INFO] [stdout]   --> src/vendor/texture2ddecoder/bitreader.rs:48:28
[INFO] [stdout]    |
[INFO] [stdout] 48 |     pub const fn new(data: &[u8], bit_pos: usize) -> BitReader {
[INFO] [stdout]    |                            ^^^^^                     ^^^^^^^^^ the same lifetime is hidden here
[INFO] [stdout]    |                            |
[INFO] [stdout]    |                            the lifetime is elided here
[INFO] [stdout]    |
[INFO] [stdout]    = help: the same lifetime is referred to in inconsistent ways, making the signature confusing
[INFO] [stdout]    = note: `#[warn(mismatched_lifetime_syntaxes)]` on by default
[INFO] [stdout] help: use `'_` for type paths
[INFO] [stdout]    |
[INFO] [stdout] 48 |     pub const fn new(data: &[u8], bit_pos: usize) -> BitReader<'_> {
[INFO] [stdout]    |                                                               ++++
[INFO] [stdout] 
[INFO] [stdout] 
[INFO] [stderr]     Finished `dev` profile [unoptimized + debuginfo] target(s) in 43.17s
[INFO] running `Command { std: "docker" "inspect" "7219e3bb3db0d97c9d77ed873486b2f137d5d6aee85b239bb6adccf2da2c0005", kill_on_drop: false }`
[INFO] running `Command { std: "docker" "exec" "-e" "SOURCE_DIR=/opt/rustwide/workdir" "-e" "CARGO_HOME=/opt/rustwide/cargo-home" "-e" "RUSTUP_HOME=/opt/rustwide/rustup-home" "-e" "CARGO_TARGET_DIR=/opt/rustwide/target" "-e" "CARGO_INCREMENTAL=0" "-e" "RUST_BACKTRACE=full" "-e" "RUSTFLAGS=--cap-lints=warn" "-e" "RUSTDOCFLAGS=--cap-lints=warn" "-w" "/opt/rustwide/workdir" "--user" "0:0" "7219e3bb3db0d97c9d77ed873486b2f137d5d6aee85b239bb6adccf2da2c0005" "/opt/rustwide/cargo-home/bin/cargo" "+1.99.0-beta.8" "test" "--frozen" "--no-run" "--message-format=json", kill_on_drop: false }`
[INFO] [stderr]    Compiling lzma-rust2 v0.18.1
[INFO] [stderr]    Compiling zune-core v0.5.1
[INFO] [stderr]    Compiling zune-jpeg v0.5.15
[INFO] [stderr]    Compiling unity-rs-core v0.5.2 (/opt/rustwide/workdir)
[INFO] [stdout] warning: hiding a lifetime that's elided elsewhere is confusing
[INFO] [stdout]   --> src/vendor/texture2ddecoder/bitreader.rs:48:28
[INFO] [stdout]    |
[INFO] [stdout] 48 |     pub const fn new(data: &[u8], bit_pos: usize) -> BitReader {
[INFO] [stdout]    |                            ^^^^^                     ^^^^^^^^^ the same lifetime is hidden here
[INFO] [stdout]    |                            |
[INFO] [stdout]    |                            the lifetime is elided here
[INFO] [stdout]    |
[INFO] [stdout]    = help: the same lifetime is referred to in inconsistent ways, making the signature confusing
[INFO] [stdout]    = note: `#[warn(mismatched_lifetime_syntaxes)]` on by default
[INFO] [stdout] help: use `'_` for type paths
[INFO] [stdout]    |
[INFO] [stdout] 48 |     pub const fn new(data: &[u8], bit_pos: usize) -> BitReader<'_> {
[INFO] [stdout]    |                                                               ++++
[INFO] [stdout] 
[INFO] [stdout] 
[INFO] [stdout] warning: hiding a lifetime that's elided elsewhere is confusing
[INFO] [stdout]   --> src/vendor/texture2ddecoder/bitreader.rs:48:28
[INFO] [stdout]    |
[INFO] [stdout] 48 |     pub const fn new(data: &[u8], bit_pos: usize) -> BitReader {
[INFO] [stdout]    |                            ^^^^^                     ^^^^^^^^^ the same lifetime is hidden here
[INFO] [stdout]    |                            |
[INFO] [stdout]    |                            the lifetime is elided here
[INFO] [stdout]    |
[INFO] [stdout]    = help: the same lifetime is referred to in inconsistent ways, making the signature confusing
[INFO] [stdout]    = note: `#[warn(mismatched_lifetime_syntaxes)]` on by default
[INFO] [stdout] help: use `'_` for type paths
[INFO] [stdout]    |
[INFO] [stdout] 48 |     pub const fn new(data: &[u8], bit_pos: usize) -> BitReader<'_> {
[INFO] [stdout]    |                                                               ++++
[INFO] [stdout] 
[INFO] [stdout] 
[INFO] [stderr]     Finished `test` profile [unoptimized + debuginfo] target(s) in 44.87s
[INFO] running `Command { std: "docker" "inspect" "7219e3bb3db0d97c9d77ed873486b2f137d5d6aee85b239bb6adccf2da2c0005", kill_on_drop: false }`
[INFO] running `Command { std: "docker" "exec" "-e" "SOURCE_DIR=/opt/rustwide/workdir" "-e" "CARGO_HOME=/opt/rustwide/cargo-home" "-e" "RUSTUP_HOME=/opt/rustwide/rustup-home" "-e" "CARGO_TARGET_DIR=/opt/rustwide/target" "-e" "CARGO_INCREMENTAL=0" "-e" "RUST_BACKTRACE=full" "-e" "RUSTFLAGS=--cap-lints=warn" "-e" "RUSTDOCFLAGS=--cap-lints=warn" "-w" "/opt/rustwide/workdir" "--user" "0:0" "7219e3bb3db0d97c9d77ed873486b2f137d5d6aee85b239bb6adccf2da2c0005" "/opt/rustwide/cargo-home/bin/cargo" "+1.99.0-beta.8" "test" "--frozen", kill_on_drop: false }`
[INFO] [stderr] warning: hiding a lifetime that's elided elsewhere is confusing
[INFO] [stderr]   --> src/vendor/texture2ddecoder/bitreader.rs:48:28
[INFO] [stderr]    |
[INFO] [stderr] 48 |     pub const fn new(data: &[u8], bit_pos: usize) -> BitReader {
[INFO] [stderr]    |                            ^^^^^                     ^^^^^^^^^ the same lifetime is hidden here
[INFO] [stderr]    |                            |
[INFO] [stderr]    |                            the lifetime is elided here
[INFO] [stderr]    |
[INFO] [stderr]    = help: the same lifetime is referred to in inconsistent ways, making the signature confusing
[INFO] [stderr]    = note: `#[warn(mismatched_lifetime_syntaxes)]` on by default
[INFO] [stderr] help: use `'_` for type paths
[INFO] [stderr]    |
[INFO] [stderr] 48 |     pub const fn new(data: &[u8], bit_pos: usize) -> BitReader<'_> {
[INFO] [stderr]    |                                                               ++++
[INFO] [stderr] 
[INFO] [stderr] warning: `unity-rs-core` (lib) generated 1 warning (run `cargo fix --lib -p unity-rs-core` to apply 1 suggestion)
[INFO] [stderr] warning: `unity-rs-core` (lib test) generated 1 warning (1 duplicate)
[INFO] [stderr]     Finished `test` profile [unoptimized + debuginfo] target(s) in 0.11s
[INFO] [stderr]      Running unittests src/lib.rs (/opt/rustwide/target/debug/deps/unity_rs_core-3e2a6316b5b7ab12)
[INFO] [stdout] 
[INFO] [stdout] running 658 tests
[INFO] [stdout] test acl::tests::inspects_source_bound_transform_tracks ... ok
[INFO] [stdout] test acl::tests::materializes_validated_decoder_inputs_with_one_combined_budget ... ok
[INFO] [stdout] test acl::tests::supports_every_public_acl_track_type ... ok
[INFO] [stdout] test animation_clip::tests::reads_2017_3_no_target_v13_curves_muscle_data_bindings_and_events ... ok
[INFO] [stdout] test animation_clip::tests::rejects_unverified_versions_tuanjie_truncation_and_trailing_bytes ... ok
[INFO] [stdout] test animation_clip::tests::reads_tuanjie_legacy_embedded_relocated_curves_without_muscle ... ok
[INFO] [stdout] test acl::tests::rejects_wrong_size_tag_hash_version_algorithm_type_and_rate ... ok
[INFO] [stdout] test acl::tests::validates_injected_decoder_output_before_consumers_see_it ... ok
[INFO] [stdout] test animation_clip::tests::enforces_curve_keyframe_packed_sample_reference_and_allocation_limits ... ok
[INFO] [stdout] test animation_graph::tests::animator_index_budget_rejects_one_byte_before_allocation ... ok
[INFO] [stdout] test animation_component::tests::rejects_wrong_classes_truncation_and_all_limits ... ok
[INFO] [stdout] test acl::tests::rejects_all_resource_limits_before_decompression ... ok
[INFO] [stdout] test animation_clip::tests::switches_2023_streamed_counts_and_reads_unity_6000 ... ok
[INFO] [stdout] test animation_component::tests::reads_big_endian_v13_no_target_prefix_with_absolute_alignment ... ok
[INFO] [stdout] test animation_clip::tests::reads_2022_2_curve_and_binding_flags ... ok
[INFO] [stdout] test animation_clip::tests::enforces_tuanjie_acl_and_embedded_animation_data_limits ... ok
[INFO] [stdout] test animation_clip::tests::reads_tuanjie_61_relocated_curves_direct_acl_and_alignment ... ok
[INFO] [stdout] test animation_clip::tests::reads_2022_3_19_split_streamed_curve_counts ... ok
[INFO] [stdout] test animation_component::tests::reads_animation_component_and_override_controller_references ... ok
[INFO] [stdout] test animation_clip::tests::reads_2018_3_weighted_curves_and_big_endian_source_regions ... ok
[INFO] [stdout] test animation_graph::tests::applies_try_get_semantics_but_rejects_resolved_corruption_and_budgets ... ok
[INFO] [stdout] test animator_controller::tests::reads_big_endian_unity_2022_no_target_controller ... ok
[INFO] [stdout] test audio::tests::compressed_and_malformed_fsb5_do_not_claim_direct_wav ... ok
[INFO] [stdout] test audio::tests::converts_pcm_float_to_pcm16_or_preserves_ieee_float ... ok
[INFO] [stdout] test animation_clip::tests::reads_tuanjie_embedded_muscle_and_acl_build_gates ... ok
[INFO] [stdout] test animation_graph::tests::bound_clip_copies_preserve_managed_order_at_the_exact_edge_budget ... ok
[INFO] [stdout] test animation_graph::tests::assembles_animator_override_base_clips_and_legacy_animation_stably ... ok
[INFO] [stdout] test audio::tests::decodes_fsb5_mpeg_layer2 ... ok
[INFO] [stdout] test animation_graph::tests::graph_lookup_index_budget_is_exact_and_duplicates_are_rejected ... ok
[INFO] [stdout] test animation_graph::tests::public_graph_builder_charges_managed_bound_clip_copies ... ok
[INFO] [stdout] test animator_controller::tests::reads_tuanjie_2022_3_controller_with_the_managed_layout ... ok
[INFO] [stdout] test animator_controller::tests::reads_deep_unity_2017_controller ... ok
[INFO] [stdout] test audio::tests::decodes_interleaved_and_planar_fsb5_dsp ... ok
[INFO] [stdout] test audio::tests::decodes_interleaved_and_planar_fsb5_vag ... ok
[INFO] [stdout] test audio::tests::decodes_mono_stereo_and_multichannel_fsb5_ima ... ok
[INFO] [stdout] test animator_controller::tests::reads_unity_2023_and_6000_entity_id_layouts ... ok
[INFO] [stdout] test animator_controller::tests::rejects_versions_truncation_negative_counts_trailing_bytes_and_budgets ... ok
[INFO] [stdout] test audio::tests::decodes_mono_and_stereo_fsb5_mpeg_layer3 ... ok
[INFO] [stdout] test audio::tests::fsb5_dsp_pcm_matches_vgmstream_oracle ... ignored, requires the optional vgmstream-cli decoder oracle
[INFO] [stdout] test audio::tests::fsb5_fadpcm_pcm_matches_vgmstream_oracle ... ignored, requires the optional vgmstream-cli decoder oracle
[INFO] [stdout] test audio::tests::fsb5_hevag_pcm_matches_vgmstream_oracle ... ignored, requires the optional vgmstream-cli decoder oracle
[INFO] [stdout] test audio::tests::fsb5_ima_pcm_matches_vgmstream_oracle ... ignored, requires the optional vgmstream-cli decoder oracle
[INFO] [stdout] test audio::tests::fsb5_mpeg_pcm_matches_vgmstream_oracle ... ignored, requires the optional vgmstream-cli decoder oracle
[INFO] [stdout] test audio::tests::fsb5_opus_celt_tone_matches_vgmstream ... ignored, requires the optional vgmstream-cli decoder oracle
[INFO] [stdout] test audio::tests::fsb5_opus_pcm_matches_vgmstream_oracle ... ignored, requires the optional vgmstream-cli decoder oracle
[INFO] [stdout] test audio::tests::fsb5_opus_silk_tone_divergence_from_libopus_is_bounded ... ignored, requires the optional vgmstream-cli decoder oracle
[INFO] [stdout] test audio::tests::fsb5_surround_opus_celt_matches_vgmstream_ogg_oracle ... ignored, requires the optional vgmstream-cli decoder oracle
[INFO] [stdout] test audio::tests::fsb5_surround_vorbis_matches_vgmstream_ogg_oracle ... ignored, requires the optional vgmstream-cli decoder oracle
[INFO] [stdout] test audio::tests::fsb5_vag_pcm_matches_vgmstream_oracle ... ignored, requires the optional vgmstream-cli decoder oracle
[INFO] [stdout] test audio::tests::fsb5_vorbis_pcm_matches_vgmstream_oracle ... ignored, requires the optional vgmstream-cli decoder oracle
[INFO] [stdout] test audio::tests::enforces_wav_output_limit_before_writing ... ok
[INFO] [stdout] test audio::tests::direct_kind_layout_is_stable_for_callers ... ok
[INFO] [stdout] test audio::tests::rejects_truncated_forged_and_over_budget_fsb5_fadpcm_before_writing ... ok
[INFO] [stdout] test audio::tests::rejects_missing_coefficients_bad_predictors_and_forged_dsp_before_writing ... ok
[INFO] [stdout] test audio::tests::rejects_truncated_forged_and_over_budget_fsb5_vag_before_writing ... ok
[INFO] [stdout] test audio::tests::rejects_truncated_forged_and_over_budget_fsb5_ima_before_writing ... ok
[INFO] [stdout] test audio::tests::decodes_multichannel_and_extended_predictor_fsb5_hevag ... ok
[INFO] [stdout] test audio::tests::decodes_multichannel_and_multiframe_fsb5_fadpcm ... ok
[INFO] [stdout] test audio::tests::rejects_malformed_multistream_and_over_budget_fsb5_opus ... ok
[INFO] [stdout] test audio::tests::rejects_truncated_forged_and_over_budget_fsb5_hevag_before_writing ... ok
[INFO] [stdout] test audio::tests::selects_first_subsound_and_applies_metadata_overrides ... ok
[INFO] [stdout] test audio::tests::rejects_malformed_forged_multistream_and_over_budget_fsb5_mpeg ... ok
[INFO] [stdout] test audio::tests::silk_oracle_gate_accepts_only_measured_profiles ... ok
[INFO] [stdout] test audio::tests::writes_all_decoder_free_fsb5_pcm_widths ... ok
[INFO] [stdout] test audio::tests::writes_little_and_big_endian_fsb5_pcm16 ... ok
[INFO] [stdout] test avatar::tests::reads_2022_avatar_and_complete_human_description_tail ... ok
[INFO] [stdout] test avatar::tests::reads_legacy_big_endian_no_target_avatar_with_32_bit_pptrs ... ok
[INFO] [stdout] test avatar::tests::rejects_wrong_class_stripped_and_out_of_range_versions ... ok
[INFO] [stdout] test avatar::tests::reads_tuanjie_2022_3_avatar_with_the_managed_layout ... ok
[INFO] [stdout] test avatar::tests::rejects_truncation_negative_counts_trailing_bytes_and_all_budgets ... ok
[INFO] [stdout] test avatar::tests::switches_human_description_exactly_at_2019_1_0_beta_1 ... ok
[INFO] [stdout] test avatar::tests::switches_legacy_human_arrays_exactly_at_2018_2 ... ok
[INFO] [stdout] test bundle::tests::alignment_is_relative_to_embedded_bundle_start ... ok
[INFO] [stdout] test bundle::tests::copies_a_unicode_file_name_after_a_windows_separator ... ok
[INFO] [stdout] test bundle::tests::decodes_lz4_blocks_info ... ok
[INFO] [stdout] test bundle::tests::decodes_oodle_blocks_info_and_data_through_injected_decoder ... ok
[INFO] [stdout] test bundle::tests::decodes_unity_raw_lzma_block_and_enforces_memory_limit ... ok
[INFO] [stdout] test bundle::tests::decodes_zstd_data_block ... ok
[INFO] [stdout] test bundle::tests::reads_blocks_info_at_end ... ok
[INFO] [stdout] test bundle::tests::enforces_oodle_input_and_output_limits_before_calling_decoder ... ok
[INFO] [stdout] test bundle::tests::honors_block_data_padding_flag ... ok
[INFO] [stdout] test avatar::tests::aligns_against_the_absolute_file_position_for_nonzero_object_offsets ... ok
[INFO] [stdout] test bundle::tests::rejects_entry_outside_uncompressed_blocks ... ok
[INFO] [stdout] test bundle::tests::preserves_stripped_revision_as_default ... ok
[INFO] [stdout] test bundle::tests::reads_inline_uncompressed_bundle_and_entry ... ok
[INFO] [stdout] test bundle::tests::reads_unity_web_version_six_fs_layout ... ok
[INFO] [stdout] test bundle::tests::decodes_lz4_data_block ... ok
[INFO] [stdout] test bundle::tests::rejects_inexact_oodle_output_sizes_for_info_and_data ... ok
[INFO] [stdout] test avatar::tests::reads_2023_and_unity_6000_complete_human_description_layouts ... ok
[INFO] [stdout] test animation_graph::tests::bound_clip_copy_budget_preflights_animators_times_clips ... ok
[INFO] [stdout] test animation_graph::tests::controller_and_clip_indexes_scale_and_preserve_source_positions ... ok
[INFO] [stdout] test bundle::tests::rejects_invalid_lzma_blocks_info ... ok
[INFO] [stdout] test bundle::tests::rejects_oodle_without_a_configured_decoder ... ok
[INFO] [stdout] test bundle::tests::reads_common_unity_fs_header ... ok
[INFO] [stdout] test bundle::tests::rejects_record_count_larger_than_metadata_can_hold ... ok
[INFO] [stdout] test bundle::tests::rejects_truncated_bundle ... ok
[INFO] [stdout] test bundle::tests::shared_block_cache_and_prefix_reads_match_full_entry_reads ... ok
[INFO] [stdout] test bundle::tests::rejects_unterminated_or_invalid_common_header ... ok
[INFO] [stdout] test bundle::tests::unity_cn_bundles_report_the_missing_key_rather_than_a_parse_error ... ok
[INFO] [stdout] test bundle::tests::unity_cn_flag_ranges_use_the_managed_half_open_bounds ... ok
[INFO] [stdout] test cubism_moc::tests::collection_reader_requires_the_resolved_cubism_moc_script ... ok
[INFO] [stdout] test cubism_moc::tests::reads_big_endian_moc3_after_no_target_monobehaviour_prefix ... ok
[INFO] [stdout] test cubism_moc::tests::reads_big_endian_v13_object_with_32_bit_pptrs_and_absolute_alignment ... ok
[INFO] [stdout] test endian::tests::reads_strings_and_alignment ... ok
[INFO] [stdout] test compression::tests::decodes_concatenated_gzip_members_with_output_limit ... ok
[INFO] [stdout] test cubism_moc::tests::reads_little_endian_source_bound_moc3_and_streams_exact_bytes ... ok
[INFO] [stdout] test compression::tests::lists_and_decodes_safe_zip_entries ... ok
[INFO] [stdout] test cubism_moc::tests::rejects_unknown_headers_ranges_classes_and_budgets ... ok
[INFO] [stdout] test endian::tests::reads_big_endian_numbers ... ok
[INFO] [stdout] test endian::tests::reads_little_endian_numbers ... ok
[INFO] [stdout] test compression::tests::rejects_unsafe_zip_paths_and_declared_output_limits ... ok
[INFO] [stdout] test compression::tests::decodes_brotli_with_output_limit ... ok
[INFO] [stdout] test endian::tests::rejects_reads_past_end ... ok
[INFO] [stdout] test endian::tests::required_c_strings_reject_missing_terminators_at_the_exact_limit ... ok
[INFO] [stdout] test export::tests::detects_text_asset_extensions_without_accepting_directories ... ok
[INFO] [stdout] test export::tests::enforces_mono_behaviour_export_json_limit ... ok
[INFO] [stdout] test export::tests::export_names_include_extensions_and_collision_suffixes_in_the_portable_budget ... ok
[INFO] [stdout] test endian::tests::strings_grow_fallibly_and_match_standard_utf8_replacement ... ok
[INFO] [stdout] test export::tests::export_failure_messages_preserve_error_families_through_fallible_formatting ... ok
[INFO] [stdout] test export::tests::export_path_builders_are_fallible_and_preserve_filesystem_semantics ... ok
[INFO] [stdout] test export::tests::enforces_texture_array_export_output_and_bundle_limits ... ok
[INFO] [stdout] test export::tests::enforces_mesh_export_object_and_output_limits ... ok
[INFO] [stdout] test export::tests::export_root_rejects_symbolic_link_ancestors ... ok
[INFO] [stdout] test export::tests::enforces_object_raw_json_and_collection_output_budgets_atomically ... ok
[INFO] [stdout] test export::tests::collision_claims_are_scoped_to_each_export_group ... ok
[INFO] [stdout] test export::tests::failure_report_metadata_has_an_exact_cumulative_limit ... ok
[INFO] [stdout] test export::tests::exports_a_text_asset_end_to_end ... ok
[INFO] [stdout] test export::tests::exports_a_texture_array_bundle_with_the_managed_contract ... ok
[INFO] [stdout] test export::tests::exports_texture2d_auto_as_bounded_jpeg ... ok
[INFO] [stdout] test export::tests::exports_a_mesh_obj_end_to_end_with_legacy_text_contract ... ok
[INFO] [stdout] test export::tests::exports_managed_compatible_type_tree_dump_text_with_limits ... ok
[INFO] [stdout] test export::tests::reports_missing_mono_behaviour_schema_without_raw_fallback ... ok
[INFO] [stdout] test export::tests::lowercase_export_claims_obey_exact_metadata_boundaries ... ok
[INFO] [stdout] test export::tests::overwrite_failure_preserves_the_previous_regular_file ... ok
[INFO] [stdout] test export::tests::overwrite_rejects_symbolic_link_outputs_without_touching_the_target ... ok
[INFO] [stdout] test export::tests::exports_mono_behaviour_json_in_auto_and_explicit_modes ... ok
[INFO] [stdout] test audio::tests::decodes_mono_and_stereo_fsb5_opus ... ok
[INFO] [stdout] test export::tests::sanitizes_names_and_formats_path_ids ... ok
[INFO] [stdout] test extraction::tests::bounds_root_and_nested_diagnostic_labels_before_allocation ... ok
[INFO] [stdout] test extraction::tests::caller_output_roots_normalize_and_create_deep_suffixes_linearly ... ok
[INFO] [stdout] test extraction::tests::collision_cursor_keys_are_retained_transactionally_under_the_path_budget ... ok
[INFO] [stdout] test extraction::tests::bounds_input_directory_traversal_before_collection ... ok
[INFO] [stdout] test export::tests::output_defaults_to_atomic_no_overwrite ... ok
[INFO] [stdout] test export::tests::uses_the_top_level_type_tree_name ... ok
[INFO] [stdout] test extraction::tests::failure_messages_preserve_error_families_through_fallible_formatting ... ok
[INFO] [stdout] test extraction::tests::no_overwrite_persist_is_atomic_against_a_late_destination ... ok
[INFO] [stdout] test export::tests::successful_export_metadata_has_an_exact_cumulative_limit ... ok
[INFO] [stdout] test extraction::tests::extracts_a_recognized_brotli_wrapper_to_a_leaf ... ok
[INFO] [stdout] test extraction::tests::output_path_builders_are_fallible_bounded_and_preserve_empty_parents ... ok
[INFO] [stdout] test extraction::tests::portable_claim_keys_are_fallible_case_insensitive_and_budgeted ... ok
[INFO] [stdout] test export::tests::exports_texture2d_auto_in_every_selected_image_format ... ok
[INFO] [stdout] test extraction::tests::extracts_tuanjie_webdata_and_rejects_unity_archive_explicitly ... ok
[INFO] [stdout] test extraction::tests::enforces_depth_entry_expansion_and_output_limits ... ok
[INFO] [stdout] test export::tests::export_reaches_the_png_compression_and_filter_knobs ... ok
[INFO] [stdout] test extraction::tests::recursively_extracts_gzip_webdata_and_preserves_leaf_bytes ... ok
[INFO] [stdout] test extraction::tests::extracts_unity_fs_legacy_raw_and_zip_entries ... ok
[INFO] [stdout] test extraction::tests::sanitizes_path_components_within_the_portable_budget ... ok
[INFO] [stdout] test extraction::tests::refuses_preexisting_symbolic_link_parents ... ok
[INFO] [stdout] test extraction::tests::streams_non_utf8_filesystem_names_under_component_and_label_budgets ... ok
[INFO] [stdout] test fbx_ascii::tests::output_budget_is_enforced_before_an_over_limit_write ... ok
[INFO] [stdout] test fbx_ascii::tests::public_api_writes_a_model_ir_built_from_a_real_collection ... ok
[INFO] [stdout] test fbx_ascii::tests::public_writer_emits_general_hierarchy_and_non_identity_trs ... ok
[INFO] [stdout] test extraction::tests::report_metadata_is_exact_transactional_and_checked_before_publication ... ok
[INFO] [stdout] test fbx_ascii::tests::static_triangle_has_exact_golden_and_parseable_structure ... ok
[INFO] [stdout] test fbx_ascii::tests::underlying_io_errors_are_not_misreported_as_budget_errors ... ok
[INFO] [stdout] test extraction::tests::skips_existing_by_default_and_overwrites_only_when_requested ... ok
[INFO] [stdout] test extraction::tests::refuses_a_symlink_in_the_output_root_ancestor_chain ... ok
[INFO] [stdout] test fbx_ascii::tests::unsupported_and_corrupt_triangle_shapes_are_rejected ... ok
[INFO] [stdout] test fbx_binary::tests::depth_limit_counts_records_without_charging_list_terminators ... ok
[INFO] [stdout] test fbx_binary::tests::applies_tree_and_cumulative_allocation_limits ... ok
[INFO] [stdout] test extraction::tests::treats_ascii_case_collisions_portably ... ok
[INFO] [stdout] test fbx_binary::tests::honours_the_output_budget ... ok
[INFO] [stdout] test fbx_binary::tests::refuses_input_that_is_not_a_binary_fbx ... ok
[INFO] [stdout] test audio::tests::decodes_bundled_fsb5_vorbis_to_bounded_pcm16 ... ok
[INFO] [stdout] test fbx_binary::tests::deflates_only_arrays_worth_compressing ... ok
[INFO] [stdout] test fbx_binary::tests::nests_records_and_reports_their_own_end_offsets ... ok
[INFO] [stdout] test fbx_binary::tests::rejects_truncated_corrupt_or_trailing_footer_bytes ... ok
[INFO] [stdout] test fbx_binary::tests::rejects_array_bombs_before_allocating_their_declared_shape ... ok
[INFO] [stdout] test fbx_binary::tests::round_trips_every_property_type ... ok
[INFO] [stdout] test extraction::tests::sanitizes_names_and_assigns_stable_collision_suffixes ... ok
[INFO] [stdout] test fbx_binary::tests::rejects_bytes_after_a_compressed_array_stream ... ok
[INFO] [stdout] test fbx_binary::tests::round_trips_raw_and_deflated_boolean_arrays ... ok
[INFO] [stdout] test fbx_binary::tests::writer_enforces_structural_limits_before_writing_output ... ok
[INFO] [stdout] test fbx_binary::tests::writes_a_header_version_and_footer_the_format_requires ... ok
[INFO] [stdout] test fbx_binary::tests::writes_and_reads_a_full_footer_padding_block_on_an_exact_boundary ... ok
[INFO] [stdout] test fbx_binary_scene::tests::carries_the_same_geometry_the_ascii_writer_emits ... ok
[INFO] [stdout] test fbx_binary_scene::tests::carries_textures_and_the_material_channels_they_drive ... ok
[INFO] [stdout] test extraction::tests::rejects_parent_and_absolute_entries_but_continues_safe_siblings ... ok
[INFO] [stdout] test fbx_binary_scene::tests::emits_a_texture_video_pair_and_the_channel_it_drives ... ok
[INFO] [stdout] test fbx_binary::tests::rejects_compressed_arrays_that_expand_past_their_declared_count ... ok
[INFO] [stdout] test fbx_binary_scene::tests::rejects_cumulative_scene_strings_before_encoding ... ok
[INFO] [stdout] test fbx_binary_scene::tests::emits_blend_shape_targets_as_offsets_from_their_base_vertices ... ok
[INFO] [stdout] test fbx_binary_scene::tests::rejects_scene_projection_allocation_overflow_before_growth ... ok
[INFO] [stdout] test fbx_scene_ascii::tests::converts_non_identity_unity_trs ... ok
[INFO] [stdout] test fbx_binary_scene::tests::writes_a_scene_whose_records_a_reader_can_walk ... ok
[INFO] [stdout] test fbx_scene_ascii::tests::leaves_an_unrecognised_property_unconnected ... ok
[INFO] [stdout] test fbx_scene_ascii::tests::accepts_general_triangle_lists_and_rejects_corrupt_attributes ... ok
[INFO] [stdout] test fbx_binary_scene::tests::emits_animation_stacks_layers_and_their_curves ... ok
[INFO] [stdout] test fbx_scene_ascii::tests::omitting_the_texture_set_keeps_the_untextured_output ... ok
[INFO] [stdout] test fbx_scene_ascii::tests::quaternion_conversion_matches_the_fbx_sdk_oracle ... ok
[INFO] [stdout] test fbx_scene_ascii::tests::rejects_unresolved_bones_and_singular_bind_poses ... ok
[INFO] [stdout] test fbx_scene_ascii::tests::writes_blend_shape_deform_percent_animation ... ok
[INFO] [stdout] test fbx_scene_ascii::tests::writes_skin_clusters_with_direct_bones_and_bind_poses ... ok
[INFO] [stdout] test fbx_scene_ascii::tests::writes_animation_stacks_curves_times_and_connections ... ok
[INFO] [stdout] test fbx_binary_scene::tests::emits_a_skin_deformer_and_its_clusters ... ok
[INFO] [stdout] test file_type::tests::detects_bundle_and_web_signatures ... ok
[INFO] [stdout] test file_type::tests::detects_large_serialized_file_header ... ok
[INFO] [stdout] test file_type::tests::detects_magic_wrappers ... ok
[INFO] [stdout] test file_type::tests::direct_bundle_wins_over_later_magic ... ok
[INFO] [stdout] test fbx_scene_ascii::tests::writes_blend_shape_geometry_channels_weights_and_connections ... ok
[INFO] [stdout] test file_type::tests::detects_legacy_serialized_file_header ... ok
[INFO] [stdout] test fbx_binary::tests::rejects_child_lists_terminated_before_the_parent_boundary ... ok
[INFO] [stdout] test fsb_vorbis::tests::bundled_setup_headers_are_sorted_bounded_and_complete ... ok
[INFO] [stdout] test file_type::tests::rejects_mismatched_serialized_file_size ... ok
[INFO] [stdout] test file_type::tests::finds_an_embedded_unity_fs_bundle ... ok
[INFO] [stdout] test fbx_scene_ascii::tests::writes_texture_and_video_objects_for_a_bound_material ... ok
[INFO] [stdout] test fbx_scene_ascii::tests::falls_back_to_bone_name_hashes_when_they_resolve_more_bones ... ok
[INFO] [stdout] test image_export::tests::encoding_to_owned_bytes_matches_the_streaming_writer_and_keeps_budgets ... ok
[INFO] [stdout] test filesystem_text::tests::unix_streaming_conversion_matches_standard_lossy_replacement ... ok
[INFO] [stdout] test image_export::tests::bmp_v4_header_and_pixels_preserve_alpha_in_top_down_order ... ok
[INFO] [stdout] test image_export::tests::flipping_rows_is_an_involution_and_rejects_mismatched_buffers ... ok
[INFO] [stdout] test image_export::tests::adaptive_png_filter_is_lossless_and_smaller_on_gradients ... ok
[INFO] [stdout] test image_export::tests::png_compression_levels_change_effort_but_not_pixels ... ok
[INFO] [stdout] test image_export::tests::png_has_valid_chunks_crc_zlib_and_top_down_rgba_scanlines ... ok
[INFO] [stdout] test image_export::tests::production_crc32_matches_the_bitwise_specification_reference ... ok
[INFO] [stdout] test audio::tests::rejects_unknown_malformed_forged_and_over_budget_fsb5_vorbis ... ok
[INFO] [stdout] test image_export::tests::qoi_is_lossless_top_down_and_respects_the_budget ... ok
[INFO] [stdout] test image_export::tests::jpeg_sampling_progressive_and_background_knobs_stay_decodable ... ok
[INFO] [stdout] test image_export::tests::raw_rgba_keeps_the_existing_ir_and_row_order_contracts ... ok
[INFO] [stdout] test image_export::tests::tga_marks_top_left_origin_and_does_not_flip_display_order_again ... ok
[INFO] [stdout] test image_export::tests::jpeg_is_top_down_discards_alpha_and_validates_quality_and_dimensions ... ok
[INFO] [stdout] test image_export::tests::webp_is_lossless_top_down_rgba_and_enforces_format_dimensions ... ok
[INFO] [stdout] test json::tests::writes_a_string_named_class_as_a_nested_object ... ok
[INFO] [stdout] test json::tests::writes_ordered_objects_maps_and_special_floats ... ok
[INFO] [stdout] test json::tests::floats_serialize_at_their_source_width ... ok
[INFO] [stdout] test json::tests::writes_typeless_metadata_without_copying_payload ... ok
[INFO] [stdout] test fbx_scene_ascii::tests::plans_large_repeated_texture_bindings_with_one_first_binding_texture ... ok
[INFO] [stdout] test image_export::tests::rejects_bad_pixel_lengths_and_every_format_respects_output_budget ... ok
[INFO] [stdout] test legacy_bundle::tests::enforces_entry_and_payload_limits ... ok
[INFO] [stdout] test legacy_bundle::tests::reads_lzma_alone_unity_web_bundle ... ok
[INFO] [stdout] test legacy_bundle::tests::reads_uncompressed_unity_raw_bundle ... ok
[INFO] [stdout] test legacy_bundle::tests::rejects_mismatched_raw_sizes_and_truncated_payload ... ok
[INFO] [stdout] test legacy_bundle::tests::validates_lzma_output_size_and_memory_limit ... ok
[INFO] [stdout] test legacy_bundle::tests::rejects_invalid_level_table_and_entry_ranges ... ok
[INFO] [stdout] test live2d::tests::catalog_limits_and_shared_script_names_remain_bounded ... ok
[INFO] [stdout] test live2d::tests::builds_a_stable_catalog_and_verifies_model_moc_targets ... ok
[INFO] [stdout] test legacy_bundle::tests::reads_version_four_hash_and_multiple_download_levels ... ok
[INFO] [stdout] test live2d::tests::extracts_only_a_well_formed_direct_moc_pointer ... ok
[INFO] [stdout] test live2d::tests::recognizes_only_the_managed_cubism_role_names ... ok
[INFO] [stdout] test live2d::tests::resolves_cross_file_scripts_and_moc_with_portable_ascii_names ... ok
[INFO] [stdout] test live2d_clip_motion::tests::enforces_target_count_and_string_budgets ... ok
[INFO] [stdout] test live2d_clip_motion::tests::enforces_target_hash_work_and_index_budgets ... ok
[INFO] [stdout] test live2d::tests::enforces_collection_wide_catalog_budgets_before_amplification ... ok
[INFO] [stdout] test live2d_clip_motion::tests::maps_validated_acl_columns_into_cubism_parameter_curves ... ok
[INFO] [stdout] test animation_graph::tests::animator_index_preserves_first_duplicate_with_logarithmic_queries ... ok
[INFO] [stdout] test live2d_clip_motion::tests::reads_streamed_coefficients_and_reconstructs_slopes ... ok
[INFO] [stdout] test live2d_clip_motion::tests::writes_animation_clip_metadata_segments_and_unicode_event_size ... ok
[INFO] [stdout] test live2d_clip_motion::tests::resolves_parameter_part_suffixes_and_rejects_hash_ambiguity ... ok
[INFO] [stdout] test live2d_motion::tests::classifies_part_targets_without_materializing_a_lowercase_identifier ... ok
[INFO] [stdout] test live2d::tests::catalog_projects_moc_without_materializing_unrelated_model_arrays ... ok
[INFO] [stdout] test live2d_motion::tests::projects_linear_and_stepped_segments_and_writes_motion3 ... ok
[INFO] [stdout] test json::tests::arbitrary_trees_emit_json_a_real_parser_reads_back_unchanged ... ok
[INFO] [stdout] test live2d_motion::tests::enforces_motion_target_index_budgets ... ok
[INFO] [stdout] test live2d_number::tests::three_decimals_matches_dotnet ... ok
[INFO] [stdout] test live2d_number::tests::managed_float_matches_newtonsoft ... ok
[INFO] [stdout] test live2d_motion::tests::rejects_parallel_mismatch_key_budget_and_nan ... ok
[INFO] [stdout] test live2d_package::tests::builds_cross_file_static_package_and_exact_manifest ... ok
[INFO] [stdout] test live2d_package::tests::claimed_name_keys_share_the_total_name_budget_transactionally ... ok
[INFO] [stdout] test live2d_package::tests::claimed_name_reservation_failure_preserves_existing_state ... ok
[INFO] [stdout] test image_export::tests::auto_png_filter_adapts_at_every_compressing_effort ... ok
[INFO] [stdout] test live2d_package::tests::duplicate_path_id_role_check_uses_the_resolved_object_table_entry ... ok
[INFO] [stdout] test live2d_package::tests::diagnostic_messages_are_preflighted_before_exact_allocation ... ok
[INFO] [stdout] test live2d_package::tests::external_schema_provider_restores_stripped_model_and_renderer_fields ... ok
[INFO] [stdout] test live2d_package::tests::falls_back_to_loose_expression_physics_and_fade_assets ... ok
[INFO] [stdout] test live2d_package::tests::external_schemas_project_expression_motion_physics_pose_and_display_info ... ok
[INFO] [stdout] test live2d_package::tests::moc_identifier_tables_supply_parameter_groups_without_components ... ok
[INFO] [stdout] test live2d_package::tests::name_cursor_rechecks_cross_collisions_before_advancing ... ok
[INFO] [stdout] test live2d_package::tests::materializes_binding_friendly_static_package_bytes_with_cumulative_limits ... ok
[INFO] [stdout] test live2d_package::tests::packages_shared_moc_once_and_uses_last_active_model ... ok
[INFO] [stdout] test live2d_package::tests::rejects_role_indexes_one_byte_before_allocation_budget ... ok
[INFO] [stdout] test live2d_package::tests::follows_expression_controller_list_and_materializes_exp3_json ... ok
[INFO] [stdout] test legacy_bundle::tests::accepts_lzma_unknown_size_sentinel_with_bounded_output ... ok
[INFO] [stdout] test live2d_package::tests::reports_missing_embedded_schema_without_guessing_renderer_tail ... ok
[INFO] [stdout] test live2d_package::tests::reports_missing_model_schema_and_enforces_cumulative_payload_budget ... ok
[INFO] [stdout] test live2d_package::tests::sanitizes_and_disambiguates_names_deterministically ... ok
[INFO] [stdout] test live2d_package::tests::selects_animator_bound_clips_for_fade_motion_fallback ... ok
[INFO] [stdout] test live2d_package::tests::selects_model_only_after_transform_and_uses_component_order_last_wins ... ok
[INFO] [stdout] test live2d_package::tests::writes_explicit_and_inferred_eye_blink_and_lip_sync_groups ... ok
[INFO] [stdout] test live2d_physics::tests::projects_and_writes_physics3_json_with_fps_fallback ... ok
[INFO] [stdout] test live2d_physics::tests::rejects_unknown_components_nonfinite_values_and_count_budgets ... ok
[INFO] [stdout] test live2d_schema::tests::projects_and_writes_managed_expression_contract ... ok
[INFO] [stdout] test live2d_schema::tests::projects_pose_links_and_display_name_override_with_limits ... ok
[INFO] [stdout] test live2d_package::tests::the_component_graph_wins_over_loose_assets ... ok
[INFO] [stdout] test live2d_schema::tests::rejects_unknown_blends_nonfinite_values_and_allocation_budgets ... ok
[INFO] [stdout] test loader::tests::a_bundle_revision_does_not_replace_a_declared_serialized_file_version ... ok
[INFO] [stdout] test loader::tests::builds_resource_index_transactionally_with_a_combined_entry_budget ... ok
[INFO] [stdout] test loader::tests::discovers_and_charges_entries_in_legacy_unity_raw_bundles ... ok
[INFO] [stdout] test loader::tests::discovers_serialized_files_and_resources_through_gzip_and_webdata ... ok
[INFO] [stdout] test loader::tests::enforces_traversal_depth_and_expansion_budgets ... ok
[INFO] [stdout] test loader::tests::global_unity_version_override_wins_over_bundle_hint_for_stripped_files ... ok
[INFO] [stdout] test loader::tests::indexes_resource_paths_without_changing_first_match_or_stale_table_semantics ... ok
[INFO] [stdout] test loader::tests::joins_split_assets_and_resources_without_exposing_segments ... ok
[INFO] [stdout] test loader::tests::loads_a_selected_split_segment_as_its_logical_base_path ... ok
[INFO] [stdout] test loader::tests::bounds_root_and_nested_path_bytes_across_one_load ... ok
[INFO] [stdout] test loader::tests::loads_directory_roots_deterministically_and_limits_input_files ... ok
[INFO] [stdout] test loader::tests::loads_the_streamed_companions_beside_a_single_file_input ... ok
[INFO] [stdout] test loader::tests::mono_script_class_index_shares_budget_and_preserves_last_value ... ok
[INFO] [stdout] test loader::tests::object_metadata_budget_rejects_before_growth ... ok
[INFO] [stdout] test fbx_scene_ascii::tests::indexes_many_morph_channels_once_and_preserves_first_duplicate ... ok
[INFO] [stdout] test loader::tests::orders_split_segments_numerically_through_split10 ... ok
[INFO] [stdout] test loader::tests::pending_input_batches_charge_before_queue_growth ... ok
[INFO] [stdout] test loader::tests::preserves_regular_single_file_paths_and_prefers_existing_base_files ... ok
[INFO] [stdout] test loader::tests::public_object_metadata_limits_reject_named_assets ... ok
[INFO] [stdout] test loader::tests::rebuilds_reference_index_transactionally_with_a_collection_budget ... ok
[INFO] [stdout] test live2d_package::tests::precomputes_nearest_parent_models_for_a_deep_hierarchy ... ok
[INFO] [stdout] test loader::tests::rejects_container_counts_ranges_and_assignment_budgets ... ok
[INFO] [stdout] test loader::tests::rejects_corrupt_and_over_budget_supported_names_but_ignores_unknown_layouts ... ok
[INFO] [stdout] test loader::tests::rejects_unity_archive_before_other_bundle_parsers ... ok
[INFO] [stdout] test loader::tests::rejects_missing_duplicate_invalid_and_over_budget_split_groups ... ok
[INFO] [stdout] test loader::tests::resolves_production_object_names_and_cross_file_display_name_references ... ok
[INFO] [stdout] test loader::tests::round_trips_owned_parts_without_carrying_derived_indexes ... ok
[INFO] [stdout] test loader::tests::resolves_asset_bundle_and_resource_manager_containers_across_files_stably ... ok
[INFO] [stdout] test loader::tests::skipped_input_diagnostics_have_an_exact_cumulative_string_budget ... ok
[INFO] [stdout] test live2d_package::tests::indexes_loose_roles_logarithmically_in_discovery_order ... ok
[INFO] [stdout] test loader::tests::sprite_texture_cache_evicts_least_recently_used_within_caps ... ok
[INFO] [stdout] test loader::tests::skipping_unreadable_inputs_keeps_the_rest_of_a_directory ... ok
[INFO] [stdout] test loader::tests::sprite_texture_cache_reuses_only_exact_identity_and_limits ... ok
[INFO] [stdout] test loader::tests::strict_unity_versions_option_reaches_every_loaded_serialized_file ... ok
[INFO] [stdout] test loader::tests::streams_non_utf8_filesystem_paths_before_committing_load_budgets ... ok
[INFO] [stdout] test managed_number::tests::a_float_and_the_same_value_widened_can_render_differently ... ok
[INFO] [stdout] test managed_number::tests::renders_doubles_the_way_dotnet_does ... ok
[INFO] [stdout] test loader::tests::sprite_atlas_assignment_lookup_scales_with_logarithmic_queries ... ok
[INFO] [stdout] test managed_number::tests::renders_singles_the_way_dotnet_does ... ok
[INFO] [stdout] test material::tests::reads_modern_material_properties_without_collapsing_duplicates ... ok
[INFO] [stdout] test material::tests::reads_big_endian_unity4_material_with_32_bit_pptrs_and_no_target_prefix ... ok
[INFO] [stdout] test material::tests::rejects_wrong_class_stripped_version_truncation_and_budgets ... ok
[INFO] [stdout] test managed_number::tests::text_matches_the_managed_formatter_for_every_recorded_value ... ok
[INFO] [stdout] test mesh::tests::decodes_compressed_mesh_geometry_instead_of_refusing_it ... ok
[INFO] [stdout] test material::tests::switches_keyword_layout_at_2021_2_18 ... ok
[INFO] [stdout] test mesh::tests::decodes_float16_positions_like_the_managed_reader ... ok
[INFO] [stdout] test mesh::tests::enforces_counts_vertex_ranges_and_output_limit ... ok
[INFO] [stdout] test mesh::tests::enforces_legacy_mesh_version_boundaries_and_source_bounds ... ok
[INFO] [stdout] test mesh::tests::high_level_studio_reads_one_mesh_obj_with_an_output_limit ... ok
[INFO] [stdout] test mesh::tests::obj_floats_render_the_way_the_managed_exporter_renders_them ... ok
[INFO] [stdout] test mesh::tests::expands_strip_and_quad_topology_into_triangles ... ok
[INFO] [stdout] test mesh::tests::parses_legacy_and_vertex_channel_skinning_with_bind_poses_and_hashes ... ok
[INFO] [stdout] test mesh::tests::parses_resident_uncompressed_unity_2017_and_2018_layouts ... ok
[INFO] [stdout] test mesh::tests::parses_resident_uncompressed_unity_2023_and_6000_layouts ... ok
[INFO] [stdout] test mesh::tests::parses_resident_uncompressed_v22_mesh_and_writes_exact_obj_contract ... ok
[INFO] [stdout] test mesh::tests::resolves_external_vertex_streams_for_core_studio_and_bounded_callers ... ok
[INFO] [stdout] test mesh::tests::retains_bounded_blend_shape_vertices_frames_channels_and_weights ... ok
[INFO] [stdout] test mesh::tests::supports_32_bit_indices_and_rejects_unsupported_layouts ... ok
[INFO] [stdout] test mesh::tests::validates_direct_obj_inputs_without_partial_indexing_panics ... ok
[INFO] [stdout] test mesh::tests::triangulation_drops_degenerates_and_flips_odd_strip_winding ... ok
[INFO] [stdout] test mesh::tests::parses_tuanjie_shared_cluster_revisions_and_rejects_virtual_geometry ... ok
[INFO] [stdout] test model_animation::tests::animation_state_rejects_combined_string_budget_overflow ... ok
[INFO] [stdout] test model_animation::tests::converts_legacy_and_modern_blend_shape_weights_to_exported_channels ... ok
[INFO] [stdout] test model_animation::tests::converts_legacy_transform_curves_and_resolves_suffix_paths ... ok
[INFO] [stdout] test model_animation::tests::converts_streamed_dense_and_constant_transform_samples ... ok
[INFO] [stdout] test model_animation::tests::decodes_delta_times_and_packed_quaternions_with_strict_bounds ... ok
[INFO] [stdout] test model_animation::tests::avatar_path_hash_index_preserves_first_duplicate_with_logarithmic_queries ... ok
[INFO] [stdout] test model_animation::tests::legacy_base_paths_and_all_collection_limits_are_strict ... ok
[INFO] [stdout] test model_animation::tests::muscle_conversion_rejects_truncated_frames_and_cumulative_samples ... ok
[INFO] [stdout] test model_animation::tests::prepends_validated_acl_frames_and_offsets_standard_curves ... ok
[INFO] [stdout] test model_animation::tests::rejects_path_lookup_index_storage_before_allocation ... ok
[INFO] [stdout] test model_animation::tests::selected_avatar_indexes_only_materialize_selected_keys_and_deduplicate ... ok
[INFO] [stdout] test model_animation::tests::selected_avatar_indexes_share_path_count_and_storage_budgets ... ok
[INFO] [stdout] test model_animation::tests::selects_only_animation_bindings_owned_by_the_selected_model ... ok
[INFO] [stdout] test loader::tests::object_metadata_index_scales_and_preserves_last_assignment ... ok
[INFO] [stdout] test model_animation::tests::suffix_index_matches_linear_first_hit_for_all_utf8_suffixes ... ok
[INFO] [stdout] test model_export::tests::plans_split_subtrees_and_animators_in_stable_node_order ... ok
[INFO] [stdout] test live2d_clip_motion::tests::indexes_large_unique_target_sets_in_source_order ... ok
[INFO] [stdout] test model_export::tests::rejects_candidate_traversal_and_name_budgets ... ok
[INFO] [stdout] test model_ir::tests::assembles_static_model_stably_and_preserves_unity_source_trs ... ok
[INFO] [stdout] test model_ir::tests::applies_try_get_semantics_and_keeps_resolved_targets_strict ... ok
[INFO] [stdout] test model_ir::tests::enforces_every_collection_wide_budget ... ok
[INFO] [stdout] test model_animation::tests::unique_animation_names_preserve_first_free_suffix_and_exact_string_budget ... ok
[INFO] [stdout] test model_ir::tests::model_build_index_budget_counts_unique_assets ... ok
[INFO] [stdout] test audio::tests::decodes_three_through_eight_channel_fsb5_vorbis ... ok
[INFO] [stdout] test model_ir::tests::model_index_budget_is_exact_and_duplicate_nodes_are_rejected ... ok
[INFO] [stdout] test model_ir::tests::selects_one_game_object_subtree_with_transform_only_ancestors ... ok
[INFO] [stdout] test model_ir::tests::resolves_model_assets_across_serialized_files ... ok
[INFO] [stdout] test mono_schema::tests::exact_version_wins_and_missing_or_tiny_output_is_rejected ... ok
[INFO] [stdout] test mono_schema::tests::assembly_name_matches_with_or_without_the_dll_suffix ... ok
[INFO] [stdout] test model_animation::tests::duplicate_animation_names_do_not_restart_suffix_search ... ok
[INFO] [stdout] test mono_schema::tests::overriding_prefers_the_schema_but_keeps_a_tree_it_has_no_class_for ... ok
[INFO] [stdout] test mono_schema::tests::external_full_tree_resolves_monoscript_and_reads_bounded_json ... ok
[INFO] [stdout] test mono_schema::tests::programmatic_registry_rejects_invalid_unity_version_transactionally ... ok
[INFO] [stdout] test mono_schema::tests::schema_document_enforces_input_structure_and_decoded_string_budgets ... ok
[INFO] [stdout] test mono_schema::tests::registries_join_and_the_first_document_keeps_priority ... ok
[INFO] [stdout] test mono_schema::tests::schema_document_reads_the_same_object_as_a_hand_built_tree ... ok
[INFO] [stdout] test model_ir::tests::model_node_index_scales_and_preserves_source_positions ... ok
[INFO] [stdout] test mono_schema::tests::schema_document_rejects_every_shape_that_would_describe_nothing ... ok
[INFO] [stdout] test mono_schema::tests::schema_document_rejects_limits_before_materializing_later_values ... ok
[INFO] [stdout] test monobehaviour::tests::no_tree_requires_a_managed_or_dummy_dll_schema_without_guessing ... ok
[INFO] [stdout] test monobehaviour::tests::parses_source_bound_mono_script_metadata ... ok
[INFO] [stdout] test monobehaviour::tests::enforces_class_string_and_json_limits ... ok
[INFO] [stdout] test monobehaviour::tests::reads_v22_base_fields_and_prefers_embedded_type_tree_json ... ok
[INFO] [stdout] test obj_scene::tests::borrows_material_slots_and_writes_each_material_once ... ok
[INFO] [stdout] test obj_scene::tests::accumulates_vertex_indices_across_groups ... ok
[INFO] [stdout] test obj_scene::tests::joins_tokens_a_name_would_otherwise_break ... ok
[INFO] [stdout] test obj_scene::tests::honours_the_output_budget ... ok
[INFO] [stdout] test obj_scene::tests::omits_the_channels_the_mesh_does_not_have ... ok
[INFO] [stdout] test obj_scene::tests::refuses_an_mtl_name_that_is_not_one_component ... ok
[INFO] [stdout] test obj_scene::tests::replaces_material_values_an_obj_consumer_cannot_use ... ok
[INFO] [stdout] test obj_scene::tests::the_mtl_carries_the_material_colours_and_its_texture ... ok
[INFO] [stdout] test obj_scene::tests::writes_world_space_geometry_that_names_its_material ... ok
[INFO] [stdout] test object_name::tests::handles_no_target_prefix_and_legacy_pptr_width ... ok
[INFO] [stdout] test object_name::tests::reads_named_game_object_animator_and_mono_behaviour_prefixes ... ok
[INFO] [stdout] test object_name::tests::rejects_negative_oversized_and_truncated_fields_within_limits ... ok
[INFO] [stdout] test object_name::tests::unknown_classes_are_not_guessed_to_be_named_objects ... ok
[INFO] [stdout] test packed_bits::tests::rejects_widths_and_lengths_the_payload_cannot_satisfy ... ok
[INFO] [stdout] test packed_bits::tests::unpacking_honours_the_start_item_and_chunk_count ... ok
[INFO] [stdout] test object_name::tests::gates_tuanjie_game_object_editor_info_at_build_eleven ... ok
[INFO] [stdout] test packed_bits::tests::unpacks_integers_at_a_non_byte_width ... ok
[INFO] [stdout] test project_settings::tests::follows_player_settings_version_gates_and_reads_identity_strings ... ok
[INFO] [stdout] test packed_bits::tests::unpacks_floats_across_the_quantized_range ... ok
[INFO] [stdout] test project_settings::tests::reads_legacy_build_levels_and_modern_scene_arrays_with_absolute_alignment ... ok
[INFO] [stdout] test project_settings::tests::rejects_negative_truncated_and_over_budget_arrays_and_strings ... ok
[INFO] [stdout] test renderer::tests::enforces_version_class_object_count_and_cumulative_reference_limits ... ok
[INFO] [stdout] test renderer::tests::locks_renderer_flag_gates_from_2018_through_unity_6000_3 ... ok
[INFO] [stdout] test renderer::tests::reads_2017_mesh_renderer_with_material_and_scene_references ... ok
[INFO] [stdout] test renderer::tests::reads_2022_skinned_renderer_bones_and_weights ... ok
[INFO] [stdout] test renderer::tests::reads_new_skinned_renderer_tails_after_mask_interaction ... ok
[INFO] [stdout] test scene::tests::indexed_resolution_falls_back_after_public_file_path_rename ... ok
[INFO] [stdout] test scene::tests::indexed_resolution_falls_back_after_public_file_removal ... ok
[INFO] [stdout] test scene::tests::indexed_resolution_falls_back_after_public_file_reordering ... ok
[INFO] [stdout] test scene::tests::indexed_resolution_falls_back_after_public_object_reordering ... ok
[INFO] [stdout] test scene::tests::indexed_resolution_falls_back_after_public_object_table_mutation ... ok
[INFO] [stdout] test model_ir::tests::model_asset_resolution_uses_the_collection_path_id_index ... ok
[INFO] [stdout] test renderer::tests::locks_tuanjie_virtual_geometry_shading_and_grd_gates ... ok
[INFO] [stdout] test scene::tests::indexed_resolution_preserves_first_duplicate_file_and_object ... ok
[INFO] [stdout] test scene::tests::parsers_are_source_bound_and_reject_impossible_child_bytes ... ok
[INFO] [stdout] test scene::tests::reads_big_endian_transform_trs_and_hierarchy ... ok
[INFO] [stdout] test scene::tests::reads_legacy_component_entries_and_32_bit_pptrs ... ok
[INFO] [stdout] test scene::tests::parsers_enforce_counts_strings_and_reference_bytes ... ok
[INFO] [stdout] test scene::tests::reads_no_target_game_object_and_tuanjie_editor_info ... ok
[INFO] [stdout] test scene::tests::rejects_bad_local_external_and_typed_references ... ok
[INFO] [stdout] test scene::tests::resolves_local_external_and_null_pptrs ... ok
[INFO] [stdout] test scene::tests::reads_mesh_filter_and_stable_animator_reference_prefix ... ok
[INFO] [stdout] test scene_hierarchy::tests::charges_transform_owner_entries_before_growing_the_map ... ok
[INFO] [stdout] test scene_hierarchy::tests::enforces_collection_wide_scene_totals ... ok
[INFO] [stdout] test scene_hierarchy::tests::rejects_parent_cycles_and_corrupt_resolved_components ... ok
[INFO] [stdout] test scene_hierarchy::tests::assembles_v22_model_bindings_with_last_wins_and_try_get_semantics ... ok
[INFO] [stdout] test scene_textures::tests::bounds_binding_and_skip_metadata_before_retaining_output ... ok
[INFO] [stdout] test scene_hierarchy::tests::resolves_cross_file_parent_ownership_and_mesh_targets ... ok
[INFO] [stdout] test scene_textures::tests::case_folds_and_bounds_shared_name_indexes_transactionally ... ok
[INFO] [stdout] test scene_textures::tests::gives_colliding_names_distinct_files ... ok
[INFO] [stdout] test scene_textures::tests::keeps_one_object_on_one_file_name_across_models ... ok
[INFO] [stdout] test scene_textures::tests::manual_texture_growth_reports_allocation_failure_transactionally ... ok
[INFO] [stdout] test scene_textures::tests::maps_the_shader_properties_the_managed_reader_recognises ... ok
[INFO] [stdout] test scene_textures::tests::public_model_reader_applies_the_shared_name_index_budget ... ok
[INFO] [stdout] test scene_textures::tests::records_a_reference_it_cannot_resolve_rather_than_failing ... ok
[INFO] [stdout] test scene_textures::tests::reduces_hostile_names_to_one_path_component ... ok
[INFO] [stdout] test scene_textures::tests::rejects_an_exhausted_texture_count_before_decoding ... ok
[INFO] [stdout] test scene_textures::tests::rejects_an_exhausted_total_budget_before_decoding ... ok
[INFO] [stdout] test scene_textures::tests::removes_an_abandoned_texture_temporary_file ... ok
[INFO] [stdout] test scene_textures::tests::resolves_encodes_and_binds_a_material_texture ... ok
[INFO] [stdout] test live2d_motion::tests::indexes_large_reverse_target_tables_and_preserves_precedence ... ok
[INFO] [stdout] test scene_textures::tests::write_rejects_non_portable_names_before_creating_a_temporary_file ... ok
[INFO] [stdout] test scene_textures::tests::texture_batch_failure_rolls_back_files_published_by_the_same_call ... ok
[INFO] [stdout] test serialized::tests::a_bundle_revision_only_overrides_files_that_cannot_state_their_own_version ... ok
[INFO] [stdout] test serialized::tests::accepts_reserved_nonzero_bytes_at_the_end_of_declared_metadata ... ok
[INFO] [stdout] test serialized::tests::enforces_metadata_count_limits_before_allocation ... ok
[INFO] [stdout] test serialized::tests::parses_no_target_text_asset_prefix ... ok
[INFO] [stdout] test serialized::tests::parses_v13_with_type_tree_disabled ... ok
[INFO] [stdout] test serialized::tests::parses_v14_aligned_64_bit_path_ids ... ok
[INFO] [stdout] test serialized::tests::parses_v19_v20_v21_type_tree_reference_and_dependency_gates ... ok
[INFO] [stdout] test serialized::tests::parses_v22_metadata_object_index_type_tree_and_text_asset ... ok
[INFO] [stdout] test scene_hierarchy::tests::builds_a_bounded_binary_game_object_index ... ok
[INFO] [stdout] test serialized::tests::rejects_object_ranges_outside_the_source ... ok
[INFO] [stdout] test serialized::tests::rejects_pre_v5_formats_as_explicitly_unsupported ... ok
[INFO] [stdout] test serialized::tests::selects_recursive_and_blob_type_trees_across_v10_v11_v12 ... ok
[INFO] [stdout] test serialized::tests::switches_from_v16_object_script_fields_to_v17_type_indexing ... ok
[INFO] [stdout] test serialized_file::tests::reads_large_file_header_and_switches_endian ... ok
[INFO] [stdout] test serialized_file::tests::reads_legacy_metadata_endianness_byte ... ok
[INFO] [stdout] test scene_textures::tests::writes_files_without_clobbering_what_is_already_there ... ok
[INFO] [stdout] test serialized::tests::parses_v5_and_v8_legacy_eof_metadata_in_both_endiannesses ... ok
[INFO] [stdout] test serialized_file::tests::reads_modern_big_endian_header ... ok
[INFO] [stdout] test shader::tests::converts_unity_5_4_subprogram_indices_byte_for_byte ... ok
[INFO] [stdout] test shader::tests::converts_unity_5_5_flat_compressed_table_byte_for_byte ... ok
[INFO] [stdout] test serialized_file::tests::rejects_invalid_endianness_and_metadata_ranges ... ok
[INFO] [stdout] test shader::tests::enforces_modern_blob_decompression_program_and_array_limits ... ok
[INFO] [stdout] test shader::tests::enforces_string_script_and_output_limits ... ok
[INFO] [stdout] test shader::tests::converts_unity_5_5_serialized_pass_end_to_end ... ok
[INFO] [stdout] test shader::tests::groups_serialized_subprograms_in_csharp_first_seen_order ... ok
[INFO] [stdout] test serialized_file::tests::rejects_declared_size_mismatch ... ok
[INFO] [stdout] test shader::tests::parses_nonempty_unknown_and_spirv_programs_end_to_end ... ok
[INFO] [stdout] test shader::tests::reads_big_endian_unity_5_2_no_target_layout ... ok
[INFO] [stdout] test shader::tests::reads_segmented_compressed_programs ... ok
[INFO] [stdout] test shader::tests::reads_the_fields_unity_2022_added_to_the_shader ... ok
[INFO] [stdout] test shader::tests::rejects_damaged_compressed_chunks_and_unknown_program_types ... ok
[INFO] [stdout] test shader::tests::rejects_unknown_unity_and_gpu_record_versions ... ok
[INFO] [stdout] test shader::tests::serialized_shader_converter_matches_csharp_text_bytes ... ok
[INFO] [stdout] test shader::tests::streams_unity_4_script_with_the_exact_csharp_header ... ok
[INFO] [stdout] test model_animation::tests::indexes_many_same_leaf_paths_without_scanning_the_model_per_query ... ok
[INFO] [stdout] test shader::tests::unknown_and_spirv_programs_emit_diagnostics_instead_of_failing_the_shader ... ok
[INFO] [stdout] test simple_assets::tests::auto_export_decodes_modern_fsb5_dsp_as_wav ... ok
[INFO] [stdout] test simple_assets::tests::auto_export_decodes_modern_fsb5_fadpcm_as_wav ... ok
[INFO] [stdout] test simple_assets::tests::auto_export_decodes_modern_fsb5_hevag_as_wav ... ok
[INFO] [stdout] test simple_assets::tests::auto_export_decodes_modern_fsb5_ima_as_wav ... ok
[INFO] [stdout] test scene_textures::tests::bounds_repeated_and_skipped_texture_references_independently ... ok
[INFO] [stdout] test simple_assets::tests::auto_export_decodes_modern_fsb5_mpeg_as_wav ... ok
[INFO] [stdout] test shader::tests::indexes_many_segmented_entries_and_preserves_program_slots ... ok
[INFO] [stdout] test simple_assets::tests::auto_export_decodes_modern_fsb5_vag_as_wav ... ok
[INFO] [stdout] test simple_assets::tests::auto_export_decodes_modern_fsb5_opus_as_wav ... ok
[INFO] [stdout] test simple_assets::tests::auto_export_writes_legacy_pcm_as_wav_and_raw_or_limits_remain_explicit ... ok
[INFO] [stdout] test simple_assets::tests::auto_export_writes_modern_fsb5_pcm_as_wav ... ok
[INFO] [stdout] test simple_assets::tests::gives_a_video_without_a_portable_extension_a_fallback ... ok
[INFO] [stdout] test simple_assets::tests::auto_export_streams_font_and_external_audio_payloads ... ok
[INFO] [stdout] test simple_assets::tests::reads_font_payload_and_detects_opentype ... ok
[INFO] [stdout] test simple_assets::tests::reads_inline_video_without_materializing_its_payload ... ok
[INFO] [stdout] test simple_assets::tests::reads_legacy_inline_and_external_audio_without_fmod_conversion ... ok
[INFO] [stdout] test simple_assets::tests::indexed_legacy_audio_avoids_collection_file_scan ... ok
[INFO] [stdout] test simple_assets::tests::rejects_negative_and_over_limit_legacy_audio_sizes ... ok
[INFO] [stdout] test simple_assets::tests::resolves_external_audio_and_enforces_payload_limit ... ok
[INFO] [stdout] test simple_assets::tests::streams_existing_wave_and_rejects_false_or_partial_direct_wav_claims ... ok
[INFO] [stdout] test simple_assets::tests::reads_legacy_movie_texture_payload ... ok
[INFO] [stdout] test simple_assets::tests::writes_legacy_raw_pcm16_with_the_managed_wav_header ... ok
[INFO] [stdout] test source::tests::concatenated_regions_read_lazily_across_segment_boundaries ... ok
[INFO] [stdout] test source::tests::cloned_cursors_have_independent_positions ... ok
[INFO] [stdout] test source::tests::copies_and_materializes_with_limits ... ok
[INFO] [stdout] test sprite::tests::atlas_tight_mesh_uses_the_atlas_texture_rect_offset ... ok
[INFO] [stdout] test source::tests::subregions_and_cursors_are_strictly_bounded ... ok
[INFO] [stdout] test sprite::tests::backfills_an_unresolved_explicit_atlas_from_a_cross_file_packed_sprite ... ok
[INFO] [stdout] test sprite::tests::bicubic_resampling_matches_imagesharp_3_1_8_bytes ... ok
[INFO] [stdout] test sprite::tests::clamps_edges_and_rejects_empty_or_oversized_crops ... ok
[INFO] [stdout] test sprite::tests::differently_sized_resident_alpha_crop_uses_export_bicubic_semantics ... ok
[INFO] [stdout] test sprite::tests::downscale_truncates_dimensions_before_crop_and_preserves_display_row_order ... ok
[INFO] [stdout] test sprite::tests::empty_atlas_render_data_uses_resident_sprite_data ... ok
[INFO] [stdout] test sprite::tests::falls_back_to_resident_data_when_backfilled_atlas_lacks_sprite_key ... ok
[INFO] [stdout] test sprite::tests::follows_the_5_4_1_patch_pivot_gate_and_rejects_stripped_versions ... ok
[INFO] [stdout] test simple_assets::tests::auto_export_decodes_modern_fsb5_vorbis_as_wav ... ok
[INFO] [stdout] test sprite::tests::indexed_backfill_preserves_master_selection_and_enforces_build_budget ... ok
[INFO] [stdout] test sprite::tests::only_a_convex_quad_can_skip_the_tight_mask ... ok
[INFO] [stdout] test sprite::tests::backfills_packed_sprites_and_replaces_variants_but_not_masters ... ok
[INFO] [stdout] test sprite::tests::packed_rectangle_rotations_match_the_csharp_cut_image_order ... ok
[INFO] [stdout] test sprite::tests::parses_modern_metadata_crops_flips_and_applies_alpha_texture ... ok
[INFO] [stdout] test sprite::tests::reports_cross_file_texture_resolution_failures ... ok
[INFO] [stdout] test sprite::tests::resampling_rejects_bad_dimensions_and_honors_pixel_and_working_budgets ... ok
[INFO] [stdout] test sprite::tests::resolved_atlas_key_or_texture_failures_do_not_fall_back ... ok
[INFO] [stdout] test sprite::tests::resolves_cross_file_atlas_and_texture_relative_to_the_atlas_file ... ok
[INFO] [stdout] test sprite::tests::resolves_cross_file_color_and_alpha_textures_by_portable_name ... ok
[INFO] [stdout] test sprite::tests::masks_legacy_and_modern_tight_meshes_and_enforces_raster_budgets ... ok
[INFO] [stdout] test sprite::tests::sprites_sharing_a_texture_decode_the_page_once ... ok
[INFO] [stdout] test sprite::tests::resolves_local_atlas_data_and_ignores_atlas_alpha_texture ... ok
[INFO] [stdout] test sprite_atlas::tests::enforces_independent_count_and_string_budgets ... ok
[INFO] [stdout] test sprite::tests::unresolved_or_wrong_class_atlas_pptrs_use_resident_data ... ok
[INFO] [stdout] test sprite::tests::rejects_unknown_rotation_and_rectangularly_falls_back_for_empty_tight_meshes ... ok
[INFO] [stdout] test sprite_atlas::tests::preserves_empty_names_and_empty_collections ... ok
[INFO] [stdout] test sprite_atlas::tests::reads_no_target_named_object_prefix ... ok
[INFO] [stdout] test sprite_atlas::tests::observes_version_gates_and_big_endian_layout ... ok
[INFO] [stdout] test sprite_atlas::tests::parses_modern_atlas_and_resolves_composite_keys ... ok
[INFO] [stdout] test sprite_atlas::tests::rejects_negative_or_duplicate_counts_and_unknown_layout_tails ... ok
[INFO] [stdout] test sprite_atlas::tests::truncated_object_cannot_consume_the_following_object ... ok
[INFO] [stdout] test studio::tests::high_level_api_lists_finds_and_reads_without_an_abi_layer ... ok
[INFO] [stdout] test studio::tests::high_level_materializers_use_a_bounded_fallible_buffer ... ok
[INFO] [stdout] test texture::tests::a_zero_eac_multiplier_steps_in_eleven_bit_units ... ok
[INFO] [stdout] test texture::tests::bc6h_decodes_exactly_like_the_managed_decoder ... ok
[INFO] [stdout] test sprite_atlas::tests::rejects_unverified_versions_and_wrong_class ... ok
[INFO] [stdout] test sprite_atlas::tests::switches_pptr_path_width_at_serialized_format_14 ... ok
[INFO] [stdout] test texture::tests::crops_partial_dxt1_blocks_and_selects_small_compressed_mips ... ok
[INFO] [stdout] test texture::tests::crunch_codec_gate_matches_the_managed_converter ... ok
[INFO] [stdout] test texture::tests::decodes_bc4_and_bc5_channels ... ok
[INFO] [stdout] test texture::tests::decodes_astc_void_extent_blocks_for_every_unity_block_size ... ok
[INFO] [stdout] test texture::tests::decodes_dxt1_four_color_and_one_bit_alpha_palettes ... ok
[INFO] [stdout] test texture::tests::crunch_validates_headers_formats_and_all_memory_budgets_before_decode ... ok
[INFO] [stdout] test texture::tests::decodes_dxt5_alpha_modes_and_uses_opaque_color_interpolation ... ok
[INFO] [stdout] test texture::tests::decodes_etc1_through_the_bounded_pure_rust_adapter ... ok
[INFO] [stdout] test texture::tests::decodes_pvrtc_2bpp_and_4bpp_like_the_native_cpp_oracle ... ok
[INFO] [stdout] test texture::tests::decodes_dxt3_explicit_alpha_nibbles ... ok
[INFO] [stdout] test texture::tests::decodes_yuy2_chroma_pairs_and_rejects_odd_widths ... ok
[INFO] [stdout] test texture::tests::eac_rejects_a_payload_shorter_than_its_block_grid ... ok
[INFO] [stdout] test image_export::tests::png_streams_large_compressed_data_across_bounded_idat_chunks ... ok
[INFO] [stdout] test texture::tests::eac_reads_its_index_stream_most_significant_bit_first ... ok
[INFO] [stdout] test texture::tests::ldr_astc_differs_from_the_managed_decoder_only_by_rounding ... ok
[INFO] [stdout] test texture::tests::hdr_astc_decodes_exactly_like_the_managed_decoder ... ok
[INFO] [stdout] test texture::tests::ldr_astc_decodes_exactly_like_the_khronos_reference ... ok
[INFO] [stdout] test texture::tests::parses_the_platform_blob_as_a_bounded_source_region ... ok
[INFO] [stdout] test texture::tests::pvrtc_enforces_exact_input_output_and_decoder_working_limits ... ok
[INFO] [stdout] test texture::tests::pvrtc_uses_minimum_footprints_and_rejects_unverified_dimensions ... ok
[INFO] [stdout] test texture::tests::parses_inline_texture_and_decodes_all_supported_formats ... ok
[INFO] [stdout] test texture::tests::rejects_bad_dimensions_and_missing_external_ranges ... ok
[INFO] [stdout] test texture::tests::resolves_external_data_and_selects_a_mip_region ... ok
[INFO] [stdout] test texture::tests::rejects_truncated_unsupported_and_oversized_textures ... ok
[INFO] [stdout] test texture::tests::switch_layout_matches_every_managed_format_that_the_rust_decoder_supports ... ok
[INFO] [stdout] test texture::tests::switch_mip_chain_decodes_only_the_bounded_base_prefix ... ok
[INFO] [stdout] test texture::tests::switch_rgba32_decodes_two_gobs_then_crops_the_top_left ... ok
[INFO] [stdout] test texture::tests::switch_swizzle_enforces_payload_output_and_working_limits_before_materializing ... ok
[INFO] [stdout] test texture::tests::switch_swizzle_is_blob_gated_and_rejects_unverified_metadata ... ok
[INFO] [stdout] test texture::tests::switch_unswizzle_matches_the_managed_one_gob_chunk_order ... ok
[INFO] [stdout] test texture::tests::writes_the_managed_rgba_ir_contract_with_vertical_flip ... ok
[INFO] [stdout] test texture_array::tests::decodes_pvrtc_array_layers_with_the_texture_decoder_limits ... ok
[INFO] [stdout] test texture_array::tests::enforces_depth_payload_output_bundle_and_layer_bounds ... ok
[INFO] [stdout] test texture_array::tests::high_level_studio_decodes_layers_in_order_with_a_cumulative_limit ... ok
[INFO] [stdout] test texture::tests::swaps_xbox_360_word_order_before_decoding ... ok
[INFO] [stdout] test texture_array::tests::maps_every_graphics_format_backed_by_the_current_native_decoders ... ok
[INFO] [stdout] test texture_array::tests::parses_2019_through_2023_inline_arrays_and_slices_layers_before_mips ... ok
[INFO] [stdout] test texture_array::tests::rejects_pre_2019_layouts_explicitly ... ok
[INFO] [stdout] test texture_array::tests::resolves_2019_and_2020_streaming_info_as_bounded_regions ... ok
[INFO] [stdout] test texture_array::tests::writes_exact_managed_payload_bundle_bytes_in_layer_order ... ok
[INFO] [stdout] test type_tree::tests::a_null_registry_entry_stores_nothing_and_an_undeclared_one_is_declined ... ok
[INFO] [stdout] test type_tree::tests::aligns_after_a_string_named_class_that_sets_the_align_flag ... ok
[INFO] [stdout] test type_tree::tests::bounds_reference_type_lookup_and_layout_storage_before_allocation ... ok
[INFO] [stdout] test texture_array::tests::rejects_unknown_formats_and_stripped_mip_zero_but_decodes_switch_arrays_linearly ... ok
[INFO] [stdout] test texture::tests::multi_image_and_non_2d_linear_textures_decode_only_the_first_surface ... ok
[INFO] [stdout] test type_tree::tests::only_the_outermost_registry_declaration_is_read ... ok
[INFO] [stdout] test type_tree::tests::projects_one_root_field_without_materializing_unrelated_values ... ok
[INFO] [stdout] test type_tree::tests::reads_a_childless_string_node_as_an_empty_class ... ok
[INFO] [stdout] test type_tree::tests::reads_a_serialize_reference_registry_through_the_file_reference_types ... ok
[INFO] [stdout] test type_tree::tests::reads_a_string_named_class_as_a_class ... ok
[INFO] [stdout] test type_tree::tests::reads_classes_strings_and_aligned_arrays ... ok
[INFO] [stdout] test type_tree::tests::reads_maps_without_losing_order ... ok
[INFO] [stdout] test type_tree::tests::rejects_bad_shapes_limits_and_trailing_payload ... ok
[INFO] [stdout] test type_tree_dump::tests::keeps_the_declared_name_for_every_element_of_a_string_class_array ... ok
[INFO] [stdout] test type_tree_dump::tests::rejects_output_limits_and_mismatched_values ... ok
[INFO] [stdout] test type_tree_dump::tests::still_rejects_an_object_against_a_real_string_node ... ok
[INFO] [stdout] test type_tree_dump::tests::writes_a_string_named_class_as_a_container ... ok
[INFO] [stdout] test fbx_binary::tests::fast_array_compression_roundtrips_and_default_is_byte_stable ... ok
[INFO] [stdout] test unity_cn::tests::a_hostile_block_errors_rather_than_reading_out_of_range_or_spinning ... ok
[INFO] [stdout] test type_tree_dump::tests::writes_classes_strings_arrays_maps_typeless_and_managed_scalars ... ok
[INFO] [stdout] test unity_cn::tests::a_real_key_decrypts_without_panicking_on_arbitrary_blocks ... ok
[INFO] [stdout] test unity_cn::tests::aes128_matches_the_fips_197_vectors ... ok
[INFO] [stdout] test unity_cn::tests::decrypting_inverts_encrypting_across_token_shapes_and_block_indices ... ok
[INFO] [stdout] test unity_cn::tests::rejects_a_key_that_does_not_reproduce_the_signature ... ok
[INFO] [stdout] test unity_cn::tests::rejects_a_truncated_header ... ok
[INFO] [stdout] test unity_cn::tests::traverses_a_well_formed_token_group_without_touching_the_literal_run ... ok
[INFO] [stdout] test unity_version::tests::compares_only_compatibility_components ... ok
[INFO] [stdout] test unity_version::tests::component_constructor_matches_original_defaults ... ok
[INFO] [stdout] test unity_version::tests::parses_standard_version ... ok
[INFO] [stdout] test unity_cn::tests::no_key_material_appears_in_debug_output ... ok
[INFO] [stdout] test unity_version::tests::rejects_incomplete_versions ... ok
[INFO] [stdout] test unity_version::tests::recognizes_tuanjie_versions ... ok
[INFO] [stdout] test version_gate::tests::above_range_reclassifies_layout_shaped_failures_as_unsupported ... ok
[INFO] [stdout] test version_gate::tests::above_range_success_returns_unmarked ... ok
[INFO] [stdout] test version_gate::tests::verified_outcome_passes_every_family_through ... ok
[INFO] [stdout] test web_file::tests::copies_a_unicode_file_name_after_a_windows_separator ... ok
[INFO] [stdout] test web_file::tests::enforces_entry_and_path_limits ... ok
[INFO] [stdout] test web_file::tests::enforces_entry_materialization_limit ... ok
[INFO] [stdout] test web_file::tests::reads_directory_and_payload ... ok
[INFO] [stdout] test web_file::tests::rejects_entry_outside_stream ... ok
[INFO] [stdout] test web_file::tests::rejects_negative_path_length ... ok
[INFO] [stdout] test web_file::tests::rejects_payload_overlapping_directory ... ok
[INFO] [stdout] test version_gate::tests::above_range_keeps_genuine_io_failures_as_io ... ok
[INFO] [stdout] test type_tree::tests::builds_and_queries_large_subtree_boundaries_in_linear_work ... ok
[INFO] [stdout] test shader::tests::studio_shader_text_honors_caller_selected_total_array_budget ... ok
[INFO] [stdout] test type_tree::tests::indexes_many_reference_types_once_and_preserves_first_declaration ... ok
[INFO] [stdout] test live2d_package::tests::repeated_identity_name_collisions_have_linear_probe_growth ... ok
[INFO] [stdout] test extraction::tests::duplicate_leaf_names_resume_the_next_unchecked_suffix ... ok
[INFO] [stdout] test loader::tests::loads_large_web_batch_at_the_exact_discovered_file_limit ... ok
[INFO] [stdout] test extraction::tests::collided_parent_directories_reuse_the_resolved_suffix ... ok
[INFO] [stdout] test mono_schema::tests::schema_lookup_is_indexed_by_version_and_keeps_first_priority ... ok
[INFO] [stdout] test mono_schema::tests::shared_registry_set_indexes_without_cloning_trees_or_changing_priority ... ok
[INFO] [stdout] test texture::tests::decodes_classic_and_unity_crunch_like_the_native_cpp_oracle ... ok
[INFO] [stdout] test shader::tests::groups_many_unique_blobs_without_quadratic_scans ... ok
[INFO] [stdout] test audio::tests::decodes_three_through_sixteen_channel_multistream_fsb5_mpeg_layer3 ... ok
[INFO] [stdout] test audio::tests::decodes_three_through_eight_channel_multistream_fsb5_opus ... ok
[INFO] [stdout] test image_export::tests::paeth_predictor_reference_agrees ... ok
[INFO] [stdout] 
[INFO] [stdout] test result: ok. 646 passed; 0 failed; 12 ignored; 0 measured; 0 filtered out; finished in 4.64s
[INFO] [stdout] 
[INFO] [stderr]      Running tests/dotnet_oracle.rs (/opt/rustwide/target/debug/deps/dotnet_oracle-4216df1646d5e289)
[INFO] [stdout] 
[INFO] [stdout] running 2 tests
[INFO] [stdout] test managed_and_rust_manifests_match_for_shared_fixture ... ignored, requires the .NET 10 SDK and a Team-Haruki/AssetStudio checkout
[INFO] [stdout] test bc6h_fixture::tests::payload_matches_the_committed_fixture ... ok
[INFO] [stdout] 
[INFO] [stdout] test result: ok. 1 passed; 0 failed; 1 ignored; 0 measured; 0 filtered out; finished in 0.01s
[INFO] [stdout] 
[INFO] [stderr]      Running tests/malformed_input.rs (/opt/rustwide/target/debug/deps/malformed_input-05a59c3e9fb21dbb)
[INFO] [stdout] 
[INFO] [stdout] running 6 tests
[INFO] [stdout] test truncations_never_panic ... ok
[INFO] [stdout] test damaged_moc_headers_never_panic ... ok
[INFO] [stdout] test damaged_texture_payloads_never_panic ... ok
[INFO] [stdout] test oversized_lengths_never_panic ... ok
[INFO] [stdout] test single_byte_flips_never_panic ... ok
[INFO] [stdout] test damaged_audio_never_panics ... ok
[INFO] [stdout] 
[INFO] [stdout] test result: ok. 6 passed; 0 failed; 0 ignored; 0 measured; 0 filtered out; finished in 28.08s
[INFO] [stdout] 
[INFO] [stderr]      Running tests/real_corpus.rs (/opt/rustwide/target/debug/deps/real_corpus-7fe930b308284566)
[INFO] [stdout] 
[INFO] [stdout] running 2 tests
[INFO] [stdout] test private_real_corpus_matches_managed_snapshots ... ignored, requires UNITY_RS_CORPUS_MANIFEST and private Unity game assets
[INFO] [stdout] test example_corpus_manifest_is_valid ... FAILED
[INFO] [stdout] 
[INFO] [stdout] failures:
[INFO] [stdout] 
[INFO] [stdout] ---- example_corpus_manifest_is_valid stdout ----
[INFO] [stdout] 
[INFO] [stdout] thread 'example_corpus_manifest_is_valid' (1604) panicked at tests/real_corpus.rs:45:35:
[INFO] [stdout] called `Result::unwrap()` on an `Err` value: Os { code: 2, kind: NotFound, message: "No such file or directory" }
[INFO] [stdout] stack backtrace:
[INFO] [stdout]    0:     0x61fdb77f3ee1 - std[70759c8f55707aa4]::backtrace_rs::backtrace::libunwind::trace
[INFO] [stdout]                                at /rustc/dfb0accb7f508ae8be965d8629557221c889dd98/library/std/src/../../backtrace/src/backtrace/libunwind.rs:117:9
[INFO] [stdout]    1:     0x61fdb77f3ee1 - std[70759c8f55707aa4]::backtrace_rs::backtrace::trace_unsynchronized::<std[70759c8f55707aa4]::sys::backtrace::_print_fmt::{closure#1}>
[INFO] [stdout]                                at /rustc/dfb0accb7f508ae8be965d8629557221c889dd98/library/std/src/../../backtrace/src/backtrace/mod.rs:66:14
[INFO] [stdout]    2:     0x61fdb77f3ee1 - std[70759c8f55707aa4]::sys::backtrace::_print_fmt
[INFO] [stdout]                                at /rustc/dfb0accb7f508ae8be965d8629557221c889dd98/library/std/src/sys/backtrace.rs:74:9
[INFO] [stdout]    3:     0x61fdb77f3ee1 - <<std[70759c8f55707aa4]::sys::backtrace::BacktraceLock>::print::DisplayBacktrace as core[df12db4294e9bfd3]::fmt::Display>::fmt
[INFO] [stdout]                                at /rustc/dfb0accb7f508ae8be965d8629557221c889dd98/library/std/src/sys/backtrace.rs:44:26
[INFO] [stdout]    4:     0x61fdb780b6aa - <core[df12db4294e9bfd3]::fmt::rt::Argument>::fmt
[INFO] [stdout]                                at /rustc/dfb0accb7f508ae8be965d8629557221c889dd98/library/core/src/fmt/rt.rs:152:76
[INFO] [stdout]    5:     0x61fdb780b6aa - core[df12db4294e9bfd3]::fmt::write
[INFO] [stdout]    6:     0x61fdb77f878c - core[df12db4294e9bfd3]::io::write::default_write_fmt::<alloc[2182bb758b4b3781]::vec::Vec<u8>>
[INFO] [stdout]                                at /rustc/dfb0accb7f508ae8be965d8629557221c889dd98/library/core/src/io/write.rs:402:11
[INFO] [stdout]    7:     0x61fdb77f878c - <alloc[2182bb758b4b3781]::vec::Vec<u8> as core[df12db4294e9bfd3]::io::write::Write>::write_fmt
[INFO] [stdout]                                at /rustc/dfb0accb7f508ae8be965d8629557221c889dd98/library/core/src/io/write.rs:335:13
[INFO] [stdout]    8:     0x61fdb77cee26 - <std[70759c8f55707aa4]::sys::backtrace::BacktraceLock>::print
[INFO] [stdout]                                at /rustc/dfb0accb7f508ae8be965d8629557221c889dd98/library/std/src/sys/backtrace.rs:47:9
[INFO] [stdout]    9:     0x61fdb77cee26 - std[70759c8f55707aa4]::panicking::default_hook::{closure#0}
[INFO] [stdout]                                at /rustc/dfb0accb7f508ae8be965d8629557221c889dd98/library/std/src/panicking.rs:292:27
[INFO] [stdout]   10:     0x61fdb77ebeb9 - std[70759c8f55707aa4]::panicking::default_hook
[INFO] [stdout]                                at /rustc/dfb0accb7f508ae8be965d8629557221c889dd98/library/std/src/panicking.rs:316:9
[INFO] [stdout]   11:     0x61fdb716e4b0 - <alloc[2182bb758b4b3781]::boxed::Box<dyn for<'a, 'b> core[df12db4294e9bfd3]::ops::function::Fn<(&'a std[70759c8f55707aa4]::panic::PanicHookInfo<'b>,), Output = ()> + core[df12db4294e9bfd3]::marker::Send + core[df12db4294e9bfd3]::marker::Sync> as core[df12db4294e9bfd3]::ops::function::Fn<(&std[70759c8f55707aa4]::panic::PanicHookInfo,)>>::call
[INFO] [stdout]                                at /rustc/dfb0accb7f508ae8be965d8629557221c889dd98/library/alloc/src/boxed.rs:2334:9
[INFO] [stdout]   12:     0x61fdb716e4b0 - test[9d35eded1c95d3be]::test_main_inner::<test[9d35eded1c95d3be]::test_main_static::{closure#0}>::{closure#0}
[INFO] [stdout]                                at /rustc/dfb0accb7f508ae8be965d8629557221c889dd98/library/test/src/lib.rs:155:21
[INFO] [stdout]   13:     0x61fdb77ec072 - <alloc[2182bb758b4b3781]::boxed::Box<dyn for<'a, 'b> core[df12db4294e9bfd3]::ops::function::Fn<(&'a std[70759c8f55707aa4]::panic::PanicHookInfo<'b>,), Output = ()> + core[df12db4294e9bfd3]::marker::Send + core[df12db4294e9bfd3]::marker::Sync> as core[df12db4294e9bfd3]::ops::function::Fn<(&std[70759c8f55707aa4]::panic::PanicHookInfo,)>>::call
[INFO] [stdout]                                at /rustc/dfb0accb7f508ae8be965d8629557221c889dd98/library/alloc/src/boxed.rs:2334:9
[INFO] [stdout]   14:     0x61fdb77ec072 - std[70759c8f55707aa4]::panicking::panic_with_hook
[INFO] [stdout]                                at /rustc/dfb0accb7f508ae8be965d8629557221c889dd98/library/std/src/panicking.rs:823:13
[INFO] [stdout]   15:     0x61fdb77ceed2 - std[70759c8f55707aa4]::panicking::panic_handler::{closure#0}
[INFO] [stdout]                                at /rustc/dfb0accb7f508ae8be965d8629557221c889dd98/library/std/src/panicking.rs:688:13
[INFO] [stdout]   16:     0x61fdb77c79f9 - std[70759c8f55707aa4]::sys::backtrace::__rust_end_short_backtrace::<std[70759c8f55707aa4]::panicking::panic_handler::{closure#0}, !>
[INFO] [stdout]                                at /rustc/dfb0accb7f508ae8be965d8629557221c889dd98/library/std/src/sys/backtrace.rs:182:18
[INFO] [stdout]   17:     0x61fdb77cfacd - __rustc[8fa7c3cbc660c2b3]::rust_begin_unwind
[INFO] [stdout]                                at /rustc/dfb0accb7f508ae8be965d8629557221c889dd98/library/std/src/panicking.rs:679:5
[INFO] [stdout]   18:     0x61fdb780be9c - core[df12db4294e9bfd3]::panicking::panic_fmt
[INFO] [stdout]                                at /rustc/dfb0accb7f508ae8be965d8629557221c889dd98/library/core/src/panicking.rs:80:14
[INFO] [stdout]   19:     0x61fdb780bbf2 - core[df12db4294e9bfd3]::result::unwrap_failed
[INFO] [stdout]                                at /rustc/dfb0accb7f508ae8be965d8629557221c889dd98/library/core/src/result.rs:1871:5
[INFO] [stdout]   20:     0x61fdb713b596 - <core[df12db4294e9bfd3]::result::Result<alloc[2182bb758b4b3781]::vec::Vec<real_corpus[c758d5100af6daf]::CorpusCase>, alloc[2182bb758b4b3781]::boxed::Box<dyn core[df12db4294e9bfd3]::error::Error>>>::unwrap
[INFO] [stdout]                                at /rustc/dfb0accb7f508ae8be965d8629557221c889dd98/library/core/src/result.rs:1232:23
[INFO] [stdout]   21:     0x61fdb713b596 - real_corpus[c758d5100af6daf]::example_corpus_manifest_is_valid
[INFO] [stdout]                                at /opt/rustwide/workdir/tests/real_corpus.rs:45:35
[INFO] [stdout]   22:     0x61fdb7139947 - real_corpus[c758d5100af6daf]::example_corpus_manifest_is_valid::{closure#0}
[INFO] [stdout]                                at /opt/rustwide/workdir/tests/real_corpus.rs:43:38
[INFO] [stdout]   23:     0x61fdb712d1f6 - <real_corpus[c758d5100af6daf]::example_corpus_manifest_is_valid::{closure#0} as core[df12db4294e9bfd3]::ops::function::FnOnce<()>>::call_once
[INFO] [stdout]                                at /rustc/dfb0accb7f508ae8be965d8629557221c889dd98/library/core/src/ops/function.rs:250:5
[INFO] [stdout]   24:     0x61fdb716179b - <fn() -> core[df12db4294e9bfd3]::result::Result<(), alloc[2182bb758b4b3781]::string::String> as core[df12db4294e9bfd3]::ops::function::FnOnce<()>>::call_once
[INFO] [stdout]                                at /rustc/dfb0accb7f508ae8be965d8629557221c889dd98/library/core/src/ops/function.rs:250:5
[INFO] [stdout]   25:     0x61fdb716179b - test[9d35eded1c95d3be]::__rust_begin_short_backtrace::<core[df12db4294e9bfd3]::result::Result<(), alloc[2182bb758b4b3781]::string::String>, fn() -> core[df12db4294e9bfd3]::result::Result<(), alloc[2182bb758b4b3781]::string::String>>
[INFO] [stdout]                                at /rustc/dfb0accb7f508ae8be965d8629557221c889dd98/library/test/src/lib.rs:733:18
[INFO] [stdout]   26:     0x61fdb716ee05 - test[9d35eded1c95d3be]::run_test_in_process::{closure#0}
[INFO] [stdout]                                at /rustc/dfb0accb7f508ae8be965d8629557221c889dd98/library/test/src/lib.rs:756:74
[INFO] [stdout]   27:     0x61fdb716ee05 - <core[df12db4294e9bfd3]::panic::unwind_safe::AssertUnwindSafe<test[9d35eded1c95d3be]::run_test_in_process::{closure#0}> as core[df12db4294e9bfd3]::ops::function::FnOnce<()>>::call_once
[INFO] [stdout]                                at /rustc/dfb0accb7f508ae8be965d8629557221c889dd98/library/core/src/panic/unwind_safe.rs:275:9
[INFO] [stdout]   28:     0x61fdb716ee05 - std[70759c8f55707aa4]::panicking::catch_unwind::do_call::<core[df12db4294e9bfd3]::panic::unwind_safe::AssertUnwindSafe<test[9d35eded1c95d3be]::run_test_in_process::{closure#0}>, core[df12db4294e9bfd3]::result::Result<(), alloc[2182bb758b4b3781]::string::String>>
[INFO] [stdout]                                at /rustc/dfb0accb7f508ae8be965d8629557221c889dd98/library/std/src/panicking.rs:576:43
[INFO] [stdout]   29:     0x61fdb716ee05 - std[70759c8f55707aa4]::panicking::catch_unwind::<core[df12db4294e9bfd3]::result::Result<(), alloc[2182bb758b4b3781]::string::String>, core[df12db4294e9bfd3]::panic::unwind_safe::AssertUnwindSafe<test[9d35eded1c95d3be]::run_test_in_process::{closure#0}>>
[INFO] [stdout]                                at /rustc/dfb0accb7f508ae8be965d8629557221c889dd98/library/std/src/panicking.rs:544:19
[INFO] [stdout]   30:     0x61fdb716ee05 - std[70759c8f55707aa4]::panic::catch_unwind::<core[df12db4294e9bfd3]::panic::unwind_safe::AssertUnwindSafe<test[9d35eded1c95d3be]::run_test_in_process::{closure#0}>, core[df12db4294e9bfd3]::result::Result<(), alloc[2182bb758b4b3781]::string::String>>
[INFO] [stdout]                                at /rustc/dfb0accb7f508ae8be965d8629557221c889dd98/library/std/src/panic.rs:359:14
[INFO] [stdout]   31:     0x61fdb716ee05 - test[9d35eded1c95d3be]::run_test_in_process
[INFO] [stdout]                                at /rustc/dfb0accb7f508ae8be965d8629557221c889dd98/library/test/src/lib.rs:756:27
[INFO] [stdout]   32:     0x61fdb716ee05 - test[9d35eded1c95d3be]::run_test::{closure#0}
[INFO] [stdout]                                at /rustc/dfb0accb7f508ae8be965d8629557221c889dd98/library/test/src/lib.rs:677:43
[INFO] [stdout]   33:     0x61fdb71686c4 - test[9d35eded1c95d3be]::run_test::{closure#1}
[INFO] [stdout]                                at /rustc/dfb0accb7f508ae8be965d8629557221c889dd98/library/test/src/lib.rs:707:41
[INFO] [stdout]   34:     0x61fdb71686c4 - std[70759c8f55707aa4]::sys::backtrace::__rust_begin_short_backtrace::<test[9d35eded1c95d3be]::run_test::{closure#1}, ()>
[INFO] [stdout]                                at /rustc/dfb0accb7f508ae8be965d8629557221c889dd98/library/std/src/sys/backtrace.rs:166:18
[INFO] [stdout]   35:     0x61fdb7171f62 - std[70759c8f55707aa4]::thread::lifecycle::spawn_unchecked::<test[9d35eded1c95d3be]::run_test::{closure#1}, ()>::{closure#1}::{closure#0}
[INFO] [stdout]                                at /rustc/dfb0accb7f508ae8be965d8629557221c889dd98/library/std/src/thread/lifecycle.rs:70:13
[INFO] [stdout]   36:     0x61fdb7171f62 - <core[df12db4294e9bfd3]::panic::unwind_safe::AssertUnwindSafe<std[70759c8f55707aa4]::thread::lifecycle::spawn_unchecked<test[9d35eded1c95d3be]::run_test::{closure#1}, ()>::{closure#1}::{closure#0}> as core[df12db4294e9bfd3]::ops::function::FnOnce<()>>::call_once
[INFO] [stdout]                                at /rustc/dfb0accb7f508ae8be965d8629557221c889dd98/library/core/src/panic/unwind_safe.rs:275:9
[INFO] [stdout]   37:     0x61fdb7171f62 - std[70759c8f55707aa4]::panicking::catch_unwind::do_call::<core[df12db4294e9bfd3]::panic::unwind_safe::AssertUnwindSafe<std[70759c8f55707aa4]::thread::lifecycle::spawn_unchecked<test[9d35eded1c95d3be]::run_test::{closure#1}, ()>::{closure#1}::{closure#0}>, ()>
[INFO] [stdout]                                at /rustc/dfb0accb7f508ae8be965d8629557221c889dd98/library/std/src/panicking.rs:576:43
[INFO] [stdout]   38:     0x61fdb7171f62 - std[70759c8f55707aa4]::panicking::catch_unwind::<(), core[df12db4294e9bfd3]::panic::unwind_safe::AssertUnwindSafe<std[70759c8f55707aa4]::thread::lifecycle::spawn_unchecked<test[9d35eded1c95d3be]::run_test::{closure#1}, ()>::{closure#1}::{closure#0}>>
[INFO] [stdout]                                at /rustc/dfb0accb7f508ae8be965d8629557221c889dd98/library/std/src/panicking.rs:544:19
[INFO] [stdout]   39:     0x61fdb7171f62 - std[70759c8f55707aa4]::panic::catch_unwind::<core[df12db4294e9bfd3]::panic::unwind_safe::AssertUnwindSafe<std[70759c8f55707aa4]::thread::lifecycle::spawn_unchecked<test[9d35eded1c95d3be]::run_test::{closure#1}, ()>::{closure#1}::{closure#0}>, ()>
[INFO] [stdout]                                at /rustc/dfb0accb7f508ae8be965d8629557221c889dd98/library/std/src/panic.rs:359:14
[INFO] [stdout]   40:     0x61fdb7171f62 - std[70759c8f55707aa4]::thread::lifecycle::spawn_unchecked::<test[9d35eded1c95d3be]::run_test::{closure#1}, ()>::{closure#1}
[INFO] [stdout]                                at /rustc/dfb0accb7f508ae8be965d8629557221c889dd98/library/std/src/thread/lifecycle.rs:68:26
[INFO] [stdout]   41:     0x61fdb7171f62 - <std[70759c8f55707aa4]::thread::lifecycle::spawn_unchecked<test[9d35eded1c95d3be]::run_test::{closure#1}, ()>::{closure#1} as core[df12db4294e9bfd3]::ops::function::FnOnce<()>>::call_once::{shim:vtable#0}
[INFO] [stdout]                                at /rustc/dfb0accb7f508ae8be965d8629557221c889dd98/library/core/src/ops/function.rs:250:5
[INFO] [stdout]   42:     0x61fdb77f3239 - <alloc[2182bb758b4b3781]::boxed::Box<dyn core[df12db4294e9bfd3]::ops::function::FnOnce<(), Output = ()> + core[df12db4294e9bfd3]::marker::Send> as core[df12db4294e9bfd3]::ops::function::FnOnce<()>>::call_once
[INFO] [stdout]                                at /rustc/dfb0accb7f508ae8be965d8629557221c889dd98/library/alloc/src/boxed.rs:2320:9
[INFO] [stdout]   43:     0x61fdb77f3239 - <std[70759c8f55707aa4]::sys::thread::unix::Thread>::new::thread_start
[INFO] [stdout]                                at /rustc/dfb0accb7f508ae8be965d8629557221c889dd98/library/std/src/sys/thread/unix.rs:123:17
[INFO] [stdout]   44:     0x76f1e96d0dfa - <unknown>
[INFO] [stdout]   45:     0x76f1e97643d4 - clone
[INFO] [stdout]   46:                0x0 - <unknown>
[INFO] [stdout] 
[INFO] [stdout] 
[INFO] [stdout] failures:
[INFO] [stdout]     example_corpus_manifest_is_valid
[INFO] [stdout] 
[INFO] [stdout] test result: FAILED. 0 passed; 1 failed; 1 ignored; 0 measured; 0 filtered out; finished in 0.17s
[INFO] [stdout] 
[INFO] [stderr] error: test failed, to rerun pass `--test real_corpus`
[INFO] running `Command { std: "docker" "inspect" "7219e3bb3db0d97c9d77ed873486b2f137d5d6aee85b239bb6adccf2da2c0005", kill_on_drop: false }`
[INFO] running `Command { std: "docker" "rm" "-f" "7219e3bb3db0d97c9d77ed873486b2f137d5d6aee85b239bb6adccf2da2c0005", kill_on_drop: false }`
[INFO] [stdout] 7219e3bb3db0d97c9d77ed873486b2f137d5d6aee85b239bb6adccf2da2c0005
