[INFO] fetching crate turbolite 0.5.0...
[INFO] testing turbolite-0.5.0 against 1.99.0-beta.8 for beta-1.100-2
[INFO] extracting crate turbolite 0.5.0 into /workspace/builds/worker-7-tc1/source
[INFO] removed /workspace/builds/worker-7-tc1/source/.cargo/config.toml
[INFO] started tweaking crates.io crate turbolite 0.5.0
[INFO] removed 0 missing examples
[INFO] removed 0 missing tests
[INFO] finished tweaking crates.io crate turbolite 0.5.0
[INFO] tweaked toml for crates.io crate turbolite 0.5.0 written to /workspace/builds/worker-7-tc1/source/Cargo.toml
[INFO] validating manifest of crates.io crate turbolite 0.5.0 on toolchain 1.99.0-beta.8
[INFO] running `Command { std: CARGO_HOME="/workspace/cargo-home" RUSTUP_HOME="/workspace/rustup-home" "/workspace/cargo-home/bin/cargo" "+1.99.0-beta.8" "metadata" "--manifest-path" "Cargo.toml" "--no-deps", kill_on_drop: false }`
[INFO] crate crates.io crate turbolite 0.5.0 already has a lockfile, it will not be regenerated
[INFO] running `Command { std: CARGO_HOME="/workspace/cargo-home" RUSTUP_HOME="/workspace/rustup-home" "/workspace/cargo-home/bin/cargo" "+1.99.0-beta.8" "fetch" "--manifest-path" "Cargo.toml", kill_on_drop: false }`
[INFO] [stderr]     Updating crates.io index
[INFO] [stderr]  Downloading crates ...
[INFO] [stderr]   Downloaded base64-simd v0.8.0
[INFO] [stderr]   Downloaded zstd-safe v7.2.4
[INFO] [stderr]   Downloaded cc v1.2.60
[INFO] [stderr]   Downloaded num-conv v0.2.1
[INFO] [stderr]   Downloaded outref v0.5.2
[INFO] [stderr]   Downloaded aws-smithy-observability v0.2.6
[INFO] [stderr]   Downloaded cmake v0.1.58
[INFO] [stderr]   Downloaded sha1 v0.10.6
[INFO] [stderr]   Downloaded signature v1.6.4
[INFO] [stderr]   Downloaded rfc6979 v0.3.1
[INFO] [stderr]   Downloaded wasm-bindgen-futures v0.4.68
[INFO] [stderr]   Downloaded fd-lock v4.0.4
[INFO] [stderr]   Downloaded zstd v0.13.3
[INFO] [stderr]   Downloaded tokio-macros v2.7.0
[INFO] [stderr]   Downloaded md-5 v0.10.6
[INFO] [stderr]   Downloaded aws-smithy-async v1.2.14
[INFO] [stderr]   Downloaded sct v0.7.1
[INFO] [stderr]   Downloaded hyper-rustls v0.27.8
[INFO] [stderr]   Downloaded hyper-rustls v0.24.2
[INFO] [stderr]   Downloaded tokio-rustls v0.24.1
[INFO] [stderr]   Downloaded aws-smithy-http v0.63.6
[INFO] [stderr]   Downloaded aws-credential-types v1.2.14
[INFO] [stderr]   Downloaded aws-smithy-eventstream v0.60.20
[INFO] [stderr]   Downloaded base16ct v0.1.1
[INFO] [stderr]   Downloaded group v0.12.1
[INFO] [stderr]   Downloaded ff v0.12.1
[INFO] [stderr]   Downloaded ecdsa v0.14.8
[INFO] [stderr]   Downloaded http-serde v2.1.1
[INFO] [stderr]   Downloaded hashlink v0.10.0
[INFO] [stderr]   Downloaded litepages v0.1.0
[INFO] [stderr]   Downloaded fastrand v2.4.1
[INFO] [stderr]   Downloaded vsimd v0.8.0
[INFO] [stderr]   Downloaded aws-smithy-http v0.62.6
[INFO] [stderr]   Downloaded aws-smithy-xml v0.60.15
[INFO] [stderr]   Downloaded crc32fast v1.5.0
[INFO] [stderr]   Downloaded spki v0.6.0
[INFO] [stderr]   Downloaded aws-smithy-query v0.60.15
[INFO] [stderr]   Downloaded lz4_flex v0.11.6
[INFO] [stderr]   Downloaded twox-hash v2.1.2
[INFO] [stderr]   Downloaded bytes-utils v0.1.4
[INFO] [stderr]   Downloaded xmlparser v0.13.6
[INFO] [stderr]   Downloaded aws-smithy-json v0.61.9
[INFO] [stderr]   Downloaded rmp v0.8.15
[INFO] [stderr]   Downloaded aws-types v1.3.14
[INFO] [stderr]   Downloaded pkcs8 v0.9.0
[INFO] [stderr]   Downloaded matchit v0.7.3
[INFO] [stderr]   Downloaded axum-core v0.4.5
[INFO] [stderr]   Downloaded webpki-roots v0.26.11
[INFO] [stderr]   Downloaded nibble_vec v0.1.0
[INFO] [stderr]   Downloaded endian-type v0.1.2
[INFO] [stderr]   Downloaded error-code v3.3.2
[INFO] [stderr]   Downloaded lambda_runtime_api_client v0.11.1
[INFO] [stderr]   Downloaded walrust v0.1.0
[INFO] [stderr]   Downloaded aws-smithy-types v1.4.7
[INFO] [stderr]   Downloaded aws-smithy-runtime-api v1.11.6
[INFO] [stderr]   Downloaded aws-smithy-checksums v0.63.12
[INFO] [stderr]   Downloaded sec1 v0.3.0
[INFO] [stderr]   Downloaded crypto-bigint v0.4.9
[INFO] [stderr]   Downloaded aws-smithy-json v0.62.5
[INFO] [stderr]   Downloaded openssl-sys v0.9.113
[INFO] [stderr]   Downloaded clap v4.6.0
[INFO] [stderr]   Downloaded clap_derive v4.6.0
[INFO] [stderr]   Downloaded simd-adler32 v0.3.9
[INFO] [stderr]   Downloaded snap v1.1.1
[INFO] [stderr]   Downloaded rmp-serde v1.3.1
[INFO] [stderr]   Downloaded proptest-derive v0.5.1
[INFO] [stderr]   Downloaded aws-smithy-http-client v1.1.12
[INFO] [stderr]   Downloaded rustls-webpki v0.103.11
[INFO] [stderr]   Downloaded regex-lite v0.1.9
[INFO] [stderr]   Downloaded aws-sigv4 v1.4.2
[INFO] [stderr]   Downloaded p256 v0.11.1
[INFO] [stderr]   Downloaded elliptic-curve v0.12.3
[INFO] [stderr]   Downloaded der v0.6.1
[INFO] [stderr]   Downloaded aws-runtime v1.7.2
[INFO] [stderr]   Downloaded aws-sdk-ssooidc v1.99.0
[INFO] [stderr]   Downloaded aws-sdk-sso v1.97.0
[INFO] [stderr]   Downloaded prometheus v0.13.4
[INFO] [stderr]   Downloaded sqlite-vfs v0.2.0
[INFO] [stderr]   Downloaded opaque-debug v0.3.1
[INFO] [stderr]   Downloaded rusqlite v0.35.0
[INFO] [stderr]   Downloaded aws-smithy-runtime v1.10.3
[INFO] [stderr]   Downloaded rand v0.9.3
[INFO] [stderr]   Downloaded ureq v2.12.1
[INFO] [stderr]   Downloaded flate2 v1.1.9
[INFO] [stderr]   Downloaded rustyline v15.0.0
[INFO] [stderr]   Downloaded unicode-segmentation v1.13.2
[INFO] [stderr]   Downloaded rayon v1.11.0
[INFO] [stderr]   Downloaded rustls-webpki v0.101.7
[INFO] [stderr]   Downloaded crc-fast v1.6.0
[INFO] [stderr]   Downloaded aws-config v1.8.15
[INFO] [stderr]   Downloaded protobuf v2.28.0
[INFO] [stderr]   Downloaded fs2 v0.4.3
[INFO] [stderr]   Downloaded axum v0.7.9
[INFO] [stderr]   Downloaded aws-lc-rs v1.16.2
[INFO] [stderr]   Downloaded aws-sdk-sts v1.101.0
[INFO] [stderr]   Downloaded radix_trie v0.2.1
[INFO] [stderr]   Downloaded hadb-storage v0.4.0
[INFO] [stderr]   Downloaded hadb-storage-mem v0.4.0
[INFO] [stderr]   Downloaded hadb-storage-local v0.4.0
[INFO] [stderr]   Downloaded file-guard v0.2.0
[INFO] [stderr]   Downloaded inout v0.1.4
[INFO] [stderr]   Downloaded derive_arbitrary v1.4.2
[INFO] [stderr]   Downloaded ghash v0.5.1
[INFO] [stderr]   Downloaded universal-hash v0.5.1
[INFO] [stderr]   Downloaded aead v0.5.2
[INFO] [stderr]   Downloaded openssl v0.10.77
[INFO] [stderr]   Downloaded lambda_runtime v0.13.0
[INFO] [stderr]   Downloaded nanorand v0.7.0
[INFO] [stderr]   Downloaded ctr v0.9.2
[INFO] [stderr]   Downloaded cipher v0.4.4
[INFO] [stderr]   Downloaded polyval v0.6.2
[INFO] [stderr]   Downloaded walrust v0.3.2
[INFO] [stderr]   Downloaded rustls v0.21.12
[INFO] [stderr]   Downloaded hadb-storage-s3 v0.4.0
[INFO] [stderr]   Downloaded arbitrary v1.4.2
[INFO] [stderr]   Downloaded flume v0.11.1
[INFO] [stderr]   Downloaded clap_complete v4.6.2
[INFO] [stderr]   Downloaded arc-swap v1.9.1
[INFO] [stderr]   Downloaded rustls v0.23.38
[INFO] [stderr]   Downloaded tower v0.4.13
[INFO] [stderr]   Downloaded aes-gcm v0.10.3
[INFO] [stderr]   Downloaded aes v0.8.4
[INFO] [stderr]   Downloaded web-sys v0.3.95
[INFO] [stderr]   Downloaded zstd-sys v2.0.16+zstd.1.5.7
[INFO] [stderr]   Downloaded tokio v1.51.1
[INFO] [stderr]   Downloaded aws-sdk-s3 v1.119.0
[INFO] [stderr]   Downloaded libsqlite3-sys v0.33.0
[INFO] [stderr]   Downloaded aws-lc-sys v0.39.1
[INFO] running `Command { std: "docker" "create" "-v" "/var/lib/crater-agent-workspace/builds/worker-7-tc1/source:/opt/rustwide/workdir:ro,Z" "-v" "/var/lib/crater-agent-workspace/builds/worker-7-tc1/target:/opt/rustwide/target:rw,Z" "-v" "/var/lib/crater-agent-workspace/cargo-home:/opt/rustwide/cargo-home:ro,Z" "-v" "/var/lib/crater-agent-workspace/rustup-home:/opt/rustwide/rustup-home:ro,Z" "-m" "1610612736" "--network" "none" "ghcr.io/rust-lang/crates-build-env/linux@sha256:3111399a4047eeb3a02b7a90e478d715f38a8c6669b5c4b49d30a17385265909" "sleep" "infinity", kill_on_drop: false }`
[INFO] [stdout] 9e210eff94b0f4cf771dc0ad100e32c14258048ef97a7b1997252fb0f2b01cc5
[INFO] running `Command { std: "docker" "start" "9e210eff94b0f4cf771dc0ad100e32c14258048ef97a7b1997252fb0f2b01cc5", kill_on_drop: false }`
[INFO] running `Command { std: "docker" "inspect" "9e210eff94b0f4cf771dc0ad100e32c14258048ef97a7b1997252fb0f2b01cc5", kill_on_drop: false }`
[INFO] running `Command { std: "docker" "exec" "-e" "SOURCE_DIR=/opt/rustwide/workdir" "-e" "CARGO_HOME=/opt/rustwide/cargo-home" "-e" "RUSTUP_HOME=/opt/rustwide/rustup-home" "-e" "CARGO_TARGET_DIR=/opt/rustwide/target" "-w" "/opt/rustwide/workdir" "--user" "0:0" "9e210eff94b0f4cf771dc0ad100e32c14258048ef97a7b1997252fb0f2b01cc5" "/opt/rustwide/cargo-home/bin/cargo" "+1.99.0-beta.8" "metadata" "--no-deps" "--format-version=1", kill_on_drop: false }`
[INFO] running `Command { std: "docker" "inspect" "9e210eff94b0f4cf771dc0ad100e32c14258048ef97a7b1997252fb0f2b01cc5", kill_on_drop: false }`
[INFO] running `Command { std: "docker" "exec" "-e" "SOURCE_DIR=/opt/rustwide/workdir" "-e" "CARGO_HOME=/opt/rustwide/cargo-home" "-e" "RUSTUP_HOME=/opt/rustwide/rustup-home" "-e" "CARGO_TARGET_DIR=/opt/rustwide/target" "-e" "CARGO_INCREMENTAL=0" "-e" "RUST_BACKTRACE=full" "-e" "RUSTFLAGS=--cap-lints=warn" "-e" "RUSTDOCFLAGS=--cap-lints=warn" "-w" "/opt/rustwide/workdir" "--user" "0:0" "9e210eff94b0f4cf771dc0ad100e32c14258048ef97a7b1997252fb0f2b01cc5" "/opt/rustwide/cargo-home/bin/cargo" "+1.99.0-beta.8" "build" "--frozen" "--message-format=json", kill_on_drop: false }`
[INFO] [stderr]    Compiling proc-macro2 v1.0.106
[INFO] [stderr]    Compiling quote v1.0.45
[INFO] [stderr]    Compiling libc v0.2.184
[INFO] [stderr]    Compiling shlex v1.3.0
[INFO] [stderr]    Compiling find-msvc-tools v0.1.9
[INFO] [stderr]    Compiling stable_deref_trait v1.2.1
[INFO] [stderr]    Compiling smallvec v1.15.1
[INFO] [stderr]    Compiling pkg-config v0.3.33
[INFO] [stderr]    Compiling writeable v0.6.3
[INFO] [stderr]    Compiling litemap v0.8.2
[INFO] [stderr]    Compiling utf8_iter v1.0.4
[INFO] [stderr]    Compiling icu_properties_data v2.2.0
[INFO] [stderr]    Compiling icu_normalizer_data v2.2.0
[INFO] [stderr]    Compiling bitflags v2.11.0
[INFO] [stderr]    Compiling utf8parse v0.2.2
[INFO] [stderr]    Compiling zerocopy v0.8.48
[INFO] [stderr]    Compiling crossbeam-utils v0.8.21
[INFO] [stderr]    Compiling zeroize v1.8.2
[INFO] [stderr]    Compiling lock_api v0.4.14
[INFO] [stderr]    Compiling vcpkg v0.2.15
[INFO] [stderr]    Compiling rustls-pki-types v1.14.0
[INFO] [stderr]    Compiling autocfg v1.5.0
[INFO] [stderr]    Compiling once_cell v1.21.4
[INFO] [stderr]    Compiling rustix v1.1.4
[INFO] [stderr]    Compiling anstyle-parse v1.0.0
[INFO] [stderr]    Compiling linux-raw-sys v0.12.1
[INFO] [stderr]    Compiling is_terminal_polyfill v1.70.2
[INFO] [stderr]    Compiling anstyle-query v1.1.5
[INFO] [stderr]    Compiling colorchoice v1.0.5
[INFO] [stderr]    Compiling anstyle v1.0.14
[INFO] [stderr]    Compiling crc32fast v1.5.0
[INFO] [stderr]    Compiling cfg_aliases v0.2.1
[INFO] [stderr]    Compiling anyhow v1.0.102
[INFO] [stderr]    Compiling untrusted v0.9.0
[INFO] [stderr]    Compiling zmij v1.0.21
[INFO] [stderr]    Compiling clap_lex v1.1.0
[INFO] [stderr]    Compiling nix v0.29.0
[INFO] [stderr]    Compiling anstream v1.0.0
[INFO] [stderr]    Compiling pin-project-lite v0.2.17
[INFO] [stderr]    Compiling simd-adler32 v0.3.9
[INFO] [stderr]    Compiling zstd-safe v7.2.4
[INFO] [stderr]    Compiling adler2 v2.0.1
[INFO] [stderr]    Compiling percent-encoding v2.3.2
[INFO] [stderr]    Compiling num-traits v0.2.19
[INFO] [stderr]    Compiling strsim v0.11.1
[INFO] [stderr]    Compiling rustls v0.23.38
[INFO] [stderr]    Compiling foldhash v0.1.5
[INFO] [stderr]    Compiling getrandom v0.4.2
[INFO] [stderr]    Compiling deranged v0.5.8
[INFO] [stderr]    Compiling crossbeam-epoch v0.9.18
[INFO] [stderr]    Compiling clap_builder v4.6.0
[INFO] [stderr]    Compiling form_urlencoded v1.2.2
[INFO] [stderr]    Compiling crossbeam-deque v0.8.6
[INFO] [stderr]    Compiling hashbrown v0.15.5
[INFO] [stderr]    Compiling webpki-roots v1.0.6
[INFO] [stderr]    Compiling syn v2.0.117
[INFO] [stderr]    Compiling miniz_oxide v0.8.9
[INFO] [stderr]    Compiling nibble_vec v0.1.0
[INFO] [stderr]    Compiling memchr v2.8.0
[INFO] [stderr]    Compiling time-core v0.1.8
[INFO] [stderr]    Compiling endian-type v0.1.2
[INFO] [stderr]    Compiling serde_json v1.0.149
[INFO] [stderr]    Compiling subtle v2.6.1
[INFO] [stderr]    Compiling bytes v1.11.1
[INFO] [stderr]    Compiling num-conv v0.2.1
[INFO] [stderr]    Compiling radix_trie v0.2.1
[INFO] [stderr]    Compiling rayon-core v1.13.0
[INFO] [stderr]    Compiling rmp v0.8.15
[INFO] [stderr]    Compiling webpki-roots v0.26.11
[INFO] [stderr]    Compiling spin v0.9.8
[INFO] [stderr]    Compiling tracing-core v0.1.36
[INFO] [stderr]    Compiling time v0.3.47
[INFO] [stderr]    Compiling futures-sink v0.3.32
[INFO] [stderr]    Compiling hashlink v0.10.0
[INFO] [stderr]    Compiling futures-core v0.3.32
[INFO] [stderr]    Compiling fastrand v2.4.1
[INFO] [stderr]    Compiling flate2 v1.1.9
[INFO] [stderr]    Compiling fallible-streaming-iterator v0.1.9
[INFO] [stderr]    Compiling unicode-segmentation v1.13.2
[INFO] [stderr]    Compiling fallible-iterator v0.3.0
[INFO] [stderr]    Compiling jobserver v0.1.34
[INFO] [stderr]    Compiling home v0.5.12
[INFO] [stderr]    Compiling unicode-width v0.2.2
[INFO] [stderr]    Compiling base64 v0.22.1
[INFO] [stderr]    Compiling cc v1.2.60
[INFO] [stderr]    Compiling either v1.15.0
[INFO] [stderr]    Compiling arc-swap v1.9.1
[INFO] [stderr]    Compiling rayon v1.11.0
[INFO] [stderr]    Compiling sqlite-vfs v0.2.0
[INFO] [stderr]    Compiling fd-lock v4.0.4
[INFO] [stderr]    Compiling getrandom v0.2.17
[INFO] [stderr]    Compiling errno v0.3.14
[INFO] [stderr]    Compiling parking_lot_core v0.9.12
[INFO] [stderr]    Compiling mio v1.2.0
[INFO] [stderr]    Compiling socket2 v0.6.3
[INFO] [stderr]    Compiling ring v0.17.14
[INFO] [stderr]    Compiling zstd-sys v2.0.16+zstd.1.5.7
[INFO] [stderr]    Compiling libsqlite3-sys v0.33.0
[INFO] [stderr]    Compiling turbolite v0.5.0 (/opt/rustwide/workdir)
[INFO] [stderr]    Compiling rand_core v0.6.4
[INFO] [stderr]    Compiling parking_lot v0.12.5
[INFO] [stderr]    Compiling signal-hook-registry v1.4.8
[INFO] [stderr]    Compiling nanorand v0.7.0
[INFO] [stderr]    Compiling tempfile v3.27.0
[INFO] [stderr]    Compiling file-guard v0.2.0
[INFO] [stderr]    Compiling fs2 v0.4.3
[INFO] [stderr]    Compiling atty v0.2.14
[INFO] [stderr]    Compiling flume v0.11.1
[INFO] [stderr]    Compiling ppv-lite86 v0.2.21
[INFO] [stderr]    Compiling rand_chacha v0.3.1
[INFO] [stderr]    Compiling synstructure v0.13.2
[INFO] [stderr]    Compiling rand v0.8.5
[INFO] [stderr]    Compiling rustyline v15.0.0
[INFO] [stderr]    Compiling zerovec-derive v0.11.3
[INFO] [stderr]    Compiling displaydoc v0.2.5
[INFO] [stderr]    Compiling serde_derive v1.0.228
[INFO] [stderr]    Compiling async-trait v0.1.89
[INFO] [stderr]    Compiling clap_derive v4.6.0
[INFO] [stderr]    Compiling tokio-macros v2.7.0
[INFO] [stderr]    Compiling tracing-attributes v0.1.31
[INFO] [stderr]    Compiling thiserror-impl v1.0.69
[INFO] [stderr]    Compiling rustls-webpki v0.103.11
[INFO] [stderr]    Compiling zerofrom-derive v0.1.7
[INFO] [stderr]    Compiling yoke-derive v0.8.2
[INFO] [stderr]    Compiling tokio v1.51.1
[INFO] [stderr]    Compiling thiserror v1.0.69
[INFO] [stderr]    Compiling clap v4.6.0
[INFO] [stderr]    Compiling tracing v0.1.44
[INFO] [stderr]    Compiling serde v1.0.228
[INFO] [stderr]    Compiling clap_complete v4.6.2
[INFO] [stderr]    Compiling zstd v0.13.3
[INFO] [stderr]    Compiling hadb-storage v0.4.0
[INFO] [stderr]    Compiling rmp-serde v1.3.1
[INFO] [stderr]    Compiling zerofrom v0.1.7
[INFO] [stderr]    Compiling yoke v0.8.2
[INFO] [stderr]    Compiling zerovec v0.11.6
[INFO] [stderr]    Compiling zerotrie v0.2.4
[INFO] [stderr]    Compiling tinystr v0.8.3
[INFO] [stderr]    Compiling potential_utf v0.1.5
[INFO] [stderr]    Compiling icu_collections v2.2.0
[INFO] [stderr]    Compiling icu_locale_core v2.2.0
[INFO] [stderr]    Compiling hadb-storage-local v0.4.0
[INFO] [stderr]    Compiling icu_provider v2.2.0
[INFO] [stderr]    Compiling icu_normalizer v2.2.0
[INFO] [stderr]    Compiling icu_properties v2.2.0
[INFO] [stderr]    Compiling rusqlite v0.35.0
[INFO] [stderr]    Compiling idna_adapter v1.2.1
[INFO] [stderr]    Compiling idna v1.1.0
[INFO] [stderr]    Compiling url v2.5.8
[INFO] [stderr]    Compiling ureq v2.12.1
[INFO] [stderr]     Finished `dev` profile [unoptimized + debuginfo] target(s) in 51.89s
[INFO] running `Command { std: "docker" "inspect" "9e210eff94b0f4cf771dc0ad100e32c14258048ef97a7b1997252fb0f2b01cc5", kill_on_drop: false }`
[INFO] running `Command { std: "docker" "exec" "-e" "SOURCE_DIR=/opt/rustwide/workdir" "-e" "CARGO_HOME=/opt/rustwide/cargo-home" "-e" "RUSTUP_HOME=/opt/rustwide/rustup-home" "-e" "CARGO_TARGET_DIR=/opt/rustwide/target" "-e" "CARGO_INCREMENTAL=0" "-e" "RUST_BACKTRACE=full" "-e" "RUSTFLAGS=--cap-lints=warn" "-e" "RUSTDOCFLAGS=--cap-lints=warn" "-w" "/opt/rustwide/workdir" "--user" "0:0" "9e210eff94b0f4cf771dc0ad100e32c14258048ef97a7b1997252fb0f2b01cc5" "/opt/rustwide/cargo-home/bin/cargo" "+1.99.0-beta.8" "test" "--frozen" "--no-run" "--message-format=json", kill_on_drop: false }`
[INFO] [stderr]    Compiling smallvec v1.15.1
[INFO] [stderr]    Compiling futures-core v0.3.32
[INFO] [stderr]    Compiling fnv v1.0.7
[INFO] [stderr]    Compiling futures-sink v0.3.32
[INFO] [stderr]    Compiling subtle v2.6.1
[INFO] [stderr]    Compiling http v1.4.0
[INFO] [stderr]    Compiling typenum v1.19.0
[INFO] [stderr]    Compiling num-traits v0.2.19
[INFO] [stderr]    Compiling generic-array v0.14.7
[INFO] [stderr]    Compiling futures-task v0.3.32
[INFO] [stderr]    Compiling time v0.3.47
[INFO] [stderr]    Compiling vsimd v0.8.0
[INFO] [stderr]    Compiling outref v0.5.2
[INFO] [stderr]    Compiling bytes-utils v0.1.4
[INFO] [stderr]    Compiling pin-utils v0.1.0
[INFO] [stderr]    Compiling cmake v0.1.58
[INFO] [stderr]    Compiling http v0.2.12
[INFO] [stderr]    Compiling dunce v1.0.5
[INFO] [stderr]    Compiling fs_extra v1.3.0
[INFO] [stderr]    Compiling percent-encoding v2.3.2
[INFO] [stderr]    Compiling aws-lc-rs v1.16.2
[INFO] [stderr]    Compiling hashbrown v0.17.0
[INFO] [stderr]    Compiling slab v0.4.12
[INFO] [stderr]    Compiling futures-util v0.3.32
[INFO] [stderr]    Compiling httparse v1.10.1
[INFO] [stderr]    Compiling parking_lot_core v0.9.12
[INFO] [stderr]    Compiling rustls v0.23.38
[INFO] [stderr]    Compiling const-oid v0.9.6
[INFO] [stderr]    Compiling try-lock v0.2.5
[INFO] [stderr]    Compiling futures-channel v0.3.32
[INFO] [stderr]    Compiling tower-service v0.3.3
[INFO] [stderr]    Compiling want v0.3.1
[INFO] [stderr]    Compiling base64ct v1.8.3
[INFO] [stderr]    Compiling atomic-waker v1.1.2
[INFO] [stderr]    Compiling rustls v0.21.12
[INFO] [stderr]    Compiling parking_lot v0.12.5
[INFO] [stderr]    Compiling aws-lc-sys v0.39.1
[INFO] [stderr]    Compiling der v0.6.1
[INFO] [stderr]    Compiling ff v0.12.1
[INFO] [stderr]    Compiling sct v0.7.1
[INFO] [stderr]    Compiling rustls-webpki v0.101.7
[INFO] [stderr]    Compiling base64-simd v0.8.0
[INFO] [stderr]    Compiling cpufeatures v0.2.17
[INFO] [stderr]    Compiling base16ct v0.1.1
[INFO] [stderr]    Compiling group v0.12.1
[INFO] [stderr]    Compiling form_urlencoded v1.2.2
[INFO] [stderr]    Compiling tokio v1.51.1
[INFO] [stderr]    Compiling indexmap v2.14.0
[INFO] [stderr]    Compiling socket2 v0.5.10
[INFO] [stderr]    Compiling httpdate v1.0.3
[INFO] [stderr]    Compiling http-body v1.0.1
[INFO] [stderr]    Compiling http-body v0.4.6
[INFO] [stderr]    Compiling http-body-util v0.1.3
[INFO] [stderr]    Compiling openssl-probe v0.2.1
[INFO] [stderr]    Compiling ipnet v2.12.0
[INFO] [stderr]    Compiling num-integer v0.1.46
[INFO] [stderr]    Compiling semver v1.0.28
[INFO] [stderr]    Compiling rustls-native-certs v0.8.3
[INFO] [stderr]    Compiling tower-layer v0.3.3
[INFO] [stderr]    Compiling getrandom v0.3.4
[INFO] [stderr]    Compiling hex v0.4.3
[INFO] [stderr]    Compiling spki v0.6.0
[INFO] [stderr]    Compiling rustc_version v0.4.1
[INFO] [stderr]    Compiling tower v0.5.3
[INFO] [stderr]    Compiling pkcs8 v0.9.0
[INFO] [stderr]    Compiling rand_core v0.9.5
[INFO] [stderr]    Compiling icu_normalizer v2.2.0
[INFO] [stderr]    Compiling crypto-bigint v0.5.5
[INFO] [stderr]    Compiling regex-syntax v0.8.10
[INFO] [stderr]    Compiling uuid v1.23.0
[INFO] [stderr]    Compiling hashbrown v0.15.5
[INFO] [stderr]    Compiling aho-corasick v1.1.4
[INFO] [stderr]    Compiling rand_chacha v0.9.0
[INFO] [stderr]    Compiling regex-lite v0.1.9
[INFO] [stderr]    Compiling block-buffer v0.10.4
[INFO] [stderr]    Compiling crypto-common v0.1.7
[INFO] [stderr]    Compiling digest v0.10.7
[INFO] [stderr]    Compiling crypto-bigint v0.4.9
[INFO] [stderr]    Compiling sec1 v0.3.0
[INFO] [stderr]    Compiling aws-types v1.3.14
[INFO] [stderr]    Compiling idna_adapter v1.2.1
[INFO] [stderr]    Compiling rand v0.9.3
[INFO] [stderr]    Compiling xmlparser v0.13.6
[INFO] [stderr]    Compiling hmac v0.12.1
[INFO] [stderr]    Compiling signature v1.6.4
[INFO] [stderr]    Compiling sha2 v0.10.9
[INFO] [stderr]    Compiling idna v1.1.0
[INFO] [stderr]    Compiling crc-catalog v2.4.0
[INFO] [stderr]    Compiling crc v3.4.0
[INFO] [stderr]    Compiling sha1 v0.10.6
[INFO] [stderr]    Compiling nibble_vec v0.1.0
[INFO] [stderr]    Compiling urlencoding v2.1.3
[INFO] [stderr]    Compiling radix_trie v0.2.1
[INFO] [stderr]    Compiling rfc6979 v0.3.1
[INFO] [stderr]    Compiling elliptic-curve v0.12.3
[INFO] [stderr]    Compiling aws-smithy-xml v0.60.15
[INFO] [stderr]    Compiling hashlink v0.10.0
[INFO] [stderr]    Compiling md-5 v0.10.6
[INFO] [stderr]    Compiling url v2.5.8
[INFO] [stderr]    Compiling rmp v0.8.15
[INFO] [stderr]    Compiling wait-timeout v0.2.1
[INFO] [stderr]    Compiling ecdsa v0.14.8
[INFO] [stderr]    Compiling quick-error v1.2.3
[INFO] [stderr]    Compiling bit-vec v0.8.0
[INFO] [stderr]    Compiling rustyline v15.0.0
[INFO] [stderr]    Compiling bit-set v0.8.0
[INFO] [stderr]    Compiling rusqlite v0.35.0
[INFO] [stderr]    Compiling rmp-serde v1.3.1
[INFO] [stderr]    Compiling flume v0.11.1
[INFO] [stderr]    Compiling rusty-fork v0.3.1
[INFO] [stderr]    Compiling lru v0.12.5
[INFO] [stderr]    Compiling rand_xorshift v0.4.0
[INFO] [stderr]    Compiling sqlite-vfs v0.2.0
[INFO] [stderr]    Compiling derive_arbitrary v1.4.2
[INFO] [stderr]    Compiling p256 v0.11.1
[INFO] [stderr]    Compiling regex-automata v0.4.14
[INFO] [stderr]    Compiling unarray v0.1.4
[INFO] [stderr]    Compiling proptest-derive v0.5.1
[INFO] [stderr]    Compiling proptest v1.11.0
[INFO] [stderr]    Compiling arbitrary v1.4.2
[INFO] [stderr]    Compiling tokio-util v0.7.18
[INFO] [stderr]    Compiling aws-smithy-async v1.2.14
[INFO] [stderr]    Compiling tokio-rustls v0.24.1
[INFO] [stderr]    Compiling hadb-storage-local v0.4.0
[INFO] [stderr]    Compiling hadb-storage-mem v0.4.0
[INFO] [stderr]    Compiling aws-smithy-types v1.4.7
[INFO] [stderr]    Compiling h2 v0.4.13
[INFO] [stderr]    Compiling h2 v0.3.27
[INFO] [stderr]    Compiling regex v1.12.3
[INFO] [stderr]    Compiling aws-smithy-runtime-api v1.11.6
[INFO] [stderr]    Compiling aws-smithy-eventstream v0.60.20
[INFO] [stderr]    Compiling aws-smithy-json v0.62.5
[INFO] [stderr]    Compiling aws-smithy-query v0.60.15
[INFO] [stderr]    Compiling aws-smithy-json v0.61.9
[INFO] [stderr]    Compiling crc-fast v1.6.0
[INFO] [stderr]    Compiling aws-smithy-http v0.63.6
[INFO] [stderr]    Compiling aws-credential-types v1.2.14
[INFO] [stderr]    Compiling aws-smithy-observability v0.2.6
[INFO] [stderr]    Compiling hyper v0.14.32
[INFO] [stderr]    Compiling aws-sigv4 v1.4.2
[INFO] [stderr]    Compiling aws-smithy-http v0.62.6
[INFO] [stderr]    Compiling hyper v1.9.0
[INFO] [stderr]    Compiling aws-smithy-checksums v0.63.12
[INFO] [stderr]    Compiling hyper-util v0.1.20
[INFO] [stderr]    Compiling hyper-rustls v0.24.2
[INFO] [stderr]    Compiling rustls-webpki v0.103.11
[INFO] [stderr]    Compiling tokio-rustls v0.26.4
[INFO] [stderr]    Compiling ureq v2.12.1
[INFO] [stderr]    Compiling hyper-rustls v0.27.8
[INFO] [stderr]    Compiling aws-smithy-http-client v1.1.12
[INFO] [stderr]    Compiling turbolite v0.5.0 (/opt/rustwide/workdir)
[INFO] [stderr]    Compiling aws-smithy-runtime v1.10.3
[INFO] [stderr]    Compiling aws-runtime v1.7.2
[INFO] [stderr]    Compiling aws-sdk-ssooidc v1.99.0
[INFO] [stderr]    Compiling aws-sdk-sts v1.101.0
[INFO] [stderr]    Compiling aws-sdk-sso v1.97.0
[INFO] [stderr]    Compiling aws-sdk-s3 v1.119.0
[INFO] [stderr]    Compiling aws-config v1.8.15
[INFO] [stdout] warning: comparison is useless due to type limits
[INFO] [stdout]    --> tests/property_page_groups.rs:160:22
[INFO] [stdout]     |
[INFO] [stdout] 160 |         prop_assert!(expected >= 0);
[INFO] [stdout]     |                      ^^^^^^^^^^^^^
[INFO] [stdout]     |
[INFO] [stdout]     = note: `#[warn(unused_comparisons)]` on by default
[INFO] [stdout] 
[INFO] [stdout] 
[INFO] [stdout] warning: unused import: `Instant`
[INFO] [stdout]  --> tests/concurrent_test.rs:5:27
[INFO] [stdout]   |
[INFO] [stdout] 5 | use std::time::{Duration, Instant};
[INFO] [stdout]   |                           ^^^^^^^
[INFO] [stdout]   |
[INFO] [stdout]   = note: `#[warn(unused_imports)]` (part of `#[warn(unused)]`) on by default
[INFO] [stdout] 
[INFO] [stdout] 
[INFO] [stdout] warning: comparison is useless due to type limits
[INFO] [stdout]   --> tests/property_manifest.rs:95:26
[INFO] [stdout]    |
[INFO] [stdout] 95 |             prop_assert!(manifest.version >= 0);
[INFO] [stdout]    |                          ^^^^^^^^^^^^^^^^^^^^^
[INFO] [stdout]    |
[INFO] [stdout]    = note: `#[warn(unused_comparisons)]` on by default
[INFO] [stdout] 
[INFO] [stdout] 
[INFO] [stderr]     Finished `test` profile [unoptimized + debuginfo] target(s) in 2m 37s
[INFO] running `Command { std: "docker" "inspect" "9e210eff94b0f4cf771dc0ad100e32c14258048ef97a7b1997252fb0f2b01cc5", kill_on_drop: false }`
[INFO] running `Command { std: "docker" "exec" "-e" "SOURCE_DIR=/opt/rustwide/workdir" "-e" "CARGO_HOME=/opt/rustwide/cargo-home" "-e" "RUSTUP_HOME=/opt/rustwide/rustup-home" "-e" "CARGO_TARGET_DIR=/opt/rustwide/target" "-e" "CARGO_INCREMENTAL=0" "-e" "RUST_BACKTRACE=full" "-e" "RUSTFLAGS=--cap-lints=warn" "-e" "RUSTDOCFLAGS=--cap-lints=warn" "-w" "/opt/rustwide/workdir" "--user" "0:0" "9e210eff94b0f4cf771dc0ad100e32c14258048ef97a7b1997252fb0f2b01cc5" "/opt/rustwide/cargo-home/bin/cargo" "+1.99.0-beta.8" "test" "--frozen", kill_on_drop: false }`
[INFO] [stderr] warning: unused import: `Instant`
[INFO] [stderr]  --> tests/concurrent_test.rs:5:27
[INFO] [stderr]   |
[INFO] [stderr] 5 | use std::time::{Duration, Instant};
[INFO] [stderr]   |                           ^^^^^^^
[INFO] [stderr]   |
[INFO] [stderr]   = note: `#[warn(unused_imports)]` (part of `#[warn(unused)]`) on by default
[INFO] [stderr] 
[INFO] [stderr] warning: `turbolite` (test "concurrent_test") generated 1 warning (run `cargo fix --test "concurrent_test" -p turbolite` to apply 1 suggestion)
[INFO] [stderr] warning: comparison is useless due to type limits
[INFO] [stderr]    --> tests/property_page_groups.rs:160:22
[INFO] [stderr]     |
[INFO] [stderr] 160 |         prop_assert!(expected >= 0);
[INFO] [stderr]     |                      ^^^^^^^^^^^^^
[INFO] [stderr]     |
[INFO] [stderr]     = note: `#[warn(unused_comparisons)]` on by default
[INFO] [stderr] 
[INFO] [stderr] warning: comparison is useless due to type limits
[INFO] [stderr]   --> tests/property_manifest.rs:95:26
[INFO] [stderr]    |
[INFO] [stderr] 95 |             prop_assert!(manifest.version >= 0);
[INFO] [stderr]    |                          ^^^^^^^^^^^^^^^^^^^^^
[INFO] [stderr]    |
[INFO] [stderr]    = note: `#[warn(unused_comparisons)]` on by default
[INFO] [stderr] 
[INFO] [stderr] warning: `turbolite` (test "property_page_groups") generated 1 warning
[INFO] [stderr] warning: `turbolite` (test "property_manifest") generated 1 warning
[INFO] [stderr]     Finished `test` profile [unoptimized + debuginfo] target(s) in 0.65s
[INFO] [stderr]      Running unittests src/lib.rs (/opt/rustwide/target/debug/deps/turbolite-a6bcc8c300d6345a)
[INFO] [stdout] 
[INFO] [stdout] running 531 tests
[INFO] [stdout] test btree_walker::tests::test_read_varint ... ok
[INFO] [stdout] test btree_walker::tests::test_serial_type_size ... ok
[INFO] [stdout] test tests::test_exclusive_blocks_other_shared ... ok
[INFO] [stdout] test tests::test_exclusive_blocks_other_exclusive ... ok
[INFO] [stdout] test tests::test_multi_byte_range_lock ... ok
[INFO] [stdout] test tests::test_different_paths_independent ... ok
[INFO] [stdout] test tests::test_same_conn_can_upgrade_shared_to_exclusive ... ok
[INFO] [stdout] test tests::test_exclusive_lock_succeeds ... ok
[INFO] [stdout] test tests::test_clear_all_caches_clears_locks ... ok
[INFO] [stdout] test tests::test_same_conn_reentrant_exclusive ... ok
[INFO] [stdout] test tests::test_unlock_nonexistent_is_safe ... ok
[INFO] [stdout] test tests::test_conn_id_counter_increments ... ok
[INFO] [stdout] test tests::test_shared_blocks_other_exclusive ... ok
[INFO] [stdout] test tests::test_unlock_allows_other_lock ... ok
[INFO] [stdout] test tests::test_unlock_all_clears_everything ... ok
[INFO] [stdout] test tests::test_two_shared_locks_compatible ... ok
[INFO] [stdout] test tests::test_shared_lock_succeeds ... ok
[INFO] [stdout] test tests::test_wal_index_delete_removes_shm_file ... ok
[INFO] [stdout] test tests::test_wal_index_lock_exclusive_blocks_exclusive ... ok
[INFO] [stdout] test tests::test_wal_index_lock_upgrade_shared_to_exclusive ... ok
[INFO] [stdout] test tests::test_wal_index_multiple_regions_independent ... ok
[INFO] [stdout] test tests::test_wal_index_lock_exclusive_blocks_shared ... ok
[INFO] [stdout] test tests::test_wal_index_lock_shared_blocks_exclusive ... ok
[INFO] [stdout] test tests::test_wal_index_lock_unlock_then_acquire ... ok
[INFO] [stdout] test tests::test_wal_index_push_pull_roundtrip ... ok
[INFO] [stdout] test tests::test_wal_index_region_map_returns_zeroed_data ... ok
[INFO] [stdout] test tiered::cache_tracking::tests::test_access_count_capped ... ok
[INFO] [stdout] test tiered::cache_tracking::tests::test_evict_one_multiple_missing_access_times_all_evictable ... ok
[INFO] [stdout] test tiered::cache_tracking::tests::test_access_counts_persisted_and_loaded ... ok
[INFO] [stdout] test tiered::cache_tracking::tests::test_current_cache_bytes_tracks_mark_present ... ok
[INFO] [stdout] test tiered::cache_tracking::tests::test_clear_data_removes_index_and_data ... ok
[INFO] [stdout] test tiered::cache_tracking::tests::test_evict_one_no_access_time_treated_as_oldest ... ok
[INFO] [stdout] test tiered::cache_tracking::tests::test_current_cache_bytes_clear_all_resets ... ok
[INFO] [stdout] test tiered::cache_tracking::tests::test_evict_one_skipping_all_skipped_returns_none ... ok
[INFO] [stdout] test tiered::cache_tracking::tests::test_current_cache_bytes_tracks_remove ... ok
[INFO] [stdout] test tiered::cache_tracking::tests::test_mark_index_respects_pinned_priority ... ok
[INFO] [stdout] test tests::test_wal_index_lock_two_shared_same_slot ... ok
[INFO] [stdout] test tiered::cache_tracking::tests::test_mark_pinned_and_index_track_bytes ... ok
[INFO] [stdout] test tiered::cache_tracking::tests::test_mark_index_adds_to_present_set ... ok
[INFO] [stdout] test tiered::cache_tracking::tests::test_pinned_bytes ... ok
[INFO] [stdout] test tiered::cache_tracking::tests::test_mark_pinned_does_not_duplicate_when_already_present ... ok
[INFO] [stdout] test tiered::cache_tracking::tests::test_evict_one_skipping ... ok
[INFO] [stdout] test tiered::cache_tracking::tests::test_mark_pinned_adds_to_present_set ... ok
[INFO] [stdout] test tiered::cache_tracking::tests::test_set_sub_chunk_byte_size_recomputes ... ok
[INFO] [stdout] test tiered::cache_tracking::tests::test_sub_chunk_for_page_large_config ... ok
[INFO] [stdout] test tiered::cache_tracking::tests::test_sub_chunk_for_page_basic ... ok
[INFO] [stdout] test tiered::cache_tracking::tests::test_sub_chunk_for_page_zero_config ... ok
[INFO] [stdout] test tiered::cache_tracking::tests::test_sub_chunk_tracker_clear_all ... ok
[INFO] [stdout] test tiered::cache_tracking::tests::test_sub_chunk_tracker_clear_data_keeps_pinned ... ok
[INFO] [stdout] test tiered::cache_tracking::tests::test_sub_chunk_tracker_clear_data_only_keeps_index_and_pinned ... ok
[INFO] [stdout] test tiered::cache_tracking::tests::test_sub_chunk_tracker_evict_one_prefers_data_over_index ... ok
[INFO] [stdout] test tiered::cache_tracking::tests::test_sub_chunk_tracker_evict_empty ... ok
[INFO] [stdout] test tiered::cache_tracking::tests::test_sub_chunk_tracker_len_and_count_tier ... ok
[INFO] [stdout] test tiered::cache_tracking::tests::test_sub_chunk_tracker_mark_and_present ... ok
[INFO] [stdout] test tiered::cache_tracking::tests::test_sub_chunk_tracker_mark_present_does_not_demote ... ok
[INFO] [stdout] test tiered::cache_tracking::tests::test_sub_chunk_tracker_evict_one_never_evicts_pinned ... ok
[INFO] [stdout] test tiered::cache_tracking::tests::test_sub_chunk_tracker_tier_promotion_respects_priority ... ok
[INFO] [stdout] test tiered::cache_tracking::tests::test_sub_chunk_tracker_remove_group ... ok
[INFO] [stdout] test tiered::cache_tracking::tests::test_touch_increments_access_count ... ok
[INFO] [stdout] test tiered::cache_tracking::tests::test_sub_chunk_tracker_clear_index_and_data_keeps_pinned ... ok
[INFO] [stdout] test tiered::cache_tracking::tests::test_sub_chunk_tracker_pages_for_sub_chunk ... ok
[INFO] [stdout] test tiered::config::tests::file_first_config_derives_state_from_database_path ... ok
[INFO] [stdout] test tiered::cache_tracking::tests::test_weighted_eviction_frequency_matters ... ok
[INFO] [stdout] test tiered::cache_tracking::tests::test_sub_chunk_tracker_persist_and_reload ... ok
[INFO] [stdout] test tiered::config::tests::state_dir_for_database_path_appends_suffix_to_file_name ... ok
[INFO] [stdout] test tiered::cache_tracking::tests::test_v1_format_backward_compat ... ok
[INFO] [stdout] test tiered::config::tests::test_deserialize_cache_compression ... ok
[INFO] [stdout] test tiered::cache_tracking::tests::test_weighted_eviction_cold_index_survives_hot_data ... ok
[INFO] [stdout] test tiered::config::tests::test_deserialize_compression_level ... ok
[INFO] [stdout] test tiered::config::tests::test_deserialize_encryption_key_null ... ok
[INFO] [stdout] test tiered::config::tests::test_deserialize_empty_object_uses_defaults ... ok
[INFO] [stdout] test tiered::config::tests::test_deserialize_invalid_json_fails ... ok
[INFO] [stdout] test tiered::config::tests::test_deserialize_manifest_source_remote ... ok
[INFO] [stdout] test tiered::cache_tracking::tests::test_weighted_eviction_tier_dominates_frequency ... ok
[INFO] [stdout] test tiered::config::tests::test_deserialize_cache_ttl ... ok
[INFO] [stdout] test tiered::config::tests::test_deserialize_prefetch_schedules ... ok
[INFO] [stdout] test tiered::config::tests::test_deserialize_encryption_key ... ok
[INFO] [stdout] test tiered::cache_tracking::tests::test_sub_chunk_tracker_evict_cascade_data_then_index ... ok
[INFO] [stdout] test tiered::config::tests::test_deserialize_pages_per_group ... ok
[INFO] [stdout] test tiered::cache_tracking::tests::test_sub_chunk_tracker_evict_one_lru_within_tier ... ok
[INFO] [stdout] test tiered::config::tests::test_deserialize_unknown_fields_ignored ... ok
[INFO] [stdout] test tiered::config::tests::test_deserialize_max_cache_bytes ... ok
[INFO] [stdout] test tiered::config::tests::test_deserialize_read_only ... ok
[INFO] [stdout] test tiered::disk_cache::tests::test_bitmap_byte_boundaries ... ok
[INFO] [stdout] test tiered::config::tests::test_serialize_roundtrip ... ok
[INFO] [stdout] test tiered::disk_cache::tests::test_bitmap_clear_range_beyond_capacity ... ok
[INFO] [stdout] test tiered::config::tests::test_tiered_config_default ... ok
[INFO] [stdout] test tiered::config::tests::test_tiered_config_default_pages_per_group ... ok
[INFO] [stdout] test tiered::config::tests::test_deserialize_wrong_type_fails ... ok
[INFO] [stdout] test tiered::disk_cache::tests::test_bitmap_new_nonexistent_file ... ok
[INFO] [stdout] test tiered::disk_cache::tests::test_bitmap_persist_and_reload ... ok
[INFO] [stdout] test tiered::disk_cache::tests::test_bitmap_clear_range_within_single_byte ... ok
[INFO] [stdout] test tiered::disk_cache::tests::test_bitmap_ensure_capacity_auto_extends ... ok
[INFO] [stdout] test tiered::disk_cache::tests::test_bitmap_range ... ok
[INFO] [stdout] test tiered::disk_cache::tests::test_bitmap_mark_range_zero_count ... ok
[INFO] [stdout] test tiered::disk_cache::tests::test_cache_index_insert_at ... ok
[INFO] [stdout] test tiered::disk_cache::tests::test_cache_index_missing_file ... ok
[INFO] [stdout] test tiered::cache_tracking::tests::test_sub_chunk_tracker_touch_updates_lru_order ... ok
[INFO] [stdout] test tiered::disk_cache::tests::test_bitmap_resize_explicit ... ok
[INFO] [stdout] test tiered::disk_cache::tests::test_cache_index_corrupt_load ... ok
[INFO] [stdout] test tiered::disk_cache::tests::test_bitmap_set_and_check ... ok
[INFO] [stdout] test tiered::disk_cache::tests::test_cache_index_insert_and_get ... ok
[INFO] [stdout] test tiered::disk_cache::tests::test_cache_index_remove_and_clear ... ok
[INFO] [stdout] test tiered::disk_cache::tests::test_clear_cache_btree_aware_group0 ... ok
[INFO] [stdout] test tiered::disk_cache::tests::test_cache_index_persist_reload ... ok
[INFO] [stdout] test tiered::disk_cache::tests::test_claim_before_submit_prevents_double_work ... ok
[INFO] [stdout] test tiered::disk_cache::tests::test_compressed_clear_pages ... ok
[INFO] [stdout] test tiered::disk_cache::tests::test_bitmap_persist_creates_file_atomic ... ok
[INFO] [stdout] test tiered::disk_cache::tests::test_compressed_evict_group ... ok
[INFO] [stdout] test tiered::disk_cache::tests::test_compressed_bulk_write_roundtrip ... ok
[INFO] [stdout] test tiered::disk_cache::tests::test_bitmap_large_page_numbers ... ok
[INFO] [stdout] test tiered::disk_cache::tests::test_compressed_read_missing_page ... ok
[INFO] [stdout] test tiered::disk_cache::tests::test_claim_unclaim_cycle_under_contention ... ok
[INFO] [stdout] test tiered::disk_cache::tests::test_compressed_multiple_pages ... ok
[INFO] [stdout] test tiered::disk_cache::tests::test_compressed_overwrite_page ... ok
[INFO] [stdout] test tiered::disk_cache::tests::test_compressed_space_savings ... ok
[INFO] [stdout] test tiered::disk_cache::tests::test_compressed_scattered_write_roundtrip ... ok
[INFO] [stdout] test tiered::disk_cache::tests::test_disk_cache_creates_cache_file ... ok
[INFO] [stdout] test tiered::disk_cache::tests::test_compressed_cache_file_cleared_but_index_survives ... ok
[INFO] [stdout] test tiered::disk_cache::tests::test_compressed_write_read_roundtrip ... ok
[INFO] [stdout] test tiered::disk_cache::tests::test_compressed_corrupt_index_resets ... ok
[INFO] [stdout] test tiered::disk_cache::tests::test_clear_cache_index_removes_all ... ok
[INFO] [stdout] test tiered::disk_cache::tests::test_disk_cache_concurrent_claim ... ok
[INFO] [stdout] test tiered::disk_cache::tests::test_compressed_index_persistence ... ok
[INFO] [stdout] test tiered::disk_cache::tests::test_disk_cache_creates_dir_if_missing ... ok
[INFO] [stdout] test tiered::disk_cache::tests::test_disk_cache_evict_expired_skips_recent ... ok
[INFO] [stdout] test tiered::disk_cache::tests::test_concurrent_group_claim_exactly_one_wins ... ok
[INFO] [stdout] test tiered::disk_cache::tests::test_disk_cache_evict_group_clears_bitmap_and_state ... ok
[INFO] [stdout] test tiered::disk_cache::tests::test_disk_cache_ensure_group_capacity ... ok
[INFO] [stdout] test tiered::disk_cache::tests::test_disk_cache_group_state_out_of_bounds ... ok
[INFO] [stdout] test tiered::disk_cache::tests::test_disk_cache_mark_index_promotes_to_index_tier ... ok
[INFO] [stdout] test tiered::disk_cache::tests::test_disk_cache_eviction_skips_interior ... ok
[INFO] [stdout] test tiered::disk_cache::tests::test_disk_cache_group_states ... ok
[INFO] [stdout] test tiered::disk_cache::tests::test_disk_cache_ignores_old_split_tracking_files ... ok
[INFO] [stdout] test tiered::disk_cache::tests::test_disk_cache_bitmap_persistence ... ok
[INFO] [stdout] test tiered::disk_cache::tests::test_disk_cache_mark_interior_group ... ok
[INFO] [stdout] test tiered::disk_cache::tests::test_disk_cache_evict_group_preserves_other_groups ... ok
[INFO] [stdout] test tiered::disk_cache::tests::test_disk_cache_evict_group_clears_tracker ... ok
[INFO] [stdout] test tiered::disk_cache::tests::test_disk_cache_mark_interior_promotes_to_pinned ... ok
[INFO] [stdout] test tiered::disk_cache::tests::test_disk_cache_multiple_groups_independent ... ok
[INFO] [stdout] test tiered::disk_cache::tests::test_disk_cache_try_claim_present_fails ... ok
[INFO] [stdout] test tiered::disk_cache::tests::test_disk_cache_touch_group_updates_access ... ok
[INFO] [stdout] test tiered::disk_cache::tests::test_disk_cache_read_uncached_page_returns_zeros ... ok
[INFO] [stdout] test tiered::disk_cache::tests::test_disk_cache_wait_for_group_present ... ok
[INFO] [stdout] test tiered::disk_cache::tests::test_disk_cache_sub_chunk_boundary_pages ... ok
[INFO] [stdout] test tiered::disk_cache::tests::test_disk_cache_write_and_read_page ... ok
[INFO] [stdout] test tiered::disk_cache::tests::test_disk_cache_write_multiple_pages ... ok
[INFO] [stdout] test tiered::disk_cache::tests::test_disk_cache_write_extends_file ... ok
[INFO] [stdout] test tiered::disk_cache::tests::test_disk_cache_write_page_overwrite ... ok
[INFO] [stdout] test btree_walker::tests::test_walk_simple_database ... ok
[INFO] [stdout] test tiered::disk_cache::tests::test_disk_cache_reopen_initializes_group_states_from_bitmap ... ok
[INFO] [stdout] test tiered::disk_cache::tests::test_disk_cache_write_pages_bulk_marks_sub_chunks ... ok
[INFO] [stdout] test tiered::disk_cache::tests::test_drop_frees_all_mem_cache_pages ... ok
[INFO] [stdout] test tiered::disk_cache::tests::test_disk_cache_write_page_does_not_mark_sub_chunk ... ok
[INFO] [stdout] test tiered::disk_cache::tests::test_disk_cache_reopen_partial_group_is_none ... ok
[INFO] [stdout] test tiered::disk_cache::tests::test_disk_cache_wait_for_group_none ... ok
[INFO] [stdout] test tiered::disk_cache::tests::test_evict_group_btree_aware_pages ... ok
[INFO] [stdout] test tiered::disk_cache::tests::test_evict_to_budget_already_under ... ok
[INFO] [stdout] test tiered::disk_cache::tests::test_evict_to_budget_respects_skip_groups ... ok
[INFO] [stdout] test tiered::disk_cache::tests::test_evict_to_budget_never_evicts_pinned ... ok
[INFO] [stdout] test tiered::disk_cache::tests::test_disk_cache_persists_unified_local_state ... ok
[INFO] [stdout] test dict::tests::test_compress_decompress_with_dict ... ok
[INFO] [stdout] test tiered::disk_cache::tests::test_group_state_equality ... ok
[INFO] [stdout] test tiered::disk_cache::tests::test_group_state_enum_values ... ok
[INFO] [stdout] test tiered::disk_cache::tests::test_group_state_claim_then_present ... ok
[INFO] [stdout] test tiered::disk_cache::tests::test_disk_cache_zero_ppg ... ok
[INFO] [stdout] test tiered::disk_cache::tests::test_encode_cache_read_roundtrip ... ok
[INFO] [stdout] test tiered::disk_cache::tests::test_disk_cache_zero_page_count ... ok
[INFO] [stdout] test tiered::disk_cache::tests::test_mem_cache_budget_respected ... ok
[INFO] [stdout] test tiered::disk_cache::tests::test_evict_to_budget_shrinks_cache ... ok
[INFO] [stdout] test tiered::disk_cache::tests::test_mem_cache_disabled_when_budget_zero ... ok
[INFO] [stdout] test tiered::disk_cache::tests::test_generation_counter_increments_on_sync_simulation ... ok
[INFO] [stdout] test tiered::disk_cache::tests::test_mem_cache_eviction_frees_memory ... ok
[INFO] [stdout] test tiered::bench::tests::materialize_manifest_to_file_missing_override_fails_before_output_create ... ok
[INFO] [stdout] test tiered::disk_cache::tests::test_mem_cache_invalidated_on_evict_group ... ok
[INFO] [stdout] test tiered::disk_cache::tests::test_mem_cache_write_page_updates_existing ... ok
[INFO] [stdout] test tiered::disk_cache::tests::test_mem_cache_promote_on_bulk_write ... ok
[INFO] [stdout] test tiered::disk_cache::tests::test_prefetch_dedup_claim_prevents_double_download ... ok
[INFO] [stdout] test tiered::disk_cache::tests::test_group_state_reset_on_failed_fetch ... ok
[INFO] [stdout] test tiered::disk_cache::tests::test_mem_cache_invalidated_on_write ... ok
[INFO] [stdout] test tiered::disk_cache::tests::test_prefetch_worker_skips_already_present_group ... ok
[INFO] [stdout] test tiered::disk_cache::tests::test_read_path_range_get_before_prefetch ... ok
[INFO] [stdout] test tiered::disk_cache::tests::test_present_group_cannot_be_unclaimed ... ok
[INFO] [stdout] test tiered::disk_cache::tests::test_unclaim_group_allows_reclaim ... ok
[INFO] [stdout] test tiered::disk_cache::tests::test_prefetch_worker_claims_unclaimed_group ... ok
[INFO] [stdout] test tiered::disk_cache::tests::test_prune_noop_when_uncompressed ... ok
[INFO] [stdout] test tiered::disk_cache::tests::test_group_state_claim_prevents_double_claim ... ok
[INFO] [stdout] test tiered::disk_cache::tests::test_group_state_init_btree_aware ... ok
[INFO] [stdout] test tiered::disk_cache::tests::test_prune_cache_index_keeps_specified_pages ... ok
[INFO] [stdout] test tiered::disk_cache::tests::test_prefetch_claim_reset_on_failure ... ok
[INFO] [stdout] test tiered::disk_cache::tests::test_unclaim_group_on_none_is_harmless ... ok
[INFO] [stdout] test tiered::disk_cache::tests::test_unclaim_group_out_of_bounds_is_noop ... ok
[INFO] [stdout] test tiered::disk_cache::tests::test_unclaim_group_resets_fetching_to_none ... ok
[INFO] [stdout] test tiered::disk_cache::tests::test_unclaim_group_wakes_waiters ... ok
[INFO] [stdout] test tiered::encoding::tests::test_decode_empty_data ... ok
[INFO] [stdout] test tiered::encoding::tests::encoder_does_not_strip_trailing_none_pages ... ok
[INFO] [stdout] test tiered::encoding::tests::test_bitmap_fallback_after_clear_cache_index ... ok
[INFO] [stdout] test tiered::encoding::tests::test_encode_empty_page_group ... ok
[INFO] [stdout] test tiered::disk_cache::tests::test_uncompressed_default_unchanged ... ok
[INFO] [stdout] test tiered::encoding::tests::test_encode_override_frame_compression_reduces_size ... ok
[INFO] [stdout] test tiered::encoding::tests::test_encode_decode_roundtrip_various_page_sizes ... ok
[INFO] [stdout] test tiered::encoding::tests::test_decode_truncated_data ... ok
[INFO] [stdout] test tiered::encoding::tests::test_encode_override_frame_short_page_padding ... ok
[INFO] [stdout] test dict::tests::test_dictionary_training ... ok
[INFO] [stdout] test tiered::encoding::tests::test_encode_all_pages_filled ... ok
[INFO] [stdout] test tiered::bench::tests::materialize_manifest_to_file_applies_subframe_overrides ... ok
[INFO] [stdout] test tiered::encoding::tests::test_encode_override_frame_single_page_roundtrip ... ok
[INFO] [stdout] test tiered::encoding::tests::test_encode_override_frame_multiple_pages ... ok
[INFO] [stdout] test tiered::encoding::tests::test_encode_single_page_filled ... ok
[INFO] [stdout] test tiered::encoding::tests::test_mark_interior_group_safe_when_sub_chunk_not_in_tracker ... ok
[INFO] [stdout] test tiered::encoding::tests::test_encode_override_frame_empty ... ok
[INFO] [stdout] test tiered::encoding::tests::test_mark_index_page_safe_when_sub_chunk_not_in_tracker ... ok
[INFO] [stdout] test tiered::encoding::tests::test_scattered_page_writes_no_false_cache_hits ... ok
[INFO] [stdout] test tiered::encoding::tests::test_encode_decode_page_group_roundtrip ... ok
[INFO] [stdout] test tiered::encoding::tests::test_index_pages_survive_clear_cache ... ok
[INFO] [stdout] test tiered::encoding::tests::test_seekable_encode_decode_roundtrip ... ok
[INFO] [stdout] test tiered::encoding::tests::test_seekable_manifest_serde_with_frames ... ok
[INFO] [stdout] test tiered::encoding::tests::test_valid_btree_page_content_area_too_small ... ok
[INFO] [stdout] test tiered::encoding::tests::test_valid_btree_page_overflow_nonzero_cells ... ok
[INFO] [stdout] test tiered::encoding::tests::test_valid_btree_page_page_zero_offset ... ok
[INFO] [stdout] test tiered::encoding::tests::test_valid_btree_page_real_index_leaf ... ok
[INFO] [stdout] test tiered::flush::tests::test_flush_empty_dirty_groups_is_noop ... ok
[INFO] [stdout] test tiered::flush::tests::test_local_checkpoint_flag_default_false ... ok
[INFO] [stdout] test tiered::flush::tests::test_local_checkpoint_flag_set_and_clear ... ok
[INFO] [stdout] test tiered::flush::tests::test_local_checkpoint_interior_page_detection ... ok
[INFO] [stdout] test tiered::flush::tests::test_override_key_format ... ok
[INFO] [stdout] test tiered::flush::tests::test_override_key_format_zero_indices ... ok
[INFO] [stdout] test tiered::flush::tests::test_override_threshold_auto_computation ... ok
[INFO] [stdout] test tiered::encoding::tests::test_write_page_does_not_mark_sub_chunk_tracker ... ok
[INFO] [stdout] test tiered::encoding::tests::test_page_type_detection ... ok
[INFO] [stdout] test tiered::flush::tests::test_s3_dirty_groups_drain_merges_into_groups_dirty ... ok
[INFO] [stdout] test tiered::disk_cache::tests::test_wait_for_group_returns_when_present ... ok
[INFO] [stdout] test tiered::encoding::tests::test_valid_btree_page_high_frag_bytes ... ok
[INFO] [stdout] test tiered::encoding::tests::test_valid_btree_page_overflow_false_positive ... ok
[INFO] [stdout] test tiered::encoding::tests::test_page_type_page_zero_offset_100 ... ok
[INFO] [stdout] test tiered::encoding::tests::test_valid_btree_page_buffer_too_short ... ok
[INFO] [stdout] test tiered::encoding::tests::test_write_pages_bulk_correctly_marks_tracker ... ok
[INFO] [stdout] test tiered::disk_cache::tests::test_wait_for_group_returns_on_reset_to_none ... ok
[INFO] [stdout] test tiered::manifest::tests::test_assign_new_pages_empty_input ... ok
[INFO] [stdout] test tiered::flush::tests::test_override_threshold_boundary ... ok
[INFO] [stdout] test tiered::manifest::tests::test_assign_new_pages_no_duplicate_assignments ... ok
[INFO] [stdout] test tiered::manifest::tests::test_assign_new_pages_overflow_to_new_group ... ok
[INFO] [stdout] test tiered::manifest::tests::test_assign_new_pages_fills_last_group_first ... ok
[INFO] [stdout] test tiered::manifest::tests::test_assign_new_pages_to_groups_basic ... ok
[INFO] [stdout] test tiered::manifest::tests::test_btreeaware_group_size ... ok
[INFO] [stdout] test tiered::keys::tests::key_shapes_are_stable ... ok
[INFO] [stdout] test tiered::manifest::tests::test_btreeaware_page_location ... ok
[INFO] [stdout] test tiered::manifest::tests::test_build_page_index_auto_detects_btreeaware ... ok
[INFO] [stdout] test tiered::manifest::tests::test_build_page_index_roundtrip ... ok
[INFO] [stdout] test tiered::manifest::tests::test_dirty_frames_beyond_frame_table ... ok
[INFO] [stdout] test tiered::manifest::tests::test_detect_and_normalize_strategy ... ok
[INFO] [stdout] test tiered::manifest::tests::test_dirty_frames_across_frames ... ok
[INFO] [stdout] test tiered::manifest::tests::test_dirty_frames_all_beyond_frame_table ... ok
[INFO] [stdout] test tiered::manifest::tests::test_dirty_frames_page_not_in_group ... ok
[INFO] [stdout] test tiered::manifest::tests::test_btreeaware_group_page_nums_borrows ... ok
[INFO] [stdout] test tiered::manifest::tests::test_dirty_frames_empty_frame_table ... ok
[INFO] [stdout] test tiered::manifest::tests::test_dirty_frames_single_page_correct_frame ... ok
[INFO] [stdout] test tiered::manifest::tests::test_dirty_frames_multiple_in_same_frame ... ok
[INFO] [stdout] test tiered::manifest::tests::test_dirty_frames_no_dirty_pages ... ok
[INFO] [stdout] test tiered::manifest::tests::test_dirty_frames_zero_sub_ppf ... ok
[INFO] [stdout] test tiered::manifest::tests::test_full_manifest_with_overrides_msgpack_roundtrip ... ok
[INFO] [stdout] test tiered::manifest::tests::test_manifest_backward_compat_no_overrides ... ok
[INFO] [stdout] test tiered::manifest::tests::test_manifest_deserialize_btree_fields_default_when_missing ... ok
[INFO] [stdout] test tiered::manifest::tests::test_manifest_btree_group_partial_last_group ... ok
[INFO] [stdout] test tiered::manifest::tests::test_manifest_btree_page_location_non_sequential ... ok
[INFO] [stdout] test tiered::manifest::tests::test_manifest_deserialize_invalid_json ... ok
[INFO] [stdout] test tiered::manifest::tests::test_manifest_deserialize_missing_page_group_keys ... ok
[INFO] [stdout] test tiered::manifest::tests::test_manifest_deserialize_missing_pages_per_group ... ok
[INFO] [stdout] test tiered::manifest::tests::test_manifest_total_groups ... ok
[INFO] [stdout] test tiered::manifest::tests::test_manifest_serde_roundtrip_btree_groups ... ok
[INFO] [stdout] test tiered::manifest::tests::test_manifest_serialize_empty ... ok
[INFO] [stdout] test tiered::manifest::tests::test_manifest_total_groups_edge_cases ... ok
[INFO] [stdout] test tiered::manifest::tests::test_normalize_overrides_extends_to_match_groups ... ok
[INFO] [stdout] test tiered::manifest::tests::test_manifest_with_overrides_serde_roundtrip ... ok
[INFO] [stdout] test tiered::manifest::tests::test_positional_empty_manifest ... ok
[INFO] [stdout] test tiered::manifest::tests::test_positional_group_page_nums ... ok
[INFO] [stdout] test tiered::manifest::tests::test_positional_group_page_nums_owned ... ok
[INFO] [stdout] test tiered::manifest::tests::test_positional_page_location ... ok
[INFO] [stdout] test tiered::encoding::tests::test_encode_page_group_large_data ... ok
[INFO] [stdout] test tiered::manifest::tests::test_positional_page_location_ppg_zero ... ok
[INFO] [stdout] test tiered::manifest::tests::test_positional_group_size ... ok
[INFO] [stdout] test tiered::manifest::tests::test_prefetch_siblings ... ok
[INFO] [stdout] test tiered::manifest::tests::test_seekable_manifest_backward_compat ... ok
[INFO] [stdout] test tiered::manifest::tests::test_seekable_manifest_serde_with_frames ... ok
[INFO] [stdout] test tiered::manifest::tests::test_shared_dirty_groups_arc_semantics ... ok
[INFO] [stdout] test tiered::manifest::tests::test_shared_manifest_arc_write_visible_to_readers ... ok
[INFO] [stdout] test tiered::manifest::tests::test_vacuum_clears_overrides ... ok
[INFO] [stdout] test tiered::handle::tests::tiered_read_releases_claim_when_page_group_key_missing ... ok
[INFO] [stdout] test tiered::manifest::tests::test_manifest_empty ... ok
[INFO] [stdout] test tiered::prediction::tests::access_history_decay_and_prune ... ok
[INFO] [stdout] test tiered::manifest::tests::test_subframe_override_msgpack_roundtrip ... ok
[INFO] [stdout] test tiered::manifest::tests::test_manifest_serde_roundtrip ... ok
[INFO] [stdout] test tiered::manifest::tests::test_total_groups_btree_vs_positional ... ok
[INFO] [stdout] test tiered::prediction::tests::drop_create_same_name_carries_over ... ok
[INFO] [stdout] test tiered::manifest::tests::test_subframe_override_json_roundtrip ... ok
[INFO] [stdout] test tiered::prediction::tests::access_history_decay_preserves_hot_btrees ... ok
[INFO] [stdout] test tiered::prediction::tests::access_history_from_manifest_freq ... ok
[INFO] [stdout] test tiered::prediction::tests::access_history_record_and_top ... ok
[INFO] [stdout] test tiered::prediction::tests::lock_session_dedup_touches ... ok
[INFO] [stdout] test tiered::prediction::tests::lock_session_inactive_ignores_touches ... ok
[INFO] [stdout] test tiered::prediction::tests::lock_session_start_and_flush ... ok
[INFO] [stdout] test tiered::prediction::tests::lock_session_two_trees_returns_pattern ... ok
[INFO] [stdout] test tiered::prediction::tests::name_based_pattern_survives_conceptual_vacuum ... ok
[INFO] [stdout] test tiered::prediction::tests::prediction_needs_two_observations_to_fire ... ok
[INFO] [stdout] test tiered::prediction::tests::predict_returns_none_when_all_names_seen ... ok
[INFO] [stdout] test tiered::prediction::tests::prediction_firing_end_to_end ... ok
[INFO] [stdout] test tiered::handle::tests::tiered_read_releases_claim_when_page_group_key_empty ... ok
[INFO] [stdout] test tiered::prediction::tests::prediction_no_reinforcement_on_partial_touch ... ok
[INFO] [stdout] test tiered::prediction::tests::lock_session_fired_pattern_cleared_on_start ... ok
[INFO] [stdout] test tiered::prediction::tests::prediction_pair_index_lookup ... ok
[INFO] [stdout] test tiered::prediction::tests::prediction_table_prune ... ok
[INFO] [stdout] test tiered::prediction::tests::prediction_table_prune_on_checkpoint ... ok
[INFO] [stdout] test tiered::prediction::tests::prediction_reinforcement_on_correct_fire ... ok
[INFO] [stdout] test tiered::prediction::tests::prediction_table_time_decay_with_boost ... ok
[INFO] [stdout] test tiered::prediction::tests::prediction_table_observe_and_predict ... ok
[INFO] [stdout] test tiered::prediction::tests::prediction_table_write_decay ... ok
[INFO] [stdout] test tiered::prediction::tests::prediction_table_persist_roundtrip ... ok
[INFO] [stdout] test tiered::manifest::local_state_tests::manifest_and_dirty_groups_persist_to_unified_local_state ... ok
[INFO] [stdout] test tiered::instrumented_storage::tests::counting_backend_tracks_object_io_without_knowing_backend_type ... ok
[INFO] [stdout] test tiered::prefetch::tests::test_btree_groups_empty_when_no_btrees ... ok
[INFO] [stdout] test tiered::prediction::tests::prediction_three_writes_kill_confidence ... ok
[INFO] [stdout] test tiered::prefetch::tests::test_btree_groups_group_not_in_any_btree ... ok
[INFO] [stdout] test tiered::prefetch::tests::test_btree_groups_overwrite_when_group_in_multiple_btrees ... ok
[INFO] [stdout] test tiered::prefetch::metrics_tests::prefetch_metrics_snapshot_includes_per_tree_counters ... ok
[INFO] [stdout] test tiered::prediction::tests::rename_table_old_patterns_become_dead ... ok
[INFO] [stdout] test tiered::prefetch::tests::test_btree_groups_multiple_btrees_disjoint ... ok
[INFO] [stdout] test tiered::prefetch::tests::test_fraction_prefetch_first_miss_33_percent ... ok
[INFO] [stdout] test tiered::prefetch::tests::test_fraction_prefetch_single_sibling ... ok
[INFO] [stdout] test tiered::prefetch::tests::test_fraction_prefetch_second_miss_66_percent ... ok
[INFO] [stdout] test tiered::prefetch::tests::test_fraction_prefetch_zero_eligible ... ok
[INFO] [stdout] test tiered::prefetch::tests::test_fraction_prefetch_third_miss_all ... ok
[INFO] [stdout] test tiered::prefetch::tests::test_prefetch_claim_reset_on_failure ... ok
[INFO] [stdout] test tiered::prefetch::tests::test_btree_groups_single_btree_multiple_groups ... ok
[INFO] [stdout] test tiered::prefetch::tests::test_btree_groups_rebuild_clears_stale ... ok
[INFO] [stdout] test tiered::prediction::tests::shared_prediction_concurrent_access ... ok
[INFO] [stdout] test tiered::prefetch::tests::test_btree_groups_single_group_btree_has_self_only ... ok
[INFO] [stdout] test tiered::prediction::tests::two_name_pattern_does_not_decay_below_threshold ... ok
[INFO] [stdout] test tiered::query_plan::tests::test_empty_push_is_noop ... ok
[INFO] [stdout] test tiered::query_plan::tests::test_end_query_signal_independent_of_plan_queue ... ok
[INFO] [stdout] test tiered::query_plan::tests::test_end_query_signal_multiple_signals_collapse ... ok
[INFO] [stdout] test tiered::prefetch::tests::test_fraction_prefetch_empty_hops_fetches_all ... ok
[INFO] [stdout] test tiered::query_plan::tests::test_parse_join ... ok
[INFO] [stdout] test tiered::prefetch::tests::test_prefetch_dedup_claim_prevents_double_download ... ok
[INFO] [stdout] test tiered::query_plan::tests::test_parse_ignores_non_scan_search ... ok
[INFO] [stdout] test tiered::query_plan::tests::test_parse_deduplicates ... ok
[INFO] [stdout] test tiered::prediction::tests::shared_access_history_concurrent_record ... ok
[INFO] [stdout] test tiered::query_plan::tests::test_end_query_signal_default_false ... ok
[INFO] [stdout] test tiered::query_plan::tests::test_parse_scan ... ok
[INFO] [stdout] test tiered::query_plan::tests::test_parse_covering_index ... ok
[INFO] [stdout] test tiered::query_plan::tests::test_end_query_signal_set_and_clear ... ok
[INFO] [stdout] test tiered::query_plan::tests::test_parse_search_with_index ... ok
[INFO] [stdout] test tiered::query_plan::tests::test_parse_eqp_with_indented_output ... ok
[INFO] [stdout] test tiered::query_plan::tests::test_run_eqp_skips_non_select ... ok
[INFO] [stdout] test tiered::prefetch::tests::test_read_path_range_get_before_prefetch ... ok
[INFO] [stdout] test tiered::query_plan::tests::test_parse_scan_with_index ... ok
[INFO] [stdout] test tiered::query_plan::tests::test_parse_search_rowid ... ok
[INFO] [stdout] test tiered::query_plan::tests::test_parse_subquery ... ok
[INFO] [stdout] test tiered::query_plan::tests::test_parse_same_table_scan_and_search_both_emitted ... ok
[INFO] [stdout] test tiered::query_plan::tests::test_queue_accumulates_multiple_pushes ... ok
[INFO] [stdout] test tiered::query_plan::tests::test_queue_push_drain ... ok
[INFO] [stdout] test tiered::local_state::tests::update_preserves_concurrent_fields ... ok
[INFO] [stdout] test btree_walker::tests::test_walk_multilevel_btree ... ok
[INFO] [stdout] test btree_walker::tests::test_walk_with_overflow ... ok
[INFO] [stdout] test tiered::replay::tests::finalize_preflight_failure_leaves_live_state_untouched ... ok
[INFO] [stdout] test tiered::replay::tests::finalize_growth_extends_btreeaware_group_pages_and_page_index ... ok
[INFO] [stdout] test tiered::replay::tests::apply_page_after_finalize_errors ... ok
[INFO] [stdout] test tiered::replay::tests::finalize_preflight_failure_removes_partial_staging_log ... ok
[INFO] [stdout] test tiered::replay::tests::finalize_blocks_when_reader_holds_replay_gate ... ok
[INFO] [stdout] test tiered::replay::tests::apply_page_size_mismatch_is_rejected ... ok
[INFO] [stdout] test tiered::replay::tests::abort_does_not_touch_data_cache ... ok
[INFO] [stdout] test tiered::replay::tests::finalize_growth_updates_vfs_page_count_atomic ... ok
[INFO] [stdout] test tiered::replay::tests::apply_page_one_lands_at_turbolite_page_zero_after_finalize ... ok
[INFO] [stdout] test tiered::replay::tests::finalize_does_not_change_db_header_when_page_one_is_not_replayed ... ok
[INFO] [stdout] test tiered::replay::tests::apply_page_zero_is_invalid_input ... ok
[INFO] [stdout] test tiered::replay::tests::finalize_promotes_committed_seq_to_manifest_change_counter ... ok
[INFO] [stdout] test tiered::disk_cache::tests::test_wait_for_group_returns_on_lost_fetching_claim ... ok
[INFO] [stdout] test tiered::disk_cache::tests::test_disk_cache_evict_expired_protects_interior ... ok
[INFO] [stdout] test tiered::replay::tests::prefetch_worker_only_uses_unclaim_if_fetching_on_stale_paths ... ok
[INFO] [stdout] test tiered::disk_cache::tests::test_disk_cache_evict_expired_with_real_ttl ... ok
[INFO] [stdout] test tiered::replay::tests::finalize_rejects_target_page_count_below_replayed_page ... ok
[INFO] [stdout] test tiered::replay::tests::finalize_rejects_non_contiguous_changeset_sequences ... ok
[INFO] [stdout] test tiered::replay::tests::finalize_pure_shrink_publishes_and_truncates_cache_file ... ok
[INFO] [stdout] test tiered::replay::tests::set_replay_page_count_positional_growth_does_not_flip_to_btreeaware ... ok
[INFO] [stdout] test tiered::replay::tests::finalize_refreshes_db_header_when_page_one_is_replayed ... ok
[INFO] [stdout] test tiered::replay::tests::set_replay_page_count_btreeaware_shrink_trims_group_pages_and_index ... ok
[INFO] [stdout] test tiered::replay::tests::finalize_rejects_skipped_initial_changeset_sequence ... ok
[INFO] [stdout] test tiered::rotation::tests::test_assign_new_pages_empty_input ... ok
[INFO] [stdout] test tiered::rotation::tests::test_assign_new_pages_fills_last_group_first ... ok
[INFO] [stdout] test tiered::rotation::tests::test_assign_new_pages_no_duplicate_assignments ... ok
[INFO] [stdout] test tiered::rotation::tests::test_assign_new_pages_overflow_to_new_group ... ok
[INFO] [stdout] test tiered::replay::tests::finalize_pushes_a_pending_flush ... ok
[INFO] [stdout] test tiered::rotation::tests::test_assign_new_pages_to_groups_basic ... ok
[INFO] [stdout] test tiered::rotation::tests::test_btree_group_single_page ... ok
[INFO] [stdout] test tiered::rotation::tests::test_build_page_index_roundtrip ... ok
[INFO] [stdout] test tiered::replay::tests::finalize_rollback_failure_keeps_staging_log_and_taints_cache ... ok
[INFO] [stdout] test tiered::rotation::tests::test_concurrent_scattered_writes_no_tracker_pollution ... ok
[INFO] [stdout] test tiered::rotation::tests::test_manifest_btree_page_location_non_sequential ... ok
[INFO] [stdout] test tiered::rotation::tests::test_manifest_deserialize_btree_fields_default_when_missing ... ok
[INFO] [stdout] test tiered::rotation::tests::test_manifest_btree_group_partial_last_group ... ok
[INFO] [stdout] test tiered::rotation::tests::test_manifest_serde_roundtrip_btree_groups ... ok
[INFO] [stdout] test tiered::rotation::tests::test_page_location_missing_page_returns_none ... ok
[INFO] [stdout] test tiered::rotation::tests::test_total_groups_btree_vs_positional ... ok
[INFO] [stdout] test tiered::rotation::tests::test_manifest_total_groups_with_btree_exceeds_positional ... ok
[INFO] [stdout] test tiered::rotation::tests::test_ensure_group_capacity_for_btree_groups ... ok
[INFO] [stdout] test tiered::rotation::tests::test_write_pages_scattered_exact_data_marks_all ... ok
[INFO] [stdout] test tiered::replay::tests::finalize_with_no_pages_is_a_noop_publish ... ok
[INFO] [stdout] test tiered::rotation::tests::test_write_pages_scattered_no_tracker_pollution ... ok
[INFO] [stdout] test tiered::rotation::tests::test_write_pages_scattered_empty_data ... ok
[INFO] [stdout] test tiered::rotation::tests::test_write_pages_scattered_partial_page_data ... ok
[INFO] [stdout] test tiered::rotation::tests::test_write_pages_scattered_only_marks_written_pages ... ok
[INFO] [stdout] test tiered::rotation::tests::test_write_pages_scattered_data_integrity ... ok
[INFO] [stdout] test tiered::sashimono::tests::checkpoint_rejects_page_object_outside_prefix ... ok
[INFO] [stdout] test tiered::rotation::tests::test_write_pages_scattered_sparse_page_distribution ... ok
[INFO] [stdout] test tiered::rotation::tests::test_write_pages_scattered_subframe_offset ... ok
[INFO] [stdout] test tiered::sashimono::tests::delta_rejects_corrupt_checksum ... ok
[INFO] [stdout] test tiered::sashimono::tests::delta_rejects_torn_page_bytes ... ok
[INFO] [stdout] test tiered::sashimono::tests::delta_rejects_wrong_end_database_size ... ok
[INFO] [stdout] test tiered::sashimono::tests::delta_rejects_wrong_identity_before_replay ... ok
[INFO] [stdout] test tiered::sashimono::tests::checkpoint_rejects_page_object_with_prefix_sibling ... ok
[INFO] [stdout] test tiered::sashimono::tests::delta_rejects_sequence_gap ... ok
[INFO] [stdout] test tiered::rotation::tests::test_write_pages_scattered_populates_tracker_subchunks ... ok
[INFO] [stdout] test tiered::sashimono::tests::golden_delta_fixture_validates ... ok
[INFO] [stdout] test tiered::sashimono::tests::delta_rejects_wrong_writer_before_replay ... ok
[INFO] [stdout] test tiered::sashimono::tests::golden_root_fixture_validates ... ok
[INFO] [stdout] test tiered::sashimono::tests::recovery_plan_ignores_complete_but_root_unreachable_checkpoint ... ok
[INFO] [stdout] test tiered::sashimono::tests::recovery_plan_does_not_let_listing_order_select_newer_checkpoint ... ok
[INFO] [stdout] test tiered::sashimono::tests::recovery_plan_ignores_wrong_identity_delta_when_valid_candidate_exists ... ok
[INFO] [stdout] test tiered::sashimono::tests::golden_checkpoint_fixture_validates_and_has_no_delta_fields ... ok
[INFO] [stdout] test tiered::sashimono::tests::recovery_plan_rejects_duplicate_root_reachable_delta_sequence ... ok
[INFO] [stdout] test tiered::sashimono::tests::recovery_plan_rejects_delta_page_size_mismatch ... ok
[INFO] [stdout] test tiered::sashimono::tests::recovery_plan_rejects_copied_database_incarnation_mismatch ... ok
[INFO] [stdout] test tiered::sashimono::tests::recovery_plan_rejects_missing_delta_gap ... ok
[INFO] [stdout] test tiered::sashimono::tests::recovery_plan_rejects_replay_chain_over_budget ... ok
[INFO] [stdout] test tiered::sashimono::tests::root_update_rejects_latest_database_version_rollback ... ok
[INFO] [stdout] test tiered::sashimono::tests::root_update_rejects_latest_delta_sequence_rollback ... ok
[INFO] [stdout] test tiered::sashimono::tests::root_update_rejects_rollback ... ok
[INFO] [stdout] test tiered::sashimono::tests::root_update_rejects_stale_lease_epoch ... ok
[INFO] [stdout] test tiered::settings::tests::drain_queue_transfers_ownership ... ok
[INFO] [stdout] test tiered::settings::tests::leave_handle_out_of_order ... ok
[INFO] [stdout] test tiered::sashimono::tests::recovery_plan_uses_root_reachable_checkpoint_and_ordered_deltas ... ok
[INFO] [stdout] test tiered::settings::tests::parse_byte_size_fractional ... ok
[INFO] [stdout] test tiered::settings::tests::parse_byte_size_invalid ... ok
[INFO] [stdout] test tiered::settings::tests::parse_byte_size_numeric ... ok
[INFO] [stdout] test tiered::settings::tests::parse_byte_size_suffixes ... ok
[INFO] [stdout] test tiered::settings::tests::parse_hops_invalid ... ok
[INFO] [stdout] test tiered::settings::tests::parse_hops_valid ... ok
[INFO] [stdout] test tiered::sashimono::tests::recovery_plan_rejects_wrong_object_prefix ... ok
[INFO] [stdout] test tiered::sashimono::tests::recovery_plan_rejects_wrong_base_page_count ... ok
[INFO] [stdout] test tiered::settings::tests::push_to_current_respects_stack ... ok
[INFO] [stdout] test tiered::settings::tests::set_without_active_handle_errors ... ok
[INFO] [stdout] test tiered::settings::tests::validate_prefetch_keys ... ok
[INFO] [stdout] test tiered::settings::tests::validate_unknown_key ... ok
[INFO] [stdout] test tiered::settings::tests::validate_bool_and_bytes ... ok
[INFO] [stdout] test tiered::staging::tests::staging_partial_record_returns_empty ... ok
[INFO] [stdout] test tiered::staging::tests::staging_log_with_manifest_trailer ... ok
[INFO] [stdout] test tiered::replay::tests::finalize_rolls_back_overwrites_of_already_present_pages_on_mid_batch_failure ... ok
[INFO] [stdout] test tiered::staging::tests::staging_recover_nonexistent_dir ... ok
[INFO] [stdout] test tiered::staging::tests::staging_empty_log ... ok
[INFO] [stdout] test tiered::replay::tests::install_pages_under_replay_gate_runs_when_epoch_matches ... ok
[INFO] [stdout] test tiered::tests::replay_cursor_accepts_cache_counter_at_or_above_manifest ... ok
[INFO] [stdout] test tiered::staging::tests::staging_duplicate_page_last_write_wins ... ok
[INFO] [stdout] test tiered::tests::replay_cursor_accepts_zero_cache_counter_when_manifest_cursor_is_ahead ... ok
[INFO] [stdout] test tiered::tests::replay_cursor_rejects_lagging_counter_with_different_page0 ... ok
[INFO] [stdout] test tiered::tests::replay_cursor_accepts_manifest_ahead_when_page0_matches ... ok
[INFO] [stdout] test tiered::tests::test_coordinate_math_roundtrip ... ok
[INFO] [stdout] test tiered::staging::tests::staging_write_read_roundtrip ... ok
[INFO] [stdout] test tiered::tests::test_group_start_page ... ok
[INFO] [stdout] test tiered::tests::test_group_id_calculation ... ok
[INFO] [stdout] test tiered::staging::tests::staging_recover_skips_empty_and_invalid ... ok
[INFO] [stdout] test tiered::staging::tests::staging_recovery_accepts_files_with_manifest_trailer ... ok
[INFO] [stdout] test tiered::tests::test_local_idx_small_ppg ... ok
[INFO] [stdout] test tiered::tests::test_local_idx_calculation ... ok
[INFO] [stdout] test tiered::tests::test_group_id_small_ppg ... ok
[INFO] [stdout] test tiered::tests::test_group_start_page_small_ppg ... ok
[INFO] [stdout] test tiered::staging::tests::staging_recover_multiple_logs ... ok
[INFO] [stdout] test tiered::replay::tests::finalize_rollback_failure_recovers_manifest_and_bytes_on_restart ... ok
[INFO] [stdout] test tiered::vfs::local_vfs_tests::file_first_vfs_rejects_mismatched_main_db_name ... ok
[INFO] [stdout] test tiered::vfs::local_vfs_tests::file_first_vfs_refuses_to_delete_main_db_image ... ok
[INFO] [stdout] test tiered::replay::tests::install_pages_under_replay_gate_skips_when_epoch_advanced ... ok
[INFO] [stdout] test tiered::vfs::local_vfs_tests::test_cache_validation_cold_start_after_cache_delete ... ok
[INFO] [stdout] test tiered::vfs::local_vfs_tests::file_first_with_backend_keeps_sidecar_to_local_state ... ok
[INFO] [stdout] test tiered::vfs::local_vfs_tests::test_cache_validation_warm_reopen_same_version ... ok
[INFO] [stdout] test tiered::replay::tests::prefetch_stale_path_does_not_stomp_present_set_by_finalize ... ok
[INFO] [stdout] test tiered::replay::tests::publish_replayed_base_round_trips_pure_manifest_when_no_pending_state ... ok
[INFO] [stdout] test tiered::vfs::local_vfs_tests::test_cache_validation_external_write_invalidates_stale_groups ... ok
[INFO] [stdout] test tiered::replay::tests::finalize_uses_explicit_target_page_count_for_shrink ... ok
[INFO] [stdout] test tiered::replay::tests::publish_replayed_base_after_replay_carries_post_replay_state ... ok
[INFO] [stdout] test tiered::vfs::local_vfs_tests::test_edge_empty_database_reopen ... ok
[INFO] [stdout] test tiered::vfs::local_vfs_tests::test_constraint_violation_does_not_corrupt_reads ... ok
[INFO] [stdout] test tiered::vfs::local_vfs_tests::test_edge_single_row_database ... ok
[INFO] [stdout] test tiered::vfs::local_vfs_tests::test_compaction_threshold_one ... ok
[INFO] [stdout] test tiered::vfs::local_vfs_tests::test_local_vfs_cloud_methods_error ... ok
[INFO] [stdout] test tiered::vfs::local_vfs_tests::test_local_vfs_construction ... ok
[INFO] [stdout] test tiered::vfs::local_vfs_tests::test_local_vfs_exists_empty ... ok
[INFO] [stdout] test tiered::vfs::local_vfs_tests::test_cache_validation_override_changes_between_sessions ... ok
[INFO] [stdout] test tiered::vfs::local_vfs_tests::test_explicit_transaction_rollback ... ok
[INFO] [stdout] test tiered::vfs::local_vfs_tests::test_local_vfs_checkpoint_reopen ... ok
[INFO] [stdout] test tiered::vfs::local_vfs_tests::test_local_vfs_override_write_cold_read ... ok
[INFO] [stdout] test tiered::vfs::local_vfs_tests::test_local_vfs_shared_state_is_total ... ok
[INFO] [stdout] test tiered::vfs::local_vfs_tests::test_local_vfs_smoke_construct ... ok
[INFO] [stdout] test tiered::replay::tests::stale_background_writer_drops_after_finalize_bumps_epoch ... ok
[INFO] [stdout] test tiered::vfs::local_vfs_tests::test_local_vfs_override_then_full_rewrite ... ok
[INFO] [stdout] test tiered::vfs::local_vfs_tests::test_local_vfs_sqlite_roundtrip ... ok
[INFO] [stdout] test tiered::replay::tests::reader_starting_during_finalize_blocks_then_sees_post_replay ... ok
[INFO] [stdout] test tiered::replay::tests::write_page_no_visibility_does_not_flip_bitmap_or_touch_mem_cache ... ok
[INFO] [stdout] test tiered::vfs::local_vfs_tests::test_local_vfs_schema_changes ... ok
[INFO] [stdout] test tiered::vfs::local_vfs_tests::test_migrate_from_delete_to_off ... ok
[INFO] [stdout] test tiered::vfs::local_vfs_tests::test_migrate_already_off ... ok
[INFO] [stdout] test tiered::vfs::local_vfs_tests::test_settings_set_without_handle_errors ... ok
[INFO] [stdout] test tiered::vfs::local_vfs_tests::test_local_vfs_with_compression ... ok
[INFO] [stdout] test tiered::replay::tests::two_cycles_accumulate_pending_flushes ... ok
[INFO] [stdout] test tiered::vfs::local_vfs_tests::test_migrate_to_s3_primary_from_wal ... ok
[INFO] [stdout] test tiered::wire::tests::empty_rejected ... ok
[INFO] [stdout] test tiered::wire::tests::legacy_hybrid_payload_rejected ... ok
[INFO] [stdout] test tiered::vfs::local_vfs_tests::test_local_vfs_override_compaction ... ok
[INFO] [stdout] test tiered::wire::tests::pure_round_trip ... ok
[INFO] [stdout] test tiered::vfs::local_vfs_tests::test_settings_set_round_trip ... ok
[INFO] [stdout] test tiered::vfs::local_vfs_tests::test_repeated_constraint_violations ... ok
[INFO] [stdout] test tiered::wire::tests::unknown_tag_rejected ... ok
[INFO] [stdout] test tiered::vfs::local_vfs_tests::test_settings_set_per_connection_isolation ... ok
[INFO] [stdout] test tiered::vfs::local_vfs_tests::test_override_with_compression_roundtrip ... ok
[INFO] [stdout] test tiered::vfs::local_vfs_tests::test_local_vfs_recover_from_page_groups ... ok
[INFO] [stdout] test tiered::vfs::local_vfs_tests::test_local_vfs_multi_checkpoint ... ok
[INFO] [stdout] test tiered::vfs::local_vfs_tests::test_stress_large_database_10k_rows ... ok
[INFO] [stdout] test tiered::vfs::local_vfs_tests::test_override_then_delete_rows ... ok
[INFO] [stdout] test tiered::vfs::local_vfs_tests::test_edge_group_boundary_pages ... ok
[INFO] [stdout] test tiered::vfs::local_vfs_tests::test_stress_many_overrides_compaction ... ok
[INFO] [stdout] test tiered::vfs::local_vfs_tests::test_rollback_multi_group_dirty_pages ... ok
[INFO] [stdout] test tiered::vfs::local_vfs_tests::test_edge_override_at_frame_boundary ... ok
[INFO] [stdout] test tiered::vfs::local_vfs_tests::test_migrate_preserves_large_dataset ... ok
[INFO] [stdout] test tiered::vfs::local_vfs_tests::test_stress_rapid_checkpoint_cycles ... ok
[INFO] [stdout] 
[INFO] [stdout] test result: ok. 531 passed; 0 failed; 0 ignored; 0 measured; 0 filtered out; finished in 5.55s
[INFO] [stdout] 
[INFO] [stderr]      Running tests/cli_s3_test.rs (/opt/rustwide/target/debug/deps/cli_s3_test-f860fc6f16d81a2b)
[INFO] [stdout] 
[INFO] [stdout] running 0 tests
[INFO] [stdout] 
[INFO] [stdout] test result: ok. 0 passed; 0 failed; 0 ignored; 0 measured; 0 filtered out; finished in 0.00s
[INFO] [stdout] 
[INFO] [stderr]      Running tests/cli_test.rs (/opt/rustwide/target/debug/deps/cli_test-c0787a98b8e22362)
[INFO] [stdout] 
[INFO] [stdout] running 0 tests
[INFO] [stdout] 
[INFO] [stdout] test result: ok. 0 passed; 0 failed; 0 ignored; 0 measured; 0 filtered out; finished in 0.00s
[INFO] [stdout] 
[INFO] [stderr]      Running tests/concurrent_test.rs (/opt/rustwide/target/debug/deps/concurrent_test-25abf8f3ae0e71cc)
[INFO] [stdout] 
[INFO] [stdout] running 3 tests
[INFO] [stdout] test test_concurrent_read_write ... ok
[INFO] [stdout] test test_concurrent_no_wal ... ok
[INFO] [stdout] test test_concurrent_high_throughput ... ok
[INFO] [stdout] 
[INFO] [stdout] test result: ok. 3 passed; 0 failed; 0 ignored; 0 measured; 0 filtered out; finished in 3.91s
[INFO] [stdout] 
[INFO] [stderr]      Running tests/config_set_auto_install.rs (/opt/rustwide/target/debug/deps/config_set_auto_install-e24638b8d7843df8)
[INFO] [stdout] 
[INFO] [stdout] running 4 tests
[INFO] [stdout] test turbolite_connect_returns_connection_with_config_set_bound ... ok
[INFO] [stdout] test auto_install_hook_coexists_with_non_turbolite_connections ... ok
[INFO] [stdout] test auto_install_hook_registers_turbolite_config_set_without_explicit_call ... ok
[INFO] [stdout] test auto_install_hook_routes_per_connection ... ok
[INFO] [stdout] 
[INFO] [stdout] test result: ok. 4 passed; 0 failed; 0 ignored; 0 measured; 0 filtered out; finished in 0.14s
[INFO] [stdout] 
[INFO] [stderr]      Running tests/config_set_per_handle.rs (/opt/rustwide/target/debug/deps/config_set_per_handle-826c19071e44d04e)
[INFO] [stdout] 
[INFO] [stdout] running 5 tests
[INFO] [stdout] test turbolite_config_set_rejects_bad_input ... ok
[INFO] [stdout] test two_threads_isolated_via_sql_function ... ok
[INFO] [stdout] test sequential_connections_dont_share_queue ... ok
[INFO] [stdout] test turbolite_config_set_returns_ok_on_live_connection ... ok
[INFO] [stdout] test multi_connection_same_thread_routes_per_connection ... ok
[INFO] [stdout] 
[INFO] [stdout] test result: ok. 5 passed; 0 failed; 0 ignored; 0 measured; 0 filtered out; finished in 0.21s
[INFO] [stdout] 
[INFO] [stderr]      Running tests/config_set_process_global_check.rs (/opt/rustwide/target/debug/deps/config_set_process_global_check-ece2083920d720bd)
[INFO] [stdout] 
[INFO] [stdout] running 1 test
[INFO] [stdout] test plain_connection_does_not_inherit_scalar_from_alive_turbolite_handle ... ok
[INFO] [stdout] 
[INFO] [stdout] test result: ok. 1 passed; 0 failed; 0 ignored; 0 measured; 0 filtered out; finished in 0.23s
[INFO] [stdout] 
[INFO] [stderr]      Running tests/crash_recovery_manifest.rs (/opt/rustwide/target/debug/deps/crash_recovery_manifest-5db9dd3a751ec040)
[INFO] [stdout] 
[INFO] [stdout] running 2 tests
[INFO] [stdout] test reopen_after_checkpoint_recovers_pending_flush ... ok
[INFO] [stdout] test reopen_with_missing_dirty_groups_file_does_not_panic ... ok
[INFO] [stdout] 
[INFO] [stdout] test result: ok. 2 passed; 0 failed; 0 ignored; 0 measured; 0 filtered out; finished in 0.19s
[INFO] [stdout] 
[INFO] [stderr]      Running tests/differential_oracle.rs (/opt/rustwide/target/debug/deps/differential_oracle-70e973303e792266)
[INFO] [stdout] 
[INFO] [stdout] running 5 tests
[INFO] [stdout] test oracle_transactions ... ok
[INFO] [stdout] test oracle_ddl_operations ... ok
[INFO] [stdout] test oracle_vacuum ... ok
[INFO] [stdout] test oracle_random_ops has been running for over 60 seconds
[INFO] [stdout] test oracle_with_checkpoint has been running for over 60 seconds
[INFO] [stdout] test oracle_with_checkpoint ... ok
[INFO] [stdout] test oracle_random_ops ... ok
[INFO] [stdout] 
[INFO] [stdout] test result: ok. 5 passed; 0 failed; 0 ignored; 0 measured; 0 filtered out; finished in 154.80s
[INFO] [stdout] 
[INFO] [stderr]      Running tests/integration.rs (/opt/rustwide/target/debug/deps/integration-c61c88d45c9745bb)
[INFO] [stdout] 
[INFO] [stdout] running 16 tests
[INFO] [stdout] test test_savepoint_release_and_rollback ... ok
[INFO] [stdout] test test_persistence_with_reopen ... ok
[INFO] [stdout] test test_rollback_transaction ... ok
[INFO] [stdout] test test_basic_operations ... ok
[INFO] [stdout] test test_large_transaction ... ok
[INFO] [stdout] test test_alter_table_add_column ... ok
[INFO] [stdout] test test_multiple_tables_and_joins ... ok
[INFO] [stdout] test test_wal_mode ... ok
[INFO] [stdout] test test_checkpoint_truncate ... ok
[INFO] [stdout] test test_large_data ... ok
[INFO] [stdout] test test_delete_and_update ... ok
[INFO] [stdout] test test_passthrough_mode ... ok
[INFO] [stdout] test test_create_index_and_query ... ok
[INFO] [stdout] test test_page_size_4k ... ok
[INFO] [stdout] test test_page_size_64k ... ok
[INFO] [stdout] test test_vacuum ... ok
[INFO] [stdout] 
[INFO] [stdout] test result: ok. 16 passed; 0 failed; 0 ignored; 0 measured; 0 filtered out; finished in 53.24s
[INFO] [stdout] 
[INFO] [stderr]      Running tests/multiprocess_test.rs (/opt/rustwide/target/debug/deps/multiprocess_test-9e28779a27c8772e)
[INFO] [stdout] 
[INFO] [stdout] running 4 tests
[INFO] [stdout] test child_entry_point ... ignored
[INFO] [stdout] test test_multiprocess_write_then_read ... ok
[INFO] [stdout] test test_multiprocess_two_readers ... ok
[INFO] [stdout] test test_multiprocess_reader_writer ... FAILED
[INFO] [stdout] 
[INFO] [stdout] failures:
[INFO] [stdout] 
[INFO] [stdout] ---- test_multiprocess_reader_writer stdout ----
[INFO] [stdout] 
[INFO] [stdout] thread 'test_multiprocess_reader_writer' (8151) panicked at tests/multiprocess_test.rs:246:9:
[INFO] [stdout] assertion `left == right` failed: expected 150 rows, got 149
[INFO] [stdout]   left: 149
[INFO] [stdout]  right: 150
[INFO] [stdout] stack backtrace:
[INFO] [stdout]    0:     0x620cdb898fc1 - std[70759c8f55707aa4]::backtrace_rs::backtrace::libunwind::trace
[INFO] [stdout]                                at /rustc/dfb0accb7f508ae8be965d8629557221c889dd98/library/std/src/../../backtrace/src/backtrace/libunwind.rs:117:9
[INFO] [stdout]    1:     0x620cdb898fc1 - std[70759c8f55707aa4]::backtrace_rs::backtrace::trace_unsynchronized::<std[70759c8f55707aa4]::sys::backtrace::_print_fmt::{closure#1}>
[INFO] [stdout]                                at /rustc/dfb0accb7f508ae8be965d8629557221c889dd98/library/std/src/../../backtrace/src/backtrace/mod.rs:66:14
[INFO] [stdout]    2:     0x620cdb898fc1 - std[70759c8f55707aa4]::sys::backtrace::_print_fmt
[INFO] [stdout]                                at /rustc/dfb0accb7f508ae8be965d8629557221c889dd98/library/std/src/sys/backtrace.rs:74:9
[INFO] [stdout]    3:     0x620cdb898fc1 - <<std[70759c8f55707aa4]::sys::backtrace::BacktraceLock>::print::DisplayBacktrace as core[df12db4294e9bfd3]::fmt::Display>::fmt
[INFO] [stdout]                                at /rustc/dfb0accb7f508ae8be965d8629557221c889dd98/library/std/src/sys/backtrace.rs:44:26
[INFO] [stdout]    4:     0x620cdb8b045a - <core[df12db4294e9bfd3]::fmt::rt::Argument>::fmt
[INFO] [stdout]                                at /rustc/dfb0accb7f508ae8be965d8629557221c889dd98/library/core/src/fmt/rt.rs:152:76
[INFO] [stdout]    5:     0x620cdb8b045a - core[df12db4294e9bfd3]::fmt::write
[INFO] [stdout]    6:     0x620cdb89dfdc - core[df12db4294e9bfd3]::io::write::default_write_fmt::<alloc[2182bb758b4b3781]::vec::Vec<u8>>
[INFO] [stdout]                                at /rustc/dfb0accb7f508ae8be965d8629557221c889dd98/library/core/src/io/write.rs:402:11
[INFO] [stdout]    7:     0x620cdb89dfdc - <alloc[2182bb758b4b3781]::vec::Vec<u8> as core[df12db4294e9bfd3]::io::write::Write>::write_fmt
[INFO] [stdout]                                at /rustc/dfb0accb7f508ae8be965d8629557221c889dd98/library/core/src/io/write.rs:335:13
[INFO] [stdout]    8:     0x620cdb8718a6 - <std[70759c8f55707aa4]::sys::backtrace::BacktraceLock>::print
[INFO] [stdout]                                at /rustc/dfb0accb7f508ae8be965d8629557221c889dd98/library/std/src/sys/backtrace.rs:47:9
[INFO] [stdout]    9:     0x620cdb8718a6 - std[70759c8f55707aa4]::panicking::default_hook::{closure#0}
[INFO] [stdout]                                at /rustc/dfb0accb7f508ae8be965d8629557221c889dd98/library/std/src/panicking.rs:292:27
[INFO] [stdout]   10:     0x620cdb890209 - std[70759c8f55707aa4]::panicking::default_hook
[INFO] [stdout]                                at /rustc/dfb0accb7f508ae8be965d8629557221c889dd98/library/std/src/panicking.rs:316:9
[INFO] [stdout]   11:     0x620cdb16b1d0 - <alloc[2182bb758b4b3781]::boxed::Box<dyn for<'a, 'b> core[df12db4294e9bfd3]::ops::function::Fn<(&'a std[70759c8f55707aa4]::panic::PanicHookInfo<'b>,), Output = ()> + core[df12db4294e9bfd3]::marker::Send + core[df12db4294e9bfd3]::marker::Sync> as core[df12db4294e9bfd3]::ops::function::Fn<(&std[70759c8f55707aa4]::panic::PanicHookInfo,)>>::call
[INFO] [stdout]                                at /rustc/dfb0accb7f508ae8be965d8629557221c889dd98/library/alloc/src/boxed.rs:2334:9
[INFO] [stdout]   12:     0x620cdb16b1d0 - test[9d35eded1c95d3be]::test_main_inner::<test[9d35eded1c95d3be]::test_main_static::{closure#0}>::{closure#0}
[INFO] [stdout]                                at /rustc/dfb0accb7f508ae8be965d8629557221c889dd98/library/test/src/lib.rs:155:21
[INFO] [stdout]   13:     0x620cdb890532 - <alloc[2182bb758b4b3781]::boxed::Box<dyn for<'a, 'b> core[df12db4294e9bfd3]::ops::function::Fn<(&'a std[70759c8f55707aa4]::panic::PanicHookInfo<'b>,), Output = ()> + core[df12db4294e9bfd3]::marker::Send + core[df12db4294e9bfd3]::marker::Sync> as core[df12db4294e9bfd3]::ops::function::Fn<(&std[70759c8f55707aa4]::panic::PanicHookInfo,)>>::call
[INFO] [stdout]                                at /rustc/dfb0accb7f508ae8be965d8629557221c889dd98/library/alloc/src/boxed.rs:2334:9
[INFO] [stdout]   14:     0x620cdb890532 - std[70759c8f55707aa4]::panicking::panic_with_hook
[INFO] [stdout]                                at /rustc/dfb0accb7f508ae8be965d8629557221c889dd98/library/std/src/panicking.rs:823:13
[INFO] [stdout]   15:     0x620cdb871952 - std[70759c8f55707aa4]::panicking::panic_handler::{closure#0}
[INFO] [stdout]                                at /rustc/dfb0accb7f508ae8be965d8629557221c889dd98/library/std/src/panicking.rs:688:13
[INFO] [stdout]   16:     0x620cdb869d69 - std[70759c8f55707aa4]::sys::backtrace::__rust_end_short_backtrace::<std[70759c8f55707aa4]::panicking::panic_handler::{closure#0}, !>
[INFO] [stdout]                                at /rustc/dfb0accb7f508ae8be965d8629557221c889dd98/library/std/src/sys/backtrace.rs:182:18
[INFO] [stdout]   17:     0x620cdb87274d - __rustc[8fa7c3cbc660c2b3]::rust_begin_unwind
[INFO] [stdout]                                at /rustc/dfb0accb7f508ae8be965d8629557221c889dd98/library/std/src/panicking.rs:679:5
[INFO] [stdout]   18:     0x620cdb8b0c7c - core[df12db4294e9bfd3]::panicking::panic_fmt
[INFO] [stdout]                                at /rustc/dfb0accb7f508ae8be965d8629557221c889dd98/library/core/src/panicking.rs:80:14
[INFO] [stdout]   19:     0x620cdb8b0b73 - core[df12db4294e9bfd3]::panicking::assert_failed_inner
[INFO] [stdout]                                at /rustc/dfb0accb7f508ae8be965d8629557221c889dd98/library/core/src/panicking.rs:447:23
[INFO] [stdout]   20:     0x620cdb14a454 - core[df12db4294e9bfd3]::panicking::assert_failed::<i64, i64>
[INFO] [stdout]                                at /rustc/dfb0accb7f508ae8be965d8629557221c889dd98/library/core/src/panicking.rs:407:5
[INFO] [stdout]   21:     0x620cdb14e748 - multiprocess_test[507862b20bf1b3ea]::test_multiprocess_reader_writer
[INFO] [stdout]                                at /opt/rustwide/workdir/tests/multiprocess_test.rs:246:9
[INFO] [stdout]   22:     0x620cdb14ab77 - multiprocess_test[507862b20bf1b3ea]::test_multiprocess_reader_writer::{closure#0}
[INFO] [stdout]                                at /opt/rustwide/workdir/tests/multiprocess_test.rs:192:37
[INFO] [stdout]   23:     0x620cdb154356 - <multiprocess_test[507862b20bf1b3ea]::test_multiprocess_reader_writer::{closure#0} as core[df12db4294e9bfd3]::ops::function::FnOnce<()>>::call_once
[INFO] [stdout]                                at /rustc/dfb0accb7f508ae8be965d8629557221c889dd98/library/core/src/ops/function.rs:250:5
[INFO] [stdout]   24:     0x620cdb15e4bb - <fn() -> core[df12db4294e9bfd3]::result::Result<(), alloc[2182bb758b4b3781]::string::String> as core[df12db4294e9bfd3]::ops::function::FnOnce<()>>::call_once
[INFO] [stdout]                                at /rustc/dfb0accb7f508ae8be965d8629557221c889dd98/library/core/src/ops/function.rs:250:5
[INFO] [stdout]   25:     0x620cdb15e4bb - test[9d35eded1c95d3be]::__rust_begin_short_backtrace::<core[df12db4294e9bfd3]::result::Result<(), alloc[2182bb758b4b3781]::string::String>, fn() -> core[df12db4294e9bfd3]::result::Result<(), alloc[2182bb758b4b3781]::string::String>>
[INFO] [stdout]                                at /rustc/dfb0accb7f508ae8be965d8629557221c889dd98/library/test/src/lib.rs:733:18
[INFO] [stdout]   26:     0x620cdb16bb25 - test[9d35eded1c95d3be]::run_test_in_process::{closure#0}
[INFO] [stdout]                                at /rustc/dfb0accb7f508ae8be965d8629557221c889dd98/library/test/src/lib.rs:756:74
[INFO] [stdout]   27:     0x620cdb16bb25 - <core[df12db4294e9bfd3]::panic::unwind_safe::AssertUnwindSafe<test[9d35eded1c95d3be]::run_test_in_process::{closure#0}> as core[df12db4294e9bfd3]::ops::function::FnOnce<()>>::call_once
[INFO] [stdout]                                at /rustc/dfb0accb7f508ae8be965d8629557221c889dd98/library/core/src/panic/unwind_safe.rs:275:9
[INFO] [stdout]   28:     0x620cdb16bb25 - std[70759c8f55707aa4]::panicking::catch_unwind::do_call::<core[df12db4294e9bfd3]::panic::unwind_safe::AssertUnwindSafe<test[9d35eded1c95d3be]::run_test_in_process::{closure#0}>, core[df12db4294e9bfd3]::result::Result<(), alloc[2182bb758b4b3781]::string::String>>
[INFO] [stdout]                                at /rustc/dfb0accb7f508ae8be965d8629557221c889dd98/library/std/src/panicking.rs:576:43
[INFO] [stdout]   29:     0x620cdb16bb25 - std[70759c8f55707aa4]::panicking::catch_unwind::<core[df12db4294e9bfd3]::result::Result<(), alloc[2182bb758b4b3781]::string::String>, core[df12db4294e9bfd3]::panic::unwind_safe::AssertUnwindSafe<test[9d35eded1c95d3be]::run_test_in_process::{closure#0}>>
[INFO] [stdout]                                at /rustc/dfb0accb7f508ae8be965d8629557221c889dd98/library/std/src/panicking.rs:544:19
[INFO] [stdout]   30:     0x620cdb16bb25 - std[70759c8f55707aa4]::panic::catch_unwind::<core[df12db4294e9bfd3]::panic::unwind_safe::AssertUnwindSafe<test[9d35eded1c95d3be]::run_test_in_process::{closure#0}>, core[df12db4294e9bfd3]::result::Result<(), alloc[2182bb758b4b3781]::string::String>>
[INFO] [stdout]                                at /rustc/dfb0accb7f508ae8be965d8629557221c889dd98/library/std/src/panic.rs:359:14
[INFO] [stdout]   31:     0x620cdb16bb25 - test[9d35eded1c95d3be]::run_test_in_process
[INFO] [stdout]                                at /rustc/dfb0accb7f508ae8be965d8629557221c889dd98/library/test/src/lib.rs:756:27
[INFO] [stdout]   32:     0x620cdb16bb25 - test[9d35eded1c95d3be]::run_test::{closure#0}
[INFO] [stdout]                                at /rustc/dfb0accb7f508ae8be965d8629557221c889dd98/library/test/src/lib.rs:677:43
[INFO] [stdout]   33:     0x620cdb1653e4 - test[9d35eded1c95d3be]::run_test::{closure#1}
[INFO] [stdout]                                at /rustc/dfb0accb7f508ae8be965d8629557221c889dd98/library/test/src/lib.rs:707:41
[INFO] [stdout]   34:     0x620cdb1653e4 - std[70759c8f55707aa4]::sys::backtrace::__rust_begin_short_backtrace::<test[9d35eded1c95d3be]::run_test::{closure#1}, ()>
[INFO] [stdout]                                at /rustc/dfb0accb7f508ae8be965d8629557221c889dd98/library/std/src/sys/backtrace.rs:166:18
[INFO] [stdout]   35:     0x620cdb16ec82 - std[70759c8f55707aa4]::thread::lifecycle::spawn_unchecked::<test[9d35eded1c95d3be]::run_test::{closure#1}, ()>::{closure#1}::{closure#0}
[INFO] [stdout]                                at /rustc/dfb0accb7f508ae8be965d8629557221c889dd98/library/std/src/thread/lifecycle.rs:70:13
[INFO] [stdout]   36:     0x620cdb16ec82 - <core[df12db4294e9bfd3]::panic::unwind_safe::AssertUnwindSafe<std[70759c8f55707aa4]::thread::lifecycle::spawn_unchecked<test[9d35eded1c95d3be]::run_test::{closure#1}, ()>::{closure#1}::{closure#0}> as core[df12db4294e9bfd3]::ops::function::FnOnce<()>>::call_once
[INFO] [stdout]                                at /rustc/dfb0accb7f508ae8be965d8629557221c889dd98/library/core/src/panic/unwind_safe.rs:275:9
[INFO] [stdout]   37:     0x620cdb16ec82 - std[70759c8f55707aa4]::panicking::catch_unwind::do_call::<core[df12db4294e9bfd3]::panic::unwind_safe::AssertUnwindSafe<std[70759c8f55707aa4]::thread::lifecycle::spawn_unchecked<test[9d35eded1c95d3be]::run_test::{closure#1}, ()>::{closure#1}::{closure#0}>, ()>
[INFO] [stdout]                                at /rustc/dfb0accb7f508ae8be965d8629557221c889dd98/library/std/src/panicking.rs:576:43
[INFO] [stdout]   38:     0x620cdb16ec82 - std[70759c8f55707aa4]::panicking::catch_unwind::<(), core[df12db4294e9bfd3]::panic::unwind_safe::AssertUnwindSafe<std[70759c8f55707aa4]::thread::lifecycle::spawn_unchecked<test[9d35eded1c95d3be]::run_test::{closure#1}, ()>::{closure#1}::{closure#0}>>
[INFO] [stdout]                                at /rustc/dfb0accb7f508ae8be965d8629557221c889dd98/library/std/src/panicking.rs:544:19
[INFO] [stdout]   39:     0x620cdb16ec82 - std[70759c8f55707aa4]::panic::catch_unwind::<core[df12db4294e9bfd3]::panic::unwind_safe::AssertUnwindSafe<std[70759c8f55707aa4]::thread::lifecycle::spawn_unchecked<test[9d35eded1c95d3be]::run_test::{closure#1}, ()>::{closure#1}::{closure#0}>, ()>
[INFO] [stdout]                                at /rustc/dfb0accb7f508ae8be965d8629557221c889dd98/library/std/src/panic.rs:359:14
[INFO] [stdout]   40:     0x620cdb16ec82 - std[70759c8f55707aa4]::thread::lifecycle::spawn_unchecked::<test[9d35eded1c95d3be]::run_test::{closure#1}, ()>::{closure#1}
[INFO] [stdout]                                at /rustc/dfb0accb7f508ae8be965d8629557221c889dd98/library/std/src/thread/lifecycle.rs:68:26
[INFO] [stdout]   41:     0x620cdb16ec82 - <std[70759c8f55707aa4]::thread::lifecycle::spawn_unchecked<test[9d35eded1c95d3be]::run_test::{closure#1}, ()>::{closure#1} as core[df12db4294e9bfd3]::ops::function::FnOnce<()>>::call_once::{shim:vtable#0}
[INFO] [stdout]                                at /rustc/dfb0accb7f508ae8be965d8629557221c889dd98/library/core/src/ops/function.rs:250:5
[INFO] [stdout]   42:     0x620cdb898459 - <alloc[2182bb758b4b3781]::boxed::Box<dyn core[df12db4294e9bfd3]::ops::function::FnOnce<(), Output = ()> + core[df12db4294e9bfd3]::marker::Send> as core[df12db4294e9bfd3]::ops::function::FnOnce<()>>::call_once
[INFO] [stdout]                                at /rustc/dfb0accb7f508ae8be965d8629557221c889dd98/library/alloc/src/boxed.rs:2320:9
[INFO] [stdout]   43:     0x620cdb898459 - <std[70759c8f55707aa4]::sys::thread::unix::Thread>::new::thread_start
[INFO] [stdout]                                at /rustc/dfb0accb7f508ae8be965d8629557221c889dd98/library/std/src/sys/thread/unix.rs:123:17
[INFO] [stdout]   44:     0x78c0f85cedfa - <unknown>
[INFO] [stdout]   45:     0x78c0f86623d4 - clone
[INFO] [stdout]   46:                0x0 - <unknown>
[INFO] [stdout] 
[INFO] [stdout] 
[INFO] [stdout] failures:
[INFO] [stdout]     test_multiprocess_reader_writer
[INFO] [stdout] 
[INFO] [stdout] test result: FAILED. 2 passed; 1 failed; 1 ignored; 0 measured; 0 filtered out; finished in 2.43s
[INFO] [stdout] 
[INFO] [stderr] error: test failed, to rerun pass `--test multiprocess_test`
[INFO] running `Command { std: "docker" "inspect" "9e210eff94b0f4cf771dc0ad100e32c14258048ef97a7b1997252fb0f2b01cc5", kill_on_drop: false }`
[INFO] running `Command { std: "docker" "rm" "-f" "9e210eff94b0f4cf771dc0ad100e32c14258048ef97a7b1997252fb0f2b01cc5", kill_on_drop: false }`
[INFO] [stdout] 9e210eff94b0f4cf771dc0ad100e32c14258048ef97a7b1997252fb0f2b01cc5
