[INFO] fetching crate threema-gateway 0.21.0...
[INFO] testing threema-gateway-0.21.0 against 1.99.0-beta.8 for beta-1.100-2
[INFO] extracting crate threema-gateway 0.21.0 into /workspace/builds/worker-7-tc1/source
[INFO] started tweaking crates.io crate threema-gateway 0.21.0
[INFO] removed 0 missing examples
[INFO] finished tweaking crates.io crate threema-gateway 0.21.0
[INFO] tweaked toml for crates.io crate threema-gateway 0.21.0 written to /workspace/builds/worker-7-tc1/source/Cargo.toml
[INFO] validating manifest of crates.io crate threema-gateway 0.21.0 on toolchain 1.99.0-beta.8
[INFO] running `Command { std: CARGO_HOME="/workspace/cargo-home" RUSTUP_HOME="/workspace/rustup-home" "/workspace/cargo-home/bin/cargo" "+1.99.0-beta.8" "metadata" "--manifest-path" "Cargo.toml" "--no-deps", kill_on_drop: false }`
[INFO] crate crates.io crate threema-gateway 0.21.0 already has a lockfile, it will not be regenerated
[INFO] running `Command { std: CARGO_HOME="/workspace/cargo-home" RUSTUP_HOME="/workspace/rustup-home" "/workspace/cargo-home/bin/cargo" "+1.99.0-beta.8" "fetch" "--manifest-path" "Cargo.toml", kill_on_drop: false }`
[INFO] [stderr]     Updating crates.io index
[INFO] [stderr]  Downloading crates ...
[INFO] [stderr]   Downloaded log v0.4.31
[INFO] [stderr]   Downloaded arcstr v1.2.0
[INFO] [stderr]   Downloaded imagesize v0.14.0
[INFO] [stderr]   Downloaded docopt v1.1.1
[INFO] [stderr]   Downloaded uuid v1.23.2
[INFO] [stderr]   Downloaded crypto_box v0.9.1
[INFO] [stderr]   Downloaded redis v1.2.2
[INFO] running `Command { std: "docker" "create" "-v" "/var/lib/crater-agent-workspace/builds/worker-7-tc1/source:/opt/rustwide/workdir:ro,Z" "-v" "/var/lib/crater-agent-workspace/builds/worker-7-tc1/target:/opt/rustwide/target:rw,Z" "-v" "/var/lib/crater-agent-workspace/cargo-home:/opt/rustwide/cargo-home:ro,Z" "-v" "/var/lib/crater-agent-workspace/rustup-home:/opt/rustwide/rustup-home:ro,Z" "-m" "1610612736" "--network" "none" "ghcr.io/rust-lang/crates-build-env/linux@sha256:3111399a4047eeb3a02b7a90e478d715f38a8c6669b5c4b49d30a17385265909" "sleep" "infinity", kill_on_drop: false }`
[INFO] [stdout] a546a83c73f2e3a2b81b6add6c07fcaa270acd0dce72bdf36c3357edb2b06fda
[INFO] running `Command { std: "docker" "start" "a546a83c73f2e3a2b81b6add6c07fcaa270acd0dce72bdf36c3357edb2b06fda", kill_on_drop: false }`
[INFO] running `Command { std: "docker" "inspect" "a546a83c73f2e3a2b81b6add6c07fcaa270acd0dce72bdf36c3357edb2b06fda", kill_on_drop: false }`
[INFO] running `Command { std: "docker" "exec" "-e" "SOURCE_DIR=/opt/rustwide/workdir" "-e" "CARGO_HOME=/opt/rustwide/cargo-home" "-e" "RUSTUP_HOME=/opt/rustwide/rustup-home" "-e" "CARGO_TARGET_DIR=/opt/rustwide/target" "-w" "/opt/rustwide/workdir" "--user" "0:0" "a546a83c73f2e3a2b81b6add6c07fcaa270acd0dce72bdf36c3357edb2b06fda" "/opt/rustwide/cargo-home/bin/cargo" "+1.99.0-beta.8" "metadata" "--no-deps" "--format-version=1", kill_on_drop: false }`
[INFO] running `Command { std: "docker" "inspect" "a546a83c73f2e3a2b81b6add6c07fcaa270acd0dce72bdf36c3357edb2b06fda", kill_on_drop: false }`
[INFO] running `Command { std: "docker" "exec" "-e" "SOURCE_DIR=/opt/rustwide/workdir" "-e" "CARGO_HOME=/opt/rustwide/cargo-home" "-e" "RUSTUP_HOME=/opt/rustwide/rustup-home" "-e" "CARGO_TARGET_DIR=/opt/rustwide/target" "-e" "CARGO_INCREMENTAL=0" "-e" "RUST_BACKTRACE=full" "-e" "RUSTFLAGS=--cap-lints=warn" "-e" "RUSTDOCFLAGS=--cap-lints=warn" "-w" "/opt/rustwide/workdir" "--user" "0:0" "a546a83c73f2e3a2b81b6add6c07fcaa270acd0dce72bdf36c3357edb2b06fda" "/opt/rustwide/cargo-home/bin/cargo" "+1.99.0-beta.8" "build" "--frozen" "--message-format=json", kill_on_drop: false }`
[INFO] [stderr]    Compiling generic-array v0.14.7
[INFO] [stderr]    Compiling aws-lc-rs v1.17.0
[INFO] [stderr]    Compiling rustls v0.23.40
[INFO] [stderr]    Compiling futures-task v0.3.32
[INFO] [stderr]    Compiling socket2 v0.6.4
[INFO] [stderr]    Compiling mio v1.2.1
[INFO] [stderr]    Compiling getrandom v0.2.17
[INFO] [stderr]    Compiling tracing v0.1.44
[INFO] [stderr]    Compiling hybrid-array v0.4.12
[INFO] [stderr]    Compiling zeroize_derive v1.4.3
[INFO] [stderr]    Compiling cc v1.2.63
[INFO] [stderr]    Compiling yoke v0.8.2
[INFO] [stderr]    Compiling futures-channel v0.3.32
[INFO] [stderr]    Compiling mime_guess v2.0.5
[INFO] [stderr]    Compiling anyhow v1.0.102
[INFO] [stderr]    Compiling ctutils v0.4.2
[INFO] [stderr]    Compiling futures-util v0.3.32
[INFO] [stderr]    Compiling curve25519-dalek v4.1.3
[INFO] [stderr]    Compiling const-oid v0.10.2
[INFO] [stderr]    Compiling getrandom v0.4.2
[INFO] [stderr]    Compiling zerovec v0.11.6
[INFO] [stderr]    Compiling rand_core v0.6.4
[INFO] [stderr]    Compiling zerotrie v0.2.4
[INFO] [stderr]    Compiling itertools v0.14.0
[INFO] [stderr]    Compiling serde v1.0.228
[INFO] [stderr]    Compiling curve25519-dalek-derive v0.1.1
[INFO] [stderr]    Compiling memchr v2.8.1
[INFO] [stderr]    Compiling bitflags v2.12.1
[INFO] [stderr]    Compiling tokio v1.52.3
[INFO] [stderr]    Compiling block-buffer v0.12.0
[INFO] [stderr]    Compiling crypto-common v0.2.2
[INFO] [stderr]    Compiling log v0.4.31
[INFO] [stderr]    Compiling zeroize v1.8.2
[INFO] [stderr]    Compiling chacha20 v0.10.0
[INFO] [stderr]    Compiling thiserror-impl v2.0.18
[INFO] [stderr]    Compiling data-encoding v2.11.0
[INFO] [stderr]    Compiling rustls-pki-types v1.14.1
[INFO] [stderr]    Compiling tinystr v0.8.3
[INFO] [stderr]    Compiling potential_utf v0.1.5
[INFO] [stderr]    Compiling icu_collections v2.2.0
[INFO] [stderr]    Compiling serde_json v1.0.150
[INFO] [stderr]    Compiling rand v0.10.1
[INFO] [stderr]    Compiling icu_locale_core v2.2.0
[INFO] [stderr]    Compiling serde_urlencoded v0.7.1
[INFO] [stderr]    Compiling rustls-native-certs v0.8.4
[INFO] [stderr]    Compiling cmake v0.1.58
[INFO] [stderr]    Compiling crypto-common v0.1.7
[INFO] [stderr]    Compiling inout v0.1.4
[INFO] [stderr]    Compiling universal-hash v0.5.1
[INFO] [stderr]    Compiling poly1305 v0.8.0
[INFO] [stderr]    Compiling aead v0.5.2
[INFO] [stderr]    Compiling cipher v0.4.4
[INFO] [stderr]    Compiling aws-lc-sys v0.41.0
[INFO] [stderr]    Compiling digest v0.11.3
[INFO] [stderr]    Compiling thiserror v2.0.18
[INFO] [stderr]    Compiling hmac v0.13.0
[INFO] [stderr]    Compiling sha2 v0.11.0
[INFO] [stderr]    Compiling icu_provider v2.2.0
[INFO] [stderr]    Compiling salsa20 v0.10.2
[INFO] [stderr]    Compiling crypto_secretbox v0.1.1
[INFO] [stderr]    Compiling prost-derive v0.14.3
[INFO] [stderr]    Compiling crypto_box v0.9.1
[INFO] [stderr]    Compiling icu_normalizer v2.2.0
[INFO] [stderr]    Compiling icu_properties v2.2.0
[INFO] [stderr]    Compiling prost v0.14.3
[INFO] [stderr]    Compiling idna_adapter v1.2.2
[INFO] [stderr]    Compiling idna v1.1.0
[INFO] [stderr]    Compiling url v2.5.8
[INFO] [stderr]    Compiling tokio-util v0.7.18
[INFO] [stderr]    Compiling tower v0.5.3
[INFO] [stderr]    Compiling h2 v0.4.14
[INFO] [stderr]    Compiling tower-http v0.6.11
[INFO] [stderr]    Compiling hyper v1.10.1
[INFO] [stderr]    Compiling hyper-util v0.1.20
[INFO] [stderr]    Compiling rustls-webpki v0.103.13
[INFO] [stderr]    Compiling tokio-rustls v0.26.4
[INFO] [stderr]    Compiling rustls-platform-verifier v0.7.0
[INFO] [stderr]    Compiling hyper-rustls v0.27.9
[INFO] [stderr]    Compiling reqwest v0.13.4
[INFO] [stderr]    Compiling threema-gateway v0.21.0 (/opt/rustwide/workdir)
[INFO] [stderr]     Finished `dev` profile [unoptimized + debuginfo] target(s) in 49.85s
[INFO] running `Command { std: "docker" "inspect" "a546a83c73f2e3a2b81b6add6c07fcaa270acd0dce72bdf36c3357edb2b06fda", kill_on_drop: false }`
[INFO] running `Command { std: "docker" "exec" "-e" "SOURCE_DIR=/opt/rustwide/workdir" "-e" "CARGO_HOME=/opt/rustwide/cargo-home" "-e" "RUSTUP_HOME=/opt/rustwide/rustup-home" "-e" "CARGO_TARGET_DIR=/opt/rustwide/target" "-e" "CARGO_INCREMENTAL=0" "-e" "RUST_BACKTRACE=full" "-e" "RUSTFLAGS=--cap-lints=warn" "-e" "RUSTDOCFLAGS=--cap-lints=warn" "-w" "/opt/rustwide/workdir" "--user" "0:0" "a546a83c73f2e3a2b81b6add6c07fcaa270acd0dce72bdf36c3357edb2b06fda" "/opt/rustwide/cargo-home/bin/cargo" "+1.99.0-beta.8" "test" "--frozen" "--no-run" "--message-format=json", kill_on_drop: false }`
[INFO] [stderr]    Compiling tracing v0.1.44
[INFO] [stderr]    Compiling zeroize_derive v1.4.3
[INFO] [stderr]    Compiling tokio v1.52.3
[INFO] [stderr]    Compiling futures-util v0.3.32
[INFO] [stderr]    Compiling serde v1.0.228
[INFO] [stderr]    Compiling zerofrom v0.1.8
[INFO] [stderr]    Compiling winnow v1.0.3
[INFO] [stderr]    Compiling aho-corasick v1.1.4
[INFO] [stderr]    Compiling regex-syntax v0.8.10
[INFO] [stderr]    Compiling serde_json v1.0.150
[INFO] [stderr]    Compiling curve25519-dalek-derive v0.1.1
[INFO] [stderr]    Compiling rstest_macros v0.26.1
[INFO] [stderr]    Compiling prost-derive v0.14.3
[INFO] [stderr]    Compiling relative-path v1.9.3
[INFO] [stderr]    Compiling glob v0.3.3
[INFO] [stderr]    Compiling yoke v0.8.2
[INFO] [stderr]    Compiling tempfile v3.27.0
[INFO] [stderr]    Compiling zerovec v0.11.6
[INFO] [stderr]    Compiling zerotrie v0.2.4
[INFO] [stderr]    Compiling axum-core v0.5.6
[INFO] [stderr]    Compiling serde_path_to_error v0.1.20
[INFO] [stderr]    Compiling zeroize v1.8.2
[INFO] [stderr]    Compiling console v0.16.3
[INFO] [stderr]    Compiling futures-timer v3.0.4
[INFO] [stderr]    Compiling similar v2.7.0
[INFO] [stderr]    Compiling generic-array v0.14.7
[INFO] [stderr]    Compiling rustls-pki-types v1.14.1
[INFO] [stderr]    Compiling aws-lc-rs v1.17.0
[INFO] [stderr]    Compiling tinystr v0.8.3
[INFO] [stderr]    Compiling potential_utf v0.1.5
[INFO] [stderr]    Compiling crypto-common v0.1.7
[INFO] [stderr]    Compiling inout v0.1.4
[INFO] [stderr]    Compiling universal-hash v0.5.1
[INFO] [stderr]    Compiling icu_locale_core v2.2.0
[INFO] [stderr]    Compiling cipher v0.4.4
[INFO] [stderr]    Compiling toml_parser v1.1.2+spec-1.1.0
[INFO] [stderr]    Compiling icu_collections v2.2.0
[INFO] [stderr]    Compiling poly1305 v0.8.0
[INFO] [stderr]    Compiling rustls-native-certs v0.8.4
[INFO] [stderr]    Compiling salsa20 v0.10.2
[INFO] [stderr]    Compiling aead v0.5.2
[INFO] [stderr]    Compiling serde_urlencoded v0.7.1
[INFO] [stderr]    Compiling crypto_secretbox v0.1.1
[INFO] [stderr]    Compiling regex-automata v0.4.14
[INFO] [stderr]    Compiling curve25519-dalek v4.1.3
[INFO] [stderr]    Compiling prost v0.14.3
[INFO] [stderr]    Compiling toml_edit v0.25.12+spec-1.1.0
[INFO] [stderr]    Compiling insta v1.47.2
[INFO] [stderr]    Compiling imagesize v0.14.0
[INFO] [stderr]    Compiling rustls-webpki v0.103.13
[INFO] [stderr]    Compiling icu_provider v2.2.0
[INFO] [stderr]    Compiling icu_properties v2.2.0
[INFO] [stderr]    Compiling icu_normalizer v2.2.0
[INFO] [stderr]    Compiling crypto_box v0.9.1
[INFO] [stderr]    Compiling proc-macro-crate v3.5.0
[INFO] [stderr]    Compiling rustls v0.23.40
[INFO] [stderr]    Compiling regex v1.12.3
[INFO] [stderr]    Compiling docopt v1.1.1
[INFO] [stderr]    Compiling idna_adapter v1.2.2
[INFO] [stderr]    Compiling idna v1.1.0
[INFO] [stderr]    Compiling url v2.5.8
[INFO] [stderr]    Compiling tokio-util v0.7.18
[INFO] [stderr]    Compiling tower v0.5.3
[INFO] [stderr]    Compiling tokio-stream v0.1.18
[INFO] [stderr]    Compiling h2 v0.4.14
[INFO] [stderr]    Compiling tokio-test v0.4.5
[INFO] [stderr]    Compiling tower-http v0.6.11
[INFO] [stderr]    Compiling rstest v0.26.1
[INFO] [stderr]    Compiling tokio-rustls v0.26.4
[INFO] [stderr]    Compiling rustls-platform-verifier v0.7.0
[INFO] [stderr]    Compiling hyper v1.10.1
[INFO] [stderr]    Compiling hyper-util v0.1.20
[INFO] [stderr]    Compiling hyper-rustls v0.27.9
[INFO] [stderr]    Compiling axum v0.8.9
[INFO] [stderr]    Compiling reqwest v0.13.4
[INFO] [stderr]    Compiling threema-gateway v0.21.0 (/opt/rustwide/workdir)
[INFO] [stdout] warning: unused import: `std::str::FromStr`
[INFO] [stdout]    --> src/crypto.rs:334:9
[INFO] [stdout]     |
[INFO] [stdout] 334 |     use std::str::FromStr as _;
[INFO] [stdout]     |         ^^^^^^^^^^^^^^^^^
[INFO] [stdout]     |
[INFO] [stdout]     = note: `#[warn(unused_imports)]` (part of `#[warn(unused)]`) on by default
[INFO] [stdout] 
[INFO] [stdout] 
[INFO] [stderr]     Finished `test` profile [unoptimized + debuginfo] target(s) in 1m 09s
[INFO] running `Command { std: "docker" "inspect" "a546a83c73f2e3a2b81b6add6c07fcaa270acd0dce72bdf36c3357edb2b06fda", kill_on_drop: false }`
[INFO] running `Command { std: "docker" "exec" "-e" "SOURCE_DIR=/opt/rustwide/workdir" "-e" "CARGO_HOME=/opt/rustwide/cargo-home" "-e" "RUSTUP_HOME=/opt/rustwide/rustup-home" "-e" "CARGO_TARGET_DIR=/opt/rustwide/target" "-e" "CARGO_INCREMENTAL=0" "-e" "RUST_BACKTRACE=full" "-e" "RUSTFLAGS=--cap-lints=warn" "-e" "RUSTDOCFLAGS=--cap-lints=warn" "-w" "/opt/rustwide/workdir" "--user" "0:0" "a546a83c73f2e3a2b81b6add6c07fcaa270acd0dce72bdf36c3357edb2b06fda" "/opt/rustwide/cargo-home/bin/cargo" "+1.99.0-beta.8" "test" "--frozen", kill_on_drop: false }`
[INFO] [stderr] warning: unused import: `std::str::FromStr`
[INFO] [stderr]    --> src/crypto.rs:334:9
[INFO] [stderr]     |
[INFO] [stderr] 334 |     use std::str::FromStr as _;
[INFO] [stderr]     |         ^^^^^^^^^^^^^^^^^
[INFO] [stderr]     |
[INFO] [stderr]     = note: `#[warn(unused_imports)]` (part of `#[warn(unused)]`) on by default
[INFO] [stderr] 
[INFO] [stderr] warning: `threema-gateway` (lib test) generated 1 warning
[INFO] [stderr]     Finished `test` profile [unoptimized + debuginfo] target(s) in 0.42s
[INFO] [stderr]      Running unittests src/lib.rs (/opt/rustwide/target/debug/deps/threema_gateway-930763ecafc52fb8)
[INFO] [stdout] 
[INFO] [stdout] running 270 tests
[INFO] [stdout] test connection::tests::bulk_e2e_error_code_mapping ... ok
[INFO] [stdout] test connection::tests::json_e2e_message_from_bulk::optional_fields_none ... ok
[INFO] [stdout] test connection::tests::json_e2e_message_from_bulk::optional_fields_some ... ok
[INFO] [stdout] test connection::tests::bulk_e2e_send_status_json_parsing ... ok
[INFO] [stdout] test connection::tests::bulk_e2e_status_convenience_methods ... ok
[INFO] [stdout] test crypto::test::key::deserialize_invalid_hex ... ok
[INFO] [stdout] test crypto::test::key::deserialize_wrong_size ... ok
[INFO] [stdout] test crypto::test::key::serialize_roundtrip ... ok
[INFO] [stdout] test crypto::test::recipient_key_as_bytes ... ok
[INFO] [stdout] test crypto::test::key::try_from_wrong_size ... ok
[INFO] [stdout] test crypto::test::decrypt_file_data_works ... ok
[INFO] [stdout] test crypto::test::randombytes_uniform ... ok
[INFO] [stdout] test crypto::test::recipient_key_as_string ... ok
[INFO] [stdout] test crypto::test::randombytes_uniform_not_stuck ... ok
[INFO] [stdout] test crypto::test::encrypt_file_data_works ... ok
[INFO] [stdout] test crypto::test::recipient_key_from_str_invalid::case_1_too_short ... ok
[INFO] [stdout] test crypto::test::recipient_key_from_bytes ... ok
[INFO] [stdout] test crypto::test::recipient_key_from_publickey ... ok
[INFO] [stdout] test crypto::test::key::deserialize ... ok
[INFO] [stdout] test crypto::test::recipient_key_from_str_invalid::case_2_invalid_hex ... ok
[INFO] [stdout] test crypto::test::recipient_key_from_str_valid::case_2_uppercase ... ok
[INFO] [stdout] test lookup::tests::lookup_criterion_display ... ok
[INFO] [stdout] test crypto::test::recipient_key_from_arr ... ok
[INFO] [stdout] test lookup::tests::lookup_criterion_hash::email_computes_hmac ... ok
[INFO] [stdout] test lookup::tests::lookup_criterion_hash::email_hash_returns_value_unchanged ... ok
[INFO] [stdout] test lookup::tests::lookup_criterion_hash::email_normalizes_case ... ok
[INFO] [stdout] test lookup::tests::lookup_criterion_hash::phone_hash_returns_value_unchanged ... ok
[INFO] [stdout] test lookup::tests::lookup_criterion_hash::phone_computes_hmac ... ok
[INFO] [stdout] test lookup::tests::parse_capabilities_can ... ok
[INFO] [stdout] test lookup::tests::parse_capabilities_cleanup ... ok
[INFO] [stdout] test crypto::test::recipient_key_from_str_valid::case_1_lowercase ... ok
[INFO] [stdout] test lookup::tests::lookup_criterion_hash::email_trims_whitespace ... ok
[INFO] [stdout] test lookup::tests::lookup_criterion_hash::phone_rejects_letters ... ok
[INFO] [stdout] test lookup::tests::lookup_criterion_hash::phone_rejects_non_digits ... ok
[INFO] [stdout] test lookup::tests::parse_capabilities_simple ... ok
[INFO] [stdout] test crypto::test::file_and_thumb_nonces_are_distinct ... ok
[INFO] [stdout] test protocol::e2e::delivery_receipt::tests::delivery_receipt_message::decode_empty ... ok
[INFO] [stdout] test protocol::e2e::delivery_receipt::tests::delivery_receipt_message::decode_missing_message_ids ... ok
[INFO] [stdout] test protocol::e2e::delivery_receipt::tests::delivery_receipt_message::decode_multiple_ids ... ok
[INFO] [stdout] test protocol::e2e::delivery_receipt::tests::delivery_receipt_message::decode_single_id ... ok
[INFO] [stdout] test protocol::e2e::delivery_receipt::tests::delivery_receipt::from_u8 ... ok
[INFO] [stdout] test lookup::tests::parse_capabilities_unknown ... ok
[INFO] [stdout] test protocol::e2e::delivery_receipt::tests::delivery_receipt_message::decode_unknown_status ... ok
[INFO] [stdout] test protocol::e2e::delivery_receipt::tests::delivery_receipt::round_trip ... ok
[INFO] [stdout] test protocol::e2e::delivery_receipt::tests::delivery_receipt_message::decode_invalid_length ... ok
[INFO] [stdout] test protocol::e2e::delivery_receipt::tests::delivery_receipt_message::encode_multiple_ids ... ok
[INFO] [stdout] test protocol::e2e::delivery_receipt::tests::delivery_receipt_message::encode_single_id ... ok
[INFO] [stdout] test protocol::e2e::delivery_receipt::tests::delivery_receipt_message::from_slice::single_id ... ok
[INFO] [stdout] test protocol::e2e::delivery_receipt::tests::delivery_receipt_message::from_slice::empty_returns_error ... ok
[INFO] [stdout] test protocol::e2e::delivery_receipt::tests::delivery_receipt_message::new::single_id ... ok
[INFO] [stdout] test lookup::tests::parse_capabilities_combined ... ok
[INFO] [stdout] test lookup::tests::parse_capabilities_empty ... ok
[INFO] [stdout] test protocol::e2e::delivery_receipt::tests::delivery_receipt_message::round_trip_multiple_ids ... ok
[INFO] [stdout] test protocol::e2e::delivery_receipt::tests::delivery_receipt_message::round_trip_single_id ... ok
[INFO] [stdout] test protocol::e2e::edit_delete::tests::delete_message::decode ... ok
[INFO] [stdout] test protocol::e2e::delivery_receipt::tests::delivery_receipt::to_u8 ... ok
[INFO] [stdout] test protocol::e2e::edit_delete::tests::delete_message::encode ... ok
[INFO] [stdout] test protocol::e2e::edit_delete::tests::edit_message::decode ... ok
[INFO] [stdout] test protocol::e2e::edit_delete::tests::edit_message::decode_invalid_protobuf ... ok
[INFO] [stdout] test protocol::e2e::edit_delete::tests::edit_message::new ... ok
[INFO] [stdout] test protocol::e2e::edit_delete::tests::edit_message::round_trip ... ok
[INFO] [stdout] test protocol::e2e::file::test::builder::builder_works ... ok
[INFO] [stdout] test protocol::e2e::file::test::builder::dimensions_sets_metadata ... ok
[INFO] [stdout] test protocol::e2e::file::test::builder::duration_sets_metadata ... ok
[INFO] [stdout] test protocol::e2e::file::test::builder::illegal_combination_file_with_animated ... ok
[INFO] [stdout] test protocol::e2e::file::test::builder::illegal_combination_file_with_dimensions ... ok
[INFO] [stdout] test protocol::e2e::file::test::builder::illegal_combination_file_with_duration ... ok
[INFO] [stdout] test protocol::e2e::file::test::builder::illegal_combination_sticker_with_duration ... ok
[INFO] [stdout] test protocol::e2e::file::test::builder::legacy_rendering_type_is_0_for_file ... ok
[INFO] [stdout] test protocol::e2e::delivery_receipt::tests::delivery_receipt_message::from_slice::multiple_ids ... ok
[INFO] [stdout] test protocol::e2e::file::test::builder::fully_populated ... ok
[INFO] [stdout] test protocol::e2e::file::test::builder::legacy_rendering_type_is_1_for_media ... ok
[INFO] [stdout] test protocol::e2e::file::test::builder::sticker_with_animated_is_valid ... ok
[INFO] [stdout] test protocol::e2e::file::test::builder::sticker_with_dimensions_is_valid ... ok
[INFO] [stdout] test protocol::e2e::file::test::builder::thumbnail_opt_clears_value ... ok
[INFO] [stdout] test protocol::e2e::edit_delete::tests::delete_message::new ... ok
[INFO] [stdout] test protocol::e2e::edit_delete::tests::delete_message::round_trip ... ok
[INFO] [stdout] test protocol::e2e::edit_delete::tests::edit_message::encode ... ok
[INFO] [stdout] test protocol::e2e::file::test::builder::animated_sets_metadata ... ok
[INFO] [stdout] test protocol::e2e::file::test::builder::legacy_rendering_type_is_0_for_sticker ... ok
[INFO] [stdout] test protocol::e2e::location::tests::builder::latitude_out_of_range ... ok
[INFO] [stdout] test protocol::e2e::location::tests::builder::minimal ... ok
[INFO] [stdout] test protocol::e2e::location::tests::builder::longitude_out_of_range ... ok
[INFO] [stdout] test protocol::e2e::location::tests::builder::accuracy_opt_none ... ok
[INFO] [stdout] test protocol::e2e::location::tests::builder::address_opt_none ... ok
[INFO] [stdout] test protocol::e2e::location::tests::builder::name_opt_none_with_no_address ... ok
[INFO] [stdout] test protocol::e2e::location::tests::builder::with_address ... ok
[INFO] [stdout] test protocol::e2e::location::tests::builder::with_name_and_address ... ok
[INFO] [stdout] test protocol::e2e::location::tests::builder::name_without_address_is_error ... ok
[INFO] [stdout] test protocol::e2e::location::tests::coordinates::infinite_latitude ... ok
[INFO] [stdout] test protocol::e2e::location::tests::coordinates::infinite_longitude ... ok
[INFO] [stdout] test protocol::e2e::location::tests::coordinates::latitude_out_of_range ... ok
[INFO] [stdout] test protocol::e2e::location::tests::coordinates::nan_latitude ... ok
[INFO] [stdout] test protocol::e2e::location::tests::coordinates::boundary_latitude ... ok
[INFO] [stdout] test protocol::e2e::location::tests::coordinates::boundary_longitude ... ok
[INFO] [stdout] test protocol::e2e::location::tests::coordinates::longitude_out_of_range ... ok
[INFO] [stdout] test protocol::e2e::location::tests::coordinates::nan_longitude ... ok
[INFO] [stdout] test protocol::e2e::location::tests::encode::address_with_embedded_newline_is_replaced ... ok
[INFO] [stdout] test protocol::e2e::location::tests::encode::negative_coordinates ... ok
[INFO] [stdout] test protocol::e2e::location::tests::encode::with_accuracy ... ok
[INFO] [stdout] test protocol::e2e::location::tests::encode::with_address ... ok
[INFO] [stdout] test protocol::e2e::location::tests::encode::with_name_and_address ... ok
[INFO] [stdout] test protocol::e2e::location::tests::encode::coordinates_only ... ok
[INFO] [stdout] test protocol::e2e::location::tests::encode::encode_returns_utf8_bytes ... ok
[INFO] [stdout] test protocol::e2e::location::tests::parse::coordinates_only ... ok
[INFO] [stdout] test protocol::e2e::location::tests::parse::missing_longitude ... ok
[INFO] [stdout] test protocol::e2e::location::tests::parse::nan_longitude ... ok
[INFO] [stdout] test protocol::e2e::location::tests::parse::negative_coordinates ... ok
[INFO] [stdout] test protocol::e2e::location::tests::parse::non_float_accuracy ... ok
[INFO] [stdout] test protocol::e2e::location::tests::parse::non_float_latitude ... ok
[INFO] [stdout] test protocol::e2e::location::tests::parse::invalid_latitude ... ok
[INFO] [stdout] test protocol::e2e::location::tests::parse::non_float_longitude ... ok
[INFO] [stdout] test protocol::e2e::location::tests::parse::with_accuracy ... ok
[INFO] [stdout] test protocol::e2e::location::tests::parse::with_address ... ok
[INFO] [stdout] test protocol::e2e::location::tests::parse::with_name_and_address ... ok
[INFO] [stdout] test protocol::e2e::location::tests::round_trip::coordinates_only ... ok
[INFO] [stdout] test protocol::e2e::edit_delete::tests::delete_message::decode_invalid_protobuf ... ok
[INFO] [stdout] test protocol::e2e::location::tests::round_trip::with_accuracy ... ok
[INFO] [stdout] test protocol::e2e::location::tests::round_trip::with_address ... ok
[INFO] [stdout] test protocol::e2e::location::tests::round_trip::with_name_and_address ... ok
[INFO] [stdout] test protocol::e2e::tests::decode::delete_message ... ok
[INFO] [stdout] test protocol::e2e::tests::decode::delivery_receipt_message ... ok
[INFO] [stdout] test protocol::e2e::tests::decode::edit_message ... ok
[INFO] [stdout] test protocol::e2e::location::tests::parse::too_many_lines ... ok
[INFO] [stdout] test protocol::e2e::tests::decode::file_message ... ok
[INFO] [stdout] test protocol::e2e::location::tests::parse::with_accuracy_and_address ... ok
[INFO] [stdout] test protocol::e2e::tests::decode::file_message_invalid_json ... ok
[INFO] [stdout] test protocol::e2e::location::tests::builder::with_accuracy ... ok
[INFO] [stdout] test protocol::e2e::location::tests::round_trip::full ... ok
[INFO] [stdout] test protocol::e2e::tests::decode::location_message ... ok
[INFO] [stdout] test protocol::e2e::tests::decode::location_message_invalid_content ... ok
[INFO] [stdout] test protocol::e2e::tests::decode::text_message ... ok
[INFO] [stdout] test protocol::e2e::tests::decode::text_message_unicode ... ok
[INFO] [stdout] test protocol::e2e::tests::decode::typing_indicator_message ... ok
[INFO] [stdout] test protocol::e2e::tests::decode_from_decrypted_bytes::empty_bytes ... ok
[INFO] [stdout] test protocol::e2e::tests::decode_from_decrypted_bytes::file_message ... ok
[INFO] [stdout] test protocol::e2e::tests::decode_from_decrypted_bytes::other_message ... ok
[INFO] [stdout] test protocol::e2e::tests::decode::file_message_invalid_utf8 ... ok
[INFO] [stdout] test protocol::e2e::tests::decode::text_message_invalid_utf8 ... ok
[INFO] [stdout] test protocol::e2e::location::tests::coordinates::valid ... ok
[INFO] [stdout] test protocol::e2e::tests::decode_from_decrypted_bytes::text_message ... ok
[INFO] [stdout] test protocol::e2e::tests::decode_from_decrypted_bytes::type_byte_only ... ok
[INFO] [stdout] test protocol::e2e::tests::e2e_message_type::message_type::case_1_text ... ok
[INFO] [stdout] test protocol::e2e::tests::e2e_message_type::message_type::case_3_location ... ok
[INFO] [stdout] test protocol::e2e::tests::e2e_message_type::message_type::case_4_delivery_receipt ... ok
[INFO] [stdout] test protocol::e2e::tests::e2e_message_type::message_type::case_5_typing_indicator ... ok
[INFO] [stdout] test protocol::e2e::tests::e2e_message_type::message_type::case_6_edit ... ok
[INFO] [stdout] test protocol::e2e::tests::e2e_message_type::message_type::case_7_delete ... ok
[INFO] [stdout] test protocol::e2e::tests::e2e_message_type::message_type::case_8_other ... ok
[INFO] [stdout] test protocol::e2e::tests::encode::delete_message ... ok
[INFO] [stdout] test protocol::e2e::tests::encode::edit_message ... ok
[INFO] [stdout] test protocol::e2e::tests::encode::delivery_receipt_message ... ok
[INFO] [stdout] test crypto::test::encrypt_file_data_random_key ... ok
[INFO] [stdout] test protocol::e2e::tests::decode::location_message_invalid_utf8 ... ok
[INFO] [stdout] test protocol::e2e::tests::decode::other_message ... ok
[INFO] [stdout] test protocol::e2e::tests::encode::other_with_known_type ... ok
[INFO] [stdout] test protocol::e2e::tests::e2e_message_type::message_type::case_2_file ... ok
[INFO] [stdout] test protocol::e2e::tests::encode::text_message ... ok
[INFO] [stdout] test protocol::e2e::tests::encode::location_message ... ok
[INFO] [stdout] test protocol::e2e::tests::encode::other_message ... ok
[INFO] [stdout] test protocol::e2e::tests::encode::text_message_unicode ... ok
[INFO] [stdout] test protocol::e2e::tests::encode::typing_indicator_message ... ok
[INFO] [stdout] test protocol::e2e::tests::from::delete_message ... ok
[INFO] [stdout] test protocol::e2e::tests::from::edit_message ... ok
[INFO] [stdout] test protocol::e2e::tests::from::delivery_receipt_message ... ok
[INFO] [stdout] test protocol::e2e::tests::message_type::from_u8::case_1_zero ... ok
[INFO] [stdout] test protocol::e2e::tests::message_type::from_u8::case_2_text ... ok
[INFO] [stdout] test protocol::e2e::tests::message_type::from_u8::case_3_image ... ok
[INFO] [stdout] test protocol::e2e::tests::message_type::from_u8::case_4_location ... ok
[INFO] [stdout] test protocol::e2e::tests::from::file_message ... ok
[INFO] [stdout] test protocol::e2e::tests::from::typing_indicator_message ... ok
[INFO] [stdout] test protocol::e2e::tests::message_type::from_u8::case_5_video ... ok
[INFO] [stdout] test protocol::e2e::tests::message_type::from_u8::case_6_file ... ok
[INFO] [stdout] test protocol::e2e::tests::from::location_message ... ok
[INFO] [stdout] test protocol::e2e::tests::from::string ... ok
[INFO] [stdout] test protocol::e2e::tests::message_type::from_u8::case_7_edit ... ok
[INFO] [stdout] test protocol::e2e::tests::message_type::from_u8::case_8_delete ... ok
[INFO] [stdout] test protocol::e2e::tests::message_type::round_trip ... ok
[INFO] [stdout] test protocol::e2e::tests::message_type::from_u8::case_9_other ... ok
[INFO] [stdout] test protocol::e2e::tests::message_type::to_u8::case_4_file ... ok
[INFO] [stdout] test protocol::e2e::tests::message_type::to_u8::case_5_location ... ok
[INFO] [stdout] test protocol::e2e::tests::message_type::to_u8::case_1_text ... ok
[INFO] [stdout] test protocol::e2e::tests::message_type::to_u8::case_7_delete ... ok
[INFO] [stdout] test protocol::e2e::tests::message_type::to_u8::case_8_other ... ok
[INFO] [stdout] test protocol::e2e::tests::message_type::to_u8::case_2_image ... ok
[INFO] [stdout] test protocol::e2e::typing_indicator::tests::typing_indicator::from_status_to_bool::case_1_typing ... ok
[INFO] [stdout] test protocol::e2e::typing_indicator::tests::typing_indicator::from_bool_to_status::case_1_typing ... ok
[INFO] [stdout] test protocol::e2e::typing_indicator::tests::typing_indicator::from_bool_to_status::case_2_not_typing ... ok
[INFO] [stdout] test protocol::e2e::typing_indicator::tests::typing_indicator::from_status_to_bool::case_2_not_typing ... ok
[INFO] [stdout] test protocol::e2e::tests::message_type::to_u8::case_3_video ... ok
[INFO] [stdout] test protocol::e2e::tests::message_type::to_u8::case_6_edit ... ok
[INFO] [stdout] test protocol::e2e::typing_indicator::tests::typing_indicator::to_u8 ... ok
[INFO] [stdout] test protocol::e2e::typing_indicator::tests::typing_indicator::try_from_u8 ... ok
[INFO] [stdout] test protocol::e2e::typing_indicator::tests::typing_indicator_message::decode_empty ... ok
[INFO] [stdout] test protocol::e2e::typing_indicator::tests::typing_indicator::is_typing::case_1_typing ... ok
[INFO] [stdout] test protocol::e2e::typing_indicator::tests::typing_indicator::is_typing::case_2_not_typing ... ok
[INFO] [stdout] test protocol::e2e::typing_indicator::tests::typing_indicator::round_trip ... ok
[INFO] [stdout] test protocol::e2e::typing_indicator::tests::typing_indicator_message::decode_stopped_typing ... ok
[INFO] [stdout] test protocol::e2e::typing_indicator::tests::typing_indicator_message::decode_invalid_value ... ok
[INFO] [stdout] test protocol::e2e::typing_indicator::tests::typing_indicator_message::decode_too_long ... ok
[INFO] [stdout] test protocol::e2e::typing_indicator::tests::typing_indicator_message::decode_typing ... ok
[INFO] [stdout] test protocol::e2e::typing_indicator::tests::typing_indicator_message::encode_stopped_typing ... ok
[INFO] [stdout] test protocol::e2e::typing_indicator::tests::typing_indicator_message::encode_typing ... ok
[INFO] [stdout] test protocol::e2e::typing_indicator::tests::typing_indicator_message::round_trip_stopped_typing ... ok
[INFO] [stdout] test protocol::e2e::typing_indicator::tests::typing_indicator_message::round_trip_typing ... ok
[INFO] [stdout] test protocol::message_id::tests::display ... ok
[INFO] [stdout] test protocol::message_id::tests::from_hex_le_empty ... ok
[INFO] [stdout] test protocol::message_id::tests::from_hex_le_lowercase ... ok
[INFO] [stdout] test protocol::e2e::typing_indicator::tests::typing_indicator_message::new_stopped_typing ... ok
[INFO] [stdout] test protocol::message_id::tests::from_hex_le_mixed_case ... ok
[INFO] [stdout] test protocol::message_id::tests::from_hex_le_too_short ... ok
[INFO] [stdout] test protocol::message_id::tests::from_hex_le_invalid_chars ... ok
[INFO] [stdout] test protocol::message_id::tests::from_hex_le_too_long ... ok
[INFO] [stdout] test protocol::message_id::tests::from_u64 ... ok
[INFO] [stdout] test protocol::message_id::tests::message_ids::as_ref ... ok
[INFO] [stdout] test protocol::message_id::tests::message_ids::from_slice::empty_returns_error ... ok
[INFO] [stdout] test protocol::message_id::tests::message_ids::from_slice::multiple_elements ... ok
[INFO] [stdout] test protocol::message_id::tests::message_ids::from_slice::single_element ... ok
[INFO] [stdout] test protocol::message_id::tests::message_ids::into_iter_borrowed ... ok
[INFO] [stdout] test protocol::message_id::tests::message_ids::into_iter_owned ... ok
[INFO] [stdout] test protocol::message_id::tests::message_ids::into_vec ... ok
[INFO] [stdout] test protocol::message_id::tests::message_ids::new::single_element ... ok
[INFO] [stdout] test protocol::message_id::tests::round_trip_hex ... ok
[INFO] [stdout] test protocol::message_id::tests::round_trip_u64 ... ok
[INFO] [stdout] test protocol::message_id::tests::serde_serialize_deserialize ... ok
[INFO] [stdout] test protocol::test::blob_id::from_str ... ok
[INFO] [stdout] test protocol::test::blob_id::serde_serialize_deserialize ... ok
[INFO] [stdout] test protocol::threema_id::tests::as_bytes ... ok
[INFO] [stdout] test protocol::message_id::tests::to_hex_le_max ... ok
[INFO] [stdout] test protocol::threema_id::tests::deserialize::from_borrowed_str ... ok
[INFO] [stdout] test protocol::threema_id::tests::deserialize::from_non_string_fails ... ok
[INFO] [stdout] test protocol::threema_id::tests::debug ... ok
[INFO] [stdout] test protocol::message_id::tests::to_hex_le ... ok
[INFO] [stdout] test protocol::threema_id::tests::deserialize::from_owned_string ... ok
[INFO] [stdout] test protocol::threema_id::tests::display ... ok
[INFO] [stdout] test protocol::threema_id::tests::invalid_length::case_1_empty ... ok
[INFO] [stdout] test protocol::threema_id::tests::from_str ... ok
[INFO] [stdout] test protocol::threema_id::tests::into_string ... ok
[INFO] [stdout] test protocol::threema_id::tests::invalid_length::case_2_too_short ... ok
[INFO] [stdout] test protocol::threema_id::tests::invalid_length::case_3_too_long ... ok
[INFO] [stdout] test protocol::threema_id::tests::invalid_symbols_from_bytes::case_1_null_bytes ... ok
[INFO] [stdout] test protocol::threema_id::tests::invalid_symbols_from_bytes::case_2_all_zeroes ... ok
[INFO] [stdout] test protocol::threema_id::tests::invalid_symbols_from_str::case_2_all_stars ... ok
[INFO] [stdout] test protocol::threema_id::tests::is_gateway_id::case_1_gateway ... ok
[INFO] [stdout] test protocol::threema_id::tests::is_gateway_id::case_2_alphanumeric ... ok
[INFO] [stdout] test protocol::threema_id::tests::valid_from_bytes::case_1_alphanumeric ... ok
[INFO] [stdout] test protocol::threema_id::tests::invalid_length::case_4_non_ascii ... ok
[INFO] [stdout] test protocol::threema_id::tests::invalid_symbols_from_str::case_1_underscores ... ok
[INFO] [stdout] test protocol::threema_id::tests::valid_from_bytes::case_2_gateway ... ok
[INFO] [stdout] test protocol::threema_id::tests::valid_from_str::case_1_alphanumeric ... ok
[INFO] [stdout] test protocol::threema_id::tests::valid_from_str::case_2_gateway ... ok
[INFO] [stdout] test protocol::message_id::tests::to_hex_le_zero ... ok
[INFO] [stdout] test protocol::message_id::tests::from_str ... ok
[INFO] [stdout] test protocol::e2e::typing_indicator::tests::typing_indicator_message::new_typing ... ok
[INFO] [stdout] test receive::tests::incoming_message_deserialize::invalid_mac ... ok
[INFO] [stdout] test receive::tests::incoming_message_deserialize::success ... ok
[INFO] [stdout] test crypto::test::encrypt_raw_roundtrip ... ok
[INFO] [stdout] test tests::it_works ... ok
[INFO] [stdout] test receive::tests::decrypt_box::decrypt_bad_nonce ... ok
[INFO] [stdout] test crypto::test::encrypt_output_structure ... ok
[INFO] [stdout] test receive::tests::decrypt_box::decrypt ... ok
[INFO] [stdout] test receive::tests::decrypt_box::decrypt_bad_padding ... ok
[INFO] [stdout] test crypto::test::encrypt_image_msg ... ok
[INFO] [stdout] test connection::tests::simple_max_length_too_long ... ok
[INFO] [stdout] test connection::tests::simple_max_length_ok ... ok
[INFO] [stdout] test api::tests::public_key::correct_public_key::case_1 ... ok
[INFO] [stdout] test api::tests::public_key::correct_public_key::case_2 ... ok
[INFO] [stdout] test protocol::e2e::tests::encode::file_message ... FAILED
[INFO] [stdout] test protocol::e2e::file::test::serialize_to_string_minimal ... FAILED
[INFO] [stdout] test protocol::e2e::file::test::serialize_to_string_full ... FAILED
[INFO] [stdout] 
[INFO] [stdout] failures:
[INFO] [stdout] 
[INFO] [stdout] ---- protocol::e2e::tests::encode::file_message stdout ----
[INFO] [stdout] ━━━━━━━━━━━━━━━━━━━━━━━━━━━━━━━ Snapshot Summary ━━━━━━━━━━━━━━━━━━━━━━━━━━━━━━━
[INFO] [stdout] Snapshot file: src/protocol/e2e/snapshots/threema_gateway__protocol__e2e__tests__encode__file_message.snap
[INFO] [stdout] Snapshot: file_message
[INFO] [stdout] Source: src/protocol/e2e/mod.rs:360
[INFO] [stdout] ────────────────────────────────────────────────────────────────────────────────
[INFO] [stdout] Expression: json_value
[INFO] [stdout] ────────────────────────────────────────────────────────────────────────────────
[INFO] [stdout] +new results
[INFO] [stdout] ────────────┬───────────────────────────────────────────────────────────────────
[INFO] [stdout]           1 │+{
[INFO] [stdout]           2 │+  "b": "0123456789abcdef0123456789abcdef",
[INFO] [stdout]           3 │+  "i": 0,
[INFO] [stdout]           4 │+  "j": 0,
[INFO] [stdout]           5 │+  "k": "0102030401020304010203040102030401020304010203040102030401020304",
[INFO] [stdout]           6 │+  "m": "application/pdf",
[INFO] [stdout]           7 │+  "n": "test.pdf",
[INFO] [stdout]           8 │+  "s": 1024
[INFO] [stdout]           9 │+}
[INFO] [stdout] ────────────┴───────────────────────────────────────────────────────────────────
[INFO] [stdout] 
[INFO] [stdout] thread 'protocol::e2e::tests::encode::file_message' (3801) panicked at src/protocol/e2e/mod.rs:360:13:
[INFO] [stdout] called `Result::unwrap()` on an `Err` value: Os { code: 30, kind: ReadOnlyFilesystem, message: "Read-only file system" }
[INFO] [stdout] stack backtrace:
[INFO] [stdout]    0:     0x58b53df132c1 - std[70759c8f55707aa4]::backtrace_rs::backtrace::libunwind::trace
[INFO] [stdout]                                at /rustc/dfb0accb7f508ae8be965d8629557221c889dd98/library/std/src/../../backtrace/src/backtrace/libunwind.rs:117:9
[INFO] [stdout]    1:     0x58b53df132c1 - std[70759c8f55707aa4]::backtrace_rs::backtrace::trace_unsynchronized::<std[70759c8f55707aa4]::sys::backtrace::_print_fmt::{closure#1}>
[INFO] [stdout]                                at /rustc/dfb0accb7f508ae8be965d8629557221c889dd98/library/std/src/../../backtrace/src/backtrace/mod.rs:66:14
[INFO] [stdout]    2:     0x58b53df132c1 - std[70759c8f55707aa4]::sys::backtrace::_print_fmt
[INFO] [stdout]                                at /rustc/dfb0accb7f508ae8be965d8629557221c889dd98/library/std/src/sys/backtrace.rs:74:9
[INFO] [stdout]    3:     0x58b53df132c1 - <<std[70759c8f55707aa4]::sys::backtrace::BacktraceLock>::print::DisplayBacktrace as core[df12db4294e9bfd3]::fmt::Display>::fmt
[INFO] [stdout]                                at /rustc/dfb0accb7f508ae8be965d8629557221c889dd98/library/std/src/sys/backtrace.rs:44:26
[INFO] [stdout]    4:     0x58b53df2cb0a - <core[df12db4294e9bfd3]::fmt::rt::Argument>::fmt
[INFO] [stdout]                                at /rustc/dfb0accb7f508ae8be965d8629557221c889dd98/library/core/src/fmt/rt.rs:152:76
[INFO] [stdout]    5:     0x58b53df2cb0a - core[df12db4294e9bfd3]::fmt::write
[INFO] [stdout]    6:     0x58b53df1853c - core[df12db4294e9bfd3]::io::write::default_write_fmt::<alloc[2182bb758b4b3781]::vec::Vec<u8>>
[INFO] [stdout]                                at /rustc/dfb0accb7f508ae8be965d8629557221c889dd98/library/core/src/io/write.rs:402:11
[INFO] [stdout]    7:     0x58b53df1853c - <alloc[2182bb758b4b3781]::vec::Vec<u8> as core[df12db4294e9bfd3]::io::write::Write>::write_fmt
[INFO] [stdout]                                at /rustc/dfb0accb7f508ae8be965d8629557221c889dd98/library/core/src/io/write.rs:335:13
[INFO] [stdout]    8:     0x58b53deeae46 - <std[70759c8f55707aa4]::sys::backtrace::BacktraceLock>::print
[INFO] [stdout]                                at /rustc/dfb0accb7f508ae8be965d8629557221c889dd98/library/std/src/sys/backtrace.rs:47:9
[INFO] [stdout]    9:     0x58b53deeae46 - std[70759c8f55707aa4]::panicking::default_hook::{closure#0}
[INFO] [stdout]                                at /rustc/dfb0accb7f508ae8be965d8629557221c889dd98/library/std/src/panicking.rs:292:27
[INFO] [stdout]   10:     0x58b53df09869 - std[70759c8f55707aa4]::panicking::default_hook
[INFO] [stdout]                                at /rustc/dfb0accb7f508ae8be965d8629557221c889dd98/library/std/src/panicking.rs:316:9
[INFO] [stdout]   11:     0x58b53d606a60 - <alloc[2182bb758b4b3781]::boxed::Box<dyn for<'a, 'b> core[df12db4294e9bfd3]::ops::function::Fn<(&'a std[70759c8f55707aa4]::panic::PanicHookInfo<'b>,), Output = ()> + core[df12db4294e9bfd3]::marker::Send + core[df12db4294e9bfd3]::marker::Sync> as core[df12db4294e9bfd3]::ops::function::Fn<(&std[70759c8f55707aa4]::panic::PanicHookInfo,)>>::call
[INFO] [stdout]                                at /rustc/dfb0accb7f508ae8be965d8629557221c889dd98/library/alloc/src/boxed.rs:2334:9
[INFO] [stdout]   12:     0x58b53d606a60 - test[9d35eded1c95d3be]::test_main_inner::<test[9d35eded1c95d3be]::test_main_static::{closure#0}>::{closure#0}
[INFO] [stdout]                                at /rustc/dfb0accb7f508ae8be965d8629557221c889dd98/library/test/src/lib.rs:155:21
[INFO] [stdout]   13:     0x58b53df09b92 - <alloc[2182bb758b4b3781]::boxed::Box<dyn for<'a, 'b> core[df12db4294e9bfd3]::ops::function::Fn<(&'a std[70759c8f55707aa4]::panic::PanicHookInfo<'b>,), Output = ()> + core[df12db4294e9bfd3]::marker::Send + core[df12db4294e9bfd3]::marker::Sync> as core[df12db4294e9bfd3]::ops::function::Fn<(&std[70759c8f55707aa4]::panic::PanicHookInfo,)>>::call
[INFO] [stdout]                                at /rustc/dfb0accb7f508ae8be965d8629557221c889dd98/library/alloc/src/boxed.rs:2334:9
[INFO] [stdout]   14:     0x58b53df09b92 - std[70759c8f55707aa4]::panicking::panic_with_hook
[INFO] [stdout]                                at /rustc/dfb0accb7f508ae8be965d8629557221c889dd98/library/std/src/panicking.rs:823:13
[INFO] [stdout]   15:     0x58b53deeaef2 - std[70759c8f55707aa4]::panicking::panic_handler::{closure#0}
[INFO] [stdout]                                at /rustc/dfb0accb7f508ae8be965d8629557221c889dd98/library/std/src/panicking.rs:688:13
[INFO] [stdout]   16:     0x58b53dee36b9 - std[70759c8f55707aa4]::sys::backtrace::__rust_end_short_backtrace::<std[70759c8f55707aa4]::panicking::panic_handler::{closure#0}, !>
[INFO] [stdout]                                at /rustc/dfb0accb7f508ae8be965d8629557221c889dd98/library/std/src/sys/backtrace.rs:182:18
[INFO] [stdout]   17:     0x58b53deebd7d - __rustc[8fa7c3cbc660c2b3]::rust_begin_unwind
[INFO] [stdout]                                at /rustc/dfb0accb7f508ae8be965d8629557221c889dd98/library/std/src/panicking.rs:679:5
[INFO] [stdout]   18:     0x58b53df2d32c - core[df12db4294e9bfd3]::panicking::panic_fmt
[INFO] [stdout]                                at /rustc/dfb0accb7f508ae8be965d8629557221c889dd98/library/core/src/panicking.rs:80:14
[INFO] [stdout]   19:     0x58b53df2d082 - core[df12db4294e9bfd3]::result::unwrap_failed
[INFO] [stdout]                                at /rustc/dfb0accb7f508ae8be965d8629557221c889dd98/library/core/src/result.rs:1871:5
[INFO] [stdout]   20:     0x58b53d456716 - <core[df12db4294e9bfd3]::result::Result<(), alloc[2182bb758b4b3781]::boxed::Box<dyn core[df12db4294e9bfd3]::error::Error>>>::unwrap
[INFO] [stdout]                                at /rustc/dfb0accb7f508ae8be965d8629557221c889dd98/library/core/src/result.rs:1232:23
[INFO] [stdout]   21:     0x58b53d456716 - threema_gateway[cedd60a4922febd9]::protocol::e2e::tests::encode::file_message
[INFO] [stdout]                                at /opt/rustwide/workdir/src/protocol/e2e/mod.rs:360:13
[INFO] [stdout]   22:     0x58b53d450e07 - threema_gateway[cedd60a4922febd9]::protocol::e2e::tests::encode::file_message::{closure#0}
[INFO] [stdout]                                at /opt/rustwide/workdir/src/protocol/e2e/mod.rs:353:26
[INFO] [stdout]   23:     0x58b53d46fa16 - <threema_gateway[cedd60a4922febd9]::protocol::e2e::tests::encode::file_message::{closure#0} as core[df12db4294e9bfd3]::ops::function::FnOnce<()>>::call_once
[INFO] [stdout]                                at /rustc/dfb0accb7f508ae8be965d8629557221c889dd98/library/core/src/ops/function.rs:250:5
[INFO] [stdout]   24:     0x58b53d5f9d4b - <fn() -> core[df12db4294e9bfd3]::result::Result<(), alloc[2182bb758b4b3781]::string::String> as core[df12db4294e9bfd3]::ops::function::FnOnce<()>>::call_once
[INFO] [stdout]                                at /rustc/dfb0accb7f508ae8be965d8629557221c889dd98/library/core/src/ops/function.rs:250:5
[INFO] [stdout]   25:     0x58b53d5f9d4b - test[9d35eded1c95d3be]::__rust_begin_short_backtrace::<core[df12db4294e9bfd3]::result::Result<(), alloc[2182bb758b4b3781]::string::String>, fn() -> core[df12db4294e9bfd3]::result::Result<(), alloc[2182bb758b4b3781]::string::String>>
[INFO] [stdout]                                at /rustc/dfb0accb7f508ae8be965d8629557221c889dd98/library/test/src/lib.rs:733:18
[INFO] [stdout]   26:     0x58b53d6073b5 - test[9d35eded1c95d3be]::run_test_in_process::{closure#0}
[INFO] [stdout]                                at /rustc/dfb0accb7f508ae8be965d8629557221c889dd98/library/test/src/lib.rs:756:74
[INFO] [stdout]   27:     0x58b53d6073b5 - <core[df12db4294e9bfd3]::panic::unwind_safe::AssertUnwindSafe<test[9d35eded1c95d3be]::run_test_in_process::{closure#0}> as core[df12db4294e9bfd3]::ops::function::FnOnce<()>>::call_once
[INFO] [stdout]                                at /rustc/dfb0accb7f508ae8be965d8629557221c889dd98/library/core/src/panic/unwind_safe.rs:275:9
[INFO] [stdout]   28:     0x58b53d6073b5 - std[70759c8f55707aa4]::panicking::catch_unwind::do_call::<core[df12db4294e9bfd3]::panic::unwind_safe::AssertUnwindSafe<test[9d35eded1c95d3be]::run_test_in_process::{closure#0}>, core[df12db4294e9bfd3]::result::Result<(), alloc[2182bb758b4b3781]::string::String>>
[INFO] [stdout]                                at /rustc/dfb0accb7f508ae8be965d8629557221c889dd98/library/std/src/panicking.rs:576:43
[INFO] [stdout]   29:     0x58b53d6073b5 - std[70759c8f55707aa4]::panicking::catch_unwind::<core[df12db4294e9bfd3]::result::Result<(), alloc[2182bb758b4b3781]::string::String>, core[df12db4294e9bfd3]::panic::unwind_safe::AssertUnwindSafe<test[9d35eded1c95d3be]::run_test_in_process::{closure#0}>>
[INFO] [stdout]                                at /rustc/dfb0accb7f508ae8be965d8629557221c889dd98/library/std/src/panicking.rs:544:19
[INFO] [stdout]   30:     0x58b53d6073b5 - std[70759c8f55707aa4]::panic::catch_unwind::<core[df12db4294e9bfd3]::panic::unwind_safe::AssertUnwindSafe<test[9d35eded1c95d3be]::run_test_in_process::{closure#0}>, core[df12db4294e9bfd3]::result::Result<(), alloc[2182bb758b4b3781]::string::String>>
[INFO] [stdout]                                at /rustc/dfb0accb7f508ae8be965d8629557221c889dd98/library/std/src/panic.rs:359:14
[INFO] [stdout]   31:     0x58b53d6073b5 - test[9d35eded1c95d3be]::run_test_in_process
[INFO] [stdout]                                at /rustc/dfb0accb7f508ae8be965d8629557221c889dd98/library/test/src/lib.rs:756:27
[INFO] [stdout]   32:     0x58b53d6073b5 - test[9d35eded1c95d3be]::run_test::{closure#0}
[INFO] [stdout]                                at /rustc/dfb0accb7f508ae8be965d8629557221c889dd98/library/test/src/lib.rs:677:43
[INFO] [stdout]   33:     0x58b53d600c74 - test[9d35eded1c95d3be]::run_test::{closure#1}
[INFO] [stdout]                                at /rustc/dfb0accb7f508ae8be965d8629557221c889dd98/library/test/src/lib.rs:707:41
[INFO] [stdout]   34:     0x58b53d600c74 - std[70759c8f55707aa4]::sys::backtrace::__rust_begin_short_backtrace::<test[9d35eded1c95d3be]::run_test::{closure#1}, ()>
[INFO] [stdout]                                at /rustc/dfb0accb7f508ae8be965d8629557221c889dd98/library/std/src/sys/backtrace.rs:166:18
[INFO] [stdout]   35:     0x58b53d60a512 - std[70759c8f55707aa4]::thread::lifecycle::spawn_unchecked::<test[9d35eded1c95d3be]::run_test::{closure#1}, ()>::{closure#1}::{closure#0}
[INFO] [stdout]                                at /rustc/dfb0accb7f508ae8be965d8629557221c889dd98/library/std/src/thread/lifecycle.rs:70:13
[INFO] [stdout]   36:     0x58b53d60a512 - <core[df12db4294e9bfd3]::panic::unwind_safe::AssertUnwindSafe<std[70759c8f55707aa4]::thread::lifecycle::spawn_unchecked<test[9d35eded1c95d3be]::run_test::{closure#1}, ()>::{closure#1}::{closure#0}> as core[df12db4294e9bfd3]::ops::function::FnOnce<()>>::call_once
[INFO] [stdout]                                at /rustc/dfb0accb7f508ae8be965d8629557221c889dd98/library/core/src/panic/unwind_safe.rs:275:9
[INFO] [stdout]   37:     0x58b53d60a512 - std[70759c8f55707aa4]::panicking::catch_unwind::do_call::<core[df12db4294e9bfd3]::panic::unwind_safe::AssertUnwindSafe<std[70759c8f55707aa4]::thread::lifecycle::spawn_unchecked<test[9d35eded1c95d3be]::run_test::{closure#1}, ()>::{closure#1}::{closure#0}>, ()>
[INFO] [stdout]                                at /rustc/dfb0accb7f508ae8be965d8629557221c889dd98/library/std/src/panicking.rs:576:43
[INFO] [stdout]   38:     0x58b53d60a512 - std[70759c8f55707aa4]::panicking::catch_unwind::<(), core[df12db4294e9bfd3]::panic::unwind_safe::AssertUnwindSafe<std[70759c8f55707aa4]::thread::lifecycle::spawn_unchecked<test[9d35eded1c95d3be]::run_test::{closure#1}, ()>::{closure#1}::{closure#0}>>
[INFO] [stdout]                                at /rustc/dfb0accb7f508ae8be965d8629557221c889dd98/library/std/src/panicking.rs:544:19
[INFO] [stdout]   39:     0x58b53d60a512 - std[70759c8f55707aa4]::panic::catch_unwind::<core[df12db4294e9bfd3]::panic::unwind_safe::AssertUnwindSafe<std[70759c8f55707aa4]::thread::lifecycle::spawn_unchecked<test[9d35eded1c95d3be]::run_test::{closure#1}, ()>::{closure#1}::{closure#0}>, ()>
[INFO] [stdout]                                at /rustc/dfb0accb7f508ae8be965d8629557221c889dd98/library/std/src/panic.rs:359:14
[INFO] [stdout]   40:     0x58b53d60a512 - std[70759c8f55707aa4]::thread::lifecycle::spawn_unchecked::<test[9d35eded1c95d3be]::run_test::{closure#1}, ()>::{closure#1}
[INFO] [stdout]                                at /rustc/dfb0accb7f508ae8be965d8629557221c889dd98/library/std/src/thread/lifecycle.rs:68:26
[INFO] [stdout]   41:     0x58b53d60a512 - <std[70759c8f55707aa4]::thread::lifecycle::spawn_unchecked<test[9d35eded1c95d3be]::run_test::{closure#1}, ()>::{closure#1} as core[df12db4294e9bfd3]::ops::function::FnOnce<()>>::call_once::{shim:vtable#0}
[INFO] [stdout]                                at /rustc/dfb0accb7f508ae8be965d8629557221c889dd98/library/core/src/ops/function.rs:250:5
[INFO] [stdout]   42:     0x58b53df11f69 - <alloc[2182bb758b4b3781]::boxed::Box<dyn core[df12db4294e9bfd3]::ops::function::FnOnce<(), Output = ()> + core[df12db4294e9bfd3]::marker::Send> as core[df12db4294e9bfd3]::ops::function::FnOnce<()>>::call_once
[INFO] [stdout]                                at /rustc/dfb0accb7f508ae8be965d8629557221c889dd98/library/alloc/src/boxed.rs:2320:9
[INFO] [stdout]   43:     0x58b53df11f69 - <std[70759c8f55707aa4]::sys::thread::unix::Thread>::new::thread_start
[INFO] [stdout]                                at /rustc/dfb0accb7f508ae8be965d8629557221c889dd98/library/std/src/sys/thread/unix.rs:123:17
[INFO] [stdout]   44:     0x74f6de031dfa - <unknown>
[INFO] [stdout]   45:     0x74f6de0c53d4 - clone
[INFO] [stdout]   46:                0x0 - <unknown>
[INFO] [stdout] 
[INFO] [stdout] ---- protocol::e2e::file::test::serialize_to_string_minimal stdout ----
[INFO] [stdout] ━━━━━━━━━━━━━━━━━━━━━━━━━━━━━━━ Snapshot Summary ━━━━━━━━━━━━━━━━━━━━━━━━━━━━━━━
[INFO] [stdout] Snapshot file: src/protocol/e2e/snapshots/threema_gateway__protocol__e2e__file__test__serialize_to_string_minimal.snap
[INFO] [stdout] Snapshot: serialize_to_string_minimal
[INFO] [stdout] Source: src/protocol/e2e/file.rs:395
[INFO] [stdout] ────────────────────────────────────────────────────────────────────────────────
[INFO] [stdout] Expression: msg
[INFO] [stdout] ────────────────────────────────────────────────────────────────────────────────
[INFO] [stdout] +new results
[INFO] [stdout] ────────────┬───────────────────────────────────────────────────────────────────
[INFO] [stdout]           1 │+{
[INFO] [stdout]           2 │+  "b": "0123456789abcdef0123456789abcdef",
[INFO] [stdout]           3 │+  "m": "application/pdf",
[INFO] [stdout]           4 │+  "k": "0102030401020304010203040102030401020304010203040102030401020304",
[INFO] [stdout]           5 │+  "s": 2048,
[INFO] [stdout]           6 │+  "j": 0,
[INFO] [stdout]           7 │+  "i": 0
[INFO] [stdout]           8 │+}
[INFO] [stdout] ────────────┴───────────────────────────────────────────────────────────────────
[INFO] [stdout] 
[INFO] [stdout] thread 'protocol::e2e::file::test::serialize_to_string_minimal' (3725) panicked at src/protocol/e2e/file.rs:395:9:
[INFO] [stdout] called `Result::unwrap()` on an `Err` value: Os { code: 30, kind: ReadOnlyFilesystem, message: "Read-only file system" }
[INFO] [stdout] stack backtrace:
[INFO] [stdout]    0:     0x58b53df132c1 - std[70759c8f55707aa4]::backtrace_rs::backtrace::libunwind::trace
[INFO] [stdout]                                at /rustc/dfb0accb7f508ae8be965d8629557221c889dd98/library/std/src/../../backtrace/src/backtrace/libunwind.rs:117:9
[INFO] [stdout]    1:     0x58b53df132c1 - std[70759c8f55707aa4]::backtrace_rs::backtrace::trace_unsynchronized::<std[70759c8f55707aa4]::sys::backtrace::_print_fmt::{closure#1}>
[INFO] [stdout]                                at /rustc/dfb0accb7f508ae8be965d8629557221c889dd98/library/std/src/../../backtrace/src/backtrace/mod.rs:66:14
[INFO] [stdout]    2:     0x58b53df132c1 - std[70759c8f55707aa4]::sys::backtrace::_print_fmt
[INFO] [stdout]                                at /rustc/dfb0accb7f508ae8be965d8629557221c889dd98/library/std/src/sys/backtrace.rs:74:9
[INFO] [stdout]    3:     0x58b53df132c1 - <<std[70759c8f55707aa4]::sys::backtrace::BacktraceLock>::print::DisplayBacktrace as core[df12db4294e9bfd3]::fmt::Display>::fmt
[INFO] [stdout]                                at /rustc/dfb0accb7f508ae8be965d8629557221c889dd98/library/std/src/sys/backtrace.rs:44:26
[INFO] [stdout]    4:     0x58b53df2cb0a - <core[df12db4294e9bfd3]::fmt::rt::Argument>::fmt
[INFO] [stdout]                                at /rustc/dfb0accb7f508ae8be965d8629557221c889dd98/library/core/src/fmt/rt.rs:152:76
[INFO] [stdout]    5:     0x58b53df2cb0a - core[df12db4294e9bfd3]::fmt::write
[INFO] [stdout]    6:     0x58b53df1853c - core[df12db4294e9bfd3]::io::write::default_write_fmt::<alloc[2182bb758b4b3781]::vec::Vec<u8>>
[INFO] [stdout]                                at /rustc/dfb0accb7f508ae8be965d8629557221c889dd98/library/core/src/io/write.rs:402:11
[INFO] [stdout]    7:     0x58b53df1853c - <alloc[2182bb758b4b3781]::vec::Vec<u8> as core[df12db4294e9bfd3]::io::write::Write>::write_fmt
[INFO] [stdout]                                at /rustc/dfb0accb7f508ae8be965d8629557221c889dd98/library/core/src/io/write.rs:335:13
[INFO] [stdout]    8:     0x58b53deeae46 - <std[70759c8f55707aa4]::sys::backtrace::BacktraceLock>::print
[INFO] [stdout]                                at /rustc/dfb0accb7f508ae8be965d8629557221c889dd98/library/std/src/sys/backtrace.rs:47:9
[INFO] [stdout]    9:     0x58b53deeae46 - std[70759c8f55707aa4]::panicking::default_hook::{closure#0}
[INFO] [stdout]                                at /rustc/dfb0accb7f508ae8be965d8629557221c889dd98/library/std/src/panicking.rs:292:27
[INFO] [stdout]   10:     0x58b53df09869 - std[70759c8f55707aa4]::panicking::default_hook
[INFO] [stdout]                                at /rustc/dfb0accb7f508ae8be965d8629557221c889dd98/library/std/src/panicking.rs:316:9
[INFO] [stdout]   11:     0x58b53d606a60 - <alloc[2182bb758b4b3781]::boxed::Box<dyn for<'a, 'b> core[df12db4294e9bfd3]::ops::function::Fn<(&'a std[70759c8f55707aa4]::panic::PanicHookInfo<'b>,), Output = ()> + core[df12db4294e9bfd3]::marker::Send + core[df12db4294e9bfd3]::marker::Sync> as core[df12db4294e9bfd3]::ops::function::Fn<(&std[70759c8f55707aa4]::panic::PanicHookInfo,)>>::call
[INFO] [stdout]                                at /rustc/dfb0accb7f508ae8be965d8629557221c889dd98/library/alloc/src/boxed.rs:2334:9
[INFO] [stdout]   12:     0x58b53d606a60 - test[9d35eded1c95d3be]::test_main_inner::<test[9d35eded1c95d3be]::test_main_static::{closure#0}>::{closure#0}
[INFO] [stdout]                                at /rustc/dfb0accb7f508ae8be965d8629557221c889dd98/library/test/src/lib.rs:155:21
[INFO] [stdout]   13:     0x58b53df09b92 - <alloc[2182bb758b4b3781]::boxed::Box<dyn for<'a, 'b> core[df12db4294e9bfd3]::ops::function::Fn<(&'a std[70759c8f55707aa4]::panic::PanicHookInfo<'b>,), Output = ()> + core[df12db4294e9bfd3]::marker::Send + core[df12db4294e9bfd3]::marker::Sync> as core[df12db4294e9bfd3]::ops::function::Fn<(&std[70759c8f55707aa4]::panic::PanicHookInfo,)>>::call
[INFO] [stdout]                                at /rustc/dfb0accb7f508ae8be965d8629557221c889dd98/library/alloc/src/boxed.rs:2334:9
[INFO] [stdout]   14:     0x58b53df09b92 - std[70759c8f55707aa4]::panicking::panic_with_hook
[INFO] [stdout]                                at /rustc/dfb0accb7f508ae8be965d8629557221c889dd98/library/std/src/panicking.rs:823:13
[INFO] [stdout]   15:     0x58b53deeaef2 - std[70759c8f55707aa4]::panicking::panic_handler::{closure#0}
[INFO] [stdout]                                at /rustc/dfb0accb7f508ae8be965d8629557221c889dd98/library/std/src/panicking.rs:688:13
[INFO] [stdout]   16:     0x58b53dee36b9 - std[70759c8f55707aa4]::sys::backtrace::__rust_end_short_backtrace::<std[70759c8f55707aa4]::panicking::panic_handler::{closure#0}, !>
[INFO] [stdout]                                at /rustc/dfb0accb7f508ae8be965d8629557221c889dd98/library/std/src/sys/backtrace.rs:182:18
[INFO] [stdout]   17:     0x58b53deebd7d - __rustc[8fa7c3cbc660c2b3]::rust_begin_unwind
[INFO] [stdout]                                at /rustc/dfb0accb7f508ae8be965d8629557221c889dd98/library/std/src/panicking.rs:679:5
[INFO] [stdout]   18:     0x58b53df2d32c - core[df12db4294e9bfd3]::panicking::panic_fmt
[INFO] [stdout]                                at /rustc/dfb0accb7f508ae8be965d8629557221c889dd98/library/core/src/panicking.rs:80:14
[INFO] [stdout]   19:     0x58b53df2d082 - core[df12db4294e9bfd3]::result::unwrap_failed
[INFO] [stdout]                                at /rustc/dfb0accb7f508ae8be965d8629557221c889dd98/library/core/src/result.rs:1871:5
[INFO] [stdout]   20:     0x58b53d49af68 - <core[df12db4294e9bfd3]::result::Result<(), alloc[2182bb758b4b3781]::boxed::Box<dyn core[df12db4294e9bfd3]::error::Error>>>::unwrap
[INFO] [stdout]                                at /rustc/dfb0accb7f508ae8be965d8629557221c889dd98/library/core/src/result.rs:1232:23
[INFO] [stdout]   21:     0x58b53d49af68 - threema_gateway[cedd60a4922febd9]::protocol::e2e::file::test::serialize_to_string_minimal
[INFO] [stdout]                                at /opt/rustwide/workdir/src/protocol/e2e/file.rs:395:9
[INFO] [stdout]   22:     0x58b53d4966b7 - threema_gateway[cedd60a4922febd9]::protocol::e2e::file::test::serialize_to_string_minimal::{closure#0}
[INFO] [stdout]                                at /opt/rustwide/workdir/src/protocol/e2e/file.rs:377:37
[INFO] [stdout]   23:     0x58b53d46f676 - <threema_gateway[cedd60a4922febd9]::protocol::e2e::file::test::serialize_to_string_minimal::{closure#0} as core[df12db4294e9bfd3]::ops::function::FnOnce<()>>::call_once
[INFO] [stdout]                                at /rustc/dfb0accb7f508ae8be965d8629557221c889dd98/library/core/src/ops/function.rs:250:5
[INFO] [stdout]   24:     0x58b53d5f9d4b - <fn() -> core[df12db4294e9bfd3]::result::Result<(), alloc[2182bb758b4b3781]::string::String> as core[df12db4294e9bfd3]::ops::function::FnOnce<()>>::call_once
[INFO] [stdout]                                at /rustc/dfb0accb7f508ae8be965d8629557221c889dd98/library/core/src/ops/function.rs:250:5
[INFO] [stdout]   25:     0x58b53d5f9d4b - test[9d35eded1c95d3be]::__rust_begin_short_backtrace::<core[df12db4294e9bfd3]::result::Result<(), alloc[2182bb758b4b3781]::string::String>, fn() -> core[df12db4294e9bfd3]::result::Result<(), alloc[2182bb758b4b3781]::string::String>>
[INFO] [stdout]                                at /rustc/dfb0accb7f508ae8be965d8629557221c889dd98/library/test/src/lib.rs:733:18
[INFO] [stdout]   26:     0x58b53d6073b5 - test[9d35eded1c95d3be]::run_test_in_process::{closure#0}
[INFO] [stdout]                                at /rustc/dfb0accb7f508ae8be965d8629557221c889dd98/library/test/src/lib.rs:756:74
[INFO] [stdout]   27:     0x58b53d6073b5 - <core[df12db4294e9bfd3]::panic::unwind_safe::AssertUnwindSafe<test[9d35eded1c95d3be]::run_test_in_process::{closure#0}> as core[df12db4294e9bfd3]::ops::function::FnOnce<()>>::call_once
[INFO] [stdout]                                at /rustc/dfb0accb7f508ae8be965d8629557221c889dd98/library/core/src/panic/unwind_safe.rs:275:9
[INFO] [stdout]   28:     0x58b53d6073b5 - std[70759c8f55707aa4]::panicking::catch_unwind::do_call::<core[df12db4294e9bfd3]::panic::unwind_safe::AssertUnwindSafe<test[9d35eded1c95d3be]::run_test_in_process::{closure#0}>, core[df12db4294e9bfd3]::result::Result<(), alloc[2182bb758b4b3781]::string::String>>
[INFO] [stdout]                                at /rustc/dfb0accb7f508ae8be965d8629557221c889dd98/library/std/src/panicking.rs:576:43
[INFO] [stdout]   29:     0x58b53d6073b5 - std[70759c8f55707aa4]::panicking::catch_unwind::<core[df12db4294e9bfd3]::result::Result<(), alloc[2182bb758b4b3781]::string::String>, core[df12db4294e9bfd3]::panic::unwind_safe::AssertUnwindSafe<test[9d35eded1c95d3be]::run_test_in_process::{closure#0}>>
[INFO] [stdout]                                at /rustc/dfb0accb7f508ae8be965d8629557221c889dd98/library/std/src/panicking.rs:544:19
[INFO] [stdout]   30:     0x58b53d6073b5 - std[70759c8f55707aa4]::panic::catch_unwind::<core[df12db4294e9bfd3]::panic::unwind_safe::AssertUnwindSafe<test[9d35eded1c95d3be]::run_test_in_process::{closure#0}>, core[df12db4294e9bfd3]::result::Result<(), alloc[2182bb758b4b3781]::string::String>>
[INFO] [stdout]                                at /rustc/dfb0accb7f508ae8be965d8629557221c889dd98/library/std/src/panic.rs:359:14
[INFO] [stdout]   31:     0x58b53d6073b5 - test[9d35eded1c95d3be]::run_test_in_process
[INFO] [stdout]                                at /rustc/dfb0accb7f508ae8be965d8629557221c889dd98/library/test/src/lib.rs:756:27
[INFO] [stdout]   32:     0x58b53d6073b5 - test[9d35eded1c95d3be]::run_test::{closure#0}
[INFO] [stdout]                                at /rustc/dfb0accb7f508ae8be965d8629557221c889dd98/library/test/src/lib.rs:677:43
[INFO] [stdout]   33:     0x58b53d600c74 - test[9d35eded1c95d3be]::run_test::{closure#1}
[INFO] [stdout]                                at /rustc/dfb0accb7f508ae8be965d8629557221c889dd98/library/test/src/lib.rs:707:41
[INFO] [stdout]   34:     0x58b53d600c74 - std[70759c8f55707aa4]::sys::backtrace::__rust_begin_short_backtrace::<test[9d35eded1c95d3be]::run_test::{closure#1}, ()>
[INFO] [stdout]                                at /rustc/dfb0accb7f508ae8be965d8629557221c889dd98/library/std/src/sys/backtrace.rs:166:18
[INFO] [stdout]   35:     0x58b53d60a512 - std[70759c8f55707aa4]::thread::lifecycle::spawn_unchecked::<test[9d35eded1c95d3be]::run_test::{closure#1}, ()>::{closure#1}::{closure#0}
[INFO] [stdout]                                at /rustc/dfb0accb7f508ae8be965d8629557221c889dd98/library/std/src/thread/lifecycle.rs:70:13
[INFO] [stdout]   36:     0x58b53d60a512 - <core[df12db4294e9bfd3]::panic::unwind_safe::AssertUnwindSafe<std[70759c8f55707aa4]::thread::lifecycle::spawn_unchecked<test[9d35eded1c95d3be]::run_test::{closure#1}, ()>::{closure#1}::{closure#0}> as core[df12db4294e9bfd3]::ops::function::FnOnce<()>>::call_once
[INFO] [stdout]                                at /rustc/dfb0accb7f508ae8be965d8629557221c889dd98/library/core/src/panic/unwind_safe.rs:275:9
[INFO] [stdout]   37:     0x58b53d60a512 - std[70759c8f55707aa4]::panicking::catch_unwind::do_call::<core[df12db4294e9bfd3]::panic::unwind_safe::AssertUnwindSafe<std[70759c8f55707aa4]::thread::lifecycle::spawn_unchecked<test[9d35eded1c95d3be]::run_test::{closure#1}, ()>::{closure#1}::{closure#0}>, ()>
[INFO] [stdout]                                at /rustc/dfb0accb7f508ae8be965d8629557221c889dd98/library/std/src/panicking.rs:576:43
[INFO] [stdout]   38:     0x58b53d60a512 - std[70759c8f55707aa4]::panicking::catch_unwind::<(), core[df12db4294e9bfd3]::panic::unwind_safe::AssertUnwindSafe<std[70759c8f55707aa4]::thread::lifecycle::spawn_unchecked<test[9d35eded1c95d3be]::run_test::{closure#1}, ()>::{closure#1}::{closure#0}>>
[INFO] [stdout]                                at /rustc/dfb0accb7f508ae8be965d8629557221c889dd98/library/std/src/panicking.rs:544:19
[INFO] [stdout]   39:     0x58b53d60a512 - std[70759c8f55707aa4]::panic::catch_unwind::<core[df12db4294e9bfd3]::panic::unwind_safe::AssertUnwindSafe<std[70759c8f55707aa4]::thread::lifecycle::spawn_unchecked<test[9d35eded1c95d3be]::run_test::{closure#1}, ()>::{closure#1}::{closure#0}>, ()>
[INFO] [stdout]                                at /rustc/dfb0accb7f508ae8be965d8629557221c889dd98/library/std/src/panic.rs:359:14
[INFO] [stdout]   40:     0x58b53d60a512 - std[70759c8f55707aa4]::thread::lifecycle::spawn_unchecked::<test[9d35eded1c95d3be]::run_test::{closure#1}, ()>::{closure#1}
[INFO] [stdout]                                at /rustc/dfb0accb7f508ae8be965d8629557221c889dd98/library/std/src/thread/lifecycle.rs:68:26
[INFO] [stdout]   41:     0x58b53d60a512 - <std[70759c8f55707aa4]::thread::lifecycle::spawn_unchecked<test[9d35eded1c95d3be]::run_test::{closure#1}, ()>::{closure#1} as core[df12db4294e9bfd3]::ops::function::FnOnce<()>>::call_once::{shim:vtable#0}
[INFO] [stdout]                                at /rustc/dfb0accb7f508ae8be965d8629557221c889dd98/library/core/src/ops/function.rs:250:5
[INFO] [stdout]   42:     0x58b53df11f69 - <alloc[2182bb758b4b3781]::boxed::Box<dyn core[df12db4294e9bfd3]::ops::function::FnOnce<(), Output = ()> + core[df12db4294e9bfd3]::marker::Send> as core[df12db4294e9bfd3]::ops::function::FnOnce<()>>::call_once
[INFO] [stdout]                                at /rustc/dfb0accb7f508ae8be965d8629557221c889dd98/library/alloc/src/boxed.rs:2320:9
[INFO] [stdout]   43:     0x58b53df11f69 - <std[70759c8f55707aa4]::sys::thread::unix::Thread>::new::thread_start
[INFO] [stdout]                                at /rustc/dfb0accb7f508ae8be965d8629557221c889dd98/library/std/src/sys/thread/unix.rs:123:17
[INFO] [stdout]   44:     0x74f6de031dfa - <unknown>
[INFO] [stdout]   45:     0x74f6de0c53d4 - clone
[INFO] [stdout]   46:                0x0 - <unknown>
[INFO] [stdout] 
[INFO] [stdout] ---- protocol::e2e::file::test::serialize_to_string_full stdout ----
[INFO] [stdout] ━━━━━━━━━━━━━━━━━━━━━━━━━━━━━━━ Snapshot Summary ━━━━━━━━━━━━━━━━━━━━━━━━━━━━━━━
[INFO] [stdout] Snapshot file: src/protocol/e2e/snapshots/threema_gateway__protocol__e2e__file__test__serialize_to_string_full.snap
[INFO] [stdout] Snapshot: serialize_to_string_full
[INFO] [stdout] Source: src/protocol/e2e/file.rs:422
[INFO] [stdout] ────────────────────────────────────────────────────────────────────────────────
[INFO] [stdout] Expression: msg
[INFO] [stdout] ────────────────────────────────────────────────────────────────────────────────
[INFO] [stdout] +new results
[INFO] [stdout] ────────────┬───────────────────────────────────────────────────────────────────
[INFO] [stdout]           1 │+{
[INFO] [stdout]           2 │+  "b": "0123456789abcdef0123456789abcdef",
[INFO] [stdout]           3 │+  "m": "application/pdf",
[INFO] [stdout]           4 │+  "t": "abcdef0123456789abcdef0123456789",
[INFO] [stdout]           5 │+  "p": "image/jpeg",
[INFO] [stdout]           6 │+  "k": "0102030401020304010203040102030401020304010203040102030401020304",
[INFO] [stdout]           7 │+  "n": "secret.pdf",
[INFO] [stdout]           8 │+  "s": 2048,
[INFO] [stdout]           9 │+  "d": "This is a fancy file",
[INFO] [stdout]          10 │+  "j": 2,
[INFO] [stdout]          11 │+  "i": 1,
[INFO] [stdout]          12 │+  "x": {
[INFO] [stdout]          13 │+    "a": true,
[INFO] [stdout]          14 │+    "h": 320,
[INFO] [stdout]          15 │+    "w": 240,
[INFO] [stdout]          16 │+    "d": 12.7
[INFO] [stdout]          17 │+  }
[INFO] [stdout]          18 │+}
[INFO] [stdout] ────────────┴───────────────────────────────────────────────────────────────────
[INFO] [stdout] 
[INFO] [stdout] thread 'protocol::e2e::file::test::serialize_to_string_full' (3724) panicked at src/protocol/e2e/file.rs:422:9:
[INFO] [stdout] called `Result::unwrap()` on an `Err` value: Os { code: 30, kind: ReadOnlyFilesystem, message: "Read-only file system" }
[INFO] [stdout] stack backtrace:
[INFO] [stdout]    0:     0x58b53df132c1 - std[70759c8f55707aa4]::backtrace_rs::backtrace::libunwind::trace
[INFO] [stdout]                                at /rustc/dfb0accb7f508ae8be965d8629557221c889dd98/library/std/src/../../backtrace/src/backtrace/libunwind.rs:117:9
[INFO] [stdout]    1:     0x58b53df132c1 - std[70759c8f55707aa4]::backtrace_rs::backtrace::trace_unsynchronized::<std[70759c8f55707aa4]::sys::backtrace::_print_fmt::{closure#1}>
[INFO] [stdout]                                at /rustc/dfb0accb7f508ae8be965d8629557221c889dd98/library/std/src/../../backtrace/src/backtrace/mod.rs:66:14
[INFO] [stdout]    2:     0x58b53df132c1 - std[70759c8f55707aa4]::sys::backtrace::_print_fmt
[INFO] [stdout]                                at /rustc/dfb0accb7f508ae8be965d8629557221c889dd98/library/std/src/sys/backtrace.rs:74:9
[INFO] [stdout]    3:     0x58b53df132c1 - <<std[70759c8f55707aa4]::sys::backtrace::BacktraceLock>::print::DisplayBacktrace as core[df12db4294e9bfd3]::fmt::Display>::fmt
[INFO] [stdout]                                at /rustc/dfb0accb7f508ae8be965d8629557221c889dd98/library/std/src/sys/backtrace.rs:44:26
[INFO] [stdout]    4:     0x58b53df2cb0a - <core[df12db4294e9bfd3]::fmt::rt::Argument>::fmt
[INFO] [stdout]                                at /rustc/dfb0accb7f508ae8be965d8629557221c889dd98/library/core/src/fmt/rt.rs:152:76
[INFO] [stdout]    5:     0x58b53df2cb0a - core[df12db4294e9bfd3]::fmt::write
[INFO] [stdout]    6:     0x58b53df1853c - core[df12db4294e9bfd3]::io::write::default_write_fmt::<alloc[2182bb758b4b3781]::vec::Vec<u8>>
[INFO] [stdout]                                at /rustc/dfb0accb7f508ae8be965d8629557221c889dd98/library/core/src/io/write.rs:402:11
[INFO] [stdout]    7:     0x58b53df1853c - <alloc[2182bb758b4b3781]::vec::Vec<u8> as core[df12db4294e9bfd3]::io::write::Write>::write_fmt
[INFO] [stdout]                                at /rustc/dfb0accb7f508ae8be965d8629557221c889dd98/library/core/src/io/write.rs:335:13
[INFO] [stdout]    8:     0x58b53deeae46 - <std[70759c8f55707aa4]::sys::backtrace::BacktraceLock>::print
[INFO] [stdout]                                at /rustc/dfb0accb7f508ae8be965d8629557221c889dd98/library/std/src/sys/backtrace.rs:47:9
[INFO] [stdout]    9:     0x58b53deeae46 - std[70759c8f55707aa4]::panicking::default_hook::{closure#0}
[INFO] [stdout]                                at /rustc/dfb0accb7f508ae8be965d8629557221c889dd98/library/std/src/panicking.rs:292:27
[INFO] [stdout]   10:     0x58b53df09869 - std[70759c8f55707aa4]::panicking::default_hook
[INFO] [stdout]                                at /rustc/dfb0accb7f508ae8be965d8629557221c889dd98/library/std/src/panicking.rs:316:9
[INFO] [stdout]   11:     0x58b53d606a60 - <alloc[2182bb758b4b3781]::boxed::Box<dyn for<'a, 'b> core[df12db4294e9bfd3]::ops::function::Fn<(&'a std[70759c8f55707aa4]::panic::PanicHookInfo<'b>,), Output = ()> + core[df12db4294e9bfd3]::marker::Send + core[df12db4294e9bfd3]::marker::Sync> as core[df12db4294e9bfd3]::ops::function::Fn<(&std[70759c8f55707aa4]::panic::PanicHookInfo,)>>::call
[INFO] [stdout]                                at /rustc/dfb0accb7f508ae8be965d8629557221c889dd98/library/alloc/src/boxed.rs:2334:9
[INFO] [stdout]   12:     0x58b53d606a60 - test[9d35eded1c95d3be]::test_main_inner::<test[9d35eded1c95d3be]::test_main_static::{closure#0}>::{closure#0}
[INFO] [stdout]                                at /rustc/dfb0accb7f508ae8be965d8629557221c889dd98/library/test/src/lib.rs:155:21
[INFO] [stdout]   13:     0x58b53df09b92 - <alloc[2182bb758b4b3781]::boxed::Box<dyn for<'a, 'b> core[df12db4294e9bfd3]::ops::function::Fn<(&'a std[70759c8f55707aa4]::panic::PanicHookInfo<'b>,), Output = ()> + core[df12db4294e9bfd3]::marker::Send + core[df12db4294e9bfd3]::marker::Sync> as core[df12db4294e9bfd3]::ops::function::Fn<(&std[70759c8f55707aa4]::panic::PanicHookInfo,)>>::call
[INFO] [stdout]                                at /rustc/dfb0accb7f508ae8be965d8629557221c889dd98/library/alloc/src/boxed.rs:2334:9
[INFO] [stdout]   14:     0x58b53df09b92 - std[70759c8f55707aa4]::panicking::panic_with_hook
[INFO] [stdout]                                at /rustc/dfb0accb7f508ae8be965d8629557221c889dd98/library/std/src/panicking.rs:823:13
[INFO] [stdout]   15:     0x58b53deeaef2 - std[70759c8f55707aa4]::panicking::panic_handler::{closure#0}
[INFO] [stdout]                                at /rustc/dfb0accb7f508ae8be965d8629557221c889dd98/library/std/src/panicking.rs:688:13
[INFO] [stdout]   16:     0x58b53dee36b9 - std[70759c8f55707aa4]::sys::backtrace::__rust_end_short_backtrace::<std[70759c8f55707aa4]::panicking::panic_handler::{closure#0}, !>
[INFO] [stdout]                                at /rustc/dfb0accb7f508ae8be965d8629557221c889dd98/library/std/src/sys/backtrace.rs:182:18
[INFO] [stdout]   17:     0x58b53deebd7d - __rustc[8fa7c3cbc660c2b3]::rust_begin_unwind
[INFO] [stdout]                                at /rustc/dfb0accb7f508ae8be965d8629557221c889dd98/library/std/src/panicking.rs:679:5
[INFO] [stdout]   18:     0x58b53df2d32c - core[df12db4294e9bfd3]::panicking::panic_fmt
[INFO] [stdout]                                at /rustc/dfb0accb7f508ae8be965d8629557221c889dd98/library/core/src/panicking.rs:80:14
[INFO] [stdout]   19:     0x58b53df2d082 - core[df12db4294e9bfd3]::result::unwrap_failed
[INFO] [stdout]                                at /rustc/dfb0accb7f508ae8be965d8629557221c889dd98/library/core/src/result.rs:1871:5
[INFO] [stdout]   20:     0x58b53d49a64f - <core[df12db4294e9bfd3]::result::Result<(), alloc[2182bb758b4b3781]::boxed::Box<dyn core[df12db4294e9bfd3]::error::Error>>>::unwrap
[INFO] [stdout]                                at /rustc/dfb0accb7f508ae8be965d8629557221c889dd98/library/core/src/result.rs:1232:23
[INFO] [stdout]   21:     0x58b53d49a64f - threema_gateway[cedd60a4922febd9]::protocol::e2e::file::test::serialize_to_string_full
[INFO] [stdout]                                at /opt/rustwide/workdir/src/protocol/e2e/file.rs:422:9
[INFO] [stdout]   22:     0x58b53d496687 - threema_gateway[cedd60a4922febd9]::protocol::e2e::file::test::serialize_to_string_full::{closure#0}
[INFO] [stdout]                                at /opt/rustwide/workdir/src/protocol/e2e/file.rs:399:34
[INFO] [stdout]   23:     0x58b53d46f656 - <threema_gateway[cedd60a4922febd9]::protocol::e2e::file::test::serialize_to_string_full::{closure#0} as core[df12db4294e9bfd3]::ops::function::FnOnce<()>>::call_once
[INFO] [stdout]                                at /rustc/dfb0accb7f508ae8be965d8629557221c889dd98/library/core/src/ops/function.rs:250:5
[INFO] [stdout]   24:     0x58b53d5f9d4b - <fn() -> core[df12db4294e9bfd3]::result::Result<(), alloc[2182bb758b4b3781]::string::String> as core[df12db4294e9bfd3]::ops::function::FnOnce<()>>::call_once
[INFO] [stdout]                                at /rustc/dfb0accb7f508ae8be965d8629557221c889dd98/library/core/src/ops/function.rs:250:5
[INFO] [stdout]   25:     0x58b53d5f9d4b - test[9d35eded1c95d3be]::__rust_begin_short_backtrace::<core[df12db4294e9bfd3]::result::Result<(), alloc[2182bb758b4b3781]::string::String>, fn() -> core[df12db4294e9bfd3]::result::Result<(), alloc[2182bb758b4b3781]::string::String>>
[INFO] [stdout]                                at /rustc/dfb0accb7f508ae8be965d8629557221c889dd98/library/test/src/lib.rs:733:18
[INFO] [stdout]   26:     0x58b53d6073b5 - test[9d35eded1c95d3be]::run_test_in_process::{closure#0}
[INFO] [stdout]                                at /rustc/dfb0accb7f508ae8be965d8629557221c889dd98/library/test/src/lib.rs:756:74
[INFO] [stdout]   27:     0x58b53d6073b5 - <core[df12db4294e9bfd3]::panic::unwind_safe::AssertUnwindSafe<test[9d35eded1c95d3be]::run_test_in_process::{closure#0}> as core[df12db4294e9bfd3]::ops::function::FnOnce<()>>::call_once
[INFO] [stdout]                                at /rustc/dfb0accb7f508ae8be965d8629557221c889dd98/library/core/src/panic/unwind_safe.rs:275:9
[INFO] [stdout]   28:     0x58b53d6073b5 - std[70759c8f55707aa4]::panicking::catch_unwind::do_call::<core[df12db4294e9bfd3]::panic::unwind_safe::AssertUnwindSafe<test[9d35eded1c95d3be]::run_test_in_process::{closure#0}>, core[df12db4294e9bfd3]::result::Result<(), alloc[2182bb758b4b3781]::string::String>>
[INFO] [stdout]                                at /rustc/dfb0accb7f508ae8be965d8629557221c889dd98/library/std/src/panicking.rs:576:43
[INFO] [stdout]   29:     0x58b53d6073b5 - std[70759c8f55707aa4]::panicking::catch_unwind::<core[df12db4294e9bfd3]::result::Result<(), alloc[2182bb758b4b3781]::string::String>, core[df12db4294e9bfd3]::panic::unwind_safe::AssertUnwindSafe<test[9d35eded1c95d3be]::run_test_in_process::{closure#0}>>
[INFO] [stdout]                                at /rustc/dfb0accb7f508ae8be965d8629557221c889dd98/library/std/src/panicking.rs:544:19
[INFO] [stdout]   30:     0x58b53d6073b5 - std[70759c8f55707aa4]::panic::catch_unwind::<core[df12db4294e9bfd3]::panic::unwind_safe::AssertUnwindSafe<test[9d35eded1c95d3be]::run_test_in_process::{closure#0}>, core[df12db4294e9bfd3]::result::Result<(), alloc[2182bb758b4b3781]::string::String>>
[INFO] [stdout]                                at /rustc/dfb0accb7f508ae8be965d8629557221c889dd98/library/std/src/panic.rs:359:14
[INFO] [stdout]   31:     0x58b53d6073b5 - test[9d35eded1c95d3be]::run_test_in_process
[INFO] [stdout]                                at /rustc/dfb0accb7f508ae8be965d8629557221c889dd98/library/test/src/lib.rs:756:27
[INFO] [stdout]   32:     0x58b53d6073b5 - test[9d35eded1c95d3be]::run_test::{closure#0}
[INFO] [stdout]                                at /rustc/dfb0accb7f508ae8be965d8629557221c889dd98/library/test/src/lib.rs:677:43
[INFO] [stdout]   33:     0x58b53d600c74 - test[9d35eded1c95d3be]::run_test::{closure#1}
[INFO] [stdout]                                at /rustc/dfb0accb7f508ae8be965d8629557221c889dd98/library/test/src/lib.rs:707:41
[INFO] [stdout]   34:     0x58b53d600c74 - std[70759c8f55707aa4]::sys::backtrace::__rust_begin_short_backtrace::<test[9d35eded1c95d3be]::run_test::{closure#1}, ()>
[INFO] [stdout]                                at /rustc/dfb0accb7f508ae8be965d8629557221c889dd98/library/std/src/sys/backtrace.rs:166:18
[INFO] [stdout]   35:     0x58b53d60a512 - std[70759c8f55707aa4]::thread::lifecycle::spawn_unchecked::<test[9d35eded1c95d3be]::run_test::{closure#1}, ()>::{closure#1}::{closure#0}
[INFO] [stdout]                                at /rustc/dfb0accb7f508ae8be965d8629557221c889dd98/library/std/src/thread/lifecycle.rs:70:13
[INFO] [stdout]   36:     0x58b53d60a512 - <core[df12db4294e9bfd3]::panic::unwind_safe::AssertUnwindSafe<std[70759c8f55707aa4]::thread::lifecycle::spawn_unchecked<test[9d35eded1c95d3be]::run_test::{closure#1}, ()>::{closure#1}::{closure#0}> as core[df12db4294e9bfd3]::ops::function::FnOnce<()>>::call_once
[INFO] [stdout]                                at /rustc/dfb0accb7f508ae8be965d8629557221c889dd98/library/core/src/panic/unwind_safe.rs:275:9
[INFO] [stdout]   37:     0x58b53d60a512 - std[70759c8f55707aa4]::panicking::catch_unwind::do_call::<core[df12db4294e9bfd3]::panic::unwind_safe::AssertUnwindSafe<std[70759c8f55707aa4]::thread::lifecycle::spawn_unchecked<test[9d35eded1c95d3be]::run_test::{closure#1}, ()>::{closure#1}::{closure#0}>, ()>
[INFO] [stdout]                                at /rustc/dfb0accb7f508ae8be965d8629557221c889dd98/library/std/src/panicking.rs:576:43
[INFO] [stdout]   38:     0x58b53d60a512 - std[70759c8f55707aa4]::panicking::catch_unwind::<(), core[df12db4294e9bfd3]::panic::unwind_safe::AssertUnwindSafe<std[70759c8f55707aa4]::thread::lifecycle::spawn_unchecked<test[9d35eded1c95d3be]::run_test::{closure#1}, ()>::{closure#1}::{closure#0}>>
[INFO] [stdout]                                at /rustc/dfb0accb7f508ae8be965d8629557221c889dd98/library/std/src/panicking.rs:544:19
[INFO] [stdout]   39:     0x58b53d60a512 - std[70759c8f55707aa4]::panic::catch_unwind::<core[df12db4294e9bfd3]::panic::unwind_safe::AssertUnwindSafe<std[70759c8f55707aa4]::thread::lifecycle::spawn_unchecked<test[9d35eded1c95d3be]::run_test::{closure#1}, ()>::{closure#1}::{closure#0}>, ()>
[INFO] [stdout]                                at /rustc/dfb0accb7f508ae8be965d8629557221c889dd98/library/std/src/panic.rs:359:14
[INFO] [stdout]   40:     0x58b53d60a512 - std[70759c8f55707aa4]::thread::lifecycle::spawn_unchecked::<test[9d35eded1c95d3be]::run_test::{closure#1}, ()>::{closure#1}
[INFO] [stdout]                                at /rustc/dfb0accb7f508ae8be965d8629557221c889dd98/library/std/src/thread/lifecycle.rs:68:26
[INFO] [stdout]   41:     0x58b53d60a512 - <std[70759c8f55707aa4]::thread::lifecycle::spawn_unchecked<test[9d35eded1c95d3be]::run_test::{closure#1}, ()>::{closure#1} as core[df12db4294e9bfd3]::ops::function::FnOnce<()>>::call_once::{shim:vtable#0}
[INFO] [stdout]                                at /rustc/dfb0accb7f508ae8be965d8629557221c889dd98/library/core/src/ops/function.rs:250:5
[INFO] [stdout]   42:     0x58b53df11f69 - <alloc[2182bb758b4b3781]::boxed::Box<dyn core[df12db4294e9bfd3]::ops::function::FnOnce<(), Output = ()> + core[df12db4294e9bfd3]::marker::Send> as core[df12db4294e9bfd3]::ops::function::FnOnce<()>>::call_once
[INFO] [stdout]                                at /rustc/dfb0accb7f508ae8be965d8629557221c889dd98/library/alloc/src/boxed.rs:2320:9
[INFO] [stdout]   43:     0x58b53df11f69 - <std[70759c8f55707aa4]::sys::thread::unix::Thread>::new::thread_start
[INFO] [stdout]                                at /rustc/dfb0accb7f508ae8be965d8629557221c889dd98/library/std/src/sys/thread/unix.rs:123:17
[INFO] [stdout]   44:     0x74f6de031dfa - <unknown>
[INFO] [stdout]   45:     0x74f6de0c53d4 - clone
[INFO] [stdout]   46:                0x0 - <unknown>
[INFO] [stdout] 
[INFO] [stdout] 
[INFO] [stdout] failures:
[INFO] [stdout]     protocol::e2e::file::test::serialize_to_string_full
[INFO] [stdout]     protocol::e2e::file::test::serialize_to_string_minimal
[INFO] [stdout]     protocol::e2e::tests::encode::file_message
[INFO] [stdout] 
[INFO] [stdout] test result: FAILED. 267 passed; 3 failed; 0 ignored; 0 measured; 0 filtered out; finished in 0.87s
[INFO] [stdout] 
[INFO] [stderr] error: test failed, to rerun pass `--lib`
[INFO] running `Command { std: "docker" "inspect" "a546a83c73f2e3a2b81b6add6c07fcaa270acd0dce72bdf36c3357edb2b06fda", kill_on_drop: false }`
[INFO] running `Command { std: "docker" "rm" "-f" "a546a83c73f2e3a2b81b6add6c07fcaa270acd0dce72bdf36c3357edb2b06fda", kill_on_drop: false }`
[INFO] [stdout] a546a83c73f2e3a2b81b6add6c07fcaa270acd0dce72bdf36c3357edb2b06fda
