[INFO] fetching crate sy 0.4.0...
[INFO] testing sy-0.4.0 against 1.99.0-beta.8 for beta-1.100-2
[INFO] extracting crate sy 0.4.0 into /workspace/builds/worker-6-tc1/source
[INFO] started tweaking crates.io crate sy 0.4.0
[INFO] removed 0 missing tests
[INFO] finished tweaking crates.io crate sy 0.4.0
[INFO] tweaked toml for crates.io crate sy 0.4.0 written to /workspace/builds/worker-6-tc1/source/Cargo.toml
[INFO] validating manifest of crates.io crate sy 0.4.0 on toolchain 1.99.0-beta.8
[INFO] running `Command { std: CARGO_HOME="/workspace/cargo-home" RUSTUP_HOME="/workspace/rustup-home" "/workspace/cargo-home/bin/cargo" "+1.99.0-beta.8" "metadata" "--manifest-path" "Cargo.toml" "--no-deps", kill_on_drop: false }`
[INFO] crate crates.io crate sy 0.4.0 already has a lockfile, it will not be regenerated
[INFO] running `Command { std: CARGO_HOME="/workspace/cargo-home" RUSTUP_HOME="/workspace/rustup-home" "/workspace/cargo-home/bin/cargo" "+1.99.0-beta.8" "fetch" "--manifest-path" "Cargo.toml", kill_on_drop: false }`
[INFO] [stderr]     Updating crates.io index
[INFO] [stderr]  Downloading crates ...
[INFO] [stderr]   Downloaded wasm-bindgen-futures v0.4.75
[INFO] [stderr]   Downloaded ssh2 v0.9.5
[INFO] [stderr]   Downloaded redox_syscall v0.8.1
[INFO] [stderr]   Downloaded rustls-pki-types v1.14.1
[INFO] [stderr]   Downloaded object_store v0.12.5
[INFO] [stderr]   Downloaded quinn-proto v0.11.15
[INFO] [stderr]   Downloaded rustls v0.23.40
[INFO] [stderr]   Downloaded quick-xml v0.38.4
[INFO] [stderr]   Downloaded libssh2-sys v0.3.1
[INFO] [stderr]   Downloaded ignore v0.4.26
[INFO] [stderr]   Downloaded fjall v2.11.2
[INFO] [stderr]   Downloaded std-semaphore v0.1.0
[INFO] [stderr]   Downloaded value-log v1.9.0
[INFO] [stderr]   Downloaded byteview v0.6.1
[INFO] [stderr]   Downloaded guardian v1.3.0
[INFO] [stderr]   Downloaded double-ended-peekable v0.1.0
[INFO] [stderr]   Downloaded path-absolutize v3.1.1
[INFO] [stderr]   Downloaded path-dedot v3.1.1
[INFO] [stderr]   Downloaded fastbloom v0.7.1
[INFO] [stderr]   Downloaded varint-rs v2.2.1
[INFO] [stderr]   Downloaded quick_cache v0.6.23
[INFO] [stderr]   Downloaded lsm-tree v2.10.4
[INFO] [stderr]   Downloaded lz4_flex v0.11.6
[INFO] [stderr]   Downloaded exacl v0.12.0
[INFO] [stderr]   Downloaded uuid v1.23.3
[INFO] [stderr]   Downloaded clap_mangen v0.2.33
[INFO] [stderr]   Downloaded roff v1.1.1
[INFO] [stderr]   Downloaded arrayvec v0.7.7
[INFO] running `Command { std: "docker" "create" "-v" "/var/lib/crater-agent-workspace/builds/worker-6-tc1/source:/opt/rustwide/workdir:ro,Z" "-v" "/var/lib/crater-agent-workspace/builds/worker-6-tc1/target:/opt/rustwide/target:rw,Z" "-v" "/var/lib/crater-agent-workspace/cargo-home:/opt/rustwide/cargo-home:ro,Z" "-v" "/var/lib/crater-agent-workspace/rustup-home:/opt/rustwide/rustup-home:ro,Z" "-m" "1610612736" "--network" "none" "ghcr.io/rust-lang/crates-build-env/linux@sha256:3111399a4047eeb3a02b7a90e478d715f38a8c6669b5c4b49d30a17385265909" "sleep" "infinity", kill_on_drop: false }`
[INFO] [stdout] ddf41bff73041a98a1654b27896dba1773b3ac1254c6b0a6bd54f0137060cb23
[INFO] running `Command { std: "docker" "start" "ddf41bff73041a98a1654b27896dba1773b3ac1254c6b0a6bd54f0137060cb23", kill_on_drop: false }`
[INFO] running `Command { std: "docker" "inspect" "ddf41bff73041a98a1654b27896dba1773b3ac1254c6b0a6bd54f0137060cb23", kill_on_drop: false }`
[INFO] running `Command { std: "docker" "exec" "-e" "SOURCE_DIR=/opt/rustwide/workdir" "-e" "CARGO_HOME=/opt/rustwide/cargo-home" "-e" "RUSTUP_HOME=/opt/rustwide/rustup-home" "-e" "CARGO_TARGET_DIR=/opt/rustwide/target" "-w" "/opt/rustwide/workdir" "--user" "0:0" "ddf41bff73041a98a1654b27896dba1773b3ac1254c6b0a6bd54f0137060cb23" "/opt/rustwide/cargo-home/bin/cargo" "+1.99.0-beta.8" "metadata" "--no-deps" "--format-version=1", kill_on_drop: false }`
[INFO] running `Command { std: "docker" "inspect" "ddf41bff73041a98a1654b27896dba1773b3ac1254c6b0a6bd54f0137060cb23", kill_on_drop: false }`
[INFO] running `Command { std: "docker" "exec" "-e" "SOURCE_DIR=/opt/rustwide/workdir" "-e" "CARGO_HOME=/opt/rustwide/cargo-home" "-e" "RUSTUP_HOME=/opt/rustwide/rustup-home" "-e" "CARGO_TARGET_DIR=/opt/rustwide/target" "-e" "CARGO_INCREMENTAL=0" "-e" "RUST_BACKTRACE=full" "-e" "RUSTFLAGS=--cap-lints=warn" "-e" "RUSTDOCFLAGS=--cap-lints=warn" "-w" "/opt/rustwide/workdir" "--user" "0:0" "ddf41bff73041a98a1654b27896dba1773b3ac1254c6b0a6bd54f0137060cb23" "/opt/rustwide/cargo-home/bin/cargo" "+1.99.0-beta.8" "build" "--frozen" "--message-format=json", kill_on_drop: false }`
[INFO] [stderr]    Compiling jobserver v0.1.34
[INFO] [stderr]    Compiling pkg-config v0.3.33
[INFO] [stderr]    Compiling syn v2.0.118
[INFO] [stderr]    Compiling log v0.4.33
[INFO] [stderr]    Compiling aho-corasick v1.1.4
[INFO] [stderr]    Compiling zerocopy v0.8.52
[INFO] [stderr]    Compiling smallvec v1.15.2
[INFO] [stderr]    Compiling rustix v1.1.4
[INFO] [stderr]    Compiling anstyle-parse v1.0.0
[INFO] [stderr]    Compiling cc v1.2.65
[INFO] [stderr]    Compiling parking_lot_core v0.9.12
[INFO] [stderr]    Compiling getrandom v0.4.3
[INFO] [stderr]    Compiling path-dedot v3.1.1
[INFO] [stderr]    Compiling compare v0.0.6
[INFO] [stderr]    Compiling colorchoice v1.0.5
[INFO] [stderr]    Compiling fastrand v2.4.1
[INFO] [stderr]    Compiling anstream v1.0.0
[INFO] [stderr]    Compiling interval-heap v0.0.5
[INFO] [stderr]    Compiling path-absolutize v3.1.1
[INFO] [stderr]    Compiling varint-rs v2.2.1
[INFO] [stderr]    Compiling xxhash-rust v0.8.15
[INFO] [stderr]    Compiling hashbrown v0.16.1
[INFO] [stderr]    Compiling byteview v0.6.1
[INFO] [stderr]    Compiling zstd-safe v7.2.4
[INFO] [stderr]    Compiling clap_lex v1.1.0
[INFO] [stderr]    Compiling portable-atomic v1.13.1
[INFO] [stderr]    Compiling rustc-hash v2.1.2
[INFO] [stderr]    Compiling bytemuck v1.25.0
[INFO] [stderr]    Compiling safe_arch v0.7.4
[INFO] [stderr]    Compiling quick_cache v0.6.23
[INFO] [stderr]    Compiling indexmap v2.14.0
[INFO] [stderr]    Compiling regex-automata v0.4.14
[INFO] [stderr]    Compiling zstd-sys v2.0.16+zstd.1.5.7
[INFO] [stderr]    Compiling openssl-sys v0.9.117
[INFO] [stderr]    Compiling libz-sys v1.1.29
[INFO] [stderr]    Compiling tempfile v3.27.0
[INFO] [stderr]    Compiling libssh2-sys v0.3.1
[INFO] [stderr]    Compiling value-log v1.9.0
[INFO] [stderr]    Compiling blake3 v1.8.5
[INFO] [stderr]    Compiling clap_builder v4.6.0
[INFO] [stderr]    Compiling crossbeam-skiplist v0.1.3
[INFO] [stderr]    Compiling bstr v1.12.1
[INFO] [stderr]    Compiling errno v0.3.14
[INFO] [stderr]    Compiling anyhow v1.0.102
[INFO] [stderr]    Compiling double-ended-peekable v0.1.0
[INFO] [stderr]    Compiling self_cell v1.2.2
[INFO] [stderr]    Compiling winnow v0.7.15
[INFO] [stderr]    Compiling guardian v1.3.0
[INFO] [stderr]    Compiling serde_json v1.0.150
[INFO] [stderr]    Compiling lz4_flex v0.11.6
[INFO] [stderr]    Compiling dirs-sys v0.4.1
[INFO] [stderr]    Compiling console v0.15.11
[INFO] [stderr]    Compiling dashmap v6.2.1
[INFO] [stderr]    Compiling ppv-lite86 v0.2.21
[INFO] [stderr]    Compiling serde_derive v1.0.228
[INFO] [stderr]    Compiling futures-macro v0.3.32
[INFO] [stderr]    Compiling rand_chacha v0.3.1
[INFO] [stderr]    Compiling enum_dispatch v0.3.13
[INFO] [stderr]    Compiling clap_derive v4.6.1
[INFO] [stderr]    Compiling futures-util v0.3.32
[INFO] [stderr]    Compiling tracing-attributes v0.1.31
[INFO] [stderr]    Compiling tracing v0.1.44
[INFO] [stderr]    Compiling lsm-tree v2.10.4
[INFO] [stderr]    Compiling rand v0.8.6
[INFO] [stderr]    Compiling clap v4.6.1
[INFO] [stderr]    Compiling matchers v0.2.0
[INFO] [stderr]    Compiling globset v0.4.18
[INFO] [stderr]    Compiling serde v1.0.228
[INFO] [stderr]    Compiling tokio-macros v2.7.0
[INFO] [stderr]    Compiling futures-executor v0.3.32
[INFO] [stderr]    Compiling thiserror-impl v1.0.69
[INFO] [stderr]    Compiling signal-hook-registry v1.4.8
[INFO] [stderr]    Compiling toml_datetime v0.6.11
[INFO] [stderr]    Compiling serde_spanned v0.6.9
[INFO] [stderr]    Compiling toml_edit v0.22.27
[INFO] [stderr]    Compiling wide v0.7.33
[INFO] [stderr]    Compiling tracing-log v0.2.0
[INFO] [stderr]    Compiling parking_lot v0.12.5
[INFO] [stderr]    Compiling mio v1.2.1
[INFO] [stderr]    Compiling arrayvec v0.7.7
[INFO] [stderr]    Compiling number_prefix v0.4.0
[INFO] [stderr]    Compiling std-semaphore v0.1.0
[INFO] [stderr]    Compiling either v1.16.0
[INFO] [stderr]    Compiling siphasher v1.0.3
[INFO] [stderr]    Compiling roff v1.1.1
[INFO] [stderr]    Compiling rayon v1.12.0
[INFO] [stderr]    Compiling clap_mangen v0.2.33
[INFO] [stderr]    Compiling thiserror v1.0.69
[INFO] [stderr]    Compiling fjall v2.11.2
[INFO] [stderr]    Compiling tokio v1.52.3
[INFO] [stderr]    Compiling fastbloom v0.7.1
[INFO] [stderr]    Compiling indicatif v0.17.11
[INFO] [stderr]    Compiling toml v0.8.23
[INFO] [stderr]    Compiling lz4_flex v0.13.1
[INFO] [stderr]    Compiling tracing-subscriber v0.3.23
[INFO] [stderr]    Compiling chrono v0.4.45
[INFO] [stderr]    Compiling ssh2 v0.9.5
[INFO] [stderr]    Compiling bincode v1.3.3
[INFO] [stderr]    Compiling futures v0.3.32
[INFO] [stderr]    Compiling ignore v0.4.26
[INFO] [stderr]    Compiling regex v1.12.4
[INFO] [stderr]    Compiling async-trait v0.1.89
[INFO] [stderr]    Compiling dirs v5.0.1
[INFO] [stderr]    Compiling xattr v1.6.1
[INFO] [stderr]    Compiling colored v2.2.0
[INFO] [stderr]    Compiling crossbeam-channel v0.5.15
[INFO] [stderr]    Compiling filetime v0.2.29
[INFO] [stderr]    Compiling memmap2 v0.9.11
[INFO] [stderr]    Compiling fs2 v0.4.3
[INFO] [stderr]    Compiling glob v0.3.3
[INFO] [stderr]    Compiling whoami v1.6.1
[INFO] [stderr]    Compiling zstd v0.13.3
[INFO] [stderr]    Compiling sy v0.4.0 (/opt/rustwide/workdir)
[INFO] [stderr]     Finished `dev` profile [unoptimized + debuginfo] target(s) in 2m 33s
[INFO] running `Command { std: "docker" "inspect" "ddf41bff73041a98a1654b27896dba1773b3ac1254c6b0a6bd54f0137060cb23", kill_on_drop: false }`
[INFO] running `Command { std: "docker" "exec" "-e" "SOURCE_DIR=/opt/rustwide/workdir" "-e" "CARGO_HOME=/opt/rustwide/cargo-home" "-e" "RUSTUP_HOME=/opt/rustwide/rustup-home" "-e" "CARGO_TARGET_DIR=/opt/rustwide/target" "-e" "CARGO_INCREMENTAL=0" "-e" "RUST_BACKTRACE=full" "-e" "RUSTFLAGS=--cap-lints=warn" "-e" "RUSTDOCFLAGS=--cap-lints=warn" "-w" "/opt/rustwide/workdir" "--user" "0:0" "ddf41bff73041a98a1654b27896dba1773b3ac1254c6b0a6bd54f0137060cb23" "/opt/rustwide/cargo-home/bin/cargo" "+1.99.0-beta.8" "test" "--frozen" "--no-run" "--message-format=json", kill_on_drop: false }`
[INFO] [stderr]    Compiling zerocopy v0.8.52
[INFO] [stderr]    Compiling serde_core v1.0.228
[INFO] [stderr]    Compiling zerocopy-derive v0.8.52
[INFO] [stderr]    Compiling serde v1.0.228
[INFO] [stderr]    Compiling either v1.16.0
[INFO] [stderr]    Compiling chrono v0.4.45
[INFO] [stderr]    Compiling rand_core v0.9.5
[INFO] [stderr]    Compiling wait-timeout v0.2.1
[INFO] [stderr]    Compiling bit-vec v0.8.0
[INFO] [stderr]    Compiling quick-error v1.2.3
[INFO] [stderr]    Compiling rand_xorshift v0.4.0
[INFO] [stderr]    Compiling rusty-fork v0.3.1
[INFO] [stderr]    Compiling rand v0.9.4
[INFO] [stderr]    Compiling serial_test_derive v3.5.0
[INFO] [stderr]    Compiling rayon v1.12.0
[INFO] [stderr]    Compiling itertools v0.10.5
[INFO] [stderr]    Compiling bit-set v0.8.0
[INFO] [stderr]    Compiling is-terminal v0.4.17
[INFO] [stderr]    Compiling unarray v0.1.4
[INFO] [stderr]    Compiling serial_test v3.5.0
[INFO] [stderr]    Compiling criterion-plot v0.5.0
[INFO] [stderr]    Compiling serde_json v1.0.150
[INFO] [stderr]    Compiling toml_datetime v0.6.11
[INFO] [stderr]    Compiling serde_spanned v0.6.9
[INFO] [stderr]    Compiling bincode v1.3.3
[INFO] [stderr]    Compiling toml_edit v0.22.27
[INFO] [stderr]    Compiling tinytemplate v1.2.1
[INFO] [stderr]    Compiling ppv-lite86 v0.2.21
[INFO] [stderr]    Compiling half v2.7.1
[INFO] [stderr]    Compiling ciborium-ll v0.2.2
[INFO] [stderr]    Compiling toml v0.8.23
[INFO] [stderr]    Compiling rand_chacha v0.3.1
[INFO] [stderr]    Compiling rand_chacha v0.9.0
[INFO] [stderr]    Compiling ciborium v0.2.2
[INFO] [stderr]    Compiling rand v0.8.6
[INFO] [stderr]    Compiling proptest v1.11.0
[INFO] [stderr]    Compiling criterion v0.5.1
[INFO] [stderr]    Compiling fastbloom v0.7.1
[INFO] [stderr]    Compiling sy v0.4.0 (/opt/rustwide/workdir)
[INFO] [stderr]     Finished `test` profile [unoptimized + debuginfo] target(s) in 2m 39s
[INFO] running `Command { std: "docker" "inspect" "ddf41bff73041a98a1654b27896dba1773b3ac1254c6b0a6bd54f0137060cb23", kill_on_drop: false }`
[INFO] running `Command { std: "docker" "exec" "-e" "SOURCE_DIR=/opt/rustwide/workdir" "-e" "CARGO_HOME=/opt/rustwide/cargo-home" "-e" "RUSTUP_HOME=/opt/rustwide/rustup-home" "-e" "CARGO_TARGET_DIR=/opt/rustwide/target" "-e" "CARGO_INCREMENTAL=0" "-e" "RUST_BACKTRACE=full" "-e" "RUSTFLAGS=--cap-lints=warn" "-e" "RUSTDOCFLAGS=--cap-lints=warn" "-w" "/opt/rustwide/workdir" "--user" "0:0" "ddf41bff73041a98a1654b27896dba1773b3ac1254c6b0a6bd54f0137060cb23" "/opt/rustwide/cargo-home/bin/cargo" "+1.99.0-beta.8" "test" "--frozen", kill_on_drop: false }`
[INFO] [stderr]     Finished `test` profile [unoptimized + debuginfo] target(s) in 0.53s
[INFO] [stderr]      Running unittests src/lib.rs (/opt/rustwide/target/debug/deps/sy-36e7f5eccaf30d6b)
[INFO] [stdout] 
[INFO] [stdout] running 612 tests
[INFO] [stdout] test binary::tests::test_find_sy_remote_binary ... ok
[INFO] [stdout] test bisync::classifier::tests::test_create_create_same_content ... ok
[INFO] [stdout] test bisync::classifier::tests::test_deleted_from_source ... ok
[INFO] [stdout] test bisync::classifier::tests::test_deleted_from_dest ... ok
[INFO] [stdout] test bisync::classifier::tests::test_modified_both_same_size_different_mtime ... ok
[INFO] [stdout] test bisync::classifier::tests::test_create_create_different_content ... ok
[INFO] [stdout] test bisync::classifier::tests::test_modified_both_conflict ... ok
[INFO] [stdout] test bisync::classifier::tests::test_modified_in_source ... ok
[INFO] [stdout] test bisync::classifier::tests::test_modified_in_dest ... ok
[INFO] [stdout] test bisync::engine::tests::test_check_deletion_limit_unlimited ... ok
[INFO] [stdout] test bisync::engine::tests::test_check_deletion_limit_ok ... ok
[INFO] [stdout] test bisync::classifier::tests::test_modify_delete_conflict ... ok
[INFO] [stdout] test bisync::classifier::tests::test_new_in_dest ... ok
[INFO] [stdout] test bisync::classifier::tests::test_new_in_source ... ok
[INFO] [stdout] test bisync::classifier::tests::test_no_changes ... ok
[INFO] [stdout] test bisync::classifier::tests::test_multiple_changes ... ok
[INFO] [stdout] test bisync::engine::tests::test_check_deletion_limit_exceeded ... ok
[INFO] [stdout] test bisync::resolver::tests::test_conflict_resolution_from_str ... ok
[INFO] [stdout] test bisync::resolver::tests::test_multiple_changes_mixed ... ok
[INFO] [stdout] test bisync::resolver::tests::test_resolve_modified_both_dest_wins ... ok
[INFO] [stdout] test bisync::resolver::tests::test_resolve_modified_both_newer_wins ... ok
[INFO] [stdout] test bisync::resolver::tests::test_resolve_modified_both_larger_wins ... ok
[INFO] [stdout] test bisync::resolver::tests::test_conflict_filename ... ok
[INFO] [stdout] test bisync::resolver::tests::test_resolve_modified_both_smaller_wins ... ok
[INFO] [stdout] test bisync::resolver::tests::test_resolve_mtime_tie_falls_back_to_rename ... ok
[INFO] [stdout] test bisync::resolver::tests::test_resolve_modified_both_rename ... ok
[INFO] [stdout] test bisync::resolver::tests::test_resolve_modified_both_source_wins ... ok
[INFO] [stdout] test bisync::lock::tests::test_lock_released_on_drop ... ok
[INFO] [stdout] test bisync::resolver::tests::test_resolve_new_in_source ... ok
[INFO] [stdout] test bisync::state::tests::test_detect_invalid_checksum ... ok
[INFO] [stdout] test bisync::state::tests::test_detect_empty_state_file ... ok
[INFO] [stdout] test bisync::state::tests::test_detect_invalid_side ... ok
[INFO] [stdout] test bisync::state::tests::test_detect_invalid_mtime ... ok
[INFO] [stdout] test bisync::state::tests::test_detect_missing_header ... ok
[INFO] [stdout] test bisync::state::tests::test_detect_wrong_field_count ... ok
[INFO] [stdout] test bisync::state::tests::test_edge_case_round_trip ... ok
[INFO] [stdout] test bisync::state::tests::test_escape_unescape_backslashes ... ok
[INFO] [stdout] test bisync::lock::tests::test_different_pairs_independent ... ok
[INFO] [stdout] test bisync::state::tests::test_escape_unescape_newlines ... ok
[INFO] [stdout] test bisync::state::tests::test_escape_unescape_quotes ... ok
[INFO] [stdout] test bisync::state::tests::test_escape_unescape_tabs ... ok
[INFO] [stdout] test bisync::state::tests::test_force_resync_deletes_corrupt_state ... ok
[INFO] [stdout] test bisync::state::tests::test_detect_invalid_size ... ok
[INFO] [stdout] test bisync::state::tests::test_load_all ... ok
[INFO] [stdout] test bisync::state::tests::test_parse_error_handling ... ok
[INFO] [stdout] test bisync::state::tests::test_clear_all ... ok
[INFO] [stdout] test bisync::state::tests::test_sync_pair_hash_uniqueness ... ok
[INFO] [stdout] test bisync::state::tests::test_v1_backward_compatibility ... ok
[INFO] [stdout] test bisync::state::tests::test_valid_state_passes_validation ... ok
[INFO] [stdout] test cli::tests::test_archive_mode_enables_all_flags ... ok
[INFO] [stdout] test cli::tests::test_checksum_flag_alone ... ok
[INFO] [stdout] test cli::tests::test_comparison_flags_mutually_exclusive ... ok
[INFO] [stdout] test cli::tests::test_explicit_flag_overrides_with_archive ... ok
[INFO] [stdout] test cli::tests::test_ignore_times_flag_alone ... ok
[INFO] [stdout] test cli::tests::test_individual_preserve_flags ... ok
[INFO] [stdout] test cli::tests::test_log_level_default ... ok
[INFO] [stdout] test cli::tests::test_log_level_quiet ... ok
[INFO] [stdout] test cli::tests::test_log_level_verbose ... ok
[INFO] [stdout] test cli::tests::test_log_level_very_verbose ... ok
[INFO] [stdout] test cli::tests::test_parse_size ... ok
[INFO] [stdout] test cli::tests::test_scan_options_archive_mode ... ok
[INFO] [stdout] test cli::tests::test_scan_options_default ... ok
[INFO] [stdout] test cli::tests::test_scan_options_explicit_flags ... ok
[INFO] [stdout] test cli::tests::test_size_filter_validation ... ok
[INFO] [stdout] test cli::tests::test_symlink_mode_copy_links_override ... ok
[INFO] [stdout] test cli::tests::test_symlink_mode_default ... ok
[INFO] [stdout] test cli::tests::test_symlink_mode_skip ... ok
[INFO] [stdout] test cli::tests::test_validate_remote_source ... ok
[INFO] [stdout] test cli::tests::test_validate_source_exists ... ok
[INFO] [stdout] test cli::tests::test_validate_source_is_file ... ok
[INFO] [stdout] test cli::tests::test_validate_source_not_exists ... ok
[INFO] [stdout] test cli::tests::test_verification_mode_checksum_type_mapping ... ok
[INFO] [stdout] test cli::tests::test_verification_mode_default ... ok
[INFO] [stdout] test cli::tests::test_verification_mode_verify_blocks ... ok
[INFO] [stdout] test cli::tests::test_verification_mode_verify_flag_enabled ... ok
[INFO] [stdout] test compress::tests::test_adaptive_compression_any_network ... ok
[INFO] [stdout] test compress::tests::test_adaptive_compression_local ... ok
[INFO] [stdout] test compress::tests::test_adaptive_compression_respects_precompressed ... ok
[INFO] [stdout] test compress::tests::test_adaptive_compression_small_files ... ok
[INFO] [stdout] test compress::tests::test_compress_decompress_lz4 ... ok
[INFO] [stdout] test compress::tests::test_compress_decompress_none ... ok
[INFO] [stdout] test compress::tests::test_compress_decompress_zstd ... ok
[INFO] [stdout] test compress::tests::test_detect_compressibility_empty ... ok
[INFO] [stdout] test compress::tests::test_detect_compressibility_random ... ok
[INFO] [stdout] test compress::tests::test_detect_compressibility_text ... ok
[INFO] [stdout] test compress::tests::test_is_compressed_extension ... ok
[INFO] [stdout] test compress::tests::test_lz4_compression_ratio ... ok
[INFO] [stdout] test compress::tests::test_roundtrip_empty_data ... ok
[INFO] [stdout] test compress::tests::test_roundtrip_large_data ... ok
[INFO] [stdout] test compress::tests::test_should_compress_already_compressed ... ok
[INFO] [stdout] test compress::tests::test_should_compress_large_text ... ok
[INFO] [stdout] test compress::tests::test_should_compress_small_file ... ok
[INFO] [stdout] test compress::tests::test_should_compress_smart_always ... ok
[INFO] [stdout] test compress::tests::test_should_compress_smart_auto_compressible ... ok
[INFO] [stdout] test compress::tests::test_should_compress_smart_auto_incompressible ... ok
[INFO] [stdout] test compress::tests::test_should_compress_smart_extension_mode ... ok
[INFO] [stdout] test compress::tests::test_should_compress_smart_known_compressed_extension ... ok
[INFO] [stdout] test compress::tests::test_should_compress_smart_local ... ok
[INFO] [stdout] test compress::tests::test_should_compress_smart_never ... ok
[INFO] [stdout] test compress::tests::test_should_compress_smart_no_path_fallback ... ok
[INFO] [stdout] test compress::tests::test_should_compress_smart_small_file ... ok
[INFO] [stdout] test compress::tests::test_zstd_compression_ratio ... ok
[INFO] [stdout] test config::tests::test_config_path ... ok
[INFO] [stdout] test config::tests::test_get_profile_missing ... ok
[INFO] [stdout] test config::tests::test_list_profiles ... ok
[INFO] [stdout] test config::tests::test_load_empty_config ... ok
[INFO] [stdout] test config::tests::test_load_nonexistent_config ... ok
[INFO] [stdout] test config::tests::test_parse_all_profile_fields ... ok
[INFO] [stdout] test config::tests::test_parse_config ... ok
[INFO] [stdout] test config::tests::test_parse_minimal_profile ... ok
[INFO] [stdout] test config::tests::test_show_profile ... ok
[INFO] [stdout] test delta::applier::tests::test_apply_delta_completely_new ... ok
[INFO] [stdout] test delta::applier::tests::test_apply_delta_identical ... ok
[INFO] [stdout] test delta::applier::tests::test_apply_delta_modified ... ok
[INFO] [stdout] test delta::applier::tests::test_apply_delta_no_base ... ok
[INFO] [stdout] test delta::applier::tests::test_roundtrip_large_file ... ok
[INFO] [stdout] test delta::checksum::tests::test_checksums_deterministic ... ok
[INFO] [stdout] test delta::checksum::tests::test_compute_checksums ... ok
[INFO] [stdout] test delta::checksum::tests::test_different_block_sizes ... ok
[INFO] [stdout] test delta::checksum::tests::test_empty_file ... ok
[INFO] [stdout] test delta::generator::tests::test_delta_completely_different ... ok
[INFO] [stdout] test delta::generator::tests::test_delta_empty_dest ... ok
[INFO] [stdout] test delta::generator::tests::test_delta_empty_source ... ok
[INFO] [stdout] test delta::generator::tests::test_delta_identical_files ... ok
[INFO] [stdout] test delta::generator::tests::test_delta_partial_match ... ok
[INFO] [stdout] test delta::generator::tests::test_streaming_empty_file ... ok
[INFO] [stdout] test delta::generator::tests::test_streaming_identical_files ... ok
[INFO] [stdout] test delta::generator::tests::test_streaming_large_file ... ok
[INFO] [stdout] test delta::generator::tests::test_streaming_vs_nonstreaming_identical ... ok
[INFO] [stdout] test delta::generator::tests::test_streaming_window_refill ... ok
[INFO] [stdout] test delta::ratio::tests::test_all_changed ... ok
[INFO] [stdout] test delta::ratio::tests::test_no_changes ... ok
[INFO] [stdout] test delta::ratio::tests::test_partial_change ... ok
[INFO] [stdout] test delta::ratio::tests::test_size_difference ... ok
[INFO] [stdout] test delta::ratio::tests::test_small_sample_count ... ok
[INFO] [stdout] test delta::ratio::tests::test_threshold_decision ... ok
[INFO] [stdout] test delta::rolling::tests::test_adler32_basic ... ok
[INFO] [stdout] test delta::rolling::tests::test_adler32_deterministic ... ok
[INFO] [stdout] test delta::rolling::tests::test_adler32_different_data ... ok
[INFO] [stdout] test delta::rolling::tests::test_adler32_empty ... ok
[INFO] [stdout] test delta::rolling::tests::test_adler32_rolling ... ok
[INFO] [stdout] test delta::rolling::tests::test_adler32_rolling_all_ones ... ok
[INFO] [stdout] test delta::rolling::tests::test_adler32_rolling_all_zeros ... ok
[INFO] [stdout] test delta::rolling::tests::test_adler32_rolling_correctness ... ok
[INFO] [stdout] test delta::rolling::tests::test_adler32_rolling_large_block ... ok
[INFO] [stdout] test delta::rolling::tests::test_adler32_rolling_modulo_boundary ... ok
[INFO] [stdout] test delta::rolling::tests::test_adler32_rolling_repeating_pattern ... ok
[INFO] [stdout] test delta::tests::test_block_size_calculation ... ok
[INFO] [stdout] test endpoint::local::tests::test_capabilities ... ok
[INFO] [stdout] test endpoint::local::tests::test_copy_file ... ok
[INFO] [stdout] test endpoint::local::tests::test_create_dir_all ... ok
[INFO] [stdout] test endpoint::local::tests::test_create_hardlink ... ok
[INFO] [stdout] test endpoint::local::tests::test_create_symlink ... ok
[INFO] [stdout] test endpoint::local::tests::test_exists ... ok
[INFO] [stdout] test endpoint::local::tests::test_metadata ... ok
[INFO] [stdout] test endpoint::local::tests::test_read_write_roundtrip ... ok
[INFO] [stdout] test endpoint::local::tests::test_remove_dir_recursive ... ok
[INFO] [stdout] test endpoint::local::tests::test_remove_file ... ok
[INFO] [stdout] test endpoint::local::tests::test_scan ... ok
[INFO] [stdout] test error::tests::test_from_ssh_io_error_connection_errors ... ok
[INFO] [stdout] test error::tests::test_from_ssh_io_error_context_preserved ... ok
[INFO] [stdout] test error::tests::test_from_ssh_io_error_fatal ... ok
[INFO] [stdout] test error::tests::test_from_ssh_io_error_not_found ... ok
[INFO] [stdout] test error::tests::test_from_ssh_io_error_permission_denied ... ok
[INFO] [stdout] test error::tests::test_from_ssh_io_error_temporary_failures ... ok
[INFO] [stdout] test error::tests::test_from_ssh_io_error_timeout ... ok
[INFO] [stdout] test error::tests::test_is_retryable_network_disconnected ... ok
[INFO] [stdout] test error::tests::test_is_retryable_network_fatal ... ok
[INFO] [stdout] test error::tests::test_is_retryable_network_retryable ... ok
[INFO] [stdout] test error::tests::test_is_retryable_network_timeout ... ok
[INFO] [stdout] test error::tests::test_is_retryable_other_errors ... ok
[INFO] [stdout] test error::tests::test_requires_reconnection_network_disconnected ... ok
[INFO] [stdout] test error::tests::test_requires_reconnection_other_errors ... ok
[INFO] [stdout] test filter::tests::test_comments_and_empty_lines ... ok
[INFO] [stdout] test filter::tests::test_default_action ... ok
[INFO] [stdout] test filter::tests::test_directory_only_patterns ... ok
[INFO] [stdout] test filter::tests::test_directory_pattern_vs_file_pattern ... ok
[INFO] [stdout] test filter::tests::test_directory_patterns ... ok
[INFO] [stdout] test filter::tests::test_empty_filter_includes_all ... ok
[INFO] [stdout] test filter::tests::test_exclude_pattern ... ok
[INFO] [stdout] test filter::tests::test_filter_engine_empty_serialization ... ok
[INFO] [stdout] test filter::tests::test_filter_engine_serialization_roundtrip ... ok
[INFO] [stdout] test filter::tests::test_glob_wildcards ... ok
[INFO] [stdout] test filter::tests::test_include_pattern ... ok
[INFO] [stdout] test filter::tests::test_invalid_pattern ... ok
[INFO] [stdout] test filter::tests::test_rsync_basename_matching ... ok
[INFO] [stdout] test filter::tests::test_rsync_exact_scenario ... ok
[INFO] [stdout] test filter::tests::test_rsync_path_matching ... ok
[INFO] [stdout] test filter::tests::test_rsync_style_syntax ... ok
[INFO] [stdout] test filter::tests::test_rule_order_matters ... ok
[INFO] [stdout] test fs_util::tests::test_cow_detection ... ok
[INFO] [stdout] test fs_util::tests::test_cow_detection_nonexistent_parent ... ok
[INFO] [stdout] test fs_util::tests::test_cow_detection_nonexistent_path ... ok
[INFO] [stdout] test fs_util::tests::test_hard_link_detection ... ok
[INFO] [stdout] test fs_util::tests::test_hard_links_three_way ... ok
[INFO] [stdout] test fs_util::tests::test_has_hard_links_directory ... ok
[INFO] [stdout] test fs_util::tests::test_has_hard_links_nonexistent ... ok
[INFO] [stdout] test fs_util::tests::test_linux_btrfs_detection ... ok
[INFO] [stdout] test fs_util::tests::test_linux_filesystem_detection ... ok
[INFO] [stdout] test fs_util::tests::test_linux_filesystem_magic_numbers ... ok
[INFO] [stdout] test fs_util::tests::test_linux_same_filesystem ... ok
[INFO] [stdout] test fs_util::tests::test_linux_xfs_detection ... ok
[INFO] [stdout] test fs_util::tests::test_same_filesystem ... ok
[INFO] [stdout] test fs_util::tests::test_same_filesystem_nonexistent_paths ... ok
[INFO] [stdout] test fs_util::tests::test_same_filesystem_parent_and_child ... ok
[INFO] [stdout] test fs_util::tests::test_same_filesystem_symlink ... ok
[INFO] [stdout] test hooks::tests::test_hook_context_env_vars ... ok
[INFO] [stdout] test bisync::lock::tests::test_acquire_lock ... ok
[INFO] [stdout] test hooks::tests::test_hook_execution ... ok
[INFO] [stdout] test hooks::tests::test_hook_not_found ... ok
[INFO] [stdout] test integrity::blake3::tests::test_empty_data ... ok
[INFO] [stdout] test hooks::tests::test_hook_failure_abort ... ok
[INFO] [stdout] test integrity::blake3::tests::test_hash_data ... ok
[INFO] [stdout] test bisync::lock::tests::test_concurrent_lock_fails ... ok
[INFO] [stdout] test integrity::blake3::tests::test_hash_data_deterministic ... ok
[INFO] [stdout] test integrity::blake3::tests::test_hash_data_different ... ok
[INFO] [stdout] test bisync::state::tests::test_last_sync_separate_from_mtime ... ok
[INFO] [stdout] test bisync::state::tests::test_store_and_retrieve ... ok
[INFO] [stdout] test bisync::state::tests::test_store_both_sides ... ok
[INFO] [stdout] test integrity::blake3::tests::test_incremental_hasher ... ok
[INFO] [stdout] test integrity::tests::test_checksum_equality ... ok
[INFO] [stdout] test integrity::blake3::tests::test_empty_file ... ok
[INFO] [stdout] test integrity::tests::test_checksum_none ... ok
[INFO] [stdout] test bisync::state::tests::test_delete ... ok
[INFO] [stdout] test integrity::tests::test_checksum_fast ... ok
[INFO] [stdout] test integrity::tests::test_checksum_cryptographic ... ok
[INFO] [stdout] test integrity::tests::test_verifier_none ... ok
[INFO] [stdout] test integrity::tests::test_verifier_file_checksum ... ok
[INFO] [stdout] test integrity::tests::test_verifier_fast_file ... ok
[INFO] [stdout] test integrity::tests::test_verify_block_disabled ... ok
[INFO] [stdout] test integrity::tests::test_verifier_cryptographic ... ok
[INFO] [stdout] test integrity::tests::test_verifier_fast ... ok
[INFO] [stdout] test integrity::tests::test_verify_block_matching ... ok
[INFO] [stdout] test integrity::tests::test_verify_block_mismatched ... ok
[INFO] [stdout] test integrity::tests::test_verify_block_fast_checksum ... ok
[INFO] [stdout] test integrity::tests::test_verify_transfer_fast ... ok
[INFO] [stdout] test integrity::tests::test_verify_transfer ... ok
[INFO] [stdout] test integrity::blake3::tests::test_hash_file ... ok
[INFO] [stdout] test integrity::xxhash3::tests::test_hash_data ... ok
[INFO] [stdout] test integrity::xxhash3::tests::test_hash_file ... ok
[INFO] [stdout] test integrity::xxhash3::tests::test_hash_data_different ... ok
[INFO] [stdout] test integrity::xxhash3::tests::test_hash_data_deterministic ... ok
[INFO] [stdout] test path::tests::test_display_local ... ok
[INFO] [stdout] test path::tests::test_display_remote_with_user ... ok
[INFO] [stdout] test integrity::xxhash3::tests::test_empty_data ... ok
[INFO] [stdout] test integrity::xxhash3::tests::test_empty_file ... ok
[INFO] [stdout] test path::tests::test_display_remote_without_user ... ok
[INFO] [stdout] test integrity::xxhash3::tests::test_incremental_hasher ... ok
[INFO] [stdout] test integrity::xxhash3::tests::test_known_hash ... ok
[INFO] [stdout] test path::tests::test_parse_local_relative ... ok
[INFO] [stdout] test path::tests::test_display_s3 ... ok
[INFO] [stdout] test path::tests::test_display_s3_with_region ... ok
[INFO] [stdout] test path::tests::test_parse_local_absolute ... ok
[INFO] [stdout] test path::tests::test_parse_local_relative_no_dot ... ok
[INFO] [stdout] test path::tests::test_parse_s3_bucket_only ... ok
[INFO] [stdout] test path::tests::test_parse_s3_with_endpoint ... ok
[INFO] [stdout] test path::tests::test_parse_s3_with_region ... ok
[INFO] [stdout] test path::tests::test_parse_windows_drive_letter ... ok
[INFO] [stdout] test path::tests::test_parse_windows_drive_letter_backslash ... ok
[INFO] [stdout] test path::tests::test_parse_windows_lowercase_drive ... ok
[INFO] [stdout] test path::tests::test_parse_windows_unc_path ... ok
[INFO] [stdout] test path::tests::test_parse_remote_without_user ... ok
[INFO] [stdout] test path::tests::test_parse_s3_basic ... ok
[INFO] [stdout] test perf::tests::test_bandwidth_utilization_accuracy ... ignored
[INFO] [stdout] test path::tests::test_windows_reserved_names ... ok
[INFO] [stdout] test path::tests::test_display_s3_with_endpoint ... ok
[INFO] [stdout] test path::tests::test_parse_remote_with_user ... ok
[INFO] [stdout] test perf::tests::test_files_per_second_accuracy ... ignored
[INFO] [stdout] test perf::tests::test_file_counters ... ok
[INFO] [stdout] test perf::tests::test_concurrent_file_counting ... ok
[INFO] [stdout] test perf::tests::test_format_duration ... ok
[INFO] [stdout] test perf::tests::test_format_speed ... ok
[INFO] [stdout] test perf::tests::test_peak_speed_tracking ... ok
[INFO] [stdout] test perf::tests::test_phase_duration_accuracy ... ignored
[INFO] [stdout] test perf::tests::test_phase_percentage_accuracy ... ignored
[INFO] [stdout] test perf::tests::test_speed_calculation_accuracy ... ignored
[INFO] [stdout] test perf::tests::test_concurrent_byte_counting ... ok
[INFO] [stdout] test resource::tests::test_check_disk_space_insufficient ... ok
[INFO] [stdout] test resource::tests::test_check_disk_space_sufficient ... ok
[INFO] [stdout] test resource::tests::test_check_fd_limits ... ok
[INFO] [stdout] test resource::tests::test_format_bytes ... ok
[INFO] [stdout] test resource::tests::test_get_available_space ... ok
[INFO] [stdout] test resource::tests::test_get_available_space_nonexistent_path ... ok
[INFO] [stdout] test perf::tests::test_zero_duration_edge_case ... ok
[INFO] [stdout] test resume::tests::test_clear_all ... ok
[INFO] [stdout] test resume::tests::test_is_stale ... ok
[INFO] [stdout] test resume::tests::test_load_stale_state ... ok
[INFO] [stdout] test resume::tests::test_new_transfer_state ... ok
[INFO] [stdout] test resume::tests::test_generate_state_id_uniqueness ... ok
[INFO] [stdout] test resume::tests::test_progress_percentage ... ok
[INFO] [stdout] test resume::tests::test_progress_percentage_zero_size ... ok
[INFO] [stdout] test resume::tests::test_save_and_load ... ok
[INFO] [stdout] test resume::tests::test_total_chunks ... ok
[INFO] [stdout] test perf::tests::test_peak_speed_concurrent_updates ... ok
[INFO] [stdout] test retry::tests::test_calculate_delay_capped_at_max ... ok
[INFO] [stdout] test resume::tests::test_next_chunk ... ok
[INFO] [stdout] test retry::tests::test_calculate_delay_exponential ... ok
[INFO] [stdout] test retry::tests::test_retry_config_custom ... ok
[INFO] [stdout] test retry::tests::test_retry_config_default ... ok
[INFO] [stdout] test retry::tests::test_retry_default_wrapper ... ok
[INFO] [stdout] test retry::tests::test_retry_non_retryable_error ... ok
[INFO] [stdout] test integrity::blake3::tests::test_hash_large_file ... ok
[INFO] [stdout] test sparse::tests::test_data_region_serialization ... ok
[INFO] [stdout] test retry::tests::test_retry_success_first_attempt ... ok
[INFO] [stdout] test sparse::tests::test_detect_data_regions_all_data ... ok
[INFO] [stdout] test sparse::tests::test_detect_data_regions_empty_file ... ok
[INFO] [stdout] test sparse::tests::test_detect_data_regions_leading_hole ... ok
[INFO] [stdout] test perf::tests::test_performance_monitor_basic ... ok
[INFO] [stdout] test sparse::tests::test_detect_data_regions_multiple_data_regions ... ok
[INFO] [stdout] test sparse::tests::test_detect_data_regions_region_ordering ... ok
[INFO] [stdout] test sparse::tests::test_detect_data_regions_nonexistent_file ... ok
[INFO] [stdout] test sparse::tests::test_detect_data_regions_single_byte ... ok
[INFO] [stdout] test sparse::tests::test_detect_data_regions_sparse_file ... ok
[INFO] [stdout] test sparse::tests::test_detect_data_regions_very_large_offset ... ok
[INFO] [stdout] test sparse::tests::test_detect_data_regions_boundary_conditions ... ok
[INFO] [stdout] test sparse::tests::test_detect_data_regions_trailing_hole ... ok
[INFO] [stdout] test ssh::config::tests::test_non_matching_host ... ok
[INFO] [stdout] test ssh::config::tests::test_comments_and_empty_lines ... ok
[INFO] [stdout] test ssh::config::tests::test_parse_compression ... ok
[INFO] [stdout] test ssh::config::tests::test_parse_duration ... ok
[INFO] [stdout] test ssh::config::tests::test_parse_control_master ... ok
[INFO] [stdout] test ssh::config::tests::test_parse_identity_file ... ok
[INFO] [stdout] test ssh::config::tests::test_parse_simple_config ... ok
[INFO] [stdout] test ssh::config::tests::test_parse_proxy_jump ... ok
[INFO] [stdout] test retry::tests::test_retry_success_after_retries ... ok
[INFO] [stdout] test retry::tests::test_retry_exhausted ... ok
[INFO] [stdout] test ssh::config::tests::test_ssh_config_defaults ... ok
[INFO] [stdout] test ssh::connect::tests::test_ssh_config_basic ... ok
[INFO] [stdout] test streaming::channel::tests::test_sync_stats ... ok
[INFO] [stdout] test streaming::channel::tests::test_file_job_channel ... ok
[INFO] [stdout] test streaming::generator::parse_tests::test_absolute ... ok
[INFO] [stdout] test streaming::channel::tests::test_dest_index ... ok
[INFO] [stdout] test streaming::generator::parse_tests::test_integer_truncation ... ok
[INFO] [stdout] test streaming::generator::parse_tests::test_invalid_fallback ... ok
[INFO] [stdout] test streaming::generator::parse_tests::test_percentage ... ok
[INFO] [stdout] test streaming::generator::tests::test_generator_delete_detection ... ok
[INFO] [stdout] test streaming::generator::tests::test_generator_delete_force_bypasses_threshold ... ok
[INFO] [stdout] test streaming::generator::tests::test_generator_with_files ... ok
[INFO] [stdout] test streaming::protocol::tests::test_data_compressed_flag ... ok
[INFO] [stdout] test streaming::generator::tests::test_generator_empty_dir ... ok
[INFO] [stdout] test streaming::protocol::tests::test_data_payload_too_short ... ok
[INFO] [stdout] test streaming::generator::tests::test_generator_delete_threshold_exceeded ... ok
[INFO] [stdout] test streaming::protocol::tests::test_data_roundtrip ... ok
[INFO] [stdout] test streaming::protocol::tests::test_dest_file_entry_empty_checksums ... ok
[INFO] [stdout] test streaming::protocol::tests::test_dest_file_entry_payload_too_short ... ok
[INFO] [stdout] test ssh::config::tests::test_host_matching ... ok
[INFO] [stdout] test streaming::protocol::tests::test_done_backward_compat_no_scanned ... ok
[INFO] [stdout] test streaming::protocol::tests::test_done_roundtrip ... ok
[INFO] [stdout] test streaming::protocol::tests::test_error_payload_too_short ... ok
[INFO] [stdout] test streaming::protocol::tests::test_data_empty_payload ... ok
[INFO] [stdout] test streaming::protocol::tests::test_dest_file_entry_with_checksums ... ok
[INFO] [stdout] test streaming::protocol::tests::test_file_entry_hardlink ... ok
[INFO] [stdout] test streaming::protocol::tests::test_fatal_long_message ... ok
[INFO] [stdout] test streaming::protocol::tests::test_file_entry_path_truncated ... ok
[INFO] [stdout] test streaming::protocol::tests::test_file_entry_payload_too_short ... ok
[INFO] [stdout] test streaming::protocol::tests::test_file_entry_roundtrip ... ok
[INFO] [stdout] test streaming::protocol::tests::test_file_entry_special_characters ... ok
[INFO] [stdout] test streaming::protocol::tests::test_dest_file_entry_many_checksums ... ok
[INFO] [stdout] test streaming::protocol::tests::test_file_entry_symlink ... ok
[INFO] [stdout] test streaming::protocol::tests::test_hello_all_trailing_fields ... ok
[INFO] [stdout] test streaming::protocol::tests::test_hello_backward_compat_max_delete_no_filter ... ok
[INFO] [stdout] test streaming::protocol::tests::test_file_entry_symlink_target_truncated ... ok
[INFO] [stdout] test streaming::protocol::tests::test_hello_empty_path ... ok
[INFO] [stdout] test streaming::protocol::tests::test_hello_backward_compat_no_trailing_fields ... ok
[INFO] [stdout] test streaming::protocol::tests::test_hello_dirs_only_flag ... ok
[INFO] [stdout] test streaming::protocol::tests::test_hello_filter_patterns_roundtrip ... ok
[INFO] [stdout] test streaming::protocol::tests::test_hello_flags_combinations ... ok
[INFO] [stdout] test streaming::protocol::tests::test_hello_roundtrip ... ok
[INFO] [stdout] test streaming::protocol::tests::test_is_legacy_protocol ... ok
[INFO] [stdout] test streaming::protocol::tests::test_is_streaming_protocol ... ok
[INFO] [stdout] test streaming::protocol::tests::test_message_type_from_u8 ... ok
[INFO] [stdout] test streaming::protocol::tests::test_progress_roundtrip ... ok
[INFO] [stdout] test streaming::protocol::tests::test_progress_zero_values ... ok
[INFO] [stdout] test streaming::protocol::tests::test_hello_frame_length_matches_payload ... ok
[INFO] [stdout] test streaming::protocol::tests::test_hello_long_path ... ok
[INFO] [stdout] test streaming::protocol::tests::test_version_negotiation_supported ... ok
[INFO] [stdout] test streaming::protocol::tests::test_hello_payload_too_short ... ok
[INFO] [stdout] test streaming::protocol::tests::test_xattr_roundtrip ... ok
[INFO] [stdout] test streaming::protocol::tests::test_version_negotiation_too_new ... ok
[INFO] [stdout] test streaming::receiver::tests::test_validate_path_absolute ... ok
[INFO] [stdout] test streaming::receiver::tests::test_validate_path_dot_dot_in_middle ... ok
[INFO] [stdout] test streaming::receiver::tests::test_validate_path_empty ... ok
[INFO] [stdout] test streaming::protocol::tests::test_version_negotiation_too_old ... ok
[INFO] [stdout] test streaming::receiver::tests::test_validate_path_normal ... ok
[INFO] [stdout] test streaming::receiver::tests::test_validate_symlink_target_absolute ... ok
[INFO] [stdout] test streaming::receiver::tests::test_validate_symlink_target_normal ... ok
[INFO] [stdout] test streaming::receiver::tests::test_validate_path_traversal ... ok
[INFO] [stdout] test streaming::receiver::tests::test_validate_symlink_target_traversal ... ok
[INFO] [stdout] test streaming::sender::tests::test_sender_delta_file ... ok
[INFO] [stdout] test streaming::sender::tests::test_sender_simple_file ... ok
[INFO] [stdout] test streaming::receiver::tests::test_receiver_basic ... ok
[INFO] [stdout] test ssh::config::tests::test_parse_wildcard_host ... ok
[INFO] [stdout] test integrity::xxhash3::tests::test_hash_large_file ... ok
[INFO] [stdout] test streaming::sender::tests::test_delta_always_uses_zero_offset ... ok
[INFO] [stdout] test sync::checksumdb::tests::test_cache_miss_on_mtime_change ... ok
[INFO] [stdout] test sync::checksumdb::tests::test_cryptographic_checksum_storage ... ok
[INFO] [stdout] test sync::checksumdb::tests::test_clear_database ... ok
[INFO] [stdout] test sync::dircache::tests::test_cache_file_path ... ok
[INFO] [stdout] test sync::dircache::tests::test_clear ... ok
[INFO] [stdout] test sync::dircache::tests::test_delete_cache ... ok
[INFO] [stdout] test sync::dircache::tests::test_load_corrupted ... ok
[INFO] [stdout] test sync::dircache::tests::test_load_nonexistent ... ok
[INFO] [stdout] test sync::dircache::tests::test_mtime_tolerance ... ok
[INFO] [stdout] test sync::checksumdb::tests::test_cache_miss_on_size_change ... ok
[INFO] [stdout] test sync::dircache::tests::test_new_cache ... ok
[INFO] [stdout] test sync::dircache::tests::test_remove_entry ... ok
[INFO] [stdout] test sync::dircache::tests::test_update_and_check ... ok
[INFO] [stdout] test sync::dircache::tests::test_save_and_load ... ok
[INFO] [stdout] test sync::executor::tests::test_backup_not_created_for_create ... ok
[INFO] [stdout] test sync::executor::tests::test_backup_config ... ok
[INFO] [stdout] test sync::executor::tests::test_backup_with_custom_suffix ... ok
[INFO] [stdout] test sync::executor::tests::test_backup_with_custom_dir ... ok
[INFO] [stdout] test sync::executor::tests::test_directory_permission_preservation ... ok
[INFO] [stdout] test sync::executor::tests::test_dry_run_delete_does_not_modify ... ok
[INFO] [stdout] test sync::executor::tests::test_create_nested_directories ... ok
[INFO] [stdout] test sync::executor::tests::test_dry_run_does_not_modify ... ok
[INFO] [stdout] test sync::executor::tests::test_execute_batch_mixed_actions ... ok
[INFO] [stdout] test sync::executor::tests::test_execute_batch_parallel ... ok
[INFO] [stdout] test sync::executor::tests::test_execute_create_directory ... ok
[INFO] [stdout] test sync::executor::tests::test_execute_create_file ... ok
[INFO] [stdout] test sync::executor::tests::test_execute_file_with_zero_bytes ... ok
[INFO] [stdout] test sync::executor::tests::test_execute_delete_file ... ok
[INFO] [stdout] test sync::executor::tests::test_execute_skip ... ok
[INFO] [stdout] test sync::executor::tests::test_execute_symlink_preserve ... ok
[INFO] [stdout] test sync::executor::tests::test_hardlink_preservation ... ok
[INFO] [stdout] test sync::executor::tests::test_execute_update_file ... ok
[INFO] [stdout] test sync::executor::tests::test_missing_source_for_create ... ok
[INFO] [stdout] test sync::executor::tests::test_itemize_changes ... ok
[INFO] [stdout] test sync::executor::tests::test_partial_cleanup ... ok
[INFO] [stdout] test sync::executor::tests::test_permission_denied_dest ... ok
[INFO] [stdout] test sync::executor::tests::test_symlink_preserve ... ok
[INFO] [stdout] test sync::executor::tests::test_verify_on_write ... ok
[INFO] [stdout] test sync::executor::tests::test_verify_transfer ... ok
[INFO] [stdout] test sync::executor::tests::test_remove_source_files ... ok
[INFO] [stdout] test sync::executor::tests::test_verify_transfer_mismatch ... ok
[INFO] [stdout] test sync::output::tests::test_serialize_create_event ... ok
[INFO] [stdout] test sync::output::tests::test_serialize_performance_event ... ok
[INFO] [stdout] test sync::output::tests::test_serialize_start_event ... ok
[INFO] [stdout] test sync::output::tests::test_serialize_summary_event ... ok
[INFO] [stdout] test sync::output::tests::test_serialize_update_event ... ok
[INFO] [stdout] test sync::output::tests::test_serialize_verification_result ... ok
[INFO] [stdout] test sync::progress::tests::test_create_progress_bar ... ok
[INFO] [stdout] test sync::progress::tests::test_create_progress_bar_long_filename ... ok
[INFO] [stdout] test sync::executor::tests::test_xattr_preservation ... ok
[INFO] [stdout] test sync::progress::tests::test_create_progress_callback ... ok
[INFO] [stdout] test sync::progress::tests::test_min_size_constant ... ok
[INFO] [stdout] test sync::ratelimit::tests::test_rate_limiter_burst ... ok
[INFO] [stdout] test sync::progress::tests::test_finish_progress_bar ... ok
[INFO] [stdout] test sync::ratelimit::tests::test_rate_limiter_small_transfers ... ok
[INFO] [stdout] test sync::resume::tests::test_checkpoint_before_start_rejected ... ok
[INFO] [stdout] test sync::resume::tests::test_completed_exceeds_total_rejected ... ok
[INFO] [stdout] test sync::resume::tests::test_completed_paths ... ok
[INFO] [stdout] test sync::resume::tests::test_corrupted_json_auto_deleted ... ok
[INFO] [stdout] test sync::resume::tests::test_corrupted_json_deleted ... ok
[INFO] [stdout] test sync::resume::tests::test_delete_nonexistent_state ... ok
[INFO] [stdout] test sync::resume::tests::test_empty_state_file ... ok
[INFO] [stdout] test sync::resume::tests::test_flag_change_delete_added ... ok
[INFO] [stdout] test sync::resume::tests::test_flag_change_exclude_added ... ok
[INFO] [stdout] test sync::resume::tests::test_flag_change_size_filters ... ok
[INFO] [stdout] test sync::resume::tests::test_future_timestamp_rejected ... ok
[INFO] [stdout] test sync::resume::tests::test_invalid_file_action_rejected ... ok
[INFO] [stdout] test sync::resume::tests::test_invalid_version_auto_deleted ... ok
[INFO] [stdout] test sync::resume::tests::test_multiple_resume_cycles ... ok
[INFO] [stdout] test sync::resume::tests::test_progress_tracking_accuracy ... ok
[INFO] [stdout] test sync::resume::tests::test_relative_paths_rejected ... ok
[INFO] [stdout] test sync::resume::tests::test_resume_state_compatibility ... ok
[INFO] [stdout] test sync::resume::tests::test_resume_state_delete ... ok
[INFO] [stdout] test sync::resume::tests::test_resume_state_save_load ... ok
[INFO] [stdout] test sync::checksumdb::tests::test_open_database ... ok
[INFO] [stdout] test sync::resume::tests::test_state_with_missing_version ... ok
[INFO] [stdout] test sync::checksumdb::tests::test_prune_stale_entries ... ok
[INFO] [stdout] test sync::scale::tests::test_batch_processor_custom ... ok
[INFO] [stdout] test sync::scale::tests::test_batch_processor_default ... ok
[INFO] [stdout] test sync::resume::tests::test_valid_state_passes_integrity_check ... ok
[INFO] [stdout] test sync::scale::tests::test_bloom_filter_basic ... ok
[INFO] [stdout] test sync::scale::tests::test_bloom_filter_many_items ... ok
[INFO] [stdout] test sync::scale::tests::test_state_cache_creation ... ok
[INFO] [stdout] test sync::scale::tests::test_bloom_filter_memory_usage ... ok
[INFO] [stdout] test sync::scanner::tests::test_auto_select_small_directory ... ok
[INFO] [stdout] test sync::scanner::tests::test_auto_select_many_subdirs ... ok
[INFO] [stdout] test sync::resume::tests::test_state_with_large_number_of_files ... ok
[INFO] [stdout] test sync::checksumdb::tests::test_store_and_retrieve_checksum ... ok
[INFO] [stdout] test sync::checksumdb::tests::test_update_existing_checksum ... ok
[INFO] [stdout] test sync::scanner::tests::test_mixed_files_and_subdirs ... ok
[INFO] [stdout] test sync::scanner::tests::test_parallel_scanner_basic ... ok
[INFO] [stdout] test sync::scanner::tests::test_scanner_basic ... ok
[INFO] [stdout] test sync::scanner::tests::test_parallel_scanner_preserves_metadata ... ok
[INFO] [stdout] test sync::scanner::tests::test_scanner_empty_directory ... ok
[INFO] [stdout] test sync::scanner::tests::test_scanner_deep_nesting ... ok
[INFO] [stdout] test sync::scanner::tests::test_scanner_gitignore_without_git_repo ... ok
[INFO] [stdout] test sync::scanner::tests::test_scanner_hardlinks ... ok
[INFO] [stdout] test sync::scanner::tests::test_parallel_sequential_identical_results ... ok
[INFO] [stdout] test sync::scanner::tests::test_scanner_mixed_file_types ... ok
[INFO] [stdout] test sync::scanner::tests::test_scanner_nested_empty_directories ... ok
[INFO] [stdout] test sync::scanner::tests::test_scanner_gitignore ... ok
[INFO] [stdout] test sync::scanner::tests::test_scanner_regular_file_no_hardlinks ... ok
[INFO] [stdout] test sync::scanner::tests::test_scanner_regular_file_not_sparse ... ok
[INFO] [stdout] test sync::scanner::tests::test_scanner_sparse_files ... ok
[INFO] [stdout] test sync::scanner::tests::test_scanner_special_characters ... ok
[INFO] [stdout] test sync::scanner::tests::test_scanner_symlink_chain_loop ... ok
[INFO] [stdout] test sync::scanner::tests::test_scanner_symlink_loop_detection ... ok
[INFO] [stdout] test sync::scanner::tests::test_scanner_symlinks ... ok
[INFO] [stdout] test sync::scanner::tests::test_scanner_unicode_filenames ... ok
[INFO] [stdout] test sync::scanner::tests::test_scanner_very_long_filename ... ok
[INFO] [stdout] test sync::scanner::tests::test_scanner_zero_byte_file ... ok
[INFO] [stdout] test sync::scanner::tests::test_sequential_fallback_single_thread ... ok
[INFO] [stdout] test sync::scanner::tests::test_sequential_fallback_zero_threads ... ok
[INFO] [stdout] test sync::scanner::tests::test_threshold_boundary ... ok
[INFO] [stdout] test sync::ratelimit::tests::test_rate_limiter_refill ... ok
[INFO] [stdout] test sync::session::tests::test_delete_threshold_enforcement ... ok
[INFO] [stdout] test sync::session::tests::test_delete_threshold_force_override ... ok
[INFO] [stdout] test sync::session::tests::test_direct_local_dry_run ... ok
[INFO] [stdout] test perf::tests::test_bandwidth_utilization ... ok
[INFO] [stdout] test sync::session::tests::test_direct_local_creates_files ... ok
[INFO] [stdout] test sync::session::tests::test_direct_local_skips_unchanged ... ok
[INFO] [stdout] test sync::session::tests::test_direct_local_existing_only ... ok
[INFO] [stdout] test sync::session::tests::test_direct_local_with_delete ... ok
[INFO] [stdout] test sync::session::tests::test_direct_local_empty ... ok
[INFO] [stdout] test sync::session::tests::test_dirs_only_filter ... ok
[INFO] [stdout] test sync::session::tests::test_filter_engine_integration ... ok
[INFO] [stdout] test sync::session::tests::test_ignore_existing_filter ... ok
[INFO] [stdout] test sync::session::tests::test_strategy_local_to_local ... ok
[INFO] [stdout] test sync::session::tests::test_strategy_local_to_ssh ... ok
[INFO] [stdout] test sync::session::tests::test_strategy_select ... ok
[INFO] [stdout] test sync::session::tests::test_direct_local_with_subdirectories ... ok
[INFO] [stdout] test sync::strategy::tests::test_checksum_mode_create_new_file ... ok
[INFO] [stdout] test sync::session::tests::test_strategy_ssh_to_local ... ok
[INFO] [stdout] test sync::strategy::tests::test_checksum_mode_transfer_different_files ... ok
[INFO] [stdout] test sync::strategy::tests::test_checksum_mode_skip_identical_files ... ok
[INFO] [stdout] test sync::strategy::tests::test_mtime_matches_subsecond ... ok
[INFO] [stdout] test sync::strategy::tests::test_plan_create ... ok
[INFO] [stdout] test sync::strategy::tests::test_plan_deletions_empty_source ... ok
[INFO] [stdout] test sync::strategy::tests::test_plan_deletions_no_deletions_needed ... ok
[INFO] [stdout] test sync::strategy::tests::test_plan_deletions_small_set ... ok
[INFO] [stdout] test sync::strategy::tests::test_plan_skip_identical ... ok
[INFO] [stdout] test sync::strategy::tests::test_plan_update_different_size ... ok
[INFO] [stdout] test bisync::lock::tests::test_lock_across_threads ... ok
[INFO] [stdout] test sync::session::tests::test_error_handling_source_not_found ... ok
[INFO] [stdout] test sync::tests::test_error_message_includes_count_and_first_error ... ok
[INFO] [stdout] test sync::tests::test_basic_sync_success ... ok
[INFO] [stdout] test sync::tests::test_error_collection_below_threshold_continues ... ok
[INFO] [stdout] test sync::tests::test_sync_dry_run_no_changes ... ok
[INFO] [stdout] test sync::tests::test_sync_empty_source ... ok
[INFO] [stdout] test sync::scanner::tests::test_flat_dir_no_parallel ... ok
[INFO] [stdout] test sync::tests::test_error_threshold_aborts_when_exceeded ... ok
[INFO] [stdout] test sync::tests::test_sync_idempotent ... ok
[INFO] [stdout] test sync::strategy::tests::test_plan_deletions_large_set_with_bloom ... ok
[INFO] [stdout] test sync::tests::test_sync_many_small_files ... ok
[INFO] [stdout] test sync::tests::test_sync_with_subdirectories ... ok
[INFO] [stdout] test sync::tests::test_toctou_directory_deleted_after_scan ... ok
[INFO] [stdout] test sync::tests::test_toctou_file_deleted_after_scan ... ok
[INFO] [stdout] test sync::tests::test_sync_mixed_sizes ... ok
[INFO] [stdout] test sync::tests::test_toctou_file_size_changed ... ok
[INFO] [stdout] test sync::scanner::tests::test_scanner_large_directory ... ok
[INFO] [stdout] test sync::tests::test_toctou_new_file_created_during_sync ... ok
[INFO] [stdout] test sync::transfer::tests::test_acl_empty_bytes ... ok
[INFO] [stdout] test sync::tests::test_toctou_file_modified_after_scan ... ok
[INFO] [stdout] test sync::transfer::tests::test_acl_detection ... ok
[INFO] [stdout] test sync::transfer::tests::test_acl_not_preserved_without_flag ... ok
[INFO] [stdout] test sync::transfer::tests::test_acl_parsing_robustness ... ok
[INFO] [stdout] test sync::transfer::tests::test_copy_file ... ok
[INFO] [stdout] test sync::transfer::tests::test_create_directory ... ok
[INFO] [stdout] test sync::transfer::tests::test_delete_nonexistent_file ... ok
[INFO] [stdout] test sync::transfer::tests::test_create_file_nonexistent_source ... ok
[INFO] [stdout] test sync::transfer::tests::test_dry_run_no_changes ... ok
[INFO] [stdout] test sync::transfer::tests::test_dry_run ... ok
[INFO] [stdout] test sync::transfer::tests::test_hardlink_not_preserved_without_flag ... ok
[INFO] [stdout] test sync::transfer::tests::test_hardlink_preservation ... ok
[INFO] [stdout] test sync::transfer::tests::test_symlink_follow ... ok
[INFO] [stdout] test sync::transfer::tests::test_symlink_follow_mode ... ok
[INFO] [stdout] test sync::tests::test_sync_very_deep_nesting ... ok
[INFO] [stdout] test sync::transfer::tests::test_symlink_preserve ... ok
[INFO] [stdout] test sync::transfer::tests::test_symlink_skip ... ok
[INFO] [stdout] test sync::transfer::tests::test_hardlink_three_files ... ok
[INFO] [stdout] test sync::transfer::tests::test_symlink_preserve_mode ... ok
[INFO] [stdout] test temp_file::tests::test_temp_file_guard_cleans_up ... ok
[INFO] [stdout] test temp_file::tests::test_temp_file_guard_defuse ... ok
[INFO] [stdout] test temp_file::tests::test_temp_file_guard_nonexistent_file ... ok
[INFO] [stdout] test temp_file::tests::test_temp_file_guard_path ... ok
[INFO] [stdout] test sync::transfer::tests::test_xattr_not_preserved_without_flag ... ok
[INFO] [stdout] test sync::transfer::tests::test_xattr_preservation ... ok
[INFO] [stdout] test sync::scanner::tests::test_scanner_permission_denied_directory ... FAILED
[INFO] [stdout] test transport::dual::tests::test_compute_checksum_routes_local_path ... ok
[INFO] [stdout] test transport::dual::tests::test_compute_checksum_routes_nonexistent_to_dest ... ok
[INFO] [stdout] test transport::dual::tests::test_dual_transport_verification_local_paths ... ok
[INFO] [stdout] test transport::local::tests::test_copy_file_nonexistent_source ... ok
[INFO] [stdout] test transport::local::tests::test_create_dir_all_nested ... ok
[INFO] [stdout] test transport::local::tests::test_copy_file_streaming_without_progress ... ok
[INFO] [stdout] test transport::local::tests::test_hardlink_across_filesystems ... ok
[INFO] [stdout] test transport::local::tests::test_local_transport_copy_file ... ok
[INFO] [stdout] test transport::local::tests::test_local_transport_create_dir_all ... ok
[INFO] [stdout] test transport::local::tests::test_local_transport_exists ... ok
[INFO] [stdout] test transport::local::tests::test_local_transport_remove_dir ... ok
[INFO] [stdout] test transport::local::tests::test_local_transport_remove_file ... ok
[INFO] [stdout] test transport::local::tests::test_local_transport_scan ... ok
[INFO] [stdout] test transport::local::tests::test_copy_file_streaming_with_progress ... ok
[INFO] [stdout] test transport::local::tests::test_metadata_nonexistent_file ... ok
[INFO] [stdout] test transport::local::tests::test_remove_nonexistent_file ... ok
[INFO] [stdout] test sync::tests::test_error_threshold_zero_collects_all_errors ... FAILED
[INFO] [stdout] test sync::transfer::tests::test_create_file_permission_denied_dest ... FAILED
[INFO] [stdout] test transport::local::tests::test_local_transport_sparse_file_copy ... ok
[INFO] [stdout] test transport::ssh::tests::test_connection_pool_round_robin_logic ... ok
[INFO] [stdout] test transport::ssh::tests::test_connection_pool_size ... ok
[INFO] [stdout] test transport::ssh::tests::test_connection_pool_wrapping_modulo ... ok
[INFO] [stdout] test transport::ssh::tests::test_ssh_transport_pool_size_api ... ok
[INFO] [stdout] test transport::local::tests::test_scan_nonexistent_directory ... ok
[INFO] [stdout] test transport::ssh::tests::test_connection_pool_concurrent_counter ... ok
[INFO] [stdout] test transport::local::tests::test_copy_file_permission_denied_destination ... FAILED
[INFO] [stdout] test transport::local::tests::test_create_dir_permission_denied ... FAILED
[INFO] [stdout] test transport::local::tests::test_scan_permission_denied ... FAILED
[INFO] [stdout] test sync::scanner::tests::test_parallel_scanner_large ... ok
[INFO] [stdout] test sync::tests::test_sync_large_file ... ok
[INFO] [stdout] 
[INFO] [stdout] failures:
[INFO] [stdout] 
[INFO] [stdout] ---- sync::scanner::tests::test_scanner_permission_denied_directory stdout ----
[INFO] [stdout] 
[INFO] [stdout] thread 'sync::scanner::tests::test_scanner_permission_denied_directory' (3761) panicked at src/sync/scanner.rs:1155:17:
[INFO] [stdout] Should not include files from unreadable directory
[INFO] [stdout] stack backtrace:
[INFO] [stdout]    0:     0x5d097c635d51 - std[70759c8f55707aa4]::backtrace_rs::backtrace::libunwind::trace
[INFO] [stdout]                                at /rustc/dfb0accb7f508ae8be965d8629557221c889dd98/library/std/src/../../backtrace/src/backtrace/libunwind.rs:117:9
[INFO] [stdout]    1:     0x5d097c635d51 - std[70759c8f55707aa4]::backtrace_rs::backtrace::trace_unsynchronized::<std[70759c8f55707aa4]::sys::backtrace::_print_fmt::{closure#1}>
[INFO] [stdout]                                at /rustc/dfb0accb7f508ae8be965d8629557221c889dd98/library/std/src/../../backtrace/src/backtrace/mod.rs:66:14
[INFO] [stdout]    2:     0x5d097c635d51 - std[70759c8f55707aa4]::sys::backtrace::_print_fmt
[INFO] [stdout]                                at /rustc/dfb0accb7f508ae8be965d8629557221c889dd98/library/std/src/sys/backtrace.rs:74:9
[INFO] [stdout]    3:     0x5d097c635d51 - <<std[70759c8f55707aa4]::sys::backtrace::BacktraceLock>::print::DisplayBacktrace as core[df12db4294e9bfd3]::fmt::Display>::fmt
[INFO] [stdout]                                at /rustc/dfb0accb7f508ae8be965d8629557221c889dd98/library/std/src/sys/backtrace.rs:44:26
[INFO] [stdout]    4:     0x5d097c64f8ca - <core[df12db4294e9bfd3]::fmt::rt::Argument>::fmt
[INFO] [stdout]                                at /rustc/dfb0accb7f508ae8be965d8629557221c889dd98/library/core/src/fmt/rt.rs:152:76
[INFO] [stdout]    5:     0x5d097c64f8ca - core[df12db4294e9bfd3]::fmt::write
[INFO] [stdout]    6:     0x5d097c63b2fc - core[df12db4294e9bfd3]::io::write::default_write_fmt::<alloc[2182bb758b4b3781]::vec::Vec<u8>>
[INFO] [stdout]                                at /rustc/dfb0accb7f508ae8be965d8629557221c889dd98/library/core/src/io/write.rs:402:11
[INFO] [stdout]    7:     0x5d097c63b2fc - <alloc[2182bb758b4b3781]::vec::Vec<u8> as core[df12db4294e9bfd3]::io::write::Write>::write_fmt
[INFO] [stdout]                                at /rustc/dfb0accb7f508ae8be965d8629557221c889dd98/library/core/src/io/write.rs:335:13
[INFO] [stdout]    8:     0x5d097c60b616 - <std[70759c8f55707aa4]::sys::backtrace::BacktraceLock>::print
[INFO] [stdout]                                at /rustc/dfb0accb7f508ae8be965d8629557221c889dd98/library/std/src/sys/backtrace.rs:47:9
[INFO] [stdout]    9:     0x5d097c60b616 - std[70759c8f55707aa4]::panicking::default_hook::{closure#0}
[INFO] [stdout]                                at /rustc/dfb0accb7f508ae8be965d8629557221c889dd98/library/std/src/panicking.rs:292:27
[INFO] [stdout]   10:     0x5d097c62add9 - std[70759c8f55707aa4]::panicking::default_hook
[INFO] [stdout]                                at /rustc/dfb0accb7f508ae8be965d8629557221c889dd98/library/std/src/panicking.rs:316:9
[INFO] [stdout]   11:     0x5d097bf0f650 - <alloc[2182bb758b4b3781]::boxed::Box<dyn for<'a, 'b> core[df12db4294e9bfd3]::ops::function::Fn<(&'a std[70759c8f55707aa4]::panic::PanicHookInfo<'b>,), Output = ()> + core[df12db4294e9bfd3]::marker::Send + core[df12db4294e9bfd3]::marker::Sync> as core[df12db4294e9bfd3]::ops::function::Fn<(&std[70759c8f55707aa4]::panic::PanicHookInfo,)>>::call
[INFO] [stdout]                                at /rustc/dfb0accb7f508ae8be965d8629557221c889dd98/library/alloc/src/boxed.rs:2334:9
[INFO] [stdout]   12:     0x5d097bf0f650 - test[9d35eded1c95d3be]::test_main_inner::<test[9d35eded1c95d3be]::test_main_static::{closure#0}>::{closure#0}
[INFO] [stdout]                                at /rustc/dfb0accb7f508ae8be965d8629557221c889dd98/library/test/src/lib.rs:155:21
[INFO] [stdout]   13:     0x5d097c62b102 - <alloc[2182bb758b4b3781]::boxed::Box<dyn for<'a, 'b> core[df12db4294e9bfd3]::ops::function::Fn<(&'a std[70759c8f55707aa4]::panic::PanicHookInfo<'b>,), Output = ()> + core[df12db4294e9bfd3]::marker::Send + core[df12db4294e9bfd3]::marker::Sync> as core[df12db4294e9bfd3]::ops::function::Fn<(&std[70759c8f55707aa4]::panic::PanicHookInfo,)>>::call
[INFO] [stdout]                                at /rustc/dfb0accb7f508ae8be965d8629557221c889dd98/library/alloc/src/boxed.rs:2334:9
[INFO] [stdout]   14:     0x5d097c62b102 - std[70759c8f55707aa4]::panicking::panic_with_hook
[INFO] [stdout]                                at /rustc/dfb0accb7f508ae8be965d8629557221c889dd98/library/std/src/panicking.rs:823:13
[INFO] [stdout]   15:     0x5d097c60b6f4 - std[70759c8f55707aa4]::panicking::panic_handler::{closure#0}
[INFO] [stdout]                                at /rustc/dfb0accb7f508ae8be965d8629557221c889dd98/library/std/src/panicking.rs:681:13
[INFO] [stdout]   16:     0x5d097c603829 - std[70759c8f55707aa4]::sys::backtrace::__rust_end_short_backtrace::<std[70759c8f55707aa4]::panicking::panic_handler::{closure#0}, !>
[INFO] [stdout]                                at /rustc/dfb0accb7f508ae8be965d8629557221c889dd98/library/std/src/sys/backtrace.rs:182:18
[INFO] [stdout]   17:     0x5d097c60c9fd - __rustc[8fa7c3cbc660c2b3]::rust_begin_unwind
[INFO] [stdout]                                at /rustc/dfb0accb7f508ae8be965d8629557221c889dd98/library/std/src/panicking.rs:679:5
[INFO] [stdout]   18:     0x5d097c65019c - core[df12db4294e9bfd3]::panicking::panic_fmt
[INFO] [stdout]                                at /rustc/dfb0accb7f508ae8be965d8629557221c889dd98/library/core/src/panicking.rs:80:14
[INFO] [stdout]   19:     0x5d097b8523a9 - sy[d299856fa6ef02da]::sync::scanner::tests::test_scanner_permission_denied_directory
[INFO] [stdout]                                at /opt/rustwide/workdir/src/sync/scanner.rs:1155:17
[INFO] [stdout]   20:     0x5d097b8258e7 - sy[d299856fa6ef02da]::sync::scanner::tests::test_scanner_permission_denied_directory::{closure#0}
[INFO] [stdout]                                at /opt/rustwide/workdir/src/sync/scanner.rs:1127:50
[INFO] [stdout]   21:     0x5d097b7a1a16 - <sy[d299856fa6ef02da]::sync::scanner::tests::test_scanner_permission_denied_directory::{closure#0} as core[df12db4294e9bfd3]::ops::function::FnOnce<()>>::call_once
[INFO] [stdout]                                at /rustc/dfb0accb7f508ae8be965d8629557221c889dd98/library/core/src/ops/function.rs:250:5
[INFO] [stdout]   22:     0x5d097bf0293b - <fn() -> core[df12db4294e9bfd3]::result::Result<(), alloc[2182bb758b4b3781]::string::String> as core[df12db4294e9bfd3]::ops::function::FnOnce<()>>::call_once
[INFO] [stdout]                                at /rustc/dfb0accb7f508ae8be965d8629557221c889dd98/library/core/src/ops/function.rs:250:5
[INFO] [stdout]   23:     0x5d097bf0293b - test[9d35eded1c95d3be]::__rust_begin_short_backtrace::<core[df12db4294e9bfd3]::result::Result<(), alloc[2182bb758b4b3781]::string::String>, fn() -> core[df12db4294e9bfd3]::result::Result<(), alloc[2182bb758b4b3781]::string::String>>
[INFO] [stdout]                                at /rustc/dfb0accb7f508ae8be965d8629557221c889dd98/library/test/src/lib.rs:733:18
[INFO] [stdout]   24:     0x5d097bf0ffa5 - test[9d35eded1c95d3be]::run_test_in_process::{closure#0}
[INFO] [stdout]                                at /rustc/dfb0accb7f508ae8be965d8629557221c889dd98/library/test/src/lib.rs:756:74
[INFO] [stdout]   25:     0x5d097bf0ffa5 - <core[df12db4294e9bfd3]::panic::unwind_safe::AssertUnwindSafe<test[9d35eded1c95d3be]::run_test_in_process::{closure#0}> as core[df12db4294e9bfd3]::ops::function::FnOnce<()>>::call_once
[INFO] [stdout]                                at /rustc/dfb0accb7f508ae8be965d8629557221c889dd98/library/core/src/panic/unwind_safe.rs:275:9
[INFO] [stdout]   26:     0x5d097bf0ffa5 - std[70759c8f55707aa4]::panicking::catch_unwind::do_call::<core[df12db4294e9bfd3]::panic::unwind_safe::AssertUnwindSafe<test[9d35eded1c95d3be]::run_test_in_process::{closure#0}>, core[df12db4294e9bfd3]::result::Result<(), alloc[2182bb758b4b3781]::string::String>>
[INFO] [stdout]                                at /rustc/dfb0accb7f508ae8be965d8629557221c889dd98/library/std/src/panicking.rs:576:43
[INFO] [stdout]   27:     0x5d097bf0ffa5 - std[70759c8f55707aa4]::panicking::catch_unwind::<core[df12db4294e9bfd3]::result::Result<(), alloc[2182bb758b4b3781]::string::String>, core[df12db4294e9bfd3]::panic::unwind_safe::AssertUnwindSafe<test[9d35eded1c95d3be]::run_test_in_process::{closure#0}>>
[INFO] [stdout]                                at /rustc/dfb0accb7f508ae8be965d8629557221c889dd98/library/std/src/panicking.rs:544:19
[INFO] [stdout]   28:     0x5d097bf0ffa5 - std[70759c8f55707aa4]::panic::catch_unwind::<core[df12db4294e9bfd3]::panic::unwind_safe::AssertUnwindSafe<test[9d35eded1c95d3be]::run_test_in_process::{closure#0}>, core[df12db4294e9bfd3]::result::Result<(), alloc[2182bb758b4b3781]::string::String>>
[INFO] [stdout]                                at /rustc/dfb0accb7f508ae8be965d8629557221c889dd98/library/std/src/panic.rs:359:14
[INFO] [stdout]   29:     0x5d097bf0ffa5 - test[9d35eded1c95d3be]::run_test_in_process
[INFO] [stdout]                                at /rustc/dfb0accb7f508ae8be965d8629557221c889dd98/library/test/src/lib.rs:756:27
[INFO] [stdout]   30:     0x5d097bf0ffa5 - test[9d35eded1c95d3be]::run_test::{closure#0}
[INFO] [stdout]                                at /rustc/dfb0accb7f508ae8be965d8629557221c889dd98/library/test/src/lib.rs:677:43
[INFO] [stdout]   31:     0x5d097bf09864 - test[9d35eded1c95d3be]::run_test::{closure#1}
[INFO] [stdout]                                at /rustc/dfb0accb7f508ae8be965d8629557221c889dd98/library/test/src/lib.rs:707:41
[INFO] [stdout]   32:     0x5d097bf09864 - std[70759c8f55707aa4]::sys::backtrace::__rust_begin_short_backtrace::<test[9d35eded1c95d3be]::run_test::{closure#1}, ()>
[INFO] [stdout]                                at /rustc/dfb0accb7f508ae8be965d8629557221c889dd98/library/std/src/sys/backtrace.rs:166:18
[INFO] [stdout]   33:     0x5d097bf13102 - std[70759c8f55707aa4]::thread::lifecycle::spawn_unchecked::<test[9d35eded1c95d3be]::run_test::{closure#1}, ()>::{closure#1}::{closure#0}
[INFO] [stdout]                                at /rustc/dfb0accb7f508ae8be965d8629557221c889dd98/library/std/src/thread/lifecycle.rs:70:13
[INFO] [stdout]   34:     0x5d097bf13102 - <core[df12db4294e9bfd3]::panic::unwind_safe::AssertUnwindSafe<std[70759c8f55707aa4]::thread::lifecycle::spawn_unchecked<test[9d35eded1c95d3be]::run_test::{closure#1}, ()>::{closure#1}::{closure#0}> as core[df12db4294e9bfd3]::ops::function::FnOnce<()>>::call_once
[INFO] [stdout]                                at /rustc/dfb0accb7f508ae8be965d8629557221c889dd98/library/core/src/panic/unwind_safe.rs:275:9
[INFO] [stdout]   35:     0x5d097bf13102 - std[70759c8f55707aa4]::panicking::catch_unwind::do_call::<core[df12db4294e9bfd3]::panic::unwind_safe::AssertUnwindSafe<std[70759c8f55707aa4]::thread::lifecycle::spawn_unchecked<test[9d35eded1c95d3be]::run_test::{closure#1}, ()>::{closure#1}::{closure#0}>, ()>
[INFO] [stdout]                                at /rustc/dfb0accb7f508ae8be965d8629557221c889dd98/library/std/src/panicking.rs:576:43
[INFO] [stdout]   36:     0x5d097bf13102 - std[70759c8f55707aa4]::panicking::catch_unwind::<(), core[df12db4294e9bfd3]::panic::unwind_safe::AssertUnwindSafe<std[70759c8f55707aa4]::thread::lifecycle::spawn_unchecked<test[9d35eded1c95d3be]::run_test::{closure#1}, ()>::{closure#1}::{closure#0}>>
[INFO] [stdout]                                at /rustc/dfb0accb7f508ae8be965d8629557221c889dd98/library/std/src/panicking.rs:544:19
[INFO] [stdout]   37:     0x5d097bf13102 - std[70759c8f55707aa4]::panic::catch_unwind::<core[df12db4294e9bfd3]::panic::unwind_safe::AssertUnwindSafe<std[70759c8f55707aa4]::thread::lifecycle::spawn_unchecked<test[9d35eded1c95d3be]::run_test::{closure#1}, ()>::{closure#1}::{closure#0}>, ()>
[INFO] [stdout]                                at /rustc/dfb0accb7f508ae8be965d8629557221c889dd98/library/std/src/panic.rs:359:14
[INFO] [stdout]   38:     0x5d097bf13102 - std[70759c8f55707aa4]::thread::lifecycle::spawn_unchecked::<test[9d35eded1c95d3be]::run_test::{closure#1}, ()>::{closure#1}
[INFO] [stdout]                                at /rustc/dfb0accb7f508ae8be965d8629557221c889dd98/library/std/src/thread/lifecycle.rs:68:26
[INFO] [stdout]   39:     0x5d097bf13102 - <std[70759c8f55707aa4]::thread::lifecycle::spawn_unchecked<test[9d35eded1c95d3be]::run_test::{closure#1}, ()>::{closure#1} as core[df12db4294e9bfd3]::ops::function::FnOnce<()>>::call_once::{shim:vtable#0}
[INFO] [stdout]                                at /rustc/dfb0accb7f508ae8be965d8629557221c889dd98/library/core/src/ops/function.rs:250:5
[INFO] [stdout]   40:     0x5d097c634ca9 - <alloc[2182bb758b4b3781]::boxed::Box<dyn core[df12db4294e9bfd3]::ops::function::FnOnce<(), Output = ()> + core[df12db4294e9bfd3]::marker::Send> as core[df12db4294e9bfd3]::ops::function::FnOnce<()>>::call_once
[INFO] [stdout]                                at /rustc/dfb0accb7f508ae8be965d8629557221c889dd98/library/alloc/src/boxed.rs:2320:9
[INFO] [stdout]   41:     0x5d097c634ca9 - <std[70759c8f55707aa4]::sys::thread::unix::Thread>::new::thread_start
[INFO] [stdout]                                at /rustc/dfb0accb7f508ae8be965d8629557221c889dd98/library/std/src/sys/thread/unix.rs:123:17
[INFO] [stdout]   42:     0x7745934fddfa - <unknown>
[INFO] [stdout]   43:     0x7745935913d4 - clone
[INFO] [stdout]   44:                0x0 - <unknown>
[INFO] [stdout] 
[INFO] [stdout] ---- sync::tests::test_error_threshold_zero_collects_all_errors stdout ----
[INFO] [stdout] 
[INFO] [stdout] thread 'sync::tests::test_error_threshold_zero_collects_all_errors' (3863) panicked at src/sync/mod.rs:2854:17:
[INFO] [stdout] Should have collected errors
[INFO] [stdout] stack backtrace:
[INFO] [stdout]    0:     0x5d097c635d51 - std[70759c8f55707aa4]::backtrace_rs::backtrace::libunwind::trace
[INFO] [stdout]                                at /rustc/dfb0accb7f508ae8be965d8629557221c889dd98/library/std/src/../../backtrace/src/backtrace/libunwind.rs:117:9
[INFO] [stdout]    1:     0x5d097c635d51 - std[70759c8f55707aa4]::backtrace_rs::backtrace::trace_unsynchronized::<std[70759c8f55707aa4]::sys::backtrace::_print_fmt::{closure#1}>
[INFO] [stdout]                                at /rustc/dfb0accb7f508ae8be965d8629557221c889dd98/library/std/src/../../backtrace/src/backtrace/mod.rs:66:14
[INFO] [stdout]    2:     0x5d097c635d51 - std[70759c8f55707aa4]::sys::backtrace::_print_fmt
[INFO] [stdout]                                at /rustc/dfb0accb7f508ae8be965d8629557221c889dd98/library/std/src/sys/backtrace.rs:74:9
[INFO] [stdout]    3:     0x5d097c635d51 - <<std[70759c8f55707aa4]::sys::backtrace::BacktraceLock>::print::DisplayBacktrace as core[df12db4294e9bfd3]::fmt::Display>::fmt
[INFO] [stdout]                                at /rustc/dfb0accb7f508ae8be965d8629557221c889dd98/library/std/src/sys/backtrace.rs:44:26
[INFO] [stdout]    4:     0x5d097c64f8ca - <core[df12db4294e9bfd3]::fmt::rt::Argument>::fmt
[INFO] [stdout]                                at /rustc/dfb0accb7f508ae8be965d8629557221c889dd98/library/core/src/fmt/rt.rs:152:76
[INFO] [stdout]    5:     0x5d097c64f8ca - core[df12db4294e9bfd3]::fmt::write
[INFO] [stdout]    6:     0x5d097c63b2fc - core[df12db4294e9bfd3]::io::write::default_write_fmt::<alloc[2182bb758b4b3781]::vec::Vec<u8>>
[INFO] [stdout]                                at /rustc/dfb0accb7f508ae8be965d8629557221c889dd98/library/core/src/io/write.rs:402:11
[INFO] [stdout]    7:     0x5d097c63b2fc - <alloc[2182bb758b4b3781]::vec::Vec<u8> as core[df12db4294e9bfd3]::io::write::Write>::write_fmt
[INFO] [stdout]                                at /rustc/dfb0accb7f508ae8be965d8629557221c889dd98/library/core/src/io/write.rs:335:13
[INFO] [stdout]    8:     0x5d097c60b616 - <std[70759c8f55707aa4]::sys::backtrace::BacktraceLock>::print
[INFO] [stdout]                                at /rustc/dfb0accb7f508ae8be965d8629557221c889dd98/library/std/src/sys/backtrace.rs:47:9
[INFO] [stdout]    9:     0x5d097c60b616 - std[70759c8f55707aa4]::panicking::default_hook::{closure#0}
[INFO] [stdout]                                at /rustc/dfb0accb7f508ae8be965d8629557221c889dd98/library/std/src/panicking.rs:292:27
[INFO] [stdout]   10:     0x5d097c62add9 - std[70759c8f55707aa4]::panicking::default_hook
[INFO] [stdout]                                at /rustc/dfb0accb7f508ae8be965d8629557221c889dd98/library/std/src/panicking.rs:316:9
[INFO] [stdout]   11:     0x5d097bf0f650 - <alloc[2182bb758b4b3781]::boxed::Box<dyn for<'a, 'b> core[df12db4294e9bfd3]::ops::function::Fn<(&'a std[70759c8f55707aa4]::panic::PanicHookInfo<'b>,), Output = ()> + core[df12db4294e9bfd3]::marker::Send + core[df12db4294e9bfd3]::marker::Sync> as core[df12db4294e9bfd3]::ops::function::Fn<(&std[70759c8f55707aa4]::panic::PanicHookInfo,)>>::call
[INFO] [stdout]                                at /rustc/dfb0accb7f508ae8be965d8629557221c889dd98/library/alloc/src/boxed.rs:2334:9
[INFO] [stdout]   12:     0x5d097bf0f650 - test[9d35eded1c95d3be]::test_main_inner::<test[9d35eded1c95d3be]::test_main_static::{closure#0}>::{closure#0}
[INFO] [stdout]                                at /rustc/dfb0accb7f508ae8be965d8629557221c889dd98/library/test/src/lib.rs:155:21
[INFO] [stdout]   13:     0x5d097c62b102 - <alloc[2182bb758b4b3781]::boxed::Box<dyn for<'a, 'b> core[df12db4294e9bfd3]::ops::function::Fn<(&'a std[70759c8f55707aa4]::panic::PanicHookInfo<'b>,), Output = ()> + core[df12db4294e9bfd3]::marker::Send + core[df12db4294e9bfd3]::marker::Sync> as core[df12db4294e9bfd3]::ops::function::Fn<(&std[70759c8f55707aa4]::panic::PanicHookInfo,)>>::call
[INFO] [stdout]                                at /rustc/dfb0accb7f508ae8be965d8629557221c889dd98/library/alloc/src/boxed.rs:2334:9
[INFO] [stdout]   14:     0x5d097c62b102 - std[70759c8f55707aa4]::panicking::panic_with_hook
[INFO] [stdout]                                at /rustc/dfb0accb7f508ae8be965d8629557221c889dd98/library/std/src/panicking.rs:823:13
[INFO] [stdout]   15:     0x5d097c60b6f4 - std[70759c8f55707aa4]::panicking::panic_handler::{closure#0}
[INFO] [stdout]                                at /rustc/dfb0accb7f508ae8be965d8629557221c889dd98/library/std/src/panicking.rs:681:13
[INFO] [stdout]   16:     0x5d097c603829 - std[70759c8f55707aa4]::sys::backtrace::__rust_end_short_backtrace::<std[70759c8f55707aa4]::panicking::panic_handler::{closure#0}, !>
[INFO] [stdout]                                at /rustc/dfb0accb7f508ae8be965d8629557221c889dd98/library/std/src/sys/backtrace.rs:182:18
[INFO] [stdout]   17:     0x5d097c60c9fd - __rustc[8fa7c3cbc660c2b3]::rust_begin_unwind
[INFO] [stdout]                                at /rustc/dfb0accb7f508ae8be965d8629557221c889dd98/library/std/src/panicking.rs:679:5
[INFO] [stdout]   18:     0x5d097c65019c - core[df12db4294e9bfd3]::panicking::panic_fmt
[INFO] [stdout]                                at /rustc/dfb0accb7f508ae8be965d8629557221c889dd98/library/core/src/panicking.rs:80:14
[INFO] [stdout]   19:     0x5d097b8874a2 - sy[d299856fa6ef02da]::sync::tests::test_error_threshold_zero_collects_all_errors::{closure#0}
[INFO] [stdout]                                at /opt/rustwide/workdir/src/sync/mod.rs:2854:17
[INFO] [stdout]   20:     0x5d097bc01322 - <core[df12db4294e9bfd3]::pin::Pin<&mut dyn core[df12db4294e9bfd3]::future::future::Future<Output = ()>> as core[df12db4294e9bfd3]::future::future::Future>::poll
[INFO] [stdout]                                at /rustc/dfb0accb7f508ae8be965d8629557221c889dd98/library/core/src/future/future.rs:133:9
[INFO] [stdout]   21:     0x5d097bc0139d - <core[df12db4294e9bfd3]::pin::Pin<&mut core[df12db4294e9bfd3]::pin::Pin<&mut dyn core[df12db4294e9bfd3]::future::future::Future<Output = ()>>> as core[df12db4294e9bfd3]::future::future::Future>::poll
[INFO] [stdout]                                at /rustc/dfb0accb7f508ae8be965d8629557221c889dd98/library/core/src/future/future.rs:133:9
[INFO] [stdout]   22:     0x5d097b9984dd - <tokio[850724a775c55a9e]::runtime::scheduler::current_thread::CoreGuard>::block_on::<core[df12db4294e9bfd3]::pin::Pin<&mut core[df12db4294e9bfd3]::pin::Pin<&mut dyn core[df12db4294e9bfd3]::future::future::Future<Output = ()>>>>::{closure#0}::{closure#0}::{closure#0}
[INFO] [stdout]                                at /opt/rustwide/cargo-home/registry/src/index.crates.io-1949cf8c6b5b557f/tokio-1.52.3/src/runtime/scheduler/current_thread/mod.rs:778:70
[INFO] [stdout]   23:     0x5d097b998335 - tokio[850724a775c55a9e]::task::coop::with_budget::<core[df12db4294e9bfd3]::task::poll::Poll<()>, <tokio[850724a775c55a9e]::runtime::scheduler::current_thread::CoreGuard>::block_on<core[df12db4294e9bfd3]::pin::Pin<&mut core[df12db4294e9bfd3]::pin::Pin<&mut dyn core[df12db4294e9bfd3]::future::future::Future<Output = ()>>>>::{closure#0}::{closure#0}::{closure#0}>
[INFO] [stdout]                                at /opt/rustwide/cargo-home/registry/src/index.crates.io-1949cf8c6b5b557f/tokio-1.52.3/src/task/coop/mod.rs:167:5
[INFO] [stdout]   24:     0x5d097b998335 - tokio[850724a775c55a9e]::task::coop::budget::<core[df12db4294e9bfd3]::task::poll::Poll<()>, <tokio[850724a775c55a9e]::runtime::scheduler::current_thread::CoreGuard>::block_on<core[df12db4294e9bfd3]::pin::Pin<&mut core[df12db4294e9bfd3]::pin::Pin<&mut dyn core[df12db4294e9bfd3]::future::future::Future<Output = ()>>>>::{closure#0}::{closure#0}::{closure#0}>
[INFO] [stdout]                                at /opt/rustwide/cargo-home/registry/src/index.crates.io-1949cf8c6b5b557f/tokio-1.52.3/src/task/coop/mod.rs:133:5
[INFO] [stdout]   25:     0x5d097b998335 - <tokio[850724a775c55a9e]::runtime::scheduler::current_thread::CoreGuard>::block_on::<core[df12db4294e9bfd3]::pin::Pin<&mut core[df12db4294e9bfd3]::pin::Pin<&mut dyn core[df12db4294e9bfd3]::future::future::Future<Output = ()>>>>::{closure#0}::{closure#0}
[INFO] [stdout]                                at /opt/rustwide/cargo-home/registry/src/index.crates.io-1949cf8c6b5b557f/tokio-1.52.3/src/runtime/scheduler/current_thread/mod.rs:778:25
[INFO] [stdout]   26:     0x5d097b973032 - <tokio[850724a775c55a9e]::runtime::scheduler::current_thread::Context>::enter::<core[df12db4294e9bfd3]::task::poll::Poll<()>, <tokio[850724a775c55a9e]::runtime::scheduler::current_thread::CoreGuard>::block_on<core[df12db4294e9bfd3]::pin::Pin<&mut core[df12db4294e9bfd3]::pin::Pin<&mut dyn core[df12db4294e9bfd3]::future::future::Future<Output = ()>>>>::{closure#0}::{closure#0}>
[INFO] [stdout]                                at /opt/rustwide/cargo-home/registry/src/index.crates.io-1949cf8c6b5b557f/tokio-1.52.3/src/runtime/scheduler/current_thread/mod.rs:451:19
[INFO] [stdout]   27:     0x5d097b99659d - <tokio[850724a775c55a9e]::runtime::scheduler::current_thread::CoreGuard>::block_on::<core[df12db4294e9bfd3]::pin::Pin<&mut core[df12db4294e9bfd3]::pin::Pin<&mut dyn core[df12db4294e9bfd3]::future::future::Future<Output = ()>>>>::{closure#0}
[INFO] [stdout]                                at /opt/rustwide/cargo-home/registry/src/index.crates.io-1949cf8c6b5b557f/tokio-1.52.3/src/runtime/scheduler/current_thread/mod.rs:777:44
[INFO] [stdout]   28:     0x5d097b995844 - <tokio[850724a775c55a9e]::runtime::scheduler::current_thread::CoreGuard>::enter::<<tokio[850724a775c55a9e]::runtime::scheduler::current_thread::CoreGuard>::block_on<core[df12db4294e9bfd3]::pin::Pin<&mut core[df12db4294e9bfd3]::pin::Pin<&mut dyn core[df12db4294e9bfd3]::future::future::Future<Output = ()>>>>::{closure#0}, core[df12db4294e9bfd3]::option::Option<()>>::{closure#0}
[INFO] [stdout]                                at /opt/rustwide/cargo-home/registry/src/index.crates.io-1949cf8c6b5b557f/tokio-1.52.3/src/runtime/scheduler/current_thread/mod.rs:865:68
[INFO] [stdout]   29:     0x5d097b7a5e0b - <tokio[850724a775c55a9e]::runtime::context::scoped::Scoped<tokio[850724a775c55a9e]::runtime::scheduler::Context>>::set::<<tokio[850724a775c55a9e]::runtime::scheduler::current_thread::CoreGuard>::enter<<tokio[850724a775c55a9e]::runtime::scheduler::current_thread::CoreGuard>::block_on<core[df12db4294e9bfd3]::pin::Pin<&mut core[df12db4294e9bfd3]::pin::Pin<&mut dyn core[df12db4294e9bfd3]::future::future::Future<Output = ()>>>>::{closure#0}, core[df12db4294e9bfd3]::option::Option<()>>::{closure#0}, (alloc[2182bb758b4b3781]::boxed::Box<tokio[850724a775c55a9e]::runtime::scheduler::current_thread::Core>, core[df12db4294e9bfd3]::option::Option<()>)>
[INFO] [stdout]                                at /opt/rustwide/cargo-home/registry/src/index.crates.io-1949cf8c6b5b557f/tokio-1.52.3/src/runtime/context/scoped.rs:40:9
[INFO] [stdout]   30:     0x5d097bbacdd9 - tokio[850724a775c55a9e]::runtime::context::set_scheduler::<(alloc[2182bb758b4b3781]::boxed::Box<tokio[850724a775c55a9e]::runtime::scheduler::current_thread::Core>, core[df12db4294e9bfd3]::option::Option<()>), <tokio[850724a775c55a9e]::runtime::scheduler::current_thread::CoreGuard>::enter<<tokio[850724a775c55a9e]::runtime::scheduler::current_thread::CoreGuard>::block_on<core[df12db4294e9bfd3]::pin::Pin<&mut core[df12db4294e9bfd3]::pin::Pin<&mut dyn core[df12db4294e9bfd3]::future::future::Future<Output = ()>>>>::{closure#0}, core[df12db4294e9bfd3]::option::Option<()>>::{closure#0}>::{closure#0}
[INFO] [stdout]                                at /opt/rustwide/cargo-home/registry/src/index.crates.io-1949cf8c6b5b557f/tokio-1.52.3/src/runtime/context.rs:181:38
[INFO] [stdout]   31:     0x5d097bba04cf - <std[70759c8f55707aa4]::thread::local::LocalKey<tokio[850724a775c55a9e]::runtime::context::Context>>::try_with::<tokio[850724a775c55a9e]::runtime::context::set_scheduler<(alloc[2182bb758b4b3781]::boxed::Box<tokio[850724a775c55a9e]::runtime::scheduler::current_thread::Core>, core[df12db4294e9bfd3]::option::Option<()>), <tokio[850724a775c55a9e]::runtime::scheduler::current_thread::CoreGuard>::enter<<tokio[850724a775c55a9e]::runtime::scheduler::current_thread::CoreGuard>::block_on<core[df12db4294e9bfd3]::pin::Pin<&mut core[df12db4294e9bfd3]::pin::Pin<&mut dyn core[df12db4294e9bfd3]::future::future::Future<Output = ()>>>>::{closure#0}, core[df12db4294e9bfd3]::option::Option<()>>::{closure#0}>::{closure#0}, (alloc[2182bb758b4b3781]::boxed::Box<tokio[850724a775c55a9e]::runtime::scheduler::current_thread::Core>, core[df12db4294e9bfd3]::option::Option<()>)>
[INFO] [stdout]                                at /rustc/dfb0accb7f508ae8be965d8629557221c889dd98/library/std/src/thread/local.rs:463:12
[INFO] [stdout]   32:     0x5d097bba007e - <std[70759c8f55707aa4]::thread::local::LocalKey<tokio[850724a775c55a9e]::runtime::context::Context>>::with::<tokio[850724a775c55a9e]::runtime::context::set_scheduler<(alloc[2182bb758b4b3781]::boxed::Box<tokio[850724a775c55a9e]::runtime::scheduler::current_thread::Core>, core[df12db4294e9bfd3]::option::Option<()>), <tokio[850724a775c55a9e]::runtime::scheduler::current_thread::CoreGuard>::enter<<tokio[850724a775c55a9e]::runtime::scheduler::current_thread::CoreGuard>::block_on<core[df12db4294e9bfd3]::pin::Pin<&mut core[df12db4294e9bfd3]::pin::Pin<&mut dyn core[df12db4294e9bfd3]::future::future::Future<Output = ()>>>>::{closure#0}, core[df12db4294e9bfd3]::option::Option<()>>::{closure#0}>::{closure#0}, (alloc[2182bb758b4b3781]::boxed::Box<tokio[850724a775c55a9e]::runtime::scheduler::current_thread::Core>, core[df12db4294e9bfd3]::option::Option<()>)>
[INFO] [stdout]                                at /rustc/dfb0accb7f508ae8be965d8629557221c889dd98/library/std/src/thread/local.rs:427:20
[INFO] [stdout]   33:     0x5d097bba382d - tokio[850724a775c55a9e]::runtime::context::set_scheduler::<(alloc[2182bb758b4b3781]::boxed::Box<tokio[850724a775c55a9e]::runtime::scheduler::current_thread::Core>, core[df12db4294e9bfd3]::option::Option<()>), <tokio[850724a775c55a9e]::runtime::scheduler::current_thread::CoreGuard>::enter<<tokio[850724a775c55a9e]::runtime::scheduler::current_thread::CoreGuard>::block_on<core[df12db4294e9bfd3]::pin::Pin<&mut core[df12db4294e9bfd3]::pin::Pin<&mut dyn core[df12db4294e9bfd3]::future::future::Future<Output = ()>>>>::{closure#0}, core[df12db4294e9bfd3]::option::Option<()>>::{closure#0}>
[INFO] [stdout]                                at /opt/rustwide/cargo-home/registry/src/index.crates.io-1949cf8c6b5b557f/tokio-1.52.3/src/runtime/context.rs:181:17
[INFO] [stdout]   34:     0x5d097b977770 - <tokio[850724a775c55a9e]::runtime::scheduler::current_thread::CoreGuard>::enter::<<tokio[850724a775c55a9e]::runtime::scheduler::current_thread::CoreGuard>::block_on<core[df12db4294e9bfd3]::pin::Pin<&mut core[df12db4294e9bfd3]::pin::Pin<&mut dyn core[df12db4294e9bfd3]::future::future::Future<Output = ()>>>>::{closure#0}, core[df12db4294e9bfd3]::option::Option<()>>
[INFO] [stdout]                                at /opt/rustwide/cargo-home/registry/src/index.crates.io-1949cf8c6b5b557f/tokio-1.52.3/src/runtime/scheduler/current_thread/mod.rs:865:27
[INFO] [stdout]   35:     0x5d097b977a66 - <tokio[850724a775c55a9e]::runtime::scheduler::current_thread::CoreGuard>::block_on::<core[df12db4294e9bfd3]::pin::Pin<&mut core[df12db4294e9bfd3]::pin::Pin<&mut dyn core[df12db4294e9bfd3]::future::future::Future<Output = ()>>>>
[INFO] [stdout]                                at /opt/rustwide/cargo-home/registry/src/index.crates.io-1949cf8c6b5b557f/tokio-1.52.3/src/runtime/scheduler/current_thread/mod.rs:765:24
[INFO] [stdout]   36:     0x5d097b9952f0 - <tokio[850724a775c55a9e]::runtime::scheduler::current_thread::CurrentThread>::block_on::<core[df12db4294e9bfd3]::pin::Pin<&mut dyn core[df12db4294e9bfd3]::future::future::Future<Output = ()>>>::{closure#0}
[INFO] [stdout]                                at /opt/rustwide/cargo-home/registry/src/index.crates.io-1949cf8c6b5b557f/tokio-1.52.3/src/runtime/scheduler/current_thread/mod.rs:205:33
[INFO] [stdout]   37:     0x5d097bba5f18 - tokio[850724a775c55a9e]::runtime::context::runtime::enter_runtime::<<tokio[850724a775c55a9e]::runtime::scheduler::current_thread::CurrentThread>::block_on<core[df12db4294e9bfd3]::pin::Pin<&mut dyn core[df12db4294e9bfd3]::future::future::Future<Output = ()>>>::{closure#0}, ()>
[INFO] [stdout]                                at /opt/rustwide/cargo-home/registry/src/index.crates.io-1949cf8c6b5b557f/tokio-1.52.3/src/runtime/context/runtime.rs:65:16
[INFO] [stdout]   38:     0x5d097b9718c4 - <tokio[850724a775c55a9e]::runtime::scheduler::current_thread::CurrentThread>::block_on::<core[df12db4294e9bfd3]::pin::Pin<&mut dyn core[df12db4294e9bfd3]::future::future::Future<Output = ()>>>
[INFO] [stdout]                                at /opt/rustwide/cargo-home/registry/src/index.crates.io-1949cf8c6b5b557f/tokio-1.52.3/src/runtime/scheduler/current_thread/mod.rs:193:9
[INFO] [stdout]   39:     0x5d097b910d2f - <tokio[850724a775c55a9e]::runtime::runtime::Runtime>::block_on_inner::<core[df12db4294e9bfd3]::pin::Pin<&mut dyn core[df12db4294e9bfd3]::future::future::Future<Output = ()>>>
[INFO] [stdout]                                at /opt/rustwide/cargo-home/registry/src/index.crates.io-1949cf8c6b5b557f/tokio-1.52.3/src/runtime/runtime.rs:371:52
[INFO] [stdout]   40:     0x5d097b910e7b - <tokio[850724a775c55a9e]::runtime::runtime::Runtime>::block_on::<core[df12db4294e9bfd3]::pin::Pin<&mut dyn core[df12db4294e9bfd3]::future::future::Future<Output = ()>>>
[INFO] [stdout]                                at /opt/rustwide/cargo-home/registry/src/index.crates.io-1949cf8c6b5b557f/tokio-1.52.3/src/runtime/runtime.rs:345:18
[INFO] [stdout]   41:     0x5d097b8b27e1 - sy[d299856fa6ef02da]::sync::tests::test_error_threshold_zero_collects_all_errors
[INFO] [stdout]                                at /opt/rustwide/workdir/src/sync/mod.rs:2863:60
[INFO] [stdout]   42:     0x5d097b8798a7 - sy[d299856fa6ef02da]::sync::tests::test_error_threshold_zero_collects_all_errors::{closure#0}
[INFO] [stdout]                                at /opt/rustwide/workdir/src/sync/mod.rs:2822:61
[INFO] [stdout]   43:     0x5d097b79fcd6 - <sy[d299856fa6ef02da]::sync::tests::test_error_threshold_zero_collects_all_errors::{closure#0} as core[df12db4294e9bfd3]::ops::function::FnOnce<()>>::call_once
[INFO] [stdout]                                at /rustc/dfb0accb7f508ae8be965d8629557221c889dd98/library/core/src/ops/function.rs:250:5
[INFO] [stdout]   44:     0x5d097bf0293b - <fn() -> core[df12db4294e9bfd3]::result::Result<(), alloc[2182bb758b4b3781]::string::String> as core[df12db4294e9bfd3]::ops::function::FnOnce<()>>::call_once
[INFO] [stdout]                                at /rustc/dfb0accb7f508ae8be965d8629557221c889dd98/library/core/src/ops/function.rs:250:5
[INFO] [stdout]   45:     0x5d097bf0293b - test[9d35eded1c95d3be]::__rust_begin_short_backtrace::<core[df12db4294e9bfd3]::result::Result<(), alloc[2182bb758b4b3781]::string::String>, fn() -> core[df12db4294e9bfd3]::result::Result<(), alloc[2182bb758b4b3781]::string::String>>
[INFO] [stdout]                                at /rustc/dfb0accb7f508ae8be965d8629557221c889dd98/library/test/src/lib.rs:733:18
[INFO] [stdout]   46:     0x5d097bf0ffa5 - test[9d35eded1c95d3be]::run_test_in_process::{closure#0}
[INFO] [stdout]                                at /rustc/dfb0accb7f508ae8be965d8629557221c889dd98/library/test/src/lib.rs:756:74
[INFO] [stdout]   47:     0x5d097bf0ffa5 - <core[df12db4294e9bfd3]::panic::unwind_safe::AssertUnwindSafe<test[9d35eded1c95d3be]::run_test_in_process::{closure#0}> as core[df12db4294e9bfd3]::ops::function::FnOnce<()>>::call_once
[INFO] [stdout]                                at /rustc/dfb0accb7f508ae8be965d8629557221c889dd98/library/core/src/panic/unwind_safe.rs:275:9
[INFO] [stdout]   48:     0x5d097bf0ffa5 - std[70759c8f55707aa4]::panicking::catch_unwind::do_call::<core[df12db4294e9bfd3]::panic::unwind_safe::AssertUnwindSafe<test[9d35eded1c95d3be]::run_test_in_process::{closure#0}>, core[df12db4294e9bfd3]::result::Result<(), alloc[2182bb758b4b3781]::string::String>>
[INFO] [stdout]                                at /rustc/dfb0accb7f508ae8be965d8629557221c889dd98/library/std/src/panicking.rs:576:43
[INFO] [stdout]   49:     0x5d097bf0ffa5 - std[70759c8f55707aa4]::panicking::catch_unwind::<core[df12db4294e9bfd3]::result::Result<(), alloc[2182bb758b4b3781]::string::String>, core[df12db4294e9bfd3]::panic::unwind_safe::AssertUnwindSafe<test[9d35eded1c95d3be]::run_test_in_process::{closure#0}>>
[INFO] [stdout]                                at /rustc/dfb0accb7f508ae8be965d8629557221c889dd98/library/std/src/panicking.rs:544:19
[INFO] [stdout]   50:     0x5d097bf0ffa5 - std[70759c8f55707aa4]::panic::catch_unwind::<core[df12db4294e9bfd3]::panic::unwind_safe::AssertUnwindSafe<test[9d35eded1c95d3be]::run_test_in_process::{closure#0}>, core[df12db4294e9bfd3]::result::Result<(), alloc[2182bb758b4b3781]::string::String>>
[INFO] [stdout]                                at /rustc/dfb0accb7f508ae8be965d8629557221c889dd98/library/std/src/panic.rs:359:14
[INFO] [stdout]   51:     0x5d097bf0ffa5 - test[9d35eded1c95d3be]::run_test_in_process
[INFO] [stdout]                                at /rustc/dfb0accb7f508ae8be965d8629557221c889dd98/library/test/src/lib.rs:756:27
[INFO] [stdout]   52:     0x5d097bf0ffa5 - test[9d35eded1c95d3be]::run_test::{closure#0}
[INFO] [stdout]                                at /rustc/dfb0accb7f508ae8be965d8629557221c889dd98/library/test/src/lib.rs:677:43
[INFO] [stdout]   53:     0x5d097bf09864 - test[9d35eded1c95d3be]::run_test::{closure#1}
[INFO] [stdout]                                at /rustc/dfb0accb7f508ae8be965d8629557221c889dd98/library/test/src/lib.rs:707:41
[INFO] [stdout]   54:     0x5d097bf09864 - std[70759c8f55707aa4]::sys::backtrace::__rust_begin_short_backtrace::<test[9d35eded1c95d3be]::run_test::{closure#1}, ()>
[INFO] [stdout]                                at /rustc/dfb0accb7f508ae8be965d8629557221c889dd98/library/std/src/sys/backtrace.rs:166:18
[INFO] [stdout]   55:     0x5d097bf13102 - std[70759c8f55707aa4]::thread::lifecycle::spawn_unchecked::<test[9d35eded1c95d3be]::run_test::{closure#1}, ()>::{closure#1}::{closure#0}
[INFO] [stdout]                                at /rustc/dfb0accb7f508ae8be965d8629557221c889dd98/library/std/src/thread/lifecycle.rs:70:13
[INFO] [stdout]   56:     0x5d097bf13102 - <core[df12db4294e9bfd3]::panic::unwind_safe::AssertUnwindSafe<std[70759c8f55707aa4]::thread::lifecycle::spawn_unchecked<test[9d35eded1c95d3be]::run_test::{closure#1}, ()>::{closure#1}::{closure#0}> as core[df12db4294e9bfd3]::ops::function::FnOnce<()>>::call_once
[INFO] [stdout]                                at /rustc/dfb0accb7f508ae8be965d8629557221c889dd98/library/core/src/panic/unwind_safe.rs:275:9
[INFO] [stdout]   57:     0x5d097bf13102 - std[70759c8f55707aa4]::panicking::catch_unwind::do_call::<core[df12db4294e9bfd3]::panic::unwind_safe::AssertUnwindSafe<std[70759c8f55707aa4]::thread::lifecycle::spawn_unchecked<test[9d35eded1c95d3be]::run_test::{closure#1}, ()>::{closure#1}::{closure#0}>, ()>
[INFO] [stdout]                                at /rustc/dfb0accb7f508ae8be965d8629557221c889dd98/library/std/src/panicking.rs:576:43
[INFO] [stdout]   58:     0x5d097bf13102 - std[70759c8f55707aa4]::panicking::catch_unwind::<(), core[df12db4294e9bfd3]::panic::unwind_safe::AssertUnwindSafe<std[70759c8f55707aa4]::thread::lifecycle::spawn_unchecked<test[9d35eded1c95d3be]::run_test::{closure#1}, ()>::{closure#1}::{closure#0}>>
[INFO] [stdout]                                at /rustc/dfb0accb7f508ae8be965d8629557221c889dd98/library/std/src/panicking.rs:544:19
[INFO] [stdout]   59:     0x5d097bf13102 - std[70759c8f55707aa4]::panic::catch_unwind::<core[df12db4294e9bfd3]::panic::unwind_safe::AssertUnwindSafe<std[70759c8f55707aa4]::thread::lifecycle::spawn_unchecked<test[9d35eded1c95d3be]::run_test::{closure#1}, ()>::{closure#1}::{closure#0}>, ()>
[INFO] [stdout]                                at /rustc/dfb0accb7f508ae8be965d8629557221c889dd98/library/std/src/panic.rs:359:14
[INFO] [stdout]   60:     0x5d097bf13102 - std[70759c8f55707aa4]::thread::lifecycle::spawn_unchecked::<test[9d35eded1c95d3be]::run_test::{closure#1}, ()>::{closure#1}
[INFO] [stdout]                                at /rustc/dfb0accb7f508ae8be965d8629557221c889dd98/library/std/src/thread/lifecycle.rs:68:26
[INFO] [stdout]   61:     0x5d097bf13102 - <std[70759c8f55707aa4]::thread::lifecycle::spawn_unchecked<test[9d35eded1c95d3be]::run_test::{closure#1}, ()>::{closure#1} as core[df12db4294e9bfd3]::ops::function::FnOnce<()>>::call_once::{shim:vtable#0}
[INFO] [stdout]                                at /rustc/dfb0accb7f508ae8be965d8629557221c889dd98/library/core/src/ops/function.rs:250:5
[INFO] [stdout]   62:     0x5d097c634ca9 - <alloc[2182bb758b4b3781]::boxed::Box<dyn core[df12db4294e9bfd3]::ops::function::FnOnce<(), Output = ()> + core[df12db4294e9bfd3]::marker::Send> as core[df12db4294e9bfd3]::ops::function::FnOnce<()>>::call_once
[INFO] [stdout]                                at /rustc/dfb0accb7f508ae8be965d8629557221c889dd98/library/alloc/src/boxed.rs:2320:9
[INFO] [stdout]   63:     0x5d097c634ca9 - <std[70759c8f55707aa4]::sys::thread::unix::Thread>::new::thread_start
[INFO] [stdout]                                at /rustc/dfb0accb7f508ae8be965d8629557221c889dd98/library/std/src/sys/thread/unix.rs:123:17
[INFO] [stdout]   64:     0x7745934fddfa - <unknown>
[INFO] [stdout]   65:     0x7745935913d4 - clone
[INFO] [stdout]   66:                0x0 - <unknown>
[INFO] [stdout] 
[INFO] [stdout] ---- sync::transfer::tests::test_create_file_permission_denied_dest stdout ----
[INFO] [stdout] 
[INFO] [stdout] thread 'sync::transfer::tests::test_create_file_permission_denied_dest' (3942) panicked at src/sync/transfer.rs:1363:9:
[INFO] [stdout] Should fail when destination directory is read-only
[INFO] [stdout] stack backtrace:
[INFO] [stdout]    0:     0x5d097c635d51 - std[70759c8f55707aa4]::backtrace_rs::backtrace::libunwind::trace
[INFO] [stdout]                                at /rustc/dfb0accb7f508ae8be965d8629557221c889dd98/library/std/src/../../backtrace/src/backtrace/libunwind.rs:117:9
[INFO] [stdout]    1:     0x5d097c635d51 - std[70759c8f55707aa4]::backtrace_rs::backtrace::trace_unsynchronized::<std[70759c8f55707aa4]::sys::backtrace::_print_fmt::{closure#1}>
[INFO] [stdout]                                at /rustc/dfb0accb7f508ae8be965d8629557221c889dd98/library/std/src/../../backtrace/src/backtrace/mod.rs:66:14
[INFO] [stdout]    2:     0x5d097c635d51 - std[70759c8f55707aa4]::sys::backtrace::_print_fmt
[INFO] [stdout]                                at /rustc/dfb0accb7f508ae8be965d8629557221c889dd98/library/std/src/sys/backtrace.rs:74:9
[INFO] [stdout]    3:     0x5d097c635d51 - <<std[70759c8f55707aa4]::sys::backtrace::BacktraceLock>::print::DisplayBacktrace as core[df12db4294e9bfd3]::fmt::Display>::fmt
[INFO] [stdout]                                at /rustc/dfb0accb7f508ae8be965d8629557221c889dd98/library/std/src/sys/backtrace.rs:44:26
[INFO] [stdout]    4:     0x5d097c64f8ca - <core[df12db4294e9bfd3]::fmt::rt::Argument>::fmt
[INFO] [stdout]                                at /rustc/dfb0accb7f508ae8be965d8629557221c889dd98/library/core/src/fmt/rt.rs:152:76
[INFO] [stdout]    5:     0x5d097c64f8ca - core[df12db4294e9bfd3]::fmt::write
[INFO] [stdout]    6:     0x5d097c63b2fc - core[df12db4294e9bfd3]::io::write::default_write_fmt::<alloc[2182bb758b4b3781]::vec::Vec<u8>>
[INFO] [stdout]                                at /rustc/dfb0accb7f508ae8be965d8629557221c889dd98/library/core/src/io/write.rs:402:11
[INFO] [stdout]    7:     0x5d097c63b2fc - <alloc[2182bb758b4b3781]::vec::Vec<u8> as core[df12db4294e9bfd3]::io::write::Write>::write_fmt
[INFO] [stdout]                                at /rustc/dfb0accb7f508ae8be965d8629557221c889dd98/library/core/src/io/write.rs:335:13
[INFO] [stdout]    8:     0x5d097c60b616 - <std[70759c8f55707aa4]::sys::backtrace::BacktraceLock>::print
[INFO] [stdout]                                at /rustc/dfb0accb7f508ae8be965d8629557221c889dd98/library/std/src/sys/backtrace.rs:47:9
[INFO] [stdout]    9:     0x5d097c60b616 - std[70759c8f55707aa4]::panicking::default_hook::{closure#0}
[INFO] [stdout]                                at /rustc/dfb0accb7f508ae8be965d8629557221c889dd98/library/std/src/panicking.rs:292:27
[INFO] [stdout]   10:     0x5d097c62add9 - std[70759c8f55707aa4]::panicking::default_hook
[INFO] [stdout]                                at /rustc/dfb0accb7f508ae8be965d8629557221c889dd98/library/std/src/panicking.rs:316:9
[INFO] [stdout]   11:     0x5d097bf0f650 - <alloc[2182bb758b4b3781]::boxed::Box<dyn for<'a, 'b> core[df12db4294e9bfd3]::ops::function::Fn<(&'a std[70759c8f55707aa4]::panic::PanicHookInfo<'b>,), Output = ()> + core[df12db4294e9bfd3]::marker::Send + core[df12db4294e9bfd3]::marker::Sync> as core[df12db4294e9bfd3]::ops::function::Fn<(&std[70759c8f55707aa4]::panic::PanicHookInfo,)>>::call
[INFO] [stdout]                                at /rustc/dfb0accb7f508ae8be965d8629557221c889dd98/library/alloc/src/boxed.rs:2334:9
[INFO] [stdout]   12:     0x5d097bf0f650 - test[9d35eded1c95d3be]::test_main_inner::<test[9d35eded1c95d3be]::test_main_static::{closure#0}>::{closure#0}
[INFO] [stdout]                                at /rustc/dfb0accb7f508ae8be965d8629557221c889dd98/library/test/src/lib.rs:155:21
[INFO] [stdout]   13:     0x5d097c62b102 - <alloc[2182bb758b4b3781]::boxed::Box<dyn for<'a, 'b> core[df12db4294e9bfd3]::ops::function::Fn<(&'a std[70759c8f55707aa4]::panic::PanicHookInfo<'b>,), Output = ()> + core[df12db4294e9bfd3]::marker::Send + core[df12db4294e9bfd3]::marker::Sync> as core[df12db4294e9bfd3]::ops::function::Fn<(&std[70759c8f55707aa4]::panic::PanicHookInfo,)>>::call
[INFO] [stdout]                                at /rustc/dfb0accb7f508ae8be965d8629557221c889dd98/library/alloc/src/boxed.rs:2334:9
[INFO] [stdout]   14:     0x5d097c62b102 - std[70759c8f55707aa4]::panicking::panic_with_hook
[INFO] [stdout]                                at /rustc/dfb0accb7f508ae8be965d8629557221c889dd98/library/std/src/panicking.rs:823:13
[INFO] [stdout]   15:     0x5d097c60b6f4 - std[70759c8f55707aa4]::panicking::panic_handler::{closure#0}
[INFO] [stdout]                                at /rustc/dfb0accb7f508ae8be965d8629557221c889dd98/library/std/src/panicking.rs:681:13
[INFO] [stdout]   16:     0x5d097c603829 - std[70759c8f55707aa4]::sys::backtrace::__rust_end_short_backtrace::<std[70759c8f55707aa4]::panicking::panic_handler::{closure#0}, !>
[INFO] [stdout]                                at /rustc/dfb0accb7f508ae8be965d8629557221c889dd98/library/std/src/sys/backtrace.rs:182:18
[INFO] [stdout]   17:     0x5d097c60c9fd - __rustc[8fa7c3cbc660c2b3]::rust_begin_unwind
[INFO] [stdout]                                at /rustc/dfb0accb7f508ae8be965d8629557221c889dd98/library/std/src/panicking.rs:679:5
[INFO] [stdout]   18:     0x5d097c65019c - core[df12db4294e9bfd3]::panicking::panic_fmt
[INFO] [stdout]                                at /rustc/dfb0accb7f508ae8be965d8629557221c889dd98/library/core/src/panicking.rs:80:14
[INFO] [stdout]   19:     0x5d097b94661c - sy[d299856fa6ef02da]::sync::transfer::tests::test_create_file_permission_denied_dest::{closure#0}
[INFO] [stdout]                                at /opt/rustwide/workdir/src/sync/transfer.rs:1363:9
[INFO] [stdout]   20:     0x5d097bc01322 - <core[df12db4294e9bfd3]::pin::Pin<&mut dyn core[df12db4294e9bfd3]::future::future::Future<Output = ()>> as core[df12db4294e9bfd3]::future::future::Future>::poll
[INFO] [stdout]                                at /rustc/dfb0accb7f508ae8be965d8629557221c889dd98/library/core/src/future/future.rs:133:9
[INFO] [stdout]   21:     0x5d097bc0139d - <core[df12db4294e9bfd3]::pin::Pin<&mut core[df12db4294e9bfd3]::pin::Pin<&mut dyn core[df12db4294e9bfd3]::future::future::Future<Output = ()>>> as core[df12db4294e9bfd3]::future::future::Future>::poll
[INFO] [stdout]                                at /rustc/dfb0accb7f508ae8be965d8629557221c889dd98/library/core/src/future/future.rs:133:9
[INFO] [stdout]   22:     0x5d097b9984dd - <tokio[850724a775c55a9e]::runtime::scheduler::current_thread::CoreGuard>::block_on::<core[df12db4294e9bfd3]::pin::Pin<&mut core[df12db4294e9bfd3]::pin::Pin<&mut dyn core[df12db4294e9bfd3]::future::future::Future<Output = ()>>>>::{closure#0}::{closure#0}::{closure#0}
[INFO] [stdout]                                at /opt/rustwide/cargo-home/registry/src/index.crates.io-1949cf8c6b5b557f/tokio-1.52.3/src/runtime/scheduler/current_thread/mod.rs:778:70
[INFO] [stdout]   23:     0x5d097b998335 - tokio[850724a775c55a9e]::task::coop::with_budget::<core[df12db4294e9bfd3]::task::poll::Poll<()>, <tokio[850724a775c55a9e]::runtime::scheduler::current_thread::CoreGuard>::block_on<core[df12db4294e9bfd3]::pin::Pin<&mut core[df12db4294e9bfd3]::pin::Pin<&mut dyn core[df12db4294e9bfd3]::future::future::Future<Output = ()>>>>::{closure#0}::{closure#0}::{closure#0}>
[INFO] [stdout]                                at /opt/rustwide/cargo-home/registry/src/index.crates.io-1949cf8c6b5b557f/tokio-1.52.3/src/task/coop/mod.rs:167:5
[INFO] [stdout]   24:     0x5d097b998335 - tokio[850724a775c55a9e]::task::coop::budget::<core[df12db4294e9bfd3]::task::poll::Poll<()>, <tokio[850724a775c55a9e]::runtime::scheduler::current_thread::CoreGuard>::block_on<core[df12db4294e9bfd3]::pin::Pin<&mut core[df12db4294e9bfd3]::pin::Pin<&mut dyn core[df12db4294e9bfd3]::future::future::Future<Output = ()>>>>::{closure#0}::{closure#0}::{closure#0}>
[INFO] [stdout]                                at /opt/rustwide/cargo-home/registry/src/index.crates.io-1949cf8c6b5b557f/tokio-1.52.3/src/task/coop/mod.rs:133:5
[INFO] [stdout]   25:     0x5d097b998335 - <tokio[850724a775c55a9e]::runtime::scheduler::current_thread::CoreGuard>::block_on::<core[df12db4294e9bfd3]::pin::Pin<&mut core[df12db4294e9bfd3]::pin::Pin<&mut dyn core[df12db4294e9bfd3]::future::future::Future<Output = ()>>>>::{closure#0}::{closure#0}
[INFO] [stdout]                                at /opt/rustwide/cargo-home/registry/src/index.crates.io-1949cf8c6b5b557f/tokio-1.52.3/src/runtime/scheduler/current_thread/mod.rs:778:25
[INFO] [stdout]   26:     0x5d097b973032 - <tokio[850724a775c55a9e]::runtime::scheduler::current_thread::Context>::enter::<core[df12db4294e9bfd3]::task::poll::Poll<()>, <tokio[850724a775c55a9e]::runtime::scheduler::current_thread::CoreGuard>::block_on<core[df12db4294e9bfd3]::pin::Pin<&mut core[df12db4294e9bfd3]::pin::Pin<&mut dyn core[df12db4294e9bfd3]::future::future::Future<Output = ()>>>>::{closure#0}::{closure#0}>
[INFO] [stdout]                                at /opt/rustwide/cargo-home/registry/src/index.crates.io-1949cf8c6b5b557f/tokio-1.52.3/src/runtime/scheduler/current_thread/mod.rs:451:19
[INFO] [stdout]   27:     0x5d097b99659d - <tokio[850724a775c55a9e]::runtime::scheduler::current_thread::CoreGuard>::block_on::<core[df12db4294e9bfd3]::pin::Pin<&mut core[df12db4294e9bfd3]::pin::Pin<&mut dyn core[df12db4294e9bfd3]::future::future::Future<Output = ()>>>>::{closure#0}
[INFO] [stdout]                                at /opt/rustwide/cargo-home/registry/src/index.crates.io-1949cf8c6b5b557f/tokio-1.52.3/src/runtime/scheduler/current_thread/mod.rs:777:44
[INFO] [stdout]   28:     0x5d097b995844 - <tokio[850724a775c55a9e]::runtime::scheduler::current_thread::CoreGuard>::enter::<<tokio[850724a775c55a9e]::runtime::scheduler::current_thread::CoreGuard>::block_on<core[df12db4294e9bfd3]::pin::Pin<&mut core[df12db4294e9bfd3]::pin::Pin<&mut dyn core[df12db4294e9bfd3]::future::future::Future<Output = ()>>>>::{closure#0}, core[df12db4294e9bfd3]::option::Option<()>>::{closure#0}
[INFO] [stdout]                                at /opt/rustwide/cargo-home/registry/src/index.crates.io-1949cf8c6b5b557f/tokio-1.52.3/src/runtime/scheduler/current_thread/mod.rs:865:68
[INFO] [stdout]   29:     0x5d097b7a5e0b - <tokio[850724a775c55a9e]::runtime::context::scoped::Scoped<tokio[850724a775c55a9e]::runtime::scheduler::Context>>::set::<<tokio[850724a775c55a9e]::runtime::scheduler::current_thread::CoreGuard>::enter<<tokio[850724a775c55a9e]::runtime::scheduler::current_thread::CoreGuard>::block_on<core[df12db4294e9bfd3]::pin::Pin<&mut core[df12db4294e9bfd3]::pin::Pin<&mut dyn core[df12db4294e9bfd3]::future::future::Future<Output = ()>>>>::{closure#0}, core[df12db4294e9bfd3]::option::Option<()>>::{closure#0}, (alloc[2182bb758b4b3781]::boxed::Box<tokio[850724a775c55a9e]::runtime::scheduler::current_thread::Core>, core[df12db4294e9bfd3]::option::Option<()>)>
[INFO] [stdout]                                at /opt/rustwide/cargo-home/registry/src/index.crates.io-1949cf8c6b5b557f/tokio-1.52.3/src/runtime/context/scoped.rs:40:9
[INFO] [stdout]   30:     0x5d097bbacdd9 - tokio[850724a775c55a9e]::runtime::context::set_scheduler::<(alloc[2182bb758b4b3781]::boxed::Box<tokio[850724a775c55a9e]::runtime::scheduler::current_thread::Core>, core[df12db4294e9bfd3]::option::Option<()>), <tokio[850724a775c55a9e]::runtime::scheduler::current_thread::CoreGuard>::enter<<tokio[850724a775c55a9e]::runtime::scheduler::current_thread::CoreGuard>::block_on<core[df12db4294e9bfd3]::pin::Pin<&mut core[df12db4294e9bfd3]::pin::Pin<&mut dyn core[df12db4294e9bfd3]::future::future::Future<Output = ()>>>>::{closure#0}, core[df12db4294e9bfd3]::option::Option<()>>::{closure#0}>::{closure#0}
[INFO] [stdout]                                at /opt/rustwide/cargo-home/registry/src/index.crates.io-1949cf8c6b5b557f/tokio-1.52.3/src/runtime/context.rs:181:38
[INFO] [stdout]   31:     0x5d097bba04cf - <std[70759c8f55707aa4]::thread::local::LocalKey<tokio[850724a775c55a9e]::runtime::context::Context>>::try_with::<tokio[850724a775c55a9e]::runtime::context::set_scheduler<(alloc[2182bb758b4b3781]::boxed::Box<tokio[850724a775c55a9e]::runtime::scheduler::current_thread::Core>, core[df12db4294e9bfd3]::option::Option<()>), <tokio[850724a775c55a9e]::runtime::scheduler::current_thread::CoreGuard>::enter<<tokio[850724a775c55a9e]::runtime::scheduler::current_thread::CoreGuard>::block_on<core[df12db4294e9bfd3]::pin::Pin<&mut core[df12db4294e9bfd3]::pin::Pin<&mut dyn core[df12db4294e9bfd3]::future::future::Future<Output = ()>>>>::{closure#0}, core[df12db4294e9bfd3]::option::Option<()>>::{closure#0}>::{closure#0}, (alloc[2182bb758b4b3781]::boxed::Box<tokio[850724a775c55a9e]::runtime::scheduler::current_thread::Core>, core[df12db4294e9bfd3]::option::Option<()>)>
[INFO] [stdout]                                at /rustc/dfb0accb7f508ae8be965d8629557221c889dd98/library/std/src/thread/local.rs:463:12
[INFO] [stdout]   32:     0x5d097bba007e - <std[70759c8f55707aa4]::thread::local::LocalKey<tokio[850724a775c55a9e]::runtime::context::Context>>::with::<tokio[850724a775c55a9e]::runtime::context::set_scheduler<(alloc[2182bb758b4b3781]::boxed::Box<tokio[850724a775c55a9e]::runtime::scheduler::current_thread::Core>, core[df12db4294e9bfd3]::option::Option<()>), <tokio[850724a775c55a9e]::runtime::scheduler::current_thread::CoreGuard>::enter<<tokio[850724a775c55a9e]::runtime::scheduler::current_thread::CoreGuard>::block_on<core[df12db4294e9bfd3]::pin::Pin<&mut core[df12db4294e9bfd3]::pin::Pin<&mut dyn core[df12db4294e9bfd3]::future::future::Future<Output = ()>>>>::{closure#0}, core[df12db4294e9bfd3]::option::Option<()>>::{closure#0}>::{closure#0}, (alloc[2182bb758b4b3781]::boxed::Box<tokio[850724a775c55a9e]::runtime::scheduler::current_thread::Core>, core[df12db4294e9bfd3]::option::Option<()>)>
[INFO] [stdout]                                at /rustc/dfb0accb7f508ae8be965d8629557221c889dd98/library/std/src/thread/local.rs:427:20
[INFO] [stdout]   33:     0x5d097bba382d - tokio[850724a775c55a9e]::runtime::context::set_scheduler::<(alloc[2182bb758b4b3781]::boxed::Box<tokio[850724a775c55a9e]::runtime::scheduler::current_thread::Core>, core[df12db4294e9bfd3]::option::Option<()>), <tokio[850724a775c55a9e]::runtime::scheduler::current_thread::CoreGuard>::enter<<tokio[850724a775c55a9e]::runtime::scheduler::current_thread::CoreGuard>::block_on<core[df12db4294e9bfd3]::pin::Pin<&mut core[df12db4294e9bfd3]::pin::Pin<&mut dyn core[df12db4294e9bfd3]::future::future::Future<Output = ()>>>>::{closure#0}, core[df12db4294e9bfd3]::option::Option<()>>::{closure#0}>
[INFO] [stdout]                                at /opt/rustwide/cargo-home/registry/src/index.crates.io-1949cf8c6b5b557f/tokio-1.52.3/src/runtime/context.rs:181:17
[INFO] [stdout]   34:     0x5d097b977770 - <tokio[850724a775c55a9e]::runtime::scheduler::current_thread::CoreGuard>::enter::<<tokio[850724a775c55a9e]::runtime::scheduler::current_thread::CoreGuard>::block_on<core[df12db4294e9bfd3]::pin::Pin<&mut core[df12db4294e9bfd3]::pin::Pin<&mut dyn core[df12db4294e9bfd3]::future::future::Future<Output = ()>>>>::{closure#0}, core[df12db4294e9bfd3]::option::Option<()>>
[INFO] [stdout]                                at /opt/rustwide/cargo-home/registry/src/index.crates.io-1949cf8c6b5b557f/tokio-1.52.3/src/runtime/scheduler/current_thread/mod.rs:865:27
[INFO] [stdout]   35:     0x5d097b977a66 - <tokio[850724a775c55a9e]::runtime::scheduler::current_thread::CoreGuard>::block_on::<core[df12db4294e9bfd3]::pin::Pin<&mut core[df12db4294e9bfd3]::pin::Pin<&mut dyn core[df12db4294e9bfd3]::future::future::Future<Output = ()>>>>
[INFO] [stdout]                                at /opt/rustwide/cargo-home/registry/src/index.crates.io-1949cf8c6b5b557f/tokio-1.52.3/src/runtime/scheduler/current_thread/mod.rs:765:24
[INFO] [stdout]   36:     0x5d097b9952f0 - <tokio[850724a775c55a9e]::runtime::scheduler::current_thread::CurrentThread>::block_on::<core[df12db4294e9bfd3]::pin::Pin<&mut dyn core[df12db4294e9bfd3]::future::future::Future<Output = ()>>>::{closure#0}
[INFO] [stdout]                                at /opt/rustwide/cargo-home/registry/src/index.crates.io-1949cf8c6b5b557f/tokio-1.52.3/src/runtime/scheduler/current_thread/mod.rs:205:33
[INFO] [stdout]   37:     0x5d097bba5f18 - tokio[850724a775c55a9e]::runtime::context::runtime::enter_runtime::<<tokio[850724a775c55a9e]::runtime::scheduler::current_thread::CurrentThread>::block_on<core[df12db4294e9bfd3]::pin::Pin<&mut dyn core[df12db4294e9bfd3]::future::future::Future<Output = ()>>>::{closure#0}, ()>
[INFO] [stdout]                                at /opt/rustwide/cargo-home/registry/src/index.crates.io-1949cf8c6b5b557f/tokio-1.52.3/src/runtime/context/runtime.rs:65:16
[INFO] [stdout]   38:     0x5d097b9718c4 - <tokio[850724a775c55a9e]::runtime::scheduler::current_thread::CurrentThread>::block_on::<core[df12db4294e9bfd3]::pin::Pin<&mut dyn core[df12db4294e9bfd3]::future::future::Future<Output = ()>>>
[INFO] [stdout]                                at /opt/rustwide/cargo-home/registry/src/index.crates.io-1949cf8c6b5b557f/tokio-1.52.3/src/runtime/scheduler/current_thread/mod.rs:193:9
[INFO] [stdout]   39:     0x5d097b910d2f - <tokio[850724a775c55a9e]::runtime::runtime::Runtime>::block_on_inner::<core[df12db4294e9bfd3]::pin::Pin<&mut dyn core[df12db4294e9bfd3]::future::future::Future<Output = ()>>>
[INFO] [stdout]                                at /opt/rustwide/cargo-home/registry/src/index.crates.io-1949cf8c6b5b557f/tokio-1.52.3/src/runtime/runtime.rs:371:52
[INFO] [stdout]   40:     0x5d097b910e7b - <tokio[850724a775c55a9e]::runtime::runtime::Runtime>::block_on::<core[df12db4294e9bfd3]::pin::Pin<&mut dyn core[df12db4294e9bfd3]::future::future::Future<Output = ()>>>
[INFO] [stdout]                                at /opt/rustwide/cargo-home/registry/src/index.crates.io-1949cf8c6b5b557f/tokio-1.52.3/src/runtime/runtime.rs:345:18
[INFO] [stdout]   41:     0x5d097b965c01 - sy[d299856fa6ef02da]::sync::transfer::tests::test_create_file_permission_denied_dest
[INFO] [stdout]                                at /opt/rustwide/workdir/src/sync/transfer.rs:1366:10
[INFO] [stdout]   42:     0x5d097b931817 - sy[d299856fa6ef02da]::sync::transfer::tests::test_create_file_permission_denied_dest::{closure#0}
[INFO] [stdout]                                at /opt/rustwide/workdir/src/sync/transfer.rs:1307:55
[INFO] [stdout]   43:     0x5d097b7a2596 - <sy[d299856fa6ef02da]::sync::transfer::tests::test_create_file_permission_denied_dest::{closure#0} as core[df12db4294e9bfd3]::ops::function::FnOnce<()>>::call_once
[INFO] [stdout]                                at /rustc/dfb0accb7f508ae8be965d8629557221c889dd98/library/core/src/ops/function.rs:250:5
[INFO] [stdout]   44:     0x5d097bf0293b - <fn() -> core[df12db4294e9bfd3]::result::Result<(), alloc[2182bb758b4b3781]::string::String> as core[df12db4294e9bfd3]::ops::function::FnOnce<()>>::call_once
[INFO] [stdout]                                at /rustc/dfb0accb7f508ae8be965d8629557221c889dd98/library/core/src/ops/function.rs:250:5
[INFO] [stdout]   45:     0x5d097bf0293b - test[9d35eded1c95d3be]::__rust_begin_short_backtrace::<core[df12db4294e9bfd3]::result::Result<(), alloc[2182bb758b4b3781]::string::String>, fn() -> core[df12db4294e9bfd3]::result::Result<(), alloc[2182bb758b4b3781]::string::String>>
[INFO] [stdout]                                at /rustc/dfb0accb7f508ae8be965d8629557221c889dd98/library/test/src/lib.rs:733:18
[INFO] [stdout]   46:     0x5d097bf0ffa5 - test[9d35eded1c95d3be]::run_test_in_process::{closure#0}
[INFO] [stdout]                                at /rustc/dfb0accb7f508ae8be965d8629557221c889dd98/library/test/src/lib.rs:756:74
[INFO] [stdout]   47:     0x5d097bf0ffa5 - <core[df12db4294e9bfd3]::panic::unwind_safe::AssertUnwindSafe<test[9d35eded1c95d3be]::run_test_in_process::{closure#0}> as core[df12db4294e9bfd3]::ops::function::FnOnce<()>>::call_once
[INFO] [stdout]                                at /rustc/dfb0accb7f508ae8be965d8629557221c889dd98/library/core/src/panic/unwind_safe.rs:275:9
[INFO] [stdout]   48:     0x5d097bf0ffa5 - std[70759c8f55707aa4]::panicking::catch_unwind::do_call::<core[df12db4294e9bfd3]::panic::unwind_safe::AssertUnwindSafe<test[9d35eded1c95d3be]::run_test_in_process::{closure#0}>, core[df12db4294e9bfd3]::result::Result<(), alloc[2182bb758b4b3781]::string::String>>
[INFO] [stdout]                                at /rustc/dfb0accb7f508ae8be965d8629557221c889dd98/library/std/src/panicking.rs:576:43
[INFO] [stdout]   49:     0x5d097bf0ffa5 - std[70759c8f55707aa4]::panicking::catch_unwind::<core[df12db4294e9bfd3]::result::Result<(), alloc[2182bb758b4b3781]::string::String>, core[df12db4294e9bfd3]::panic::unwind_safe::AssertUnwindSafe<test[9d35eded1c95d3be]::run_test_in_process::{closure#0}>>
[INFO] [stdout]                                at /rustc/dfb0accb7f508ae8be965d8629557221c889dd98/library/std/src/panicking.rs:544:19
[INFO] [stdout]   50:     0x5d097bf0ffa5 - std[70759c8f55707aa4]::panic::catch_unwind::<core[df12db4294e9bfd3]::panic::unwind_safe::AssertUnwindSafe<test[9d35eded1c95d3be]::run_test_in_process::{closure#0}>, core[df12db4294e9bfd3]::result::Result<(), alloc[2182bb758b4b3781]::string::String>>
[INFO] [stdout]                                at /rustc/dfb0accb7f508ae8be965d8629557221c889dd98/library/std/src/panic.rs:359:14
[INFO] [stdout]   51:     0x5d097bf0ffa5 - test[9d35eded1c95d3be]::run_test_in_process
[INFO] [stdout]                                at /rustc/dfb0accb7f508ae8be965d8629557221c889dd98/library/test/src/lib.rs:756:27
[INFO] [stdout]   52:     0x5d097bf0ffa5 - test[9d35eded1c95d3be]::run_test::{closure#0}
[INFO] [stdout]                                at /rustc/dfb0accb7f508ae8be965d8629557221c889dd98/library/test/src/lib.rs:677:43
[INFO] [stdout]   53:     0x5d097bf09864 - test[9d35eded1c95d3be]::run_test::{closure#1}
[INFO] [stdout]                                at /rustc/dfb0accb7f508ae8be965d8629557221c889dd98/library/test/src/lib.rs:707:41
[INFO] [stdout]   54:     0x5d097bf09864 - std[70759c8f55707aa4]::sys::backtrace::__rust_begin_short_backtrace::<test[9d35eded1c95d3be]::run_test::{closure#1}, ()>
[INFO] [stdout]                                at /rustc/dfb0accb7f508ae8be965d8629557221c889dd98/library/std/src/sys/backtrace.rs:166:18
[INFO] [stdout]   55:     0x5d097bf13102 - std[70759c8f55707aa4]::thread::lifecycle::spawn_unchecked::<test[9d35eded1c95d3be]::run_test::{closure#1}, ()>::{closure#1}::{closure#0}
[INFO] [stdout]                                at /rustc/dfb0accb7f508ae8be965d8629557221c889dd98/library/std/src/thread/lifecycle.rs:70:13
[INFO] [stdout]   56:     0x5d097bf13102 - <core[df12db4294e9bfd3]::panic::unwind_safe::AssertUnwindSafe<std[70759c8f55707aa4]::thread::lifecycle::spawn_unchecked<test[9d35eded1c95d3be]::run_test::{closure#1}, ()>::{closure#1}::{closure#0}> as core[df12db4294e9bfd3]::ops::function::FnOnce<()>>::call_once
[INFO] [stdout]                                at /rustc/dfb0accb7f508ae8be965d8629557221c889dd98/library/core/src/panic/unwind_safe.rs:275:9
[INFO] [stdout]   57:     0x5d097bf13102 - std[70759c8f55707aa4]::panicking::catch_unwind::do_call::<core[df12db4294e9bfd3]::panic::unwind_safe::AssertUnwindSafe<std[70759c8f55707aa4]::thread::lifecycle::spawn_unchecked<test[9d35eded1c95d3be]::run_test::{closure#1}, ()>::{closure#1}::{closure#0}>, ()>
[INFO] [stdout]                                at /rustc/dfb0accb7f508ae8be965d8629557221c889dd98/library/std/src/panicking.rs:576:43
[INFO] [stdout]   58:     0x5d097bf13102 - std[70759c8f55707aa4]::panicking::catch_unwind::<(), core[df12db4294e9bfd3]::panic::unwind_safe::AssertUnwindSafe<std[70759c8f55707aa4]::thread::lifecycle::spawn_unchecked<test[9d35eded1c95d3be]::run_test::{closure#1}, ()>::{closure#1}::{closure#0}>>
[INFO] [stdout]                                at /rustc/dfb0accb7f508ae8be965d8629557221c889dd98/library/std/src/panicking.rs:544:19
[INFO] [stdout]   59:     0x5d097bf13102 - std[70759c8f55707aa4]::panic::catch_unwind::<core[df12db4294e9bfd3]::panic::unwind_safe::AssertUnwindSafe<std[70759c8f55707aa4]::thread::lifecycle::spawn_unchecked<test[9d35eded1c95d3be]::run_test::{closure#1}, ()>::{closure#1}::{closure#0}>, ()>
[INFO] [stdout]                                at /rustc/dfb0accb7f508ae8be965d8629557221c889dd98/library/std/src/panic.rs:359:14
[INFO] [stdout]   60:     0x5d097bf13102 - std[70759c8f55707aa4]::thread::lifecycle::spawn_unchecked::<test[9d35eded1c95d3be]::run_test::{closure#1}, ()>::{closure#1}
[INFO] [stdout]                                at /rustc/dfb0accb7f508ae8be965d8629557221c889dd98/library/std/src/thread/lifecycle.rs:68:26
[INFO] [stdout]   61:     0x5d097bf13102 - <std[70759c8f55707aa4]::thread::lifecycle::spawn_unchecked<test[9d35eded1c95d3be]::run_test::{closure#1}, ()>::{closure#1} as core[df12db4294e9bfd3]::ops::function::FnOnce<()>>::call_once::{shim:vtable#0}
[INFO] [stdout]                                at /rustc/dfb0accb7f508ae8be965d8629557221c889dd98/library/core/src/ops/function.rs:250:5
[INFO] [stdout]   62:     0x5d097c634ca9 - <alloc[2182bb758b4b3781]::boxed::Box<dyn core[df12db4294e9bfd3]::ops::function::FnOnce<(), Output = ()> + core[df12db4294e9bfd3]::marker::Send> as core[df12db4294e9bfd3]::ops::function::FnOnce<()>>::call_once
[INFO] [stdout]                                at /rustc/dfb0accb7f508ae8be965d8629557221c889dd98/library/alloc/src/boxed.rs:2320:9
[INFO] [stdout]   63:     0x5d097c634ca9 - <std[70759c8f55707aa4]::sys::thread::unix::Thread>::new::thread_start
[INFO] [stdout]                                at /rustc/dfb0accb7f508ae8be965d8629557221c889dd98/library/std/src/sys/thread/unix.rs:123:17
[INFO] [stdout]   64:     0x7745934fddfa - <unknown>
[INFO] [stdout]   65:     0x7745935913d4 - clone
[INFO] [stdout]   66:                0x0 - <unknown>
[INFO] [stdout] 
[INFO] [stdout] ---- transport::local::tests::test_copy_file_permission_denied_destination stdout ----
[INFO] [stdout] 
[INFO] [stdout] thread 'transport::local::tests::test_copy_file_permission_denied_destination' (3994) panicked at src/transport/local.rs:1260:9:
[INFO] [stdout] Should fail when destination is read-only
[INFO] [stdout] stack backtrace:
[INFO] [stdout]    0:     0x5d097c635d51 - std[70759c8f55707aa4]::backtrace_rs::backtrace::libunwind::trace
[INFO] [stdout]                                at /rustc/dfb0accb7f508ae8be965d8629557221c889dd98/library/std/src/../../backtrace/src/backtrace/libunwind.rs:117:9
[INFO] [stdout]    1:     0x5d097c635d51 - std[70759c8f55707aa4]::backtrace_rs::backtrace::trace_unsynchronized::<std[70759c8f55707aa4]::sys::backtrace::_print_fmt::{closure#1}>
[INFO] [stdout]                                at /rustc/dfb0accb7f508ae8be965d8629557221c889dd98/library/std/src/../../backtrace/src/backtrace/mod.rs:66:14
[INFO] [stdout]    2:     0x5d097c635d51 - std[70759c8f55707aa4]::sys::backtrace::_print_fmt
[INFO] [stdout]                                at /rustc/dfb0accb7f508ae8be965d8629557221c889dd98/library/std/src/sys/backtrace.rs:74:9
[INFO] [stdout]    3:     0x5d097c635d51 - <<std[70759c8f55707aa4]::sys::backtrace::BacktraceLock>::print::DisplayBacktrace as core[df12db4294e9bfd3]::fmt::Display>::fmt
[INFO] [stdout]                                at /rustc/dfb0accb7f508ae8be965d8629557221c889dd98/library/std/src/sys/backtrace.rs:44:26
[INFO] [stdout]    4:     0x5d097c64f8ca - <core[df12db4294e9bfd3]::fmt::rt::Argument>::fmt
[INFO] [stdout]                                at /rustc/dfb0accb7f508ae8be965d8629557221c889dd98/library/core/src/fmt/rt.rs:152:76
[INFO] [stdout]    5:     0x5d097c64f8ca - core[df12db4294e9bfd3]::fmt::write
[INFO] [stdout]    6:     0x5d097c63b2fc - core[df12db4294e9bfd3]::io::write::default_write_fmt::<alloc[2182bb758b4b3781]::vec::Vec<u8>>
[INFO] [stdout]                                at /rustc/dfb0accb7f508ae8be965d8629557221c889dd98/library/core/src/io/write.rs:402:11
[INFO] [stdout]    7:     0x5d097c63b2fc - <alloc[2182bb758b4b3781]::vec::Vec<u8> as core[df12db4294e9bfd3]::io::write::Write>::write_fmt
[INFO] [stdout]                                at /rustc/dfb0accb7f508ae8be965d8629557221c889dd98/library/core/src/io/write.rs:335:13
[INFO] [stdout]    8:     0x5d097c60b616 - <std[70759c8f55707aa4]::sys::backtrace::BacktraceLock>::print
[INFO] [stdout]                                at /rustc/dfb0accb7f508ae8be965d8629557221c889dd98/library/std/src/sys/backtrace.rs:47:9
[INFO] [stdout]    9:     0x5d097c60b616 - std[70759c8f55707aa4]::panicking::default_hook::{closure#0}
[INFO] [stdout]                                at /rustc/dfb0accb7f508ae8be965d8629557221c889dd98/library/std/src/panicking.rs:292:27
[INFO] [stdout]   10:     0x5d097c62add9 - std[70759c8f55707aa4]::panicking::default_hook
[INFO] [stdout]                                at /rustc/dfb0accb7f508ae8be965d8629557221c889dd98/library/std/src/panicking.rs:316:9
[INFO] [stdout]   11:     0x5d097bf0f650 - <alloc[2182bb758b4b3781]::boxed::Box<dyn for<'a, 'b> core[df12db4294e9bfd3]::ops::function::Fn<(&'a std[70759c8f55707aa4]::panic::PanicHookInfo<'b>,), Output = ()> + core[df12db4294e9bfd3]::marker::Send + core[df12db4294e9bfd3]::marker::Sync> as core[df12db4294e9bfd3]::ops::function::Fn<(&std[70759c8f55707aa4]::panic::PanicHookInfo,)>>::call
[INFO] [stdout]                                at /rustc/dfb0accb7f508ae8be965d8629557221c889dd98/library/alloc/src/boxed.rs:2334:9
[INFO] [stdout]   12:     0x5d097bf0f650 - test[9d35eded1c95d3be]::test_main_inner::<test[9d35eded1c95d3be]::test_main_static::{closure#0}>::{closure#0}
[INFO] [stdout]                                at /rustc/dfb0accb7f508ae8be965d8629557221c889dd98/library/test/src/lib.rs:155:21
[INFO] [stdout]   13:     0x5d097c62b102 - <alloc[2182bb758b4b3781]::boxed::Box<dyn for<'a, 'b> core[df12db4294e9bfd3]::ops::function::Fn<(&'a std[70759c8f55707aa4]::panic::PanicHookInfo<'b>,), Output = ()> + core[df12db4294e9bfd3]::marker::Send + core[df12db4294e9bfd3]::marker::Sync> as core[df12db4294e9bfd3]::ops::function::Fn<(&std[70759c8f55707aa4]::panic::PanicHookInfo,)>>::call
[INFO] [stdout]                                at /rustc/dfb0accb7f508ae8be965d8629557221c889dd98/library/alloc/src/boxed.rs:2334:9
[INFO] [stdout]   14:     0x5d097c62b102 - std[70759c8f55707aa4]::panicking::panic_with_hook
[INFO] [stdout]                                at /rustc/dfb0accb7f508ae8be965d8629557221c889dd98/library/std/src/panicking.rs:823:13
[INFO] [stdout]   15:     0x5d097c60b6f4 - std[70759c8f55707aa4]::panicking::panic_handler::{closure#0}
[INFO] [stdout]                                at /rustc/dfb0accb7f508ae8be965d8629557221c889dd98/library/std/src/panicking.rs:681:13
[INFO] [stdout]   16:     0x5d097c603829 - std[70759c8f55707aa4]::sys::backtrace::__rust_end_short_backtrace::<std[70759c8f55707aa4]::panicking::panic_handler::{closure#0}, !>
[INFO] [stdout]                                at /rustc/dfb0accb7f508ae8be965d8629557221c889dd98/library/std/src/sys/backtrace.rs:182:18
[INFO] [stdout]   17:     0x5d097c60c9fd - __rustc[8fa7c3cbc660c2b3]::rust_begin_unwind
[INFO] [stdout]                                at /rustc/dfb0accb7f508ae8be965d8629557221c889dd98/library/std/src/panicking.rs:679:5
[INFO] [stdout]   18:     0x5d097c65019c - core[df12db4294e9bfd3]::panicking::panic_fmt
[INFO] [stdout]                                at /rustc/dfb0accb7f508ae8be965d8629557221c889dd98/library/core/src/panicking.rs:80:14
[INFO] [stdout]   19:     0x5d097bac275f - sy[d299856fa6ef02da]::transport::local::tests::test_copy_file_permission_denied_destination::{closure#0}
[INFO] [stdout]                                at /opt/rustwide/workdir/src/transport/local.rs:1260:9
[INFO] [stdout]   20:     0x5d097bc01322 - <core[df12db4294e9bfd3]::pin::Pin<&mut dyn core[df12db4294e9bfd3]::future::future::Future<Output = ()>> as core[df12db4294e9bfd3]::future::future::Future>::poll
[INFO] [stdout]                                at /rustc/dfb0accb7f508ae8be965d8629557221c889dd98/library/core/src/future/future.rs:133:9
[INFO] [stdout]   21:     0x5d097bc0139d - <core[df12db4294e9bfd3]::pin::Pin<&mut core[df12db4294e9bfd3]::pin::Pin<&mut dyn core[df12db4294e9bfd3]::future::future::Future<Output = ()>>> as core[df12db4294e9bfd3]::future::future::Future>::poll
[INFO] [stdout]                                at /rustc/dfb0accb7f508ae8be965d8629557221c889dd98/library/core/src/future/future.rs:133:9
[INFO] [stdout]   22:     0x5d097b9984dd - <tokio[850724a775c55a9e]::runtime::scheduler::current_thread::CoreGuard>::block_on::<core[df12db4294e9bfd3]::pin::Pin<&mut core[df12db4294e9bfd3]::pin::Pin<&mut dyn core[df12db4294e9bfd3]::future::future::Future<Output = ()>>>>::{closure#0}::{closure#0}::{closure#0}
[INFO] [stdout]                                at /opt/rustwide/cargo-home/registry/src/index.crates.io-1949cf8c6b5b557f/tokio-1.52.3/src/runtime/scheduler/current_thread/mod.rs:778:70
[INFO] [stdout]   23:     0x5d097b998335 - tokio[850724a775c55a9e]::task::coop::with_budget::<core[df12db4294e9bfd3]::task::poll::Poll<()>, <tokio[850724a775c55a9e]::runtime::scheduler::current_thread::CoreGuard>::block_on<core[df12db4294e9bfd3]::pin::Pin<&mut core[df12db4294e9bfd3]::pin::Pin<&mut dyn core[df12db4294e9bfd3]::future::future::Future<Output = ()>>>>::{closure#0}::{closure#0}::{closure#0}>
[INFO] [stdout]                                at /opt/rustwide/cargo-home/registry/src/index.crates.io-1949cf8c6b5b557f/tokio-1.52.3/src/task/coop/mod.rs:167:5
[INFO] [stdout]   24:     0x5d097b998335 - tokio[850724a775c55a9e]::task::coop::budget::<core[df12db4294e9bfd3]::task::poll::Poll<()>, <tokio[850724a775c55a9e]::runtime::scheduler::current_thread::CoreGuard>::block_on<core[df12db4294e9bfd3]::pin::Pin<&mut core[df12db4294e9bfd3]::pin::Pin<&mut dyn core[df12db4294e9bfd3]::future::future::Future<Output = ()>>>>::{closure#0}::{closure#0}::{closure#0}>
[INFO] [stdout]                                at /opt/rustwide/cargo-home/registry/src/index.crates.io-1949cf8c6b5b557f/tokio-1.52.3/src/task/coop/mod.rs:133:5
[INFO] [stdout]   25:     0x5d097b998335 - <tokio[850724a775c55a9e]::runtime::scheduler::current_thread::CoreGuard>::block_on::<core[df12db4294e9bfd3]::pin::Pin<&mut core[df12db4294e9bfd3]::pin::Pin<&mut dyn core[df12db4294e9bfd3]::future::future::Future<Output = ()>>>>::{closure#0}::{closure#0}
[INFO] [stdout]                                at /opt/rustwide/cargo-home/registry/src/index.crates.io-1949cf8c6b5b557f/tokio-1.52.3/src/runtime/scheduler/current_thread/mod.rs:778:25
[INFO] [stdout]   26:     0x5d097b973032 - <tokio[850724a775c55a9e]::runtime::scheduler::current_thread::Context>::enter::<core[df12db4294e9bfd3]::task::poll::Poll<()>, <tokio[850724a775c55a9e]::runtime::scheduler::current_thread::CoreGuard>::block_on<core[df12db4294e9bfd3]::pin::Pin<&mut core[df12db4294e9bfd3]::pin::Pin<&mut dyn core[df12db4294e9bfd3]::future::future::Future<Output = ()>>>>::{closure#0}::{closure#0}>
[INFO] [stdout]                                at /opt/rustwide/cargo-home/registry/src/index.crates.io-1949cf8c6b5b557f/tokio-1.52.3/src/runtime/scheduler/current_thread/mod.rs:451:19
[INFO] [stdout]   27:     0x5d097b99659d - <tokio[850724a775c55a9e]::runtime::scheduler::current_thread::CoreGuard>::block_on::<core[df12db4294e9bfd3]::pin::Pin<&mut core[df12db4294e9bfd3]::pin::Pin<&mut dyn core[df12db4294e9bfd3]::future::future::Future<Output = ()>>>>::{closure#0}
[INFO] [stdout]                                at /opt/rustwide/cargo-home/registry/src/index.crates.io-1949cf8c6b5b557f/tokio-1.52.3/src/runtime/scheduler/current_thread/mod.rs:777:44
[INFO] [stdout]   28:     0x5d097b995844 - <tokio[850724a775c55a9e]::runtime::scheduler::current_thread::CoreGuard>::enter::<<tokio[850724a775c55a9e]::runtime::scheduler::current_thread::CoreGuard>::block_on<core[df12db4294e9bfd3]::pin::Pin<&mut core[df12db4294e9bfd3]::pin::Pin<&mut dyn core[df12db4294e9bfd3]::future::future::Future<Output = ()>>>>::{closure#0}, core[df12db4294e9bfd3]::option::Option<()>>::{closure#0}
[INFO] [stdout]                                at /opt/rustwide/cargo-home/registry/src/index.crates.io-1949cf8c6b5b557f/tokio-1.52.3/src/runtime/scheduler/current_thread/mod.rs:865:68
[INFO] [stdout]   29:     0x5d097b7a5e0b - <tokio[850724a775c55a9e]::runtime::context::scoped::Scoped<tokio[850724a775c55a9e]::runtime::scheduler::Context>>::set::<<tokio[850724a775c55a9e]::runtime::scheduler::current_thread::CoreGuard>::enter<<tokio[850724a775c55a9e]::runtime::scheduler::current_thread::CoreGuard>::block_on<core[df12db4294e9bfd3]::pin::Pin<&mut core[df12db4294e9bfd3]::pin::Pin<&mut dyn core[df12db4294e9bfd3]::future::future::Future<Output = ()>>>>::{closure#0}, core[df12db4294e9bfd3]::option::Option<()>>::{closure#0}, (alloc[2182bb758b4b3781]::boxed::Box<tokio[850724a775c55a9e]::runtime::scheduler::current_thread::Core>, core[df12db4294e9bfd3]::option::Option<()>)>
[INFO] [stdout]                                at /opt/rustwide/cargo-home/registry/src/index.crates.io-1949cf8c6b5b557f/tokio-1.52.3/src/runtime/context/scoped.rs:40:9
[INFO] [stdout]   30:     0x5d097bbacdd9 - tokio[850724a775c55a9e]::runtime::context::set_scheduler::<(alloc[2182bb758b4b3781]::boxed::Box<tokio[850724a775c55a9e]::runtime::scheduler::current_thread::Core>, core[df12db4294e9bfd3]::option::Option<()>), <tokio[850724a775c55a9e]::runtime::scheduler::current_thread::CoreGuard>::enter<<tokio[850724a775c55a9e]::runtime::scheduler::current_thread::CoreGuard>::block_on<core[df12db4294e9bfd3]::pin::Pin<&mut core[df12db4294e9bfd3]::pin::Pin<&mut dyn core[df12db4294e9bfd3]::future::future::Future<Output = ()>>>>::{closure#0}, core[df12db4294e9bfd3]::option::Option<()>>::{closure#0}>::{closure#0}
[INFO] [stdout]                                at /opt/rustwide/cargo-home/registry/src/index.crates.io-1949cf8c6b5b557f/tokio-1.52.3/src/runtime/context.rs:181:38
[INFO] [stdout]   31:     0x5d097bba04cf - <std[70759c8f55707aa4]::thread::local::LocalKey<tokio[850724a775c55a9e]::runtime::context::Context>>::try_with::<tokio[850724a775c55a9e]::runtime::context::set_scheduler<(alloc[2182bb758b4b3781]::boxed::Box<tokio[850724a775c55a9e]::runtime::scheduler::current_thread::Core>, core[df12db4294e9bfd3]::option::Option<()>), <tokio[850724a775c55a9e]::runtime::scheduler::current_thread::CoreGuard>::enter<<tokio[850724a775c55a9e]::runtime::scheduler::current_thread::CoreGuard>::block_on<core[df12db4294e9bfd3]::pin::Pin<&mut core[df12db4294e9bfd3]::pin::Pin<&mut dyn core[df12db4294e9bfd3]::future::future::Future<Output = ()>>>>::{closure#0}, core[df12db4294e9bfd3]::option::Option<()>>::{closure#0}>::{closure#0}, (alloc[2182bb758b4b3781]::boxed::Box<tokio[850724a775c55a9e]::runtime::scheduler::current_thread::Core>, core[df12db4294e9bfd3]::option::Option<()>)>
[INFO] [stdout]                                at /rustc/dfb0accb7f508ae8be965d8629557221c889dd98/library/std/src/thread/local.rs:463:12
[INFO] [stdout]   32:     0x5d097bba007e - <std[70759c8f55707aa4]::thread::local::LocalKey<tokio[850724a775c55a9e]::runtime::context::Context>>::with::<tokio[850724a775c55a9e]::runtime::context::set_scheduler<(alloc[2182bb758b4b3781]::boxed::Box<tokio[850724a775c55a9e]::runtime::scheduler::current_thread::Core>, core[df12db4294e9bfd3]::option::Option<()>), <tokio[850724a775c55a9e]::runtime::scheduler::current_thread::CoreGuard>::enter<<tokio[850724a775c55a9e]::runtime::scheduler::current_thread::CoreGuard>::block_on<core[df12db4294e9bfd3]::pin::Pin<&mut core[df12db4294e9bfd3]::pin::Pin<&mut dyn core[df12db4294e9bfd3]::future::future::Future<Output = ()>>>>::{closure#0}, core[df12db4294e9bfd3]::option::Option<()>>::{closure#0}>::{closure#0}, (alloc[2182bb758b4b3781]::boxed::Box<tokio[850724a775c55a9e]::runtime::scheduler::current_thread::Core>, core[df12db4294e9bfd3]::option::Option<()>)>
[INFO] [stdout]                                at /rustc/dfb0accb7f508ae8be965d8629557221c889dd98/library/std/src/thread/local.rs:427:20
[INFO] [stdout]   33:     0x5d097bba382d - tokio[850724a775c55a9e]::runtime::context::set_scheduler::<(alloc[2182bb758b4b3781]::boxed::Box<tokio[850724a775c55a9e]::runtime::scheduler::current_thread::Core>, core[df12db4294e9bfd3]::option::Option<()>), <tokio[850724a775c55a9e]::runtime::scheduler::current_thread::CoreGuard>::enter<<tokio[850724a775c55a9e]::runtime::scheduler::current_thread::CoreGuard>::block_on<core[df12db4294e9bfd3]::pin::Pin<&mut core[df12db4294e9bfd3]::pin::Pin<&mut dyn core[df12db4294e9bfd3]::future::future::Future<Output = ()>>>>::{closure#0}, core[df12db4294e9bfd3]::option::Option<()>>::{closure#0}>
[INFO] [stdout]                                at /opt/rustwide/cargo-home/registry/src/index.crates.io-1949cf8c6b5b557f/tokio-1.52.3/src/runtime/context.rs:181:17
[INFO] [stdout]   34:     0x5d097b977770 - <tokio[850724a775c55a9e]::runtime::scheduler::current_thread::CoreGuard>::enter::<<tokio[850724a775c55a9e]::runtime::scheduler::current_thread::CoreGuard>::block_on<core[df12db4294e9bfd3]::pin::Pin<&mut core[df12db4294e9bfd3]::pin::Pin<&mut dyn core[df12db4294e9bfd3]::future::future::Future<Output = ()>>>>::{closure#0}, core[df12db4294e9bfd3]::option::Option<()>>
[INFO] [stdout]                                at /opt/rustwide/cargo-home/registry/src/index.crates.io-1949cf8c6b5b557f/tokio-1.52.3/src/runtime/scheduler/current_thread/mod.rs:865:27
[INFO] [stdout]   35:     0x5d097b977a66 - <tokio[850724a775c55a9e]::runtime::scheduler::current_thread::CoreGuard>::block_on::<core[df12db4294e9bfd3]::pin::Pin<&mut core[df12db4294e9bfd3]::pin::Pin<&mut dyn core[df12db4294e9bfd3]::future::future::Future<Output = ()>>>>
[INFO] [stdout]                                at /opt/rustwide/cargo-home/registry/src/index.crates.io-1949cf8c6b5b557f/tokio-1.52.3/src/runtime/scheduler/current_thread/mod.rs:765:24
[INFO] [stdout]   36:     0x5d097b9952f0 - <tokio[850724a775c55a9e]::runtime::scheduler::current_thread::CurrentThread>::block_on::<core[df12db4294e9bfd3]::pin::Pin<&mut dyn core[df12db4294e9bfd3]::future::future::Future<Output = ()>>>::{closure#0}
[INFO] [stdout]                                at /opt/rustwide/cargo-home/registry/src/index.crates.io-1949cf8c6b5b557f/tokio-1.52.3/src/runtime/scheduler/current_thread/mod.rs:205:33
[INFO] [stdout]   37:     0x5d097bba5f18 - tokio[850724a775c55a9e]::runtime::context::runtime::enter_runtime::<<tokio[850724a775c55a9e]::runtime::scheduler::current_thread::CurrentThread>::block_on<core[df12db4294e9bfd3]::pin::Pin<&mut dyn core[df12db4294e9bfd3]::future::future::Future<Output = ()>>>::{closure#0}, ()>
[INFO] [stdout]                                at /opt/rustwide/cargo-home/registry/src/index.crates.io-1949cf8c6b5b557f/tokio-1.52.3/src/runtime/context/runtime.rs:65:16
[INFO] [stdout]   38:     0x5d097b9718c4 - <tokio[850724a775c55a9e]::runtime::scheduler::current_thread::CurrentThread>::block_on::<core[df12db4294e9bfd3]::pin::Pin<&mut dyn core[df12db4294e9bfd3]::future::future::Future<Output = ()>>>
[INFO] [stdout]                                at /opt/rustwide/cargo-home/registry/src/index.crates.io-1949cf8c6b5b557f/tokio-1.52.3/src/runtime/scheduler/current_thread/mod.rs:193:9
[INFO] [stdout]   39:     0x5d097b910d2f - <tokio[850724a775c55a9e]::runtime::runtime::Runtime>::block_on_inner::<core[df12db4294e9bfd3]::pin::Pin<&mut dyn core[df12db4294e9bfd3]::future::future::Future<Output = ()>>>
[INFO] [stdout]                                at /opt/rustwide/cargo-home/registry/src/index.crates.io-1949cf8c6b5b557f/tokio-1.52.3/src/runtime/runtime.rs:371:52
[INFO] [stdout]   40:     0x5d097b910e7b - <tokio[850724a775c55a9e]::runtime::runtime::Runtime>::block_on::<core[df12db4294e9bfd3]::pin::Pin<&mut dyn core[df12db4294e9bfd3]::future::future::Future<Output = ()>>>
[INFO] [stdout]                                at /opt/rustwide/cargo-home/registry/src/index.crates.io-1949cf8c6b5b557f/tokio-1.52.3/src/runtime/runtime.rs:345:18
[INFO] [stdout]   41:     0x5d097baf5ac1 - sy[d299856fa6ef02da]::transport::local::tests::test_copy_file_permission_denied_destination
[INFO] [stdout]                                at /opt/rustwide/workdir/src/transport/local.rs:1260:78
[INFO] [stdout]   42:     0x5d097bab7497 - sy[d299856fa6ef02da]::transport::local::tests::test_copy_file_permission_denied_destination::{closure#0}
[INFO] [stdout]                                at /opt/rustwide/workdir/src/transport/local.rs:1235:60
[INFO] [stdout]   43:     0x5d097b7a40e6 - <sy[d299856fa6ef02da]::transport::local::tests::test_copy_file_permission_denied_destination::{closure#0} as core[df12db4294e9bfd3]::ops::function::FnOnce<()>>::call_once
[INFO] [stdout]                                at /rustc/dfb0accb7f508ae8be965d8629557221c889dd98/library/core/src/ops/function.rs:250:5
[INFO] [stdout]   44:     0x5d097bf0293b - <fn() -> core[df12db4294e9bfd3]::result::Result<(), alloc[2182bb758b4b3781]::string::String> as core[df12db4294e9bfd3]::ops::function::FnOnce<()>>::call_once
[INFO] [stdout]                                at /rustc/dfb0accb7f508ae8be965d8629557221c889dd98/library/core/src/ops/function.rs:250:5
[INFO] [stdout]   45:     0x5d097bf0293b - test[9d35eded1c95d3be]::__rust_begin_short_backtrace::<core[df12db4294e9bfd3]::result::Result<(), alloc[2182bb758b4b3781]::string::String>, fn() -> core[df12db4294e9bfd3]::result::Result<(), alloc[2182bb758b4b3781]::string::String>>
[INFO] [stdout]                                at /rustc/dfb0accb7f508ae8be965d8629557221c889dd98/library/test/src/lib.rs:733:18
[INFO] [stdout]   46:     0x5d097bf0ffa5 - test[9d35eded1c95d3be]::run_test_in_process::{closure#0}
[INFO] [stdout]                                at /rustc/dfb0accb7f508ae8be965d8629557221c889dd98/library/test/src/lib.rs:756:74
[INFO] [stdout]   47:     0x5d097bf0ffa5 - <core[df12db4294e9bfd3]::panic::unwind_safe::AssertUnwindSafe<test[9d35eded1c95d3be]::run_test_in_process::{closure#0}> as core[df12db4294e9bfd3]::ops::function::FnOnce<()>>::call_once
[INFO] [stdout]                                at /rustc/dfb0accb7f508ae8be965d8629557221c889dd98/library/core/src/panic/unwind_safe.rs:275:9
[INFO] [stdout]   48:     0x5d097bf0ffa5 - std[70759c8f55707aa4]::panicking::catch_unwind::do_call::<core[df12db4294e9bfd3]::panic::unwind_safe::AssertUnwindSafe<test[9d35eded1c95d3be]::run_test_in_process::{closure#0}>, core[df12db4294e9bfd3]::result::Result<(), alloc[2182bb758b4b3781]::string::String>>
[INFO] [stdout]                                at /rustc/dfb0accb7f508ae8be965d8629557221c889dd98/library/std/src/panicking.rs:576:43
[INFO] [stdout]   49:     0x5d097bf0ffa5 - std[70759c8f55707aa4]::panicking::catch_unwind::<core[df12db4294e9bfd3]::result::Result<(), alloc[2182bb758b4b3781]::string::String>, core[df12db4294e9bfd3]::panic::unwind_safe::AssertUnwindSafe<test[9d35eded1c95d3be]::run_test_in_process::{closure#0}>>
[INFO] [stdout]                                at /rustc/dfb0accb7f508ae8be965d8629557221c889dd98/library/std/src/panicking.rs:544:19
[INFO] [stdout]   50:     0x5d097bf0ffa5 - std[70759c8f55707aa4]::panic::catch_unwind::<core[df12db4294e9bfd3]::panic::unwind_safe::AssertUnwindSafe<test[9d35eded1c95d3be]::run_test_in_process::{closure#0}>, core[df12db4294e9bfd3]::result::Result<(), alloc[2182bb758b4b3781]::string::String>>
[INFO] [stdout]                                at /rustc/dfb0accb7f508ae8be965d8629557221c889dd98/library/std/src/panic.rs:359:14
[INFO] [stdout]   51:     0x5d097bf0ffa5 - test[9d35eded1c95d3be]::run_test_in_process
[INFO] [stdout]                                at /rustc/dfb0accb7f508ae8be965d8629557221c889dd98/library/test/src/lib.rs:756:27
[INFO] [stdout]   52:     0x5d097bf0ffa5 - test[9d35eded1c95d3be]::run_test::{closure#0}
[INFO] [stdout]                                at /rustc/dfb0accb7f508ae8be965d8629557221c889dd98/library/test/src/lib.rs:677:43
[INFO] [stdout]   53:     0x5d097bf09864 - test[9d35eded1c95d3be]::run_test::{closure#1}
[INFO] [stdout]                                at /rustc/dfb0accb7f508ae8be965d8629557221c889dd98/library/test/src/lib.rs:707:41
[INFO] [stdout]   54:     0x5d097bf09864 - std[70759c8f55707aa4]::sys::backtrace::__rust_begin_short_backtrace::<test[9d35eded1c95d3be]::run_test::{closure#1}, ()>
[INFO] [stdout]                                at /rustc/dfb0accb7f508ae8be965d8629557221c889dd98/library/std/src/sys/backtrace.rs:166:18
[INFO] [stdout]   55:     0x5d097bf13102 - std[70759c8f55707aa4]::thread::lifecycle::spawn_unchecked::<test[9d35eded1c95d3be]::run_test::{closure#1}, ()>::{closure#1}::{closure#0}
[INFO] [stdout]                                at /rustc/dfb0accb7f508ae8be965d8629557221c889dd98/library/std/src/thread/lifecycle.rs:70:13
[INFO] [stdout]   56:     0x5d097bf13102 - <core[df12db4294e9bfd3]::panic::unwind_safe::AssertUnwindSafe<std[70759c8f55707aa4]::thread::lifecycle::spawn_unchecked<test[9d35eded1c95d3be]::run_test::{closure#1}, ()>::{closure#1}::{closure#0}> as core[df12db4294e9bfd3]::ops::function::FnOnce<()>>::call_once
[INFO] [stdout]                                at /rustc/dfb0accb7f508ae8be965d8629557221c889dd98/library/core/src/panic/unwind_safe.rs:275:9
[INFO] [stdout]   57:     0x5d097bf13102 - std[70759c8f55707aa4]::panicking::catch_unwind::do_call::<core[df12db4294e9bfd3]::panic::unwind_safe::AssertUnwindSafe<std[70759c8f55707aa4]::thread::lifecycle::spawn_unchecked<test[9d35eded1c95d3be]::run_test::{closure#1}, ()>::{closure#1}::{closure#0}>, ()>
[INFO] [stdout]                                at /rustc/dfb0accb7f508ae8be965d8629557221c889dd98/library/std/src/panicking.rs:576:43
[INFO] [stdout]   58:     0x5d097bf13102 - std[70759c8f55707aa4]::panicking::catch_unwind::<(), core[df12db4294e9bfd3]::panic::unwind_safe::AssertUnwindSafe<std[70759c8f55707aa4]::thread::lifecycle::spawn_unchecked<test[9d35eded1c95d3be]::run_test::{closure#1}, ()>::{closure#1}::{closure#0}>>
[INFO] [stdout]                                at /rustc/dfb0accb7f508ae8be965d8629557221c889dd98/library/std/src/panicking.rs:544:19
[INFO] [stdout]   59:     0x5d097bf13102 - std[70759c8f55707aa4]::panic::catch_unwind::<core[df12db4294e9bfd3]::panic::unwind_safe::AssertUnwindSafe<std[70759c8f55707aa4]::thread::lifecycle::spawn_unchecked<test[9d35eded1c95d3be]::run_test::{closure#1}, ()>::{closure#1}::{closure#0}>, ()>
[INFO] [stdout]                                at /rustc/dfb0accb7f508ae8be965d8629557221c889dd98/library/std/src/panic.rs:359:14
[INFO] [stdout]   60:     0x5d097bf13102 - std[70759c8f55707aa4]::thread::lifecycle::spawn_unchecked::<test[9d35eded1c95d3be]::run_test::{closure#1}, ()>::{closure#1}
[INFO] [stdout]                                at /rustc/dfb0accb7f508ae8be965d8629557221c889dd98/library/std/src/thread/lifecycle.rs:68:26
[INFO] [stdout]   61:     0x5d097bf13102 - <std[70759c8f55707aa4]::thread::lifecycle::spawn_unchecked<test[9d35eded1c95d3be]::run_test::{closure#1}, ()>::{closure#1} as core[df12db4294e9bfd3]::ops::function::FnOnce<()>>::call_once::{shim:vtable#0}
[INFO] [stdout]                                at /rustc/dfb0accb7f508ae8be965d8629557221c889dd98/library/core/src/ops/function.rs:250:5
[INFO] [stdout]   62:     0x5d097c634ca9 - <alloc[2182bb758b4b3781]::boxed::Box<dyn core[df12db4294e9bfd3]::ops::function::FnOnce<(), Output = ()> + core[df12db4294e9bfd3]::marker::Send> as core[df12db4294e9bfd3]::ops::function::FnOnce<()>>::call_once
[INFO] [stdout]                                at /rustc/dfb0accb7f508ae8be965d8629557221c889dd98/library/alloc/src/boxed.rs:2320:9
[INFO] [stdout]   63:     0x5d097c634ca9 - <std[70759c8f55707aa4]::sys::thread::unix::Thread>::new::thread_start
[INFO] [stdout]                                at /rustc/dfb0accb7f508ae8be965d8629557221c889dd98/library/std/src/sys/thread/unix.rs:123:17
[INFO] [stdout]   64:     0x7745934fddfa - <unknown>
[INFO] [stdout]   65:     0x7745935913d4 - clone
[INFO] [stdout]   66:                0x0 - <unknown>
[INFO] [stdout] 
[INFO] [stdout] ---- transport::local::tests::test_create_dir_permission_denied stdout ----
[INFO] [stdout] 
[INFO] [stdout] thread 'transport::local::tests::test_create_dir_permission_denied' (4001) panicked at src/transport/local.rs:1299:9:
[INFO] [stdout] Should fail when parent is read-only
[INFO] [stdout] stack backtrace:
[INFO] [stdout]    0:     0x5d097c635d51 - std[70759c8f55707aa4]::backtrace_rs::backtrace::libunwind::trace
[INFO] [stdout]                                at /rustc/dfb0accb7f508ae8be965d8629557221c889dd98/library/std/src/../../backtrace/src/backtrace/libunwind.rs:117:9
[INFO] [stdout]    1:     0x5d097c635d51 - std[70759c8f55707aa4]::backtrace_rs::backtrace::trace_unsynchronized::<std[70759c8f55707aa4]::sys::backtrace::_print_fmt::{closure#1}>
[INFO] [stdout]                                at /rustc/dfb0accb7f508ae8be965d8629557221c889dd98/library/std/src/../../backtrace/src/backtrace/mod.rs:66:14
[INFO] [stdout]    2:     0x5d097c635d51 - std[70759c8f55707aa4]::sys::backtrace::_print_fmt
[INFO] [stdout]                                at /rustc/dfb0accb7f508ae8be965d8629557221c889dd98/library/std/src/sys/backtrace.rs:74:9
[INFO] [stdout]    3:     0x5d097c635d51 - <<std[70759c8f55707aa4]::sys::backtrace::BacktraceLock>::print::DisplayBacktrace as core[df12db4294e9bfd3]::fmt::Display>::fmt
[INFO] [stdout]                                at /rustc/dfb0accb7f508ae8be965d8629557221c889dd98/library/std/src/sys/backtrace.rs:44:26
[INFO] [stdout]    4:     0x5d097c64f8ca - <core[df12db4294e9bfd3]::fmt::rt::Argument>::fmt
[INFO] [stdout]                                at /rustc/dfb0accb7f508ae8be965d8629557221c889dd98/library/core/src/fmt/rt.rs:152:76
[INFO] [stdout]    5:     0x5d097c64f8ca - core[df12db4294e9bfd3]::fmt::write
[INFO] [stdout]    6:     0x5d097c63b2fc - core[df12db4294e9bfd3]::io::write::default_write_fmt::<alloc[2182bb758b4b3781]::vec::Vec<u8>>
[INFO] [stdout]                                at /rustc/dfb0accb7f508ae8be965d8629557221c889dd98/library/core/src/io/write.rs:402:11
[INFO] [stdout]    7:     0x5d097c63b2fc - <alloc[2182bb758b4b3781]::vec::Vec<u8> as core[df12db4294e9bfd3]::io::write::Write>::write_fmt
[INFO] [stdout]                                at /rustc/dfb0accb7f508ae8be965d8629557221c889dd98/library/core/src/io/write.rs:335:13
[INFO] [stdout]    8:     0x5d097c60b616 - <std[70759c8f55707aa4]::sys::backtrace::BacktraceLock>::print
[INFO] [stdout]                                at /rustc/dfb0accb7f508ae8be965d8629557221c889dd98/library/std/src/sys/backtrace.rs:47:9
[INFO] [stdout]    9:     0x5d097c60b616 - std[70759c8f55707aa4]::panicking::default_hook::{closure#0}
[INFO] [stdout]                                at /rustc/dfb0accb7f508ae8be965d8629557221c889dd98/library/std/src/panicking.rs:292:27
[INFO] [stdout]   10:     0x5d097c62add9 - std[70759c8f55707aa4]::panicking::default_hook
[INFO] [stdout]                                at /rustc/dfb0accb7f508ae8be965d8629557221c889dd98/library/std/src/panicking.rs:316:9
[INFO] [stdout]   11:     0x5d097bf0f650 - <alloc[2182bb758b4b3781]::boxed::Box<dyn for<'a, 'b> core[df12db4294e9bfd3]::ops::function::Fn<(&'a std[70759c8f55707aa4]::panic::PanicHookInfo<'b>,), Output = ()> + core[df12db4294e9bfd3]::marker::Send + core[df12db4294e9bfd3]::marker::Sync> as core[df12db4294e9bfd3]::ops::function::Fn<(&std[70759c8f55707aa4]::panic::PanicHookInfo,)>>::call
[INFO] [stdout]                                at /rustc/dfb0accb7f508ae8be965d8629557221c889dd98/library/alloc/src/boxed.rs:2334:9
[INFO] [stdout]   12:     0x5d097bf0f650 - test[9d35eded1c95d3be]::test_main_inner::<test[9d35eded1c95d3be]::test_main_static::{closure#0}>::{closure#0}
[INFO] [stdout]                                at /rustc/dfb0accb7f508ae8be965d8629557221c889dd98/library/test/src/lib.rs:155:21
[INFO] [stdout]   13:     0x5d097c62b102 - <alloc[2182bb758b4b3781]::boxed::Box<dyn for<'a, 'b> core[df12db4294e9bfd3]::ops::function::Fn<(&'a std[70759c8f55707aa4]::panic::PanicHookInfo<'b>,), Output = ()> + core[df12db4294e9bfd3]::marker::Send + core[df12db4294e9bfd3]::marker::Sync> as core[df12db4294e9bfd3]::ops::function::Fn<(&std[70759c8f55707aa4]::panic::PanicHookInfo,)>>::call
[INFO] [stdout]                                at /rustc/dfb0accb7f508ae8be965d8629557221c889dd98/library/alloc/src/boxed.rs:2334:9
[INFO] [stdout]   14:     0x5d097c62b102 - std[70759c8f55707aa4]::panicking::panic_with_hook
[INFO] [stdout]                                at /rustc/dfb0accb7f508ae8be965d8629557221c889dd98/library/std/src/panicking.rs:823:13
[INFO] [stdout]   15:     0x5d097c60b6f4 - std[70759c8f55707aa4]::panicking::panic_handler::{closure#0}
[INFO] [stdout]                                at /rustc/dfb0accb7f508ae8be965d8629557221c889dd98/library/std/src/panicking.rs:681:13
[INFO] [stdout]   16:     0x5d097c603829 - std[70759c8f55707aa4]::sys::backtrace::__rust_end_short_backtrace::<std[70759c8f55707aa4]::panicking::panic_handler::{closure#0}, !>
[INFO] [stdout]                                at /rustc/dfb0accb7f508ae8be965d8629557221c889dd98/library/std/src/sys/backtrace.rs:182:18
[INFO] [stdout]   17:     0x5d097c60c9fd - __rustc[8fa7c3cbc660c2b3]::rust_begin_unwind
[INFO] [stdout]                                at /rustc/dfb0accb7f508ae8be965d8629557221c889dd98/library/std/src/panicking.rs:679:5
[INFO] [stdout]   18:     0x5d097c65019c - core[df12db4294e9bfd3]::panicking::panic_fmt
[INFO] [stdout]                                at /rustc/dfb0accb7f508ae8be965d8629557221c889dd98/library/core/src/panicking.rs:80:14
[INFO] [stdout]   19:     0x5d097babdffb - sy[d299856fa6ef02da]::transport::local::tests::test_create_dir_permission_denied::{closure#0}
[INFO] [stdout]                                at /opt/rustwide/workdir/src/transport/local.rs:1299:9
[INFO] [stdout]   20:     0x5d097bc01322 - <core[df12db4294e9bfd3]::pin::Pin<&mut dyn core[df12db4294e9bfd3]::future::future::Future<Output = ()>> as core[df12db4294e9bfd3]::future::future::Future>::poll
[INFO] [stdout]                                at /rustc/dfb0accb7f508ae8be965d8629557221c889dd98/library/core/src/future/future.rs:133:9
[INFO] [stdout]   21:     0x5d097bc0139d - <core[df12db4294e9bfd3]::pin::Pin<&mut core[df12db4294e9bfd3]::pin::Pin<&mut dyn core[df12db4294e9bfd3]::future::future::Future<Output = ()>>> as core[df12db4294e9bfd3]::future::future::Future>::poll
[INFO] [stdout]                                at /rustc/dfb0accb7f508ae8be965d8629557221c889dd98/library/core/src/future/future.rs:133:9
[INFO] [stdout]   22:     0x5d097b9984dd - <tokio[850724a775c55a9e]::runtime::scheduler::current_thread::CoreGuard>::block_on::<core[df12db4294e9bfd3]::pin::Pin<&mut core[df12db4294e9bfd3]::pin::Pin<&mut dyn core[df12db4294e9bfd3]::future::future::Future<Output = ()>>>>::{closure#0}::{closure#0}::{closure#0}
[INFO] [stdout]                                at /opt/rustwide/cargo-home/registry/src/index.crates.io-1949cf8c6b5b557f/tokio-1.52.3/src/runtime/scheduler/current_thread/mod.rs:778:70
[INFO] [stdout]   23:     0x5d097b998335 - tokio[850724a775c55a9e]::task::coop::with_budget::<core[df12db4294e9bfd3]::task::poll::Poll<()>, <tokio[850724a775c55a9e]::runtime::scheduler::current_thread::CoreGuard>::block_on<core[df12db4294e9bfd3]::pin::Pin<&mut core[df12db4294e9bfd3]::pin::Pin<&mut dyn core[df12db4294e9bfd3]::future::future::Future<Output = ()>>>>::{closure#0}::{closure#0}::{closure#0}>
[INFO] [stdout]                                at /opt/rustwide/cargo-home/registry/src/index.crates.io-1949cf8c6b5b557f/tokio-1.52.3/src/task/coop/mod.rs:167:5
[INFO] [stdout]   24:     0x5d097b998335 - tokio[850724a775c55a9e]::task::coop::budget::<core[df12db4294e9bfd3]::task::poll::Poll<()>, <tokio[850724a775c55a9e]::runtime::scheduler::current_thread::CoreGuard>::block_on<core[df12db4294e9bfd3]::pin::Pin<&mut core[df12db4294e9bfd3]::pin::Pin<&mut dyn core[df12db4294e9bfd3]::future::future::Future<Output = ()>>>>::{closure#0}::{closure#0}::{closure#0}>
[INFO] [stdout]                                at /opt/rustwide/cargo-home/registry/src/index.crates.io-1949cf8c6b5b557f/tokio-1.52.3/src/task/coop/mod.rs:133:5
[INFO] [stdout]   25:     0x5d097b998335 - <tokio[850724a775c55a9e]::runtime::scheduler::current_thread::CoreGuard>::block_on::<core[df12db4294e9bfd3]::pin::Pin<&mut core[df12db4294e9bfd3]::pin::Pin<&mut dyn core[df12db4294e9bfd3]::future::future::Future<Output = ()>>>>::{closure#0}::{closure#0}
[INFO] [stdout]                                at /opt/rustwide/cargo-home/registry/src/index.crates.io-1949cf8c6b5b557f/tokio-1.52.3/src/runtime/scheduler/current_thread/mod.rs:778:25
[INFO] [stdout]   26:     0x5d097b973032 - <tokio[850724a775c55a9e]::runtime::scheduler::current_thread::Context>::enter::<core[df12db4294e9bfd3]::task::poll::Poll<()>, <tokio[850724a775c55a9e]::runtime::scheduler::current_thread::CoreGuard>::block_on<core[df12db4294e9bfd3]::pin::Pin<&mut core[df12db4294e9bfd3]::pin::Pin<&mut dyn core[df12db4294e9bfd3]::future::future::Future<Output = ()>>>>::{closure#0}::{closure#0}>
[INFO] [stdout]                                at /opt/rustwide/cargo-home/registry/src/index.crates.io-1949cf8c6b5b557f/tokio-1.52.3/src/runtime/scheduler/current_thread/mod.rs:451:19
[INFO] [stdout]   27:     0x5d097b99659d - <tokio[850724a775c55a9e]::runtime::scheduler::current_thread::CoreGuard>::block_on::<core[df12db4294e9bfd3]::pin::Pin<&mut core[df12db4294e9bfd3]::pin::Pin<&mut dyn core[df12db4294e9bfd3]::future::future::Future<Output = ()>>>>::{closure#0}
[INFO] [stdout]                                at /opt/rustwide/cargo-home/registry/src/index.crates.io-1949cf8c6b5b557f/tokio-1.52.3/src/runtime/scheduler/current_thread/mod.rs:777:44
[INFO] [stdout]   28:     0x5d097b995844 - <tokio[850724a775c55a9e]::runtime::scheduler::current_thread::CoreGuard>::enter::<<tokio[850724a775c55a9e]::runtime::scheduler::current_thread::CoreGuard>::block_on<core[df12db4294e9bfd3]::pin::Pin<&mut core[df12db4294e9bfd3]::pin::Pin<&mut dyn core[df12db4294e9bfd3]::future::future::Future<Output = ()>>>>::{closure#0}, core[df12db4294e9bfd3]::option::Option<()>>::{closure#0}
[INFO] [stdout]                                at /opt/rustwide/cargo-home/registry/src/index.crates.io-1949cf8c6b5b557f/tokio-1.52.3/src/runtime/scheduler/current_thread/mod.rs:865:68
[INFO] [stdout]   29:     0x5d097b7a5e0b - <tokio[850724a775c55a9e]::runtime::context::scoped::Scoped<tokio[850724a775c55a9e]::runtime::scheduler::Context>>::set::<<tokio[850724a775c55a9e]::runtime::scheduler::current_thread::CoreGuard>::enter<<tokio[850724a775c55a9e]::runtime::scheduler::current_thread::CoreGuard>::block_on<core[df12db4294e9bfd3]::pin::Pin<&mut core[df12db4294e9bfd3]::pin::Pin<&mut dyn core[df12db4294e9bfd3]::future::future::Future<Output = ()>>>>::{closure#0}, core[df12db4294e9bfd3]::option::Option<()>>::{closure#0}, (alloc[2182bb758b4b3781]::boxed::Box<tokio[850724a775c55a9e]::runtime::scheduler::current_thread::Core>, core[df12db4294e9bfd3]::option::Option<()>)>
[INFO] [stdout]                                at /opt/rustwide/cargo-home/registry/src/index.crates.io-1949cf8c6b5b557f/tokio-1.52.3/src/runtime/context/scoped.rs:40:9
[INFO] [stdout]   30:     0x5d097bbacdd9 - tokio[850724a775c55a9e]::runtime::context::set_scheduler::<(alloc[2182bb758b4b3781]::boxed::Box<tokio[850724a775c55a9e]::runtime::scheduler::current_thread::Core>, core[df12db4294e9bfd3]::option::Option<()>), <tokio[850724a775c55a9e]::runtime::scheduler::current_thread::CoreGuard>::enter<<tokio[850724a775c55a9e]::runtime::scheduler::current_thread::CoreGuard>::block_on<core[df12db4294e9bfd3]::pin::Pin<&mut core[df12db4294e9bfd3]::pin::Pin<&mut dyn core[df12db4294e9bfd3]::future::future::Future<Output = ()>>>>::{closure#0}, core[df12db4294e9bfd3]::option::Option<()>>::{closure#0}>::{closure#0}
[INFO] [stdout]                                at /opt/rustwide/cargo-home/registry/src/index.crates.io-1949cf8c6b5b557f/tokio-1.52.3/src/runtime/context.rs:181:38
[INFO] [stdout]   31:     0x5d097bba04cf - <std[70759c8f55707aa4]::thread::local::LocalKey<tokio[850724a775c55a9e]::runtime::context::Context>>::try_with::<tokio[850724a775c55a9e]::runtime::context::set_scheduler<(alloc[2182bb758b4b3781]::boxed::Box<tokio[850724a775c55a9e]::runtime::scheduler::current_thread::Core>, core[df12db4294e9bfd3]::option::Option<()>), <tokio[850724a775c55a9e]::runtime::scheduler::current_thread::CoreGuard>::enter<<tokio[850724a775c55a9e]::runtime::scheduler::current_thread::CoreGuard>::block_on<core[df12db4294e9bfd3]::pin::Pin<&mut core[df12db4294e9bfd3]::pin::Pin<&mut dyn core[df12db4294e9bfd3]::future::future::Future<Output = ()>>>>::{closure#0}, core[df12db4294e9bfd3]::option::Option<()>>::{closure#0}>::{closure#0}, (alloc[2182bb758b4b3781]::boxed::Box<tokio[850724a775c55a9e]::runtime::scheduler::current_thread::Core>, core[df12db4294e9bfd3]::option::Option<()>)>
[INFO] [stdout]                                at /rustc/dfb0accb7f508ae8be965d8629557221c889dd98/library/std/src/thread/local.rs:463:12
[INFO] [stdout]   32:     0x5d097bba007e - <std[70759c8f55707aa4]::thread::local::LocalKey<tokio[850724a775c55a9e]::runtime::context::Context>>::with::<tokio[850724a775c55a9e]::runtime::context::set_scheduler<(alloc[2182bb758b4b3781]::boxed::Box<tokio[850724a775c55a9e]::runtime::scheduler::current_thread::Core>, core[df12db4294e9bfd3]::option::Option<()>), <tokio[850724a775c55a9e]::runtime::scheduler::current_thread::CoreGuard>::enter<<tokio[850724a775c55a9e]::runtime::scheduler::current_thread::CoreGuard>::block_on<core[df12db4294e9bfd3]::pin::Pin<&mut core[df12db4294e9bfd3]::pin::Pin<&mut dyn core[df12db4294e9bfd3]::future::future::Future<Output = ()>>>>::{closure#0}, core[df12db4294e9bfd3]::option::Option<()>>::{closure#0}>::{closure#0}, (alloc[2182bb758b4b3781]::boxed::Box<tokio[850724a775c55a9e]::runtime::scheduler::current_thread::Core>, core[df12db4294e9bfd3]::option::Option<()>)>
[INFO] [stdout]                                at /rustc/dfb0accb7f508ae8be965d8629557221c889dd98/library/std/src/thread/local.rs:427:20
[INFO] [stdout]   33:     0x5d097bba382d - tokio[850724a775c55a9e]::runtime::context::set_scheduler::<(alloc[2182bb758b4b3781]::boxed::Box<tokio[850724a775c55a9e]::runtime::scheduler::current_thread::Core>, core[df12db4294e9bfd3]::option::Option<()>), <tokio[850724a775c55a9e]::runtime::scheduler::current_thread::CoreGuard>::enter<<tokio[850724a775c55a9e]::runtime::scheduler::current_thread::CoreGuard>::block_on<core[df12db4294e9bfd3]::pin::Pin<&mut core[df12db4294e9bfd3]::pin::Pin<&mut dyn core[df12db4294e9bfd3]::future::future::Future<Output = ()>>>>::{closure#0}, core[df12db4294e9bfd3]::option::Option<()>>::{closure#0}>
[INFO] [stdout]                                at /opt/rustwide/cargo-home/registry/src/index.crates.io-1949cf8c6b5b557f/tokio-1.52.3/src/runtime/context.rs:181:17
[INFO] [stdout]   34:     0x5d097b977770 - <tokio[850724a775c55a9e]::runtime::scheduler::current_thread::CoreGuard>::enter::<<tokio[850724a775c55a9e]::runtime::scheduler::current_thread::CoreGuard>::block_on<core[df12db4294e9bfd3]::pin::Pin<&mut core[df12db4294e9bfd3]::pin::Pin<&mut dyn core[df12db4294e9bfd3]::future::future::Future<Output = ()>>>>::{closure#0}, core[df12db4294e9bfd3]::option::Option<()>>
[INFO] [stdout]                                at /opt/rustwide/cargo-home/registry/src/index.crates.io-1949cf8c6b5b557f/tokio-1.52.3/src/runtime/scheduler/current_thread/mod.rs:865:27
[INFO] [stdout]   35:     0x5d097b977a66 - <tokio[850724a775c55a9e]::runtime::scheduler::current_thread::CoreGuard>::block_on::<core[df12db4294e9bfd3]::pin::Pin<&mut core[df12db4294e9bfd3]::pin::Pin<&mut dyn core[df12db4294e9bfd3]::future::future::Future<Output = ()>>>>
[INFO] [stdout]                                at /opt/rustwide/cargo-home/registry/src/index.crates.io-1949cf8c6b5b557f/tokio-1.52.3/src/runtime/scheduler/current_thread/mod.rs:765:24
[INFO] [stdout]   36:     0x5d097b9952f0 - <tokio[850724a775c55a9e]::runtime::scheduler::current_thread::CurrentThread>::block_on::<core[df12db4294e9bfd3]::pin::Pin<&mut dyn core[df12db4294e9bfd3]::future::future::Future<Output = ()>>>::{closure#0}
[INFO] [stdout]                                at /opt/rustwide/cargo-home/registry/src/index.crates.io-1949cf8c6b5b557f/tokio-1.52.3/src/runtime/scheduler/current_thread/mod.rs:205:33
[INFO] [stdout]   37:     0x5d097bba5f18 - tokio[850724a775c55a9e]::runtime::context::runtime::enter_runtime::<<tokio[850724a775c55a9e]::runtime::scheduler::current_thread::CurrentThread>::block_on<core[df12db4294e9bfd3]::pin::Pin<&mut dyn core[df12db4294e9bfd3]::future::future::Future<Output = ()>>>::{closure#0}, ()>
[INFO] [stdout]                                at /opt/rustwide/cargo-home/registry/src/index.crates.io-1949cf8c6b5b557f/tokio-1.52.3/src/runtime/context/runtime.rs:65:16
[INFO] [stdout]   38:     0x5d097b9718c4 - <tokio[850724a775c55a9e]::runtime::scheduler::current_thread::CurrentThread>::block_on::<core[df12db4294e9bfd3]::pin::Pin<&mut dyn core[df12db4294e9bfd3]::future::future::Future<Output = ()>>>
[INFO] [stdout]                                at /opt/rustwide/cargo-home/registry/src/index.crates.io-1949cf8c6b5b557f/tokio-1.52.3/src/runtime/scheduler/current_thread/mod.rs:193:9
[INFO] [stdout]   39:     0x5d097b910d2f - <tokio[850724a775c55a9e]::runtime::runtime::Runtime>::block_on_inner::<core[df12db4294e9bfd3]::pin::Pin<&mut dyn core[df12db4294e9bfd3]::future::future::Future<Output = ()>>>
[INFO] [stdout]                                at /opt/rustwide/cargo-home/registry/src/index.crates.io-1949cf8c6b5b557f/tokio-1.52.3/src/runtime/runtime.rs:371:52
[INFO] [stdout]   40:     0x5d097b910e7b - <tokio[850724a775c55a9e]::runtime::runtime::Runtime>::block_on::<core[df12db4294e9bfd3]::pin::Pin<&mut dyn core[df12db4294e9bfd3]::future::future::Future<Output = ()>>>
[INFO] [stdout]                                at /opt/rustwide/cargo-home/registry/src/index.crates.io-1949cf8c6b5b557f/tokio-1.52.3/src/runtime/runtime.rs:345:18
[INFO] [stdout]   41:     0x5d097baf520f - sy[d299856fa6ef02da]::transport::local::tests::test_create_dir_permission_denied
[INFO] [stdout]                                at /opt/rustwide/workdir/src/transport/local.rs:1299:73
[INFO] [stdout]   42:     0x5d097bab73a7 - sy[d299856fa6ef02da]::transport::local::tests::test_create_dir_permission_denied::{closure#0}
[INFO] [stdout]                                at /opt/rustwide/workdir/src/transport/local.rs:1277:49
[INFO] [stdout]   43:     0x5d097b7a4046 - <sy[d299856fa6ef02da]::transport::local::tests::test_create_dir_permission_denied::{closure#0} as core[df12db4294e9bfd3]::ops::function::FnOnce<()>>::call_once
[INFO] [stdout]                                at /rustc/dfb0accb7f508ae8be965d8629557221c889dd98/library/core/src/ops/function.rs:250:5
[INFO] [stdout]   44:     0x5d097bf0293b - <fn() -> core[df12db4294e9bfd3]::result::Result<(), alloc[2182bb758b4b3781]::string::String> as core[df12db4294e9bfd3]::ops::function::FnOnce<()>>::call_once
[INFO] [stdout]                                at /rustc/dfb0accb7f508ae8be965d8629557221c889dd98/library/core/src/ops/function.rs:250:5
[INFO] [stdout]   45:     0x5d097bf0293b - test[9d35eded1c95d3be]::__rust_begin_short_backtrace::<core[df12db4294e9bfd3]::result::Result<(), alloc[2182bb758b4b3781]::string::String>, fn() -> core[df12db4294e9bfd3]::result::Result<(), alloc[2182bb758b4b3781]::string::String>>
[INFO] [stdout]                                at /rustc/dfb0accb7f508ae8be965d8629557221c889dd98/library/test/src/lib.rs:733:18
[INFO] [stdout]   46:     0x5d097bf0ffa5 - test[9d35eded1c95d3be]::run_test_in_process::{closure#0}
[INFO] [stdout]                                at /rustc/dfb0accb7f508ae8be965d8629557221c889dd98/library/test/src/lib.rs:756:74
[INFO] [stdout]   47:     0x5d097bf0ffa5 - <core[df12db4294e9bfd3]::panic::unwind_safe::AssertUnwindSafe<test[9d35eded1c95d3be]::run_test_in_process::{closure#0}> as core[df12db4294e9bfd3]::ops::function::FnOnce<()>>::call_once
[INFO] [stdout]                                at /rustc/dfb0accb7f508ae8be965d8629557221c889dd98/library/core/src/panic/unwind_safe.rs:275:9
[INFO] [stdout]   48:     0x5d097bf0ffa5 - std[70759c8f55707aa4]::panicking::catch_unwind::do_call::<core[df12db4294e9bfd3]::panic::unwind_safe::AssertUnwindSafe<test[9d35eded1c95d3be]::run_test_in_process::{closure#0}>, core[df12db4294e9bfd3]::result::Result<(), alloc[2182bb758b4b3781]::string::String>>
[INFO] [stdout]                                at /rustc/dfb0accb7f508ae8be965d8629557221c889dd98/library/std/src/panicking.rs:576:43
[INFO] [stdout]   49:     0x5d097bf0ffa5 - std[70759c8f55707aa4]::panicking::catch_unwind::<core[df12db4294e9bfd3]::result::Result<(), alloc[2182bb758b4b3781]::string::String>, core[df12db4294e9bfd3]::panic::unwind_safe::AssertUnwindSafe<test[9d35eded1c95d3be]::run_test_in_process::{closure#0}>>
[INFO] [stdout]                                at /rustc/dfb0accb7f508ae8be965d8629557221c889dd98/library/std/src/panicking.rs:544:19
[INFO] [stdout]   50:     0x5d097bf0ffa5 - std[70759c8f55707aa4]::panic::catch_unwind::<core[df12db4294e9bfd3]::panic::unwind_safe::AssertUnwindSafe<test[9d35eded1c95d3be]::run_test_in_process::{closure#0}>, core[df12db4294e9bfd3]::result::Result<(), alloc[2182bb758b4b3781]::string::String>>
[INFO] [stdout]                                at /rustc/dfb0accb7f508ae8be965d8629557221c889dd98/library/std/src/panic.rs:359:14
[INFO] [stdout]   51:     0x5d097bf0ffa5 - test[9d35eded1c95d3be]::run_test_in_process
[INFO] [stdout]                                at /rustc/dfb0accb7f508ae8be965d8629557221c889dd98/library/test/src/lib.rs:756:27
[INFO] [stdout]   52:     0x5d097bf0ffa5 - test[9d35eded1c95d3be]::run_test::{closure#0}
[INFO] [stdout]                                at /rustc/dfb0accb7f508ae8be965d8629557221c889dd98/library/test/src/lib.rs:677:43
[INFO] [stdout]   53:     0x5d097bf09864 - test[9d35eded1c95d3be]::run_test::{closure#1}
[INFO] [stdout]                                at /rustc/dfb0accb7f508ae8be965d8629557221c889dd98/library/test/src/lib.rs:707:41
[INFO] [stdout]   54:     0x5d097bf09864 - std[70759c8f55707aa4]::sys::backtrace::__rust_begin_short_backtrace::<test[9d35eded1c95d3be]::run_test::{closure#1}, ()>
[INFO] [stdout]                                at /rustc/dfb0accb7f508ae8be965d8629557221c889dd98/library/std/src/sys/backtrace.rs:166:18
[INFO] [stdout]   55:     0x5d097bf13102 - std[70759c8f55707aa4]::thread::lifecycle::spawn_unchecked::<test[9d35eded1c95d3be]::run_test::{closure#1}, ()>::{closure#1}::{closure#0}
[INFO] [stdout]                                at /rustc/dfb0accb7f508ae8be965d8629557221c889dd98/library/std/src/thread/lifecycle.rs:70:13
[INFO] [stdout]   56:     0x5d097bf13102 - <core[df12db4294e9bfd3]::panic::unwind_safe::AssertUnwindSafe<std[70759c8f55707aa4]::thread::lifecycle::spawn_unchecked<test[9d35eded1c95d3be]::run_test::{closure#1}, ()>::{closure#1}::{closure#0}> as core[df12db4294e9bfd3]::ops::function::FnOnce<()>>::call_once
[INFO] [stdout]                                at /rustc/dfb0accb7f508ae8be965d8629557221c889dd98/library/core/src/panic/unwind_safe.rs:275:9
[INFO] [stdout]   57:     0x5d097bf13102 - std[70759c8f55707aa4]::panicking::catch_unwind::do_call::<core[df12db4294e9bfd3]::panic::unwind_safe::AssertUnwindSafe<std[70759c8f55707aa4]::thread::lifecycle::spawn_unchecked<test[9d35eded1c95d3be]::run_test::{closure#1}, ()>::{closure#1}::{closure#0}>, ()>
[INFO] [stdout]                                at /rustc/dfb0accb7f508ae8be965d8629557221c889dd98/library/std/src/panicking.rs:576:43
[INFO] [stdout]   58:     0x5d097bf13102 - std[70759c8f55707aa4]::panicking::catch_unwind::<(), core[df12db4294e9bfd3]::panic::unwind_safe::AssertUnwindSafe<std[70759c8f55707aa4]::thread::lifecycle::spawn_unchecked<test[9d35eded1c95d3be]::run_test::{closure#1}, ()>::{closure#1}::{closure#0}>>
[INFO] [stdout]                                at /rustc/dfb0accb7f508ae8be965d8629557221c889dd98/library/std/src/panicking.rs:544:19
[INFO] [stdout]   59:     0x5d097bf13102 - std[70759c8f55707aa4]::panic::catch_unwind::<core[df12db4294e9bfd3]::panic::unwind_safe::AssertUnwindSafe<std[70759c8f55707aa4]::thread::lifecycle::spawn_unchecked<test[9d35eded1c95d3be]::run_test::{closure#1}, ()>::{closure#1}::{closure#0}>, ()>
[INFO] [stdout]                                at /rustc/dfb0accb7f508ae8be965d8629557221c889dd98/library/std/src/panic.rs:359:14
[INFO] [stdout]   60:     0x5d097bf13102 - std[70759c8f55707aa4]::thread::lifecycle::spawn_unchecked::<test[9d35eded1c95d3be]::run_test::{closure#1}, ()>::{closure#1}
[INFO] [stdout]                                at /rustc/dfb0accb7f508ae8be965d8629557221c889dd98/library/std/src/thread/lifecycle.rs:68:26
[INFO] [stdout]   61:     0x5d097bf13102 - <std[70759c8f55707aa4]::thread::lifecycle::spawn_unchecked<test[9d35eded1c95d3be]::run_test::{closure#1}, ()>::{closure#1} as core[df12db4294e9bfd3]::ops::function::FnOnce<()>>::call_once::{shim:vtable#0}
[INFO] [stdout]                                at /rustc/dfb0accb7f508ae8be965d8629557221c889dd98/library/core/src/ops/function.rs:250:5
[INFO] [stdout]   62:     0x5d097c634ca9 - <alloc[2182bb758b4b3781]::boxed::Box<dyn core[df12db4294e9bfd3]::ops::function::FnOnce<(), Output = ()> + core[df12db4294e9bfd3]::marker::Send> as core[df12db4294e9bfd3]::ops::function::FnOnce<()>>::call_once
[INFO] [stdout]                                at /rustc/dfb0accb7f508ae8be965d8629557221c889dd98/library/alloc/src/boxed.rs:2320:9
[INFO] [stdout]   63:     0x5d097c634ca9 - <std[70759c8f55707aa4]::sys::thread::unix::Thread>::new::thread_start
[INFO] [stdout]                                at /rustc/dfb0accb7f508ae8be965d8629557221c889dd98/library/std/src/sys/thread/unix.rs:123:17
[INFO] [stdout]   64:     0x7745934fddfa - <unknown>
[INFO] [stdout]   65:     0x7745935913d4 - clone
[INFO] [stdout]   66:                0x0 - <unknown>
[INFO] [stdout] 
[INFO] [stdout] ---- transport::local::tests::test_scan_permission_denied stdout ----
[INFO] [stdout] 
[INFO] [stdout] thread 'transport::local::tests::test_scan_permission_denied' (4030) panicked at src/transport/local.rs:1357:9:
[INFO] [stdout] Should fail when directory is not readable
[INFO] [stdout] stack backtrace:
[INFO] [stdout]    0:     0x5d097c635d51 - std[70759c8f55707aa4]::backtrace_rs::backtrace::libunwind::trace
[INFO] [stdout]                                at /rustc/dfb0accb7f508ae8be965d8629557221c889dd98/library/std/src/../../backtrace/src/backtrace/libunwind.rs:117:9
[INFO] [stdout]    1:     0x5d097c635d51 - std[70759c8f55707aa4]::backtrace_rs::backtrace::trace_unsynchronized::<std[70759c8f55707aa4]::sys::backtrace::_print_fmt::{closure#1}>
[INFO] [stdout]                                at /rustc/dfb0accb7f508ae8be965d8629557221c889dd98/library/std/src/../../backtrace/src/backtrace/mod.rs:66:14
[INFO] [stdout]    2:     0x5d097c635d51 - std[70759c8f55707aa4]::sys::backtrace::_print_fmt
[INFO] [stdout]                                at /rustc/dfb0accb7f508ae8be965d8629557221c889dd98/library/std/src/sys/backtrace.rs:74:9
[INFO] [stdout]    3:     0x5d097c635d51 - <<std[70759c8f55707aa4]::sys::backtrace::BacktraceLock>::print::DisplayBacktrace as core[df12db4294e9bfd3]::fmt::Display>::fmt
[INFO] [stdout]                                at /rustc/dfb0accb7f508ae8be965d8629557221c889dd98/library/std/src/sys/backtrace.rs:44:26
[INFO] [stdout]    4:     0x5d097c64f8ca - <core[df12db4294e9bfd3]::fmt::rt::Argument>::fmt
[INFO] [stdout]                                at /rustc/dfb0accb7f508ae8be965d8629557221c889dd98/library/core/src/fmt/rt.rs:152:76
[INFO] [stdout]    5:     0x5d097c64f8ca - core[df12db4294e9bfd3]::fmt::write
[INFO] [stdout]    6:     0x5d097c63b2fc - core[df12db4294e9bfd3]::io::write::default_write_fmt::<alloc[2182bb758b4b3781]::vec::Vec<u8>>
[INFO] [stdout]                                at /rustc/dfb0accb7f508ae8be965d8629557221c889dd98/library/core/src/io/write.rs:402:11
[INFO] [stdout]    7:     0x5d097c63b2fc - <alloc[2182bb758b4b3781]::vec::Vec<u8> as core[df12db4294e9bfd3]::io::write::Write>::write_fmt
[INFO] [stdout]                                at /rustc/dfb0accb7f508ae8be965d8629557221c889dd98/library/core/src/io/write.rs:335:13
[INFO] [stdout]    8:     0x5d097c60b616 - <std[70759c8f55707aa4]::sys::backtrace::BacktraceLock>::print
[INFO] [stdout]                                at /rustc/dfb0accb7f508ae8be965d8629557221c889dd98/library/std/src/sys/backtrace.rs:47:9
[INFO] [stdout]    9:     0x5d097c60b616 - std[70759c8f55707aa4]::panicking::default_hook::{closure#0}
[INFO] [stdout]                                at /rustc/dfb0accb7f508ae8be965d8629557221c889dd98/library/std/src/panicking.rs:292:27
[INFO] [stdout]   10:     0x5d097c62add9 - std[70759c8f55707aa4]::panicking::default_hook
[INFO] [stdout]                                at /rustc/dfb0accb7f508ae8be965d8629557221c889dd98/library/std/src/panicking.rs:316:9
[INFO] [stdout]   11:     0x5d097bf0f650 - <alloc[2182bb758b4b3781]::boxed::Box<dyn for<'a, 'b> core[df12db4294e9bfd3]::ops::function::Fn<(&'a std[70759c8f55707aa4]::panic::PanicHookInfo<'b>,), Output = ()> + core[df12db4294e9bfd3]::marker::Send + core[df12db4294e9bfd3]::marker::Sync> as core[df12db4294e9bfd3]::ops::function::Fn<(&std[70759c8f55707aa4]::panic::PanicHookInfo,)>>::call
[INFO] [stdout]                                at /rustc/dfb0accb7f508ae8be965d8629557221c889dd98/library/alloc/src/boxed.rs:2334:9
[INFO] [stdout]   12:     0x5d097bf0f650 - test[9d35eded1c95d3be]::test_main_inner::<test[9d35eded1c95d3be]::test_main_static::{closure#0}>::{closure#0}
[INFO] [stdout]                                at /rustc/dfb0accb7f508ae8be965d8629557221c889dd98/library/test/src/lib.rs:155:21
[INFO] [stdout]   13:     0x5d097c62b102 - <alloc[2182bb758b4b3781]::boxed::Box<dyn for<'a, 'b> core[df12db4294e9bfd3]::ops::function::Fn<(&'a std[70759c8f55707aa4]::panic::PanicHookInfo<'b>,), Output = ()> + core[df12db4294e9bfd3]::marker::Send + core[df12db4294e9bfd3]::marker::Sync> as core[df12db4294e9bfd3]::ops::function::Fn<(&std[70759c8f55707aa4]::panic::PanicHookInfo,)>>::call
[INFO] [stdout]                                at /rustc/dfb0accb7f508ae8be965d8629557221c889dd98/library/alloc/src/boxed.rs:2334:9
[INFO] [stdout]   14:     0x5d097c62b102 - std[70759c8f55707aa4]::panicking::panic_with_hook
[INFO] [stdout]                                at /rustc/dfb0accb7f508ae8be965d8629557221c889dd98/library/std/src/panicking.rs:823:13
[INFO] [stdout]   15:     0x5d097c60b6f4 - std[70759c8f55707aa4]::panicking::panic_handler::{closure#0}
[INFO] [stdout]                                at /rustc/dfb0accb7f508ae8be965d8629557221c889dd98/library/std/src/panicking.rs:681:13
[INFO] [stdout]   16:     0x5d097c603829 - std[70759c8f55707aa4]::sys::backtrace::__rust_end_short_backtrace::<std[70759c8f55707aa4]::panicking::panic_handler::{closure#0}, !>
[INFO] [stdout]                                at /rustc/dfb0accb7f508ae8be965d8629557221c889dd98/library/std/src/sys/backtrace.rs:182:18
[INFO] [stdout]   17:     0x5d097c60c9fd - __rustc[8fa7c3cbc660c2b3]::rust_begin_unwind
[INFO] [stdout]                                at /rustc/dfb0accb7f508ae8be965d8629557221c889dd98/library/std/src/panicking.rs:679:5
[INFO] [stdout]   18:     0x5d097c65019c - core[df12db4294e9bfd3]::panicking::panic_fmt
[INFO] [stdout]                                at /rustc/dfb0accb7f508ae8be965d8629557221c889dd98/library/core/src/panicking.rs:80:14
[INFO] [stdout]   19:     0x5d097bab9ccb - sy[d299856fa6ef02da]::transport::local::tests::test_scan_permission_denied::{closure#0}
[INFO] [stdout]                                at /opt/rustwide/workdir/src/transport/local.rs:1357:9
[INFO] [stdout]   20:     0x5d097bc01322 - <core[df12db4294e9bfd3]::pin::Pin<&mut dyn core[df12db4294e9bfd3]::future::future::Future<Output = ()>> as core[df12db4294e9bfd3]::future::future::Future>::poll
[INFO] [stdout]                                at /rustc/dfb0accb7f508ae8be965d8629557221c889dd98/library/core/src/future/future.rs:133:9
[INFO] [stdout]   21:     0x5d097bc0139d - <core[df12db4294e9bfd3]::pin::Pin<&mut core[df12db4294e9bfd3]::pin::Pin<&mut dyn core[df12db4294e9bfd3]::future::future::Future<Output = ()>>> as core[df12db4294e9bfd3]::future::future::Future>::poll
[INFO] [stdout]                                at /rustc/dfb0accb7f508ae8be965d8629557221c889dd98/library/core/src/future/future.rs:133:9
[INFO] [stdout]   22:     0x5d097b9984dd - <tokio[850724a775c55a9e]::runtime::scheduler::current_thread::CoreGuard>::block_on::<core[df12db4294e9bfd3]::pin::Pin<&mut core[df12db4294e9bfd3]::pin::Pin<&mut dyn core[df12db4294e9bfd3]::future::future::Future<Output = ()>>>>::{closure#0}::{closure#0}::{closure#0}
[INFO] [stdout]                                at /opt/rustwide/cargo-home/registry/src/index.crates.io-1949cf8c6b5b557f/tokio-1.52.3/src/runtime/scheduler/current_thread/mod.rs:778:70
[INFO] [stdout]   23:     0x5d097b998335 - tokio[850724a775c55a9e]::task::coop::with_budget::<core[df12db4294e9bfd3]::task::poll::Poll<()>, <tokio[850724a775c55a9e]::runtime::scheduler::current_thread::CoreGuard>::block_on<core[df12db4294e9bfd3]::pin::Pin<&mut core[df12db4294e9bfd3]::pin::Pin<&mut dyn core[df12db4294e9bfd3]::future::future::Future<Output = ()>>>>::{closure#0}::{closure#0}::{closure#0}>
[INFO] [stdout]                                at /opt/rustwide/cargo-home/registry/src/index.crates.io-1949cf8c6b5b557f/tokio-1.52.3/src/task/coop/mod.rs:167:5
[INFO] [stdout]   24:     0x5d097b998335 - tokio[850724a775c55a9e]::task::coop::budget::<core[df12db4294e9bfd3]::task::poll::Poll<()>, <tokio[850724a775c55a9e]::runtime::scheduler::current_thread::CoreGuard>::block_on<core[df12db4294e9bfd3]::pin::Pin<&mut core[df12db4294e9bfd3]::pin::Pin<&mut dyn core[df12db4294e9bfd3]::future::future::Future<Output = ()>>>>::{closure#0}::{closure#0}::{closure#0}>
[INFO] [stdout]                                at /opt/rustwide/cargo-home/registry/src/index.crates.io-1949cf8c6b5b557f/tokio-1.52.3/src/task/coop/mod.rs:133:5
[INFO] [stdout]   25:     0x5d097b998335 - <tokio[850724a775c55a9e]::runtime::scheduler::current_thread::CoreGuard>::block_on::<core[df12db4294e9bfd3]::pin::Pin<&mut core[df12db4294e9bfd3]::pin::Pin<&mut dyn core[df12db4294e9bfd3]::future::future::Future<Output = ()>>>>::{closure#0}::{closure#0}
[INFO] [stdout]                                at /opt/rustwide/cargo-home/registry/src/index.crates.io-1949cf8c6b5b557f/tokio-1.52.3/src/runtime/scheduler/current_thread/mod.rs:778:25
[INFO] [stdout]   26:     0x5d097b973032 - <tokio[850724a775c55a9e]::runtime::scheduler::current_thread::Context>::enter::<core[df12db4294e9bfd3]::task::poll::Poll<()>, <tokio[850724a775c55a9e]::runtime::scheduler::current_thread::CoreGuard>::block_on<core[df12db4294e9bfd3]::pin::Pin<&mut core[df12db4294e9bfd3]::pin::Pin<&mut dyn core[df12db4294e9bfd3]::future::future::Future<Output = ()>>>>::{closure#0}::{closure#0}>
[INFO] [stdout]                                at /opt/rustwide/cargo-home/registry/src/index.crates.io-1949cf8c6b5b557f/tokio-1.52.3/src/runtime/scheduler/current_thread/mod.rs:451:19
[INFO] [stdout]   27:     0x5d097b99659d - <tokio[850724a775c55a9e]::runtime::scheduler::current_thread::CoreGuard>::block_on::<core[df12db4294e9bfd3]::pin::Pin<&mut core[df12db4294e9bfd3]::pin::Pin<&mut dyn core[df12db4294e9bfd3]::future::future::Future<Output = ()>>>>::{closure#0}
[INFO] [stdout]                                at /opt/rustwide/cargo-home/registry/src/index.crates.io-1949cf8c6b5b557f/tokio-1.52.3/src/runtime/scheduler/current_thread/mod.rs:777:44
[INFO] [stdout]   28:     0x5d097b995844 - <tokio[850724a775c55a9e]::runtime::scheduler::current_thread::CoreGuard>::enter::<<tokio[850724a775c55a9e]::runtime::scheduler::current_thread::CoreGuard>::block_on<core[df12db4294e9bfd3]::pin::Pin<&mut core[df12db4294e9bfd3]::pin::Pin<&mut dyn core[df12db4294e9bfd3]::future::future::Future<Output = ()>>>>::{closure#0}, core[df12db4294e9bfd3]::option::Option<()>>::{closure#0}
[INFO] [stdout]                                at /opt/rustwide/cargo-home/registry/src/index.crates.io-1949cf8c6b5b557f/tokio-1.52.3/src/runtime/scheduler/current_thread/mod.rs:865:68
[INFO] [stdout]   29:     0x5d097b7a5e0b - <tokio[850724a775c55a9e]::runtime::context::scoped::Scoped<tokio[850724a775c55a9e]::runtime::scheduler::Context>>::set::<<tokio[850724a775c55a9e]::runtime::scheduler::current_thread::CoreGuard>::enter<<tokio[850724a775c55a9e]::runtime::scheduler::current_thread::CoreGuard>::block_on<core[df12db4294e9bfd3]::pin::Pin<&mut core[df12db4294e9bfd3]::pin::Pin<&mut dyn core[df12db4294e9bfd3]::future::future::Future<Output = ()>>>>::{closure#0}, core[df12db4294e9bfd3]::option::Option<()>>::{closure#0}, (alloc[2182bb758b4b3781]::boxed::Box<tokio[850724a775c55a9e]::runtime::scheduler::current_thread::Core>, core[df12db4294e9bfd3]::option::Option<()>)>
[INFO] [stdout]                                at /opt/rustwide/cargo-home/registry/src/index.crates.io-1949cf8c6b5b557f/tokio-1.52.3/src/runtime/context/scoped.rs:40:9
[INFO] [stdout]   30:     0x5d097bbacdd9 - tokio[850724a775c55a9e]::runtime::context::set_scheduler::<(alloc[2182bb758b4b3781]::boxed::Box<tokio[850724a775c55a9e]::runtime::scheduler::current_thread::Core>, core[df12db4294e9bfd3]::option::Option<()>), <tokio[850724a775c55a9e]::runtime::scheduler::current_thread::CoreGuard>::enter<<tokio[850724a775c55a9e]::runtime::scheduler::current_thread::CoreGuard>::block_on<core[df12db4294e9bfd3]::pin::Pin<&mut core[df12db4294e9bfd3]::pin::Pin<&mut dyn core[df12db4294e9bfd3]::future::future::Future<Output = ()>>>>::{closure#0}, core[df12db4294e9bfd3]::option::Option<()>>::{closure#0}>::{closure#0}
[INFO] [stdout]                                at /opt/rustwide/cargo-home/registry/src/index.crates.io-1949cf8c6b5b557f/tokio-1.52.3/src/runtime/context.rs:181:38
[INFO] [stdout]   31:     0x5d097bba04cf - <std[70759c8f55707aa4]::thread::local::LocalKey<tokio[850724a775c55a9e]::runtime::context::Context>>::try_with::<tokio[850724a775c55a9e]::runtime::context::set_scheduler<(alloc[2182bb758b4b3781]::boxed::Box<tokio[850724a775c55a9e]::runtime::scheduler::current_thread::Core>, core[df12db4294e9bfd3]::option::Option<()>), <tokio[850724a775c55a9e]::runtime::scheduler::current_thread::CoreGuard>::enter<<tokio[850724a775c55a9e]::runtime::scheduler::current_thread::CoreGuard>::block_on<core[df12db4294e9bfd3]::pin::Pin<&mut core[df12db4294e9bfd3]::pin::Pin<&mut dyn core[df12db4294e9bfd3]::future::future::Future<Output = ()>>>>::{closure#0}, core[df12db4294e9bfd3]::option::Option<()>>::{closure#0}>::{closure#0}, (alloc[2182bb758b4b3781]::boxed::Box<tokio[850724a775c55a9e]::runtime::scheduler::current_thread::Core>, core[df12db4294e9bfd3]::option::Option<()>)>
[INFO] [stdout]                                at /rustc/dfb0accb7f508ae8be965d8629557221c889dd98/library/std/src/thread/local.rs:463:12
[INFO] [stdout]   32:     0x5d097bba007e - <std[70759c8f55707aa4]::thread::local::LocalKey<tokio[850724a775c55a9e]::runtime::context::Context>>::with::<tokio[850724a775c55a9e]::runtime::context::set_scheduler<(alloc[2182bb758b4b3781]::boxed::Box<tokio[850724a775c55a9e]::runtime::scheduler::current_thread::Core>, core[df12db4294e9bfd3]::option::Option<()>), <tokio[850724a775c55a9e]::runtime::scheduler::current_thread::CoreGuard>::enter<<tokio[850724a775c55a9e]::runtime::scheduler::current_thread::CoreGuard>::block_on<core[df12db4294e9bfd3]::pin::Pin<&mut core[df12db4294e9bfd3]::pin::Pin<&mut dyn core[df12db4294e9bfd3]::future::future::Future<Output = ()>>>>::{closure#0}, core[df12db4294e9bfd3]::option::Option<()>>::{closure#0}>::{closure#0}, (alloc[2182bb758b4b3781]::boxed::Box<tokio[850724a775c55a9e]::runtime::scheduler::current_thread::Core>, core[df12db4294e9bfd3]::option::Option<()>)>
[INFO] [stdout]                                at /rustc/dfb0accb7f508ae8be965d8629557221c889dd98/library/std/src/thread/local.rs:427:20
[INFO] [stdout]   33:     0x5d097bba382d - tokio[850724a775c55a9e]::runtime::context::set_scheduler::<(alloc[2182bb758b4b3781]::boxed::Box<tokio[850724a775c55a9e]::runtime::scheduler::current_thread::Core>, core[df12db4294e9bfd3]::option::Option<()>), <tokio[850724a775c55a9e]::runtime::scheduler::current_thread::CoreGuard>::enter<<tokio[850724a775c55a9e]::runtime::scheduler::current_thread::CoreGuard>::block_on<core[df12db4294e9bfd3]::pin::Pin<&mut core[df12db4294e9bfd3]::pin::Pin<&mut dyn core[df12db4294e9bfd3]::future::future::Future<Output = ()>>>>::{closure#0}, core[df12db4294e9bfd3]::option::Option<()>>::{closure#0}>
[INFO] [stdout]                                at /opt/rustwide/cargo-home/registry/src/index.crates.io-1949cf8c6b5b557f/tokio-1.52.3/src/runtime/context.rs:181:17
[INFO] [stdout]   34:     0x5d097b977770 - <tokio[850724a775c55a9e]::runtime::scheduler::current_thread::CoreGuard>::enter::<<tokio[850724a775c55a9e]::runtime::scheduler::current_thread::CoreGuard>::block_on<core[df12db4294e9bfd3]::pin::Pin<&mut core[df12db4294e9bfd3]::pin::Pin<&mut dyn core[df12db4294e9bfd3]::future::future::Future<Output = ()>>>>::{closure#0}, core[df12db4294e9bfd3]::option::Option<()>>
[INFO] [stdout]                                at /opt/rustwide/cargo-home/registry/src/index.crates.io-1949cf8c6b5b557f/tokio-1.52.3/src/runtime/scheduler/current_thread/mod.rs:865:27
[INFO] [stdout]   35:     0x5d097b977a66 - <tokio[850724a775c55a9e]::runtime::scheduler::current_thread::CoreGuard>::block_on::<core[df12db4294e9bfd3]::pin::Pin<&mut core[df12db4294e9bfd3]::pin::Pin<&mut dyn core[df12db4294e9bfd3]::future::future::Future<Output = ()>>>>
[INFO] [stdout]                                at /opt/rustwide/cargo-home/registry/src/index.crates.io-1949cf8c6b5b557f/tokio-1.52.3/src/runtime/scheduler/current_thread/mod.rs:765:24
[INFO] [stdout]   36:     0x5d097b9952f0 - <tokio[850724a775c55a9e]::runtime::scheduler::current_thread::CurrentThread>::block_on::<core[df12db4294e9bfd3]::pin::Pin<&mut dyn core[df12db4294e9bfd3]::future::future::Future<Output = ()>>>::{closure#0}
[INFO] [stdout]                                at /opt/rustwide/cargo-home/registry/src/index.crates.io-1949cf8c6b5b557f/tokio-1.52.3/src/runtime/scheduler/current_thread/mod.rs:205:33
[INFO] [stdout]   37:     0x5d097bba5f18 - tokio[850724a775c55a9e]::runtime::context::runtime::enter_runtime::<<tokio[850724a775c55a9e]::runtime::scheduler::current_thread::CurrentThread>::block_on<core[df12db4294e9bfd3]::pin::Pin<&mut dyn core[df12db4294e9bfd3]::future::future::Future<Output = ()>>>::{closure#0}, ()>
[INFO] [stdout]                                at /opt/rustwide/cargo-home/registry/src/index.crates.io-1949cf8c6b5b557f/tokio-1.52.3/src/runtime/context/runtime.rs:65:16
[INFO] [stdout]   38:     0x5d097b9718c4 - <tokio[850724a775c55a9e]::runtime::scheduler::current_thread::CurrentThread>::block_on::<core[df12db4294e9bfd3]::pin::Pin<&mut dyn core[df12db4294e9bfd3]::future::future::Future<Output = ()>>>
[INFO] [stdout]                                at /opt/rustwide/cargo-home/registry/src/index.crates.io-1949cf8c6b5b557f/tokio-1.52.3/src/runtime/scheduler/current_thread/mod.rs:193:9
[INFO] [stdout]   39:     0x5d097b910d2f - <tokio[850724a775c55a9e]::runtime::runtime::Runtime>::block_on_inner::<core[df12db4294e9bfd3]::pin::Pin<&mut dyn core[df12db4294e9bfd3]::future::future::Future<Output = ()>>>
[INFO] [stdout]                                at /opt/rustwide/cargo-home/registry/src/index.crates.io-1949cf8c6b5b557f/tokio-1.52.3/src/runtime/runtime.rs:371:52
[INFO] [stdout]   40:     0x5d097b910e7b - <tokio[850724a775c55a9e]::runtime::runtime::Runtime>::block_on::<core[df12db4294e9bfd3]::pin::Pin<&mut dyn core[df12db4294e9bfd3]::future::future::Future<Output = ()>>>
[INFO] [stdout]                                at /opt/rustwide/cargo-home/registry/src/index.crates.io-1949cf8c6b5b557f/tokio-1.52.3/src/runtime/runtime.rs:345:18
[INFO] [stdout]   41:     0x5d097baf42df - sy[d299856fa6ef02da]::transport::local::tests::test_scan_permission_denied
[INFO] [stdout]                                at /opt/rustwide/workdir/src/transport/local.rs:1360:10
[INFO] [stdout]   42:     0x5d097bab71f7 - sy[d299856fa6ef02da]::transport::local::tests::test_scan_permission_denied::{closure#0}
[INFO] [stdout]                                at /opt/rustwide/workdir/src/transport/local.rs:1336:43
[INFO] [stdout]   43:     0x5d097b7a3f26 - <sy[d299856fa6ef02da]::transport::local::tests::test_scan_permission_denied::{closure#0} as core[df12db4294e9bfd3]::ops::function::FnOnce<()>>::call_once
[INFO] [stdout]                                at /rustc/dfb0accb7f508ae8be965d8629557221c889dd98/library/core/src/ops/function.rs:250:5
[INFO] [stdout]   44:     0x5d097bf0293b - <fn() -> core[df12db4294e9bfd3]::result::Result<(), alloc[2182bb758b4b3781]::string::String> as core[df12db4294e9bfd3]::ops::function::FnOnce<()>>::call_once
[INFO] [stdout]                                at /rustc/dfb0accb7f508ae8be965d8629557221c889dd98/library/core/src/ops/function.rs:250:5
[INFO] [stdout]   45:     0x5d097bf0293b - test[9d35eded1c95d3be]::__rust_begin_short_backtrace::<core[df12db4294e9bfd3]::result::Result<(), alloc[2182bb758b4b3781]::string::String>, fn() -> core[df12db4294e9bfd3]::result::Result<(), alloc[2182bb758b4b3781]::string::String>>
[INFO] [stdout]                                at /rustc/dfb0accb7f508ae8be965d8629557221c889dd98/library/test/src/lib.rs:733:18
[INFO] [stdout]   46:     0x5d097bf0ffa5 - test[9d35eded1c95d3be]::run_test_in_process::{closure#0}
[INFO] [stdout]                                at /rustc/dfb0accb7f508ae8be965d8629557221c889dd98/library/test/src/lib.rs:756:74
[INFO] [stdout]   47:     0x5d097bf0ffa5 - <core[df12db4294e9bfd3]::panic::unwind_safe::AssertUnwindSafe<test[9d35eded1c95d3be]::run_test_in_process::{closure#0}> as core[df12db4294e9bfd3]::ops::function::FnOnce<()>>::call_once
[INFO] [stdout]                                at /rustc/dfb0accb7f508ae8be965d8629557221c889dd98/library/core/src/panic/unwind_safe.rs:275:9
[INFO] [stdout]   48:     0x5d097bf0ffa5 - std[70759c8f55707aa4]::panicking::catch_unwind::do_call::<core[df12db4294e9bfd3]::panic::unwind_safe::AssertUnwindSafe<test[9d35eded1c95d3be]::run_test_in_process::{closure#0}>, core[df12db4294e9bfd3]::result::Result<(), alloc[2182bb758b4b3781]::string::String>>
[INFO] [stdout]                                at /rustc/dfb0accb7f508ae8be965d8629557221c889dd98/library/std/src/panicking.rs:576:43
[INFO] [stdout]   49:     0x5d097bf0ffa5 - std[70759c8f55707aa4]::panicking::catch_unwind::<core[df12db4294e9bfd3]::result::Result<(), alloc[2182bb758b4b3781]::string::String>, core[df12db4294e9bfd3]::panic::unwind_safe::AssertUnwindSafe<test[9d35eded1c95d3be]::run_test_in_process::{closure#0}>>
[INFO] [stdout]                                at /rustc/dfb0accb7f508ae8be965d8629557221c889dd98/library/std/src/panicking.rs:544:19
[INFO] [stdout]   50:     0x5d097bf0ffa5 - std[70759c8f55707aa4]::panic::catch_unwind::<core[df12db4294e9bfd3]::panic::unwind_safe::AssertUnwindSafe<test[9d35eded1c95d3be]::run_test_in_process::{closure#0}>, core[df12db4294e9bfd3]::result::Result<(), alloc[2182bb758b4b3781]::string::String>>
[INFO] [stdout]                                at /rustc/dfb0accb7f508ae8be965d8629557221c889dd98/library/std/src/panic.rs:359:14
[INFO] [stdout]   51:     0x5d097bf0ffa5 - test[9d35eded1c95d3be]::run_test_in_process
[INFO] [stdout]                                at /rustc/dfb0accb7f508ae8be965d8629557221c889dd98/library/test/src/lib.rs:756:27
[INFO] [stdout]   52:     0x5d097bf0ffa5 - test[9d35eded1c95d3be]::run_test::{closure#0}
[INFO] [stdout]                                at /rustc/dfb0accb7f508ae8be965d8629557221c889dd98/library/test/src/lib.rs:677:43
[INFO] [stdout]   53:     0x5d097bf09864 - test[9d35eded1c95d3be]::run_test::{closure#1}
[INFO] [stdout]                                at /rustc/dfb0accb7f508ae8be965d8629557221c889dd98/library/test/src/lib.rs:707:41
[INFO] [stdout]   54:     0x5d097bf09864 - std[70759c8f55707aa4]::sys::backtrace::__rust_begin_short_backtrace::<test[9d35eded1c95d3be]::run_test::{closure#1}, ()>
[INFO] [stdout]                                at /rustc/dfb0accb7f508ae8be965d8629557221c889dd98/library/std/src/sys/backtrace.rs:166:18
[INFO] [stdout]   55:     0x5d097bf13102 - std[70759c8f55707aa4]::thread::lifecycle::spawn_unchecked::<test[9d35eded1c95d3be]::run_test::{closure#1}, ()>::{closure#1}::{closure#0}
[INFO] [stdout]                                at /rustc/dfb0accb7f508ae8be965d8629557221c889dd98/library/std/src/thread/lifecycle.rs:70:13
[INFO] [stdout]   56:     0x5d097bf13102 - <core[df12db4294e9bfd3]::panic::unwind_safe::AssertUnwindSafe<std[70759c8f55707aa4]::thread::lifecycle::spawn_unchecked<test[9d35eded1c95d3be]::run_test::{closure#1}, ()>::{closure#1}::{closure#0}> as core[df12db4294e9bfd3]::ops::function::FnOnce<()>>::call_once
[INFO] [stdout]                                at /rustc/dfb0accb7f508ae8be965d8629557221c889dd98/library/core/src/panic/unwind_safe.rs:275:9
[INFO] [stdout]   57:     0x5d097bf13102 - std[70759c8f55707aa4]::panicking::catch_unwind::do_call::<core[df12db4294e9bfd3]::panic::unwind_safe::AssertUnwindSafe<std[70759c8f55707aa4]::thread::lifecycle::spawn_unchecked<test[9d35eded1c95d3be]::run_test::{closure#1}, ()>::{closure#1}::{closure#0}>, ()>
[INFO] [stdout]                                at /rustc/dfb0accb7f508ae8be965d8629557221c889dd98/library/std/src/panicking.rs:576:43
[INFO] [stdout]   58:     0x5d097bf13102 - std[70759c8f55707aa4]::panicking::catch_unwind::<(), core[df12db4294e9bfd3]::panic::unwind_safe::AssertUnwindSafe<std[70759c8f55707aa4]::thread::lifecycle::spawn_unchecked<test[9d35eded1c95d3be]::run_test::{closure#1}, ()>::{closure#1}::{closure#0}>>
[INFO] [stdout]                                at /rustc/dfb0accb7f508ae8be965d8629557221c889dd98/library/std/src/panicking.rs:544:19
[INFO] [stdout]   59:     0x5d097bf13102 - std[70759c8f55707aa4]::panic::catch_unwind::<core[df12db4294e9bfd3]::panic::unwind_safe::AssertUnwindSafe<std[70759c8f55707aa4]::thread::lifecycle::spawn_unchecked<test[9d35eded1c95d3be]::run_test::{closure#1}, ()>::{closure#1}::{closure#0}>, ()>
[INFO] [stdout]                                at /rustc/dfb0accb7f508ae8be965d8629557221c889dd98/library/std/src/panic.rs:359:14
[INFO] [stdout]   60:     0x5d097bf13102 - std[70759c8f55707aa4]::thread::lifecycle::spawn_unchecked::<test[9d35eded1c95d3be]::run_test::{closure#1}, ()>::{closure#1}
[INFO] [stdout]                                at /rustc/dfb0accb7f508ae8be965d8629557221c889dd98/library/std/src/thread/lifecycle.rs:68:26
[INFO] [stdout]   61:     0x5d097bf13102 - <std[70759c8f55707aa4]::thread::lifecycle::spawn_unchecked<test[9d35eded1c95d3be]::run_test::{closure#1}, ()>::{closure#1} as core[df12db4294e9bfd3]::ops::function::FnOnce<()>>::call_once::{shim:vtable#0}
[INFO] [stdout]                                at /rustc/dfb0accb7f508ae8be965d8629557221c889dd98/library/core/src/ops/function.rs:250:5
[INFO] [stdout]   62:     0x5d097c634ca9 - <alloc[2182bb758b4b3781]::boxed::Box<dyn core[df12db4294e9bfd3]::ops::function::FnOnce<(), Output = ()> + core[df12db4294e9bfd3]::marker::Send> as core[df12db4294e9bfd3]::ops::function::FnOnce<()>>::call_once
[INFO] [stdout]                                at /rustc/dfb0accb7f508ae8be965d8629557221c889dd98/library/alloc/src/boxed.rs:2320:9
[INFO] [stdout]   63:     0x5d097c634ca9 - <std[70759c8f55707aa4]::sys::thread::unix::Thread>::new::thread_start
[INFO] [stdout]                                at /rustc/dfb0accb7f508ae8be965d8629557221c889dd98/library/std/src/sys/thread/unix.rs:123:17
[INFO] [stdout]   64:     0x7745934fddfa - <unknown>
[INFO] [stdout]   65:     0x7745935913d4 - clone
[INFO] [stdout]   66:                0x0 - <unknown>
[INFO] [stdout] 
[INFO] [stdout] 
[INFO] [stdout] failures:
[INFO] [stdout]     sync::scanner::tests::test_scanner_permission_denied_directory
[INFO] [stdout]     sync::tests::test_error_threshold_zero_collects_all_errors
[INFO] [stdout]     sync::transfer::tests::test_create_file_permission_denied_dest
[INFO] [stdout]     transport::local::tests::test_copy_file_permission_denied_destination
[INFO] [stdout]     transport::local::tests::test_create_dir_permission_denied
[INFO] [stdout]     transport::local::tests::test_scan_permission_denied
[INFO] [stdout] 
[INFO] [stdout] test result: FAILED. 601 passed; 6 failed; 5 ignored; 0 measured; 0 filtered out; finished in 3.07s
[INFO] [stdout] 
[INFO] [stderr] error: test failed, to rerun pass `--lib`
[INFO] running `Command { std: "docker" "inspect" "ddf41bff73041a98a1654b27896dba1773b3ac1254c6b0a6bd54f0137060cb23", kill_on_drop: false }`
[INFO] running `Command { std: "docker" "rm" "-f" "ddf41bff73041a98a1654b27896dba1773b3ac1254c6b0a6bd54f0137060cb23", kill_on_drop: false }`
[INFO] [stdout] ddf41bff73041a98a1654b27896dba1773b3ac1254c6b0a6bd54f0137060cb23
